Apr 01 00:18:26.842417 dv-osbrick-762776-3-ceph devstack@c-api.service[135610]: DEBUG cinder.api.extensions [-] Calling extension factory cinder.api.contrib.types_manage.Types_manage {{(pid=135610) load_extension /opt/stack/cinder/cinder/api/extensions.py:205}}
Apr 01 00:18:26.842660 dv-osbrick-762776-3-ceph devstack@c-api.service[135610]: DEBUG cinder.api.extensions [-] Ext name: TypesManage {{(pid=135610) _check_extension /opt/stack/cinder/cinder/api/extensions.py:179}}
Apr 01 00:18:26.842880 dv-osbrick-762776-3-ceph devstack@c-api.service[135610]: DEBUG cinder.api.extensions [-] Ext alias: os-types-manage {{(pid=135610) _check_extension /opt/stack/cinder/cinder/api/extensions.py:180}}
Apr 01 00:18:26.843155 dv-osbrick-762776-3-ceph devstack@c-api.service[135610]: DEBUG cinder.api.extensions [-] Ext description: Types manage support. {{(pid=135610) _check_extension /opt/stack/cinder/cinder/api/extensions.py:181}}
Apr 01 00:18:26.843433 dv-osbrick-762776-3-ceph devstack@c-api.service[135610]: DEBUG cinder.api.extensions [-] Ext updated: 2011-08-24T00:00:00+00:00 {{(pid=135610) _check_extension /opt/stack/cinder/cinder/api/extensions.py:183}}
Apr 01 00:18:26.843705 dv-osbrick-762776-3-ceph devstack@c-api.service[135610]: DEBUG cinder.api.extensions [-] Loaded extension: os-types-manage {{(pid=135610) register /opt/stack/cinder/cinder/api/extensions.py:140}}
Apr 01 00:18:26.844015 dv-osbrick-762776-3-ceph devstack@c-api.service[135610]: DEBUG cinder.api.extensions [-] Loading extension cinder.api.contrib.volume_image_metadata.Volume_image_metadata {{(pid=135610) load_extension /opt/stack/cinder/cinder/api/extensions.py:199}}
Apr 01 00:18:26.844273 dv-osbrick-762776-3-ceph devstack@c-api.service[135610]: DEBUG cinder.api.extensions [-] Calling extension factory cinder.api.contrib.volume_image_metadata.Volume_image_metadata {{(pid=135610) load_extension /opt/stack/cinder/cinder/api/extensions.py:205}}
Apr 01 00:18:26.844550 dv-osbrick-762776-3-ceph devstack@c-api.service[135610]: DEBUG cinder.api.extensions [-] Ext name: VolumeImageMetadata {{(pid=135610) _check_extension /opt/stack/cinder/cinder/api/extensions.py:179}}
Apr 01 00:18:26.844823 dv-osbrick-762776-3-ceph devstack@c-api.service[135610]: DEBUG cinder.api.extensions [-] Ext alias: os-vol-image-meta {{(pid=135610) _check_extension /opt/stack/cinder/cinder/api/extensions.py:180}}
Apr 01 00:18:26.845120 dv-osbrick-762776-3-ceph devstack@c-api.service[135610]: DEBUG cinder.api.extensions [-] Ext description: Show image metadata associated with the volume. {{(pid=135610) _check_extension /opt/stack/cinder/cinder/api/extensions.py:181}}
Apr 01 00:18:26.845397 dv-osbrick-762776-3-ceph devstack@c-api.service[135610]: DEBUG cinder.api.extensions [-] Ext updated: 2012-12-07T00:00:00+00:00 {{(pid=135610) _check_extension /opt/stack/cinder/cinder/api/extensions.py:183}}
Apr 01 00:18:26.845684 dv-osbrick-762776-3-ceph devstack@c-api.service[135610]: DEBUG cinder.api.extensions [-] Loaded extension: os-vol-image-meta {{(pid=135610) register /opt/stack/cinder/cinder/api/extensions.py:140}}
Apr 01 00:18:26.845973 dv-osbrick-762776-3-ceph devstack@c-api.service[135610]: DEBUG cinder.api.extensions [-] Loading extension cinder.api.contrib.snapshot_actions.Snapshot_actions {{(pid=135610) load_extension /opt/stack/cinder/cinder/api/extensions.py:199}}
Apr 01 00:18:26.846798 dv-osbrick-762776-3-ceph devstack@c-api.service[135610]: DEBUG cinder.api.extensions [-] Calling extension factory cinder.api.contrib.snapshot_actions.Snapshot_actions {{(pid=135610) load_extension /opt/stack/cinder/cinder/api/extensions.py:205}}
Apr 01 00:18:26.846798 dv-osbrick-762776-3-ceph devstack@c-api.service[135610]: DEBUG cinder.api.extensions [-] Ext name: SnapshotActions {{(pid=135610) _check_extension /opt/stack/cinder/cinder/api/extensions.py:179}}
Apr 01 00:18:26.846798 dv-osbrick-762776-3-ceph devstack@c-api.service[135610]: DEBUG cinder.api.extensions [-] Ext alias: os-snapshot-actions {{(pid=135610) _check_extension /opt/stack/cinder/cinder/api/extensions.py:180}}
Apr 01 00:18:26.846798 dv-osbrick-762776-3-ceph devstack@c-api.service[135610]: DEBUG cinder.api.extensions [-] Ext description: Enable snapshot manager actions. {{(pid=135610) _check_extension /opt/stack/cinder/cinder/api/extensions.py:181}}
Apr 01 00:18:26.847268 dv-osbrick-762776-3-ceph devstack@c-api.service[135610]: DEBUG cinder.api.extensions [-] Ext updated: 2013-07-16T00:00:00+00:00 {{(pid=135610) _check_extension /opt/stack/cinder/cinder/api/extensions.py:183}}
Apr 01 00:18:26.847541 dv-osbrick-762776-3-ceph devstack@c-api.service[135610]: DEBUG cinder.api.extensions [-] Loaded extension: os-snapshot-actions {{(pid=135610) register /opt/stack/cinder/cinder/api/extensions.py:140}}
Apr 01 00:18:26.847903 dv-osbrick-762776-3-ceph devstack@c-api.service[135610]: DEBUG cinder.api.extensions [-] Loading extension cinder.api.contrib.extended_services.Extended_services {{(pid=135610) load_extension /opt/stack/cinder/cinder/api/extensions.py:199}}
Apr 01 00:18:26.848162 dv-osbrick-762776-3-ceph devstack@c-api.service[135610]: DEBUG cinder.api.extensions [-] Calling extension factory cinder.api.contrib.extended_services.Extended_services {{(pid=135610) load_extension /opt/stack/cinder/cinder/api/extensions.py:205}}
Apr 01 00:18:26.848439 dv-osbrick-762776-3-ceph devstack@c-api.service[135610]: DEBUG cinder.api.extensions [-] Ext name: ExtendedServices {{(pid=135610) _check_extension /opt/stack/cinder/cinder/api/extensions.py:179}}
Apr 01 00:18:26.848714 dv-osbrick-762776-3-ceph devstack@c-api.service[135610]: DEBUG cinder.api.extensions [-] Ext alias: os-extended-services {{(pid=135610) _check_extension /opt/stack/cinder/cinder/api/extensions.py:180}}
Apr 01 00:18:26.849001 dv-osbrick-762776-3-ceph devstack@c-api.service[135610]: DEBUG cinder.api.extensions [-] Ext description: Extended services support. {{(pid=135610) _check_extension /opt/stack/cinder/cinder/api/extensions.py:181}}
Apr 01 00:18:26.849284 dv-osbrick-762776-3-ceph devstack@c-api.service[135610]: DEBUG cinder.api.extensions [-] Ext updated: 2014-01-10T00:00:00-00:00 {{(pid=135610) _check_extension /opt/stack/cinder/cinder/api/extensions.py:183}}
Apr 01 00:18:26.849561 dv-osbrick-762776-3-ceph devstack@c-api.service[135610]: DEBUG cinder.api.extensions [-] Loaded extension: os-extended-services {{(pid=135610) register /opt/stack/cinder/cinder/api/extensions.py:140}}
Apr 01 00:18:26.849853 dv-osbrick-762776-3-ceph devstack@c-api.service[135610]: DEBUG cinder.api.extensions [-] Loading extension cinder.api.contrib.capabilities.Capabilities {{(pid=135610) load_extension /opt/stack/cinder/cinder/api/extensions.py:199}}
Apr 01 00:18:26.850137 dv-osbrick-762776-3-ceph devstack@c-api.service[135610]: DEBUG cinder.api.extensions [-] Calling extension factory cinder.api.contrib.capabilities.Capabilities {{(pid=135610) load_extension /opt/stack/cinder/cinder/api/extensions.py:205}}
Apr 01 00:18:26.850422 dv-osbrick-762776-3-ceph devstack@c-api.service[135610]: DEBUG cinder.api.extensions [-] Ext name: Capabilities {{(pid=135610) _check_extension /opt/stack/cinder/cinder/api/extensions.py:179}}
Apr 01 00:18:26.850680 dv-osbrick-762776-3-ceph devstack@c-api.service[135610]: DEBUG cinder.api.extensions [-] Ext alias: capabilities {{(pid=135610) _check_extension /opt/stack/cinder/cinder/api/extensions.py:180}}
Apr 01 00:18:26.850958 dv-osbrick-762776-3-ceph devstack@c-api.service[135610]: DEBUG cinder.api.extensions [-] Ext description: Capabilities support. {{(pid=135610) _check_extension /opt/stack/cinder/cinder/api/extensions.py:181}}
Apr 01 00:18:26.851240 dv-osbrick-762776-3-ceph devstack@c-api.service[135610]: DEBUG cinder.api.extensions [-] Ext updated: 2015-08-31T00:00:00+00:00 {{(pid=135610) _check_extension /opt/stack/cinder/cinder/api/extensions.py:183}}
Apr 01 00:18:26.851511 dv-osbrick-762776-3-ceph devstack@c-api.service[135610]: DEBUG cinder.api.extensions [-] Loaded extension: capabilities {{(pid=135610) register /opt/stack/cinder/cinder/api/extensions.py:140}}
Apr 01 00:18:26.851802 dv-osbrick-762776-3-ceph devstack@c-api.service[135610]: DEBUG cinder.api.extensions [-] Loading extension cinder.api.contrib.extended_snapshot_attributes.Extended_snapshot_attributes {{(pid=135610) load_extension /opt/stack/cinder/cinder/api/extensions.py:199}}
Apr 01 00:18:26.852098 dv-osbrick-762776-3-ceph devstack@c-api.service[135610]: DEBUG cinder.api.extensions [-] Calling extension factory cinder.api.contrib.extended_snapshot_attributes.Extended_snapshot_attributes {{(pid=135610) load_extension /opt/stack/cinder/cinder/api/extensions.py:205}}
Apr 01 00:18:26.852373 dv-osbrick-762776-3-ceph devstack@c-api.service[135610]: DEBUG cinder.api.extensions [-] Ext name: ExtendedSnapshotAttributes {{(pid=135610) _check_extension /opt/stack/cinder/cinder/api/extensions.py:179}}
Apr 01 00:18:26.852648 dv-osbrick-762776-3-ceph devstack@c-api.service[135610]: DEBUG cinder.api.extensions [-] Ext alias: os-extended-snapshot-attributes {{(pid=135610) _check_extension /opt/stack/cinder/cinder/api/extensions.py:180}}
Apr 01 00:18:26.852970 dv-osbrick-762776-3-ceph devstack@c-api.service[135610]: DEBUG cinder.api.extensions [-] Ext description: Extended SnapshotAttributes support. {{(pid=135610) _check_extension /opt/stack/cinder/cinder/api/extensions.py:181}}
Apr 01 00:18:26.853246 dv-osbrick-762776-3-ceph devstack@c-api.service[135610]: DEBUG cinder.api.extensions [-] Ext updated: 2012-06-19T00:00:00+00:00 {{(pid=135610) _check_extension /opt/stack/cinder/cinder/api/extensions.py:183}}
Apr 01 00:18:26.853523 dv-osbrick-762776-3-ceph devstack@c-api.service[135610]: DEBUG cinder.api.extensions [-] Loaded extension: os-extended-snapshot-attributes {{(pid=135610) register /opt/stack/cinder/cinder/api/extensions.py:140}}
Apr 01 00:18:26.853821 dv-osbrick-762776-3-ceph devstack@c-api.service[135610]: DEBUG cinder.api.extensions [-] Loading extension cinder.api.contrib.snapshot_unmanage.Snapshot_unmanage {{(pid=135610) load_extension /opt/stack/cinder/cinder/api/extensions.py:199}}
Apr 01 00:18:26.854153 dv-osbrick-762776-3-ceph devstack@c-api.service[135610]: DEBUG cinder.api.extensions [-] Calling extension factory cinder.api.contrib.snapshot_unmanage.Snapshot_unmanage {{(pid=135610) load_extension /opt/stack/cinder/cinder/api/extensions.py:205}}
Apr 01 00:18:26.854382 dv-osbrick-762776-3-ceph devstack@c-api.service[135610]: DEBUG cinder.api.extensions [-] Ext name: SnapshotUnmanage {{(pid=135610) _check_extension /opt/stack/cinder/cinder/api/extensions.py:179}}
Apr 01 00:18:26.854655 dv-osbrick-762776-3-ceph devstack@c-api.service[135610]: DEBUG cinder.api.extensions [-] Ext alias: os-snapshot-unmanage {{(pid=135610) _check_extension /opt/stack/cinder/cinder/api/extensions.py:180}}
Apr 01 00:18:26.854934 dv-osbrick-762776-3-ceph devstack@c-api.service[135610]: DEBUG cinder.api.extensions [-] Ext description: Enable volume unmanage operation. {{(pid=135610) _check_extension /opt/stack/cinder/cinder/api/extensions.py:181}}
Apr 01 00:18:26.855250 dv-osbrick-762776-3-ceph devstack@c-api.service[135610]: DEBUG cinder.api.extensions [-] Ext updated: 2014-12-31T00:00:00+00:00 {{(pid=135610) _check_extension /opt/stack/cinder/cinder/api/extensions.py:183}}
Apr 01 00:18:26.857778 dv-osbrick-762776-3-ceph devstack@c-api.service[135610]: DEBUG cinder.api.extensions [-] Loaded extension: os-snapshot-unmanage {{(pid=135610) register /opt/stack/cinder/cinder/api/extensions.py:140}}
Apr 01 00:18:26.857778 dv-osbrick-762776-3-ceph devstack@c-api.service[135610]: DEBUG cinder.api.extensions [-] Loading extension cinder.api.contrib.volume_type_access.Volume_type_access {{(pid=135610) load_extension /opt/stack/cinder/cinder/api/extensions.py:199}}
Apr 01 00:18:26.857778 dv-osbrick-762776-3-ceph devstack@c-api.service[135610]: DEBUG cinder.api.extensions [-] Calling extension factory cinder.api.contrib.volume_type_access.Volume_type_access {{(pid=135610) load_extension /opt/stack/cinder/cinder/api/extensions.py:205}}
Apr 01 00:18:26.857778 dv-osbrick-762776-3-ceph devstack@c-api.service[135610]: DEBUG cinder.api.extensions [-] Ext name: VolumeTypeAccess {{(pid=135610) _check_extension /opt/stack/cinder/cinder/api/extensions.py:179}}
Apr 01 00:18:26.857778 dv-osbrick-762776-3-ceph devstack@c-api.service[135610]: DEBUG cinder.api.extensions [-] Ext alias: os-volume-type-access {{(pid=135610) _check_extension /opt/stack/cinder/cinder/api/extensions.py:180}}
Apr 01 00:18:26.857778 dv-osbrick-762776-3-ceph devstack@c-api.service[135610]: DEBUG cinder.api.extensions [-] Ext description: Volume type access support. {{(pid=135610) _check_extension /opt/stack/cinder/cinder/api/extensions.py:181}}
Apr 01 00:18:26.857778 dv-osbrick-762776-3-ceph devstack@c-api.service[135610]: DEBUG cinder.api.extensions [-] Ext updated: 2014-06-26T00:00:00Z {{(pid=135610) _check_extension /opt/stack/cinder/cinder/api/extensions.py:183}}
Apr 01 00:18:26.857778 dv-osbrick-762776-3-ceph devstack@c-api.service[135610]: DEBUG cinder.api.extensions [-] Loaded extension: os-volume-type-access {{(pid=135610) register /opt/stack/cinder/cinder/api/extensions.py:140}}
Apr 01 00:18:26.857778 dv-osbrick-762776-3-ceph devstack@c-api.service[135610]: DEBUG cinder.api.extensions [-] Loading extension cinder.api.contrib.snapshot_manage.Snapshot_manage {{(pid=135610) load_extension /opt/stack/cinder/cinder/api/extensions.py:199}}
Apr 01 00:18:26.858422 dv-osbrick-762776-3-ceph devstack@c-api.service[135610]: DEBUG cinder.api.extensions [-] Calling extension factory cinder.api.contrib.snapshot_manage.Snapshot_manage {{(pid=135610) load_extension /opt/stack/cinder/cinder/api/extensions.py:205}}
Apr 01 00:18:26.858422 dv-osbrick-762776-3-ceph devstack@c-api.service[135610]: DEBUG cinder.api.extensions [-] Ext name: SnapshotManage {{(pid=135610) _check_extension /opt/stack/cinder/cinder/api/extensions.py:179}}
Apr 01 00:18:26.858422 dv-osbrick-762776-3-ceph devstack@c-api.service[135610]: DEBUG cinder.api.extensions [-] Ext alias: os-snapshot-manage {{(pid=135610) _check_extension /opt/stack/cinder/cinder/api/extensions.py:180}}
Apr 01 00:18:26.858422 dv-osbrick-762776-3-ceph devstack@c-api.service[135610]: DEBUG cinder.api.extensions [-] Ext description: Allows existing backend storage to be 'managed' by Cinder. {{(pid=135610) _check_extension /opt/stack/cinder/cinder/api/extensions.py:181}}
Apr 01 00:18:26.858422 dv-osbrick-762776-3-ceph devstack@c-api.service[135610]: DEBUG cinder.api.extensions [-] Ext updated: 2014-12-31T00:00:00+00:00 {{(pid=135610) _check_extension /opt/stack/cinder/cinder/api/extensions.py:183}}
Apr 01 00:18:26.859054 dv-osbrick-762776-3-ceph devstack@c-api.service[135610]: DEBUG cinder.api.extensions [-] Loaded extension: os-snapshot-manage {{(pid=135610) register /opt/stack/cinder/cinder/api/extensions.py:140}}
Apr 01 00:18:26.859157 dv-osbrick-762776-3-ceph devstack@c-api.service[135611]: DEBUG oslo_db.sqlalchemy.engines [None req-c6887727-2d75-420c-935a-488ff59fa5c6 None None] MySQL server mode set to STRICT_TRANS_TABLES,STRICT_ALL_TABLES,NO_ZERO_IN_DATE,NO_ZERO_DATE,ERROR_FOR_DIVISION_BY_ZERO,TRADITIONAL,NO_ENGINE_SUBSTITUTION {{(pid=135611) _check_effective_sql_mode /usr/local/lib/python3.8/dist-packages/oslo_db/sqlalchemy/engines.py:314}}
Apr 01 00:18:26.859250 dv-osbrick-762776-3-ceph devstack@c-api.service[135610]: DEBUG cinder.api.extensions [-] Loading extension cinder.api.contrib.used_limits.Used_limits {{(pid=135610) load_extension /opt/stack/cinder/cinder/api/extensions.py:199}}
Apr 01 00:18:26.859548 dv-osbrick-762776-3-ceph devstack@c-api.service[135610]: DEBUG cinder.api.extensions [-] Calling extension factory cinder.api.contrib.used_limits.Used_limits {{(pid=135610) load_extension /opt/stack/cinder/cinder/api/extensions.py:205}}
Apr 01 00:18:26.859650 dv-osbrick-762776-3-ceph devstack@c-api.service[135610]: DEBUG cinder.api.extensions [-] Ext name: UsedLimits {{(pid=135610) _check_extension /opt/stack/cinder/cinder/api/extensions.py:179}}
Apr 01 00:18:26.859925 dv-osbrick-762776-3-ceph devstack@c-api.service[135610]: DEBUG cinder.api.extensions [-] Ext alias: os-used-limits {{(pid=135610) _check_extension /opt/stack/cinder/cinder/api/extensions.py:180}}
Apr 01 00:18:26.860208 dv-osbrick-762776-3-ceph devstack@c-api.service[135610]: DEBUG cinder.api.extensions [-] Ext description: Provide data on limited resources that are being used. {{(pid=135610) _check_extension /opt/stack/cinder/cinder/api/extensions.py:181}}
Apr 01 00:18:26.860482 dv-osbrick-762776-3-ceph devstack@c-api.service[135610]: DEBUG cinder.api.extensions [-] Ext updated: 2013-10-03T00:00:00+00:00 {{(pid=135610) _check_extension /opt/stack/cinder/cinder/api/extensions.py:183}}
Apr 01 00:18:26.860756 dv-osbrick-762776-3-ceph devstack@c-api.service[135610]: DEBUG cinder.api.extensions [-] Loaded extension: os-used-limits {{(pid=135610) register /opt/stack/cinder/cinder/api/extensions.py:140}}
Apr 01 00:18:26.861067 dv-osbrick-762776-3-ceph devstack@c-api.service[135610]: DEBUG cinder.api.extensions [-] Loading extension cinder.api.contrib.availability_zones.Availability_zones {{(pid=135610) load_extension /opt/stack/cinder/cinder/api/extensions.py:199}}
Apr 01 00:18:26.861355 dv-osbrick-762776-3-ceph devstack@c-api.service[135610]: DEBUG cinder.api.extensions [-] Calling extension factory cinder.api.contrib.availability_zones.Availability_zones {{(pid=135610) load_extension /opt/stack/cinder/cinder/api/extensions.py:205}}
Apr 01 00:18:26.861721 dv-osbrick-762776-3-ceph devstack@c-api.service[135610]: DEBUG cinder.api.extensions [-] Ext name: AvailabilityZones {{(pid=135610) _check_extension /opt/stack/cinder/cinder/api/extensions.py:179}}
Apr 01 00:18:26.861894 dv-osbrick-762776-3-ceph devstack@c-api.service[135610]: DEBUG cinder.api.extensions [-] Ext alias: os-availability-zone {{(pid=135610) _check_extension /opt/stack/cinder/cinder/api/extensions.py:180}}
Apr 01 00:18:26.862194 dv-osbrick-762776-3-ceph devstack@c-api.service[135610]: DEBUG cinder.api.extensions [-] Ext description: Describe Availability Zones. {{(pid=135610) _check_extension /opt/stack/cinder/cinder/api/extensions.py:181}}
Apr 01 00:18:26.862566 dv-osbrick-762776-3-ceph devstack@c-api.service[135610]: DEBUG cinder.api.extensions [-] Ext updated: 2013-06-27T00:00:00+00:00 {{(pid=135610) _check_extension /opt/stack/cinder/cinder/api/extensions.py:183}}
Apr 01 00:18:26.862906 dv-osbrick-762776-3-ceph devstack@c-api.service[135610]: DEBUG cinder.api.extensions [-] Loaded extension: os-availability-zone {{(pid=135610) register /opt/stack/cinder/cinder/api/extensions.py:140}}
Apr 01 00:18:26.862906 dv-osbrick-762776-3-ceph devstack@c-api.service[135610]: DEBUG cinder.api.extensions [-] Loading extension cinder.api.contrib.cgsnapshots.Cgsnapshots {{(pid=135610) load_extension /opt/stack/cinder/cinder/api/extensions.py:199}}
Apr 01 00:18:26.863156 dv-osbrick-762776-3-ceph devstack@c-api.service[135610]: DEBUG cinder.api.extensions [-] Calling extension factory cinder.api.contrib.cgsnapshots.Cgsnapshots {{(pid=135610) load_extension /opt/stack/cinder/cinder/api/extensions.py:205}}
Apr 01 00:18:26.863397 dv-osbrick-762776-3-ceph devstack@c-api.service[135610]: DEBUG cinder.api.extensions [-] Ext name: Cgsnapshots {{(pid=135610) _check_extension /opt/stack/cinder/cinder/api/extensions.py:179}}
Apr 01 00:18:26.864838 dv-osbrick-762776-3-ceph devstack@c-api.service[135610]: DEBUG cinder.api.extensions [-] Ext alias: cgsnapshots {{(pid=135610) _check_extension /opt/stack/cinder/cinder/api/extensions.py:180}}
Apr 01 00:18:26.864838 dv-osbrick-762776-3-ceph devstack@c-api.service[135610]: DEBUG cinder.api.extensions [-] Ext description: cgsnapshots support. {{(pid=135610) _check_extension /opt/stack/cinder/cinder/api/extensions.py:181}}
Apr 01 00:18:26.864838 dv-osbrick-762776-3-ceph devstack@c-api.service[135610]: DEBUG cinder.api.extensions [-] Ext updated: 2014-08-18T00:00:00+00:00 {{(pid=135610) _check_extension /opt/stack/cinder/cinder/api/extensions.py:183}}
Apr 01 00:18:26.864838 dv-osbrick-762776-3-ceph devstack@c-api.service[135610]: DEBUG cinder.api.extensions [-] Loaded extension: cgsnapshots {{(pid=135610) register /opt/stack/cinder/cinder/api/extensions.py:140}}
Apr 01 00:18:26.864838 dv-osbrick-762776-3-ceph devstack@c-api.service[135610]: DEBUG cinder.api.extensions [-] Loading extension cinder.api.contrib.backups.Backups {{(pid=135610) load_extension /opt/stack/cinder/cinder/api/extensions.py:199}}
Apr 01 00:18:26.865317 dv-osbrick-762776-3-ceph devstack@c-api.service[135610]: DEBUG cinder.api.extensions [-] Calling extension factory cinder.api.contrib.backups.Backups {{(pid=135610) load_extension /opt/stack/cinder/cinder/api/extensions.py:205}}
Apr 01 00:18:26.865564 dv-osbrick-762776-3-ceph devstack@c-api.service[135610]: DEBUG cinder.api.extensions [-] Ext name: Backups {{(pid=135610) _check_extension /opt/stack/cinder/cinder/api/extensions.py:179}}
Apr 01 00:18:26.865808 dv-osbrick-762776-3-ceph devstack@c-api.service[135610]: DEBUG cinder.api.extensions [-] Ext alias: backups {{(pid=135610) _check_extension /opt/stack/cinder/cinder/api/extensions.py:180}}
Apr 01 00:18:26.866055 dv-osbrick-762776-3-ceph devstack@c-api.service[135610]: DEBUG cinder.api.extensions [-] Ext description: Backups support. {{(pid=135610) _check_extension /opt/stack/cinder/cinder/api/extensions.py:181}}
Apr 01 00:18:26.866453 dv-osbrick-762776-3-ceph devstack@c-api.service[135610]: DEBUG cinder.api.extensions [-] Ext updated: 2012-12-12T00:00:00+00:00 {{(pid=135610) _check_extension /opt/stack/cinder/cinder/api/extensions.py:183}}
Apr 01 00:18:26.866453 dv-osbrick-762776-3-ceph devstack@c-api.service[135610]: DEBUG cinder.api.extensions [-] Loaded extension: backups {{(pid=135610) register /opt/stack/cinder/cinder/api/extensions.py:140}}
Apr 01 00:18:26.866772 dv-osbrick-762776-3-ceph devstack@c-api.service[135610]: DEBUG cinder.api.extensions [-] Loading extension cinder.api.contrib.consistencygroups.Consistencygroups {{(pid=135610) load_extension /opt/stack/cinder/cinder/api/extensions.py:199}}
Apr 01 00:18:26.867089 dv-osbrick-762776-3-ceph devstack@c-api.service[135610]: DEBUG cinder.api.extensions [-] Calling extension factory cinder.api.contrib.consistencygroups.Consistencygroups {{(pid=135610) load_extension /opt/stack/cinder/cinder/api/extensions.py:205}}
Apr 01 00:18:26.867262 dv-osbrick-762776-3-ceph devstack@c-api.service[135610]: DEBUG cinder.api.extensions [-] Ext name: Consistencygroups {{(pid=135610) _check_extension /opt/stack/cinder/cinder/api/extensions.py:179}}
Apr 01 00:18:26.867503 dv-osbrick-762776-3-ceph devstack@c-api.service[135610]: DEBUG cinder.api.extensions [-] Ext alias: consistencygroups {{(pid=135610) _check_extension /opt/stack/cinder/cinder/api/extensions.py:180}}
Apr 01 00:18:26.867749 dv-osbrick-762776-3-ceph devstack@c-api.service[135610]: DEBUG cinder.api.extensions [-] Ext description: consistency groups support. {{(pid=135610) _check_extension /opt/stack/cinder/cinder/api/extensions.py:181}}
Apr 01 00:18:26.867992 dv-osbrick-762776-3-ceph devstack@c-api.service[135610]: DEBUG cinder.api.extensions [-] Ext updated: 2014-08-18T00:00:00+00:00 {{(pid=135610) _check_extension /opt/stack/cinder/cinder/api/extensions.py:183}}
Apr 01 00:18:26.868233 dv-osbrick-762776-3-ceph devstack@c-api.service[135610]: DEBUG cinder.api.extensions [-] Loaded extension: consistencygroups {{(pid=135610) register /opt/stack/cinder/cinder/api/extensions.py:140}}
Apr 01 00:18:26.868493 dv-osbrick-762776-3-ceph devstack@c-api.service[135610]: DEBUG cinder.api.extensions [-] Loading extension cinder.api.contrib.volume_host_attribute.Volume_host_attribute {{(pid=135610) load_extension /opt/stack/cinder/cinder/api/extensions.py:199}}
Apr 01 00:18:26.868746 dv-osbrick-762776-3-ceph devstack@c-api.service[135610]: DEBUG cinder.api.extensions [-] Calling extension factory cinder.api.contrib.volume_host_attribute.Volume_host_attribute {{(pid=135610) load_extension /opt/stack/cinder/cinder/api/extensions.py:205}}
Apr 01 00:18:26.869009 dv-osbrick-762776-3-ceph devstack@c-api.service[135610]: DEBUG cinder.api.extensions [-] Ext name: VolumeHostAttribute {{(pid=135610) _check_extension /opt/stack/cinder/cinder/api/extensions.py:179}}
Apr 01 00:18:26.869256 dv-osbrick-762776-3-ceph devstack@c-api.service[135610]: DEBUG cinder.api.extensions [-] Ext alias: os-vol-host-attr {{(pid=135610) _check_extension /opt/stack/cinder/cinder/api/extensions.py:180}}
Apr 01 00:18:26.869502 dv-osbrick-762776-3-ceph devstack@c-api.service[135610]: DEBUG cinder.api.extensions [-] Ext description: Expose host as an attribute of a volume. {{(pid=135610) _check_extension /opt/stack/cinder/cinder/api/extensions.py:181}}
Apr 01 00:18:26.869846 dv-osbrick-762776-3-ceph devstack@c-api.service[135610]: DEBUG cinder.api.extensions [-] Ext updated: 2011-11-03T00:00:00+00:00 {{(pid=135610) _check_extension /opt/stack/cinder/cinder/api/extensions.py:183}}
Apr 01 00:18:26.870005 dv-osbrick-762776-3-ceph devstack@c-api.service[135610]: DEBUG cinder.api.extensions [-] Loaded extension: os-vol-host-attr {{(pid=135610) register /opt/stack/cinder/cinder/api/extensions.py:140}}
Apr 01 00:18:26.870262 dv-osbrick-762776-3-ceph devstack@c-api.service[135610]: DEBUG cinder.api.extensions [-] Loading extension cinder.api.contrib.scheduler_stats.Scheduler_stats {{(pid=135610) load_extension /opt/stack/cinder/cinder/api/extensions.py:199}}
Apr 01 00:18:26.870513 dv-osbrick-762776-3-ceph devstack@c-api.service[135610]: DEBUG cinder.api.extensions [-] Calling extension factory cinder.api.contrib.scheduler_stats.Scheduler_stats {{(pid=135610) load_extension /opt/stack/cinder/cinder/api/extensions.py:205}}
Apr 01 00:18:26.870757 dv-osbrick-762776-3-ceph devstack@c-api.service[135610]: DEBUG cinder.api.extensions [-] Ext name: Scheduler_stats {{(pid=135610) _check_extension /opt/stack/cinder/cinder/api/extensions.py:179}}
Apr 01 00:18:26.871009 dv-osbrick-762776-3-ceph devstack@c-api.service[135610]: DEBUG cinder.api.extensions [-] Ext alias: scheduler-stats {{(pid=135610) _check_extension /opt/stack/cinder/cinder/api/extensions.py:180}}
Apr 01 00:18:26.871241 dv-osbrick-762776-3-ceph devstack@c-api.service[135610]: DEBUG cinder.api.extensions [-] Ext description: Scheduler stats support. {{(pid=135610) _check_extension /opt/stack/cinder/cinder/api/extensions.py:181}}
Apr 01 00:18:26.871481 dv-osbrick-762776-3-ceph devstack@c-api.service[135610]: DEBUG cinder.api.extensions [-] Ext updated: 2014-09-07T00:00:00+00:00 {{(pid=135610) _check_extension /opt/stack/cinder/cinder/api/extensions.py:183}}
Apr 01 00:18:26.871726 dv-osbrick-762776-3-ceph devstack@c-api.service[135610]: DEBUG cinder.api.extensions [-] Loaded extension: scheduler-stats {{(pid=135610) register /opt/stack/cinder/cinder/api/extensions.py:140}}
Apr 01 00:18:26.873283 dv-osbrick-762776-3-ceph devstack@c-api.service[135610]: /usr/local/lib/python3.8/dist-packages/oslo_db/sqlalchemy/enginefacade.py:355: OsloDBDeprecationWarning: EngineFacade is deprecated; please use oslo_db.sqlalchemy.enginefacade
Apr 01 00:18:26.873283 dv-osbrick-762776-3-ceph devstack@c-api.service[135610]: self._legacy_facade = LegacyEngineFacade(None, _factory=self)
Apr 01 00:18:26.896252 dv-osbrick-762776-3-ceph devstack@c-api.service[135610]: DEBUG oslo_db.sqlalchemy.engines [None req-c3ec7af7-02c0-41df-ba08-3efe9e4fee99 None None] MySQL server mode set to STRICT_TRANS_TABLES,STRICT_ALL_TABLES,NO_ZERO_IN_DATE,NO_ZERO_DATE,ERROR_FOR_DIVISION_BY_ZERO,TRADITIONAL,NO_ENGINE_SUBSTITUTION {{(pid=135610) _check_effective_sql_mode /usr/local/lib/python3.8/dist-packages/oslo_db/sqlalchemy/engines.py:314}}
Apr 01 00:18:27.099507 dv-osbrick-762776-3-ceph devstack@c-api.service[135611]: INFO cinder.rpc [None req-c6887727-2d75-420c-935a-488ff59fa5c6 None None] Automatically selected cinder-scheduler objects version 1.39 as minimum service version.
Apr 01 00:18:27.103427 dv-osbrick-762776-3-ceph devstack@c-api.service[135611]: INFO cinder.rpc [None req-c6887727-2d75-420c-935a-488ff59fa5c6 None None] Automatically selected cinder-scheduler RPC version 3.12 as minimum service version.
Apr 01 00:18:27.107345 dv-osbrick-762776-3-ceph devstack@c-api.service[135611]: INFO cinder.rpc [None req-c6887727-2d75-420c-935a-488ff59fa5c6 None None] Automatically selected cinder-volume objects version 1.39 as minimum service version.
Apr 01 00:18:27.111114 dv-osbrick-762776-3-ceph devstack@c-api.service[135611]: INFO cinder.rpc [None req-c6887727-2d75-420c-935a-488ff59fa5c6 None None] Automatically selected cinder-volume RPC version 3.18 as minimum service version.
Apr 01 00:18:27.111980 dv-osbrick-762776-3-ceph devstack@c-api.service[135611]: WARNING stevedore.named [None req-c6887727-2d75-420c-935a-488ff59fa5c6 None None] Could not load cinder.keymgr.conf_key_mgr.ConfKeyManager
Apr 01 00:18:27.112454 dv-osbrick-762776-3-ceph devstack@c-api.service[135611]: WARNING castellan.key_manager [None req-c6887727-2d75-420c-935a-488ff59fa5c6 None None] Deprecation Warning : cinder.keymgr.conf_key_mgr.ConfKeyManager is not a stevedore based driver, trying to load it as a class: stevedore.exception.NoMatches: No 'castellan.drivers' driver found, looking for 'cinder.keymgr.conf_key_mgr.ConfKeyManager'
Apr 01 00:18:27.134014 dv-osbrick-762776-3-ceph devstack@c-api.service[135611]: WARNING cinder.keymgr.conf_key_mgr [None req-c6887727-2d75-420c-935a-488ff59fa5c6 None None] This key manager is insecure and is not recommended for production deployments: stevedore.exception.NoMatches: No 'castellan.drivers' driver found, looking for 'cinder.keymgr.conf_key_mgr.ConfKeyManager'
Apr 01 00:18:27.139856 dv-osbrick-762776-3-ceph devstack@c-api.service[135610]: INFO cinder.rpc [None req-c3ec7af7-02c0-41df-ba08-3efe9e4fee99 None None] Automatically selected cinder-scheduler objects version 1.39 as minimum service version.
Apr 01 00:18:27.140713 dv-osbrick-762776-3-ceph devstack@c-api.service[135611]: DEBUG oslo_db.sqlalchemy.engines [None req-c6887727-2d75-420c-935a-488ff59fa5c6 None None] MySQL server mode set to STRICT_TRANS_TABLES,STRICT_ALL_TABLES,NO_ZERO_IN_DATE,NO_ZERO_DATE,ERROR_FOR_DIVISION_BY_ZERO,TRADITIONAL,NO_ENGINE_SUBSTITUTION {{(pid=135611) _check_effective_sql_mode /usr/local/lib/python3.8/dist-packages/oslo_db/sqlalchemy/engines.py:314}}
Apr 01 00:18:27.143197 dv-osbrick-762776-3-ceph devstack@c-api.service[135610]: INFO cinder.rpc [None req-c3ec7af7-02c0-41df-ba08-3efe9e4fee99 None None] Automatically selected cinder-scheduler RPC version 3.12 as minimum service version.
Apr 01 00:18:27.145193 dv-osbrick-762776-3-ceph devstack@c-api.service[135611]: INFO cinder.rpc [None req-c6887727-2d75-420c-935a-488ff59fa5c6 None None] Automatically selected cinder-backup objects version 1.39 as minimum service version.
Apr 01 00:18:27.147548 dv-osbrick-762776-3-ceph devstack@c-api.service[135610]: INFO cinder.rpc [None req-c3ec7af7-02c0-41df-ba08-3efe9e4fee99 None None] Automatically selected cinder-volume objects version 1.39 as minimum service version.
Apr 01 00:18:27.149064 dv-osbrick-762776-3-ceph devstack@c-api.service[135611]: INFO cinder.rpc [None req-c6887727-2d75-420c-935a-488ff59fa5c6 None None] Automatically selected cinder-backup RPC version 2.3 as minimum service version.
Apr 01 00:18:27.150174 dv-osbrick-762776-3-ceph devstack@c-api.service[135611]: WARNING stevedore.named [None req-c6887727-2d75-420c-935a-488ff59fa5c6 None None] Could not load cinder.keymgr.conf_key_mgr.ConfKeyManager
Apr 01 00:18:27.150713 dv-osbrick-762776-3-ceph devstack@c-api.service[135611]: WARNING castellan.key_manager [None req-c6887727-2d75-420c-935a-488ff59fa5c6 None None] Deprecation Warning : cinder.keymgr.conf_key_mgr.ConfKeyManager is not a stevedore based driver, trying to load it as a class: stevedore.exception.NoMatches: No 'castellan.drivers' driver found, looking for 'cinder.keymgr.conf_key_mgr.ConfKeyManager'
Apr 01 00:18:27.151803 dv-osbrick-762776-3-ceph devstack@c-api.service[135610]: INFO cinder.rpc [None req-c3ec7af7-02c0-41df-ba08-3efe9e4fee99 None None] Automatically selected cinder-volume RPC version 3.18 as minimum service version.
Apr 01 00:18:27.153605 dv-osbrick-762776-3-ceph devstack@c-api.service[135610]: WARNING stevedore.named [None req-c3ec7af7-02c0-41df-ba08-3efe9e4fee99 None None] Could not load cinder.keymgr.conf_key_mgr.ConfKeyManager
Apr 01 00:18:27.153605 dv-osbrick-762776-3-ceph devstack@c-api.service[135610]: WARNING castellan.key_manager [None req-c3ec7af7-02c0-41df-ba08-3efe9e4fee99 None None] Deprecation Warning : cinder.keymgr.conf_key_mgr.ConfKeyManager is not a stevedore based driver, trying to load it as a class: stevedore.exception.NoMatches: No 'castellan.drivers' driver found, looking for 'cinder.keymgr.conf_key_mgr.ConfKeyManager'
Apr 01 00:18:27.154098 dv-osbrick-762776-3-ceph devstack@c-api.service[135611]: WARNING stevedore.named [None req-c6887727-2d75-420c-935a-488ff59fa5c6 None None] Could not load cinder.keymgr.conf_key_mgr.ConfKeyManager
Apr 01 00:18:27.154477 dv-osbrick-762776-3-ceph devstack@c-api.service[135611]: WARNING castellan.key_manager [None req-c6887727-2d75-420c-935a-488ff59fa5c6 None None] Deprecation Warning : cinder.keymgr.conf_key_mgr.ConfKeyManager is not a stevedore based driver, trying to load it as a class: stevedore.exception.NoMatches: No 'castellan.drivers' driver found, looking for 'cinder.keymgr.conf_key_mgr.ConfKeyManager'
Apr 01 00:18:27.156073 dv-osbrick-762776-3-ceph devstack@c-api.service[135611]: WARNING stevedore.named [None req-c6887727-2d75-420c-935a-488ff59fa5c6 None None] Could not load cinder.keymgr.conf_key_mgr.ConfKeyManager
Apr 01 00:18:27.156438 dv-osbrick-762776-3-ceph devstack@c-api.service[135611]: WARNING castellan.key_manager [None req-c6887727-2d75-420c-935a-488ff59fa5c6 None None] Deprecation Warning : cinder.keymgr.conf_key_mgr.ConfKeyManager is not a stevedore based driver, trying to load it as a class: stevedore.exception.NoMatches: No 'castellan.drivers' driver found, looking for 'cinder.keymgr.conf_key_mgr.ConfKeyManager'
Apr 01 00:18:27.173595 dv-osbrick-762776-3-ceph devstack@c-api.service[135610]: WARNING cinder.keymgr.conf_key_mgr [None req-c3ec7af7-02c0-41df-ba08-3efe9e4fee99 None None] This key manager is insecure and is not recommended for production deployments: stevedore.exception.NoMatches: No 'castellan.drivers' driver found, looking for 'cinder.keymgr.conf_key_mgr.ConfKeyManager'
Apr 01 00:18:27.181470 dv-osbrick-762776-3-ceph devstack@c-api.service[135610]: DEBUG oslo_db.sqlalchemy.engines [None req-c3ec7af7-02c0-41df-ba08-3efe9e4fee99 None None] MySQL server mode set to STRICT_TRANS_TABLES,STRICT_ALL_TABLES,NO_ZERO_IN_DATE,NO_ZERO_DATE,ERROR_FOR_DIVISION_BY_ZERO,TRADITIONAL,NO_ENGINE_SUBSTITUTION {{(pid=135610) _check_effective_sql_mode /usr/local/lib/python3.8/dist-packages/oslo_db/sqlalchemy/engines.py:314}}
Apr 01 00:18:27.181841 dv-osbrick-762776-3-ceph devstack@c-api.service[135611]: WARNING stevedore.named [None req-c6887727-2d75-420c-935a-488ff59fa5c6 None None] Could not load cinder.keymgr.conf_key_mgr.ConfKeyManager
Apr 01 00:18:27.182322 dv-osbrick-762776-3-ceph devstack@c-api.service[135611]: WARNING castellan.key_manager [None req-c6887727-2d75-420c-935a-488ff59fa5c6 None None] Deprecation Warning : cinder.keymgr.conf_key_mgr.ConfKeyManager is not a stevedore based driver, trying to load it as a class: stevedore.exception.NoMatches: No 'castellan.drivers' driver found, looking for 'cinder.keymgr.conf_key_mgr.ConfKeyManager'
Apr 01 00:18:27.186107 dv-osbrick-762776-3-ceph devstack@c-api.service[135610]: INFO cinder.rpc [None req-c3ec7af7-02c0-41df-ba08-3efe9e4fee99 None None] Automatically selected cinder-backup objects version 1.39 as minimum service version.
Apr 01 00:18:27.188542 dv-osbrick-762776-3-ceph devstack@c-api.service[135611]: WARNING stevedore.named [None req-c6887727-2d75-420c-935a-488ff59fa5c6 None None] Could not load cinder.keymgr.conf_key_mgr.ConfKeyManager
Apr 01 00:18:27.189025 dv-osbrick-762776-3-ceph devstack@c-api.service[135611]: WARNING castellan.key_manager [None req-c6887727-2d75-420c-935a-488ff59fa5c6 None None] Deprecation Warning : cinder.keymgr.conf_key_mgr.ConfKeyManager is not a stevedore based driver, trying to load it as a class: stevedore.exception.NoMatches: No 'castellan.drivers' driver found, looking for 'cinder.keymgr.conf_key_mgr.ConfKeyManager'
Apr 01 00:18:27.190157 dv-osbrick-762776-3-ceph devstack@c-api.service[135610]: INFO cinder.rpc [None req-c3ec7af7-02c0-41df-ba08-3efe9e4fee99 None None] Automatically selected cinder-backup RPC version 2.3 as minimum service version.
Apr 01 00:18:27.191105 dv-osbrick-762776-3-ceph devstack@c-api.service[135610]: WARNING stevedore.named [None req-c3ec7af7-02c0-41df-ba08-3efe9e4fee99 None None] Could not load cinder.keymgr.conf_key_mgr.ConfKeyManager
Apr 01 00:18:27.191581 dv-osbrick-762776-3-ceph devstack@c-api.service[135610]: WARNING castellan.key_manager [None req-c3ec7af7-02c0-41df-ba08-3efe9e4fee99 None None] Deprecation Warning : cinder.keymgr.conf_key_mgr.ConfKeyManager is not a stevedore based driver, trying to load it as a class: stevedore.exception.NoMatches: No 'castellan.drivers' driver found, looking for 'cinder.keymgr.conf_key_mgr.ConfKeyManager'
Apr 01 00:18:27.194024 dv-osbrick-762776-3-ceph devstack@c-api.service[135610]: WARNING stevedore.named [None req-c3ec7af7-02c0-41df-ba08-3efe9e4fee99 None None] Could not load cinder.keymgr.conf_key_mgr.ConfKeyManager
Apr 01 00:18:27.194456 dv-osbrick-762776-3-ceph devstack@c-api.service[135610]: WARNING castellan.key_manager [None req-c3ec7af7-02c0-41df-ba08-3efe9e4fee99 None None] Deprecation Warning : cinder.keymgr.conf_key_mgr.ConfKeyManager is not a stevedore based driver, trying to load it as a class: stevedore.exception.NoMatches: No 'castellan.drivers' driver found, looking for 'cinder.keymgr.conf_key_mgr.ConfKeyManager'
Apr 01 00:18:27.195526 dv-osbrick-762776-3-ceph devstack@c-api.service[135611]: WARNING stevedore.named [None req-c6887727-2d75-420c-935a-488ff59fa5c6 None None] Could not load cinder.keymgr.conf_key_mgr.ConfKeyManager
Apr 01 00:18:27.195986 dv-osbrick-762776-3-ceph devstack@c-api.service[135611]: WARNING castellan.key_manager [None req-c6887727-2d75-420c-935a-488ff59fa5c6 None None] Deprecation Warning : cinder.keymgr.conf_key_mgr.ConfKeyManager is not a stevedore based driver, trying to load it as a class: stevedore.exception.NoMatches: No 'castellan.drivers' driver found, looking for 'cinder.keymgr.conf_key_mgr.ConfKeyManager'
Apr 01 00:18:27.196161 dv-osbrick-762776-3-ceph devstack@c-api.service[135610]: WARNING stevedore.named [None req-c3ec7af7-02c0-41df-ba08-3efe9e4fee99 None None] Could not load cinder.keymgr.conf_key_mgr.ConfKeyManager
Apr 01 00:18:27.196600 dv-osbrick-762776-3-ceph devstack@c-api.service[135610]: WARNING castellan.key_manager [None req-c3ec7af7-02c0-41df-ba08-3efe9e4fee99 None None] Deprecation Warning : cinder.keymgr.conf_key_mgr.ConfKeyManager is not a stevedore based driver, trying to load it as a class: stevedore.exception.NoMatches: No 'castellan.drivers' driver found, looking for 'cinder.keymgr.conf_key_mgr.ConfKeyManager'
Apr 01 00:18:27.204232 dv-osbrick-762776-3-ceph devstack@c-api.service[135611]: WARNING stevedore.named [None req-c6887727-2d75-420c-935a-488ff59fa5c6 None None] Could not load cinder.keymgr.conf_key_mgr.ConfKeyManager
Apr 01 00:18:27.204681 dv-osbrick-762776-3-ceph devstack@c-api.service[135611]: WARNING castellan.key_manager [None req-c6887727-2d75-420c-935a-488ff59fa5c6 None None] Deprecation Warning : cinder.keymgr.conf_key_mgr.ConfKeyManager is not a stevedore based driver, trying to load it as a class: stevedore.exception.NoMatches: No 'castellan.drivers' driver found, looking for 'cinder.keymgr.conf_key_mgr.ConfKeyManager'
Apr 01 00:18:27.210325 dv-osbrick-762776-3-ceph devstack@c-api.service[135611]: WARNING stevedore.named [None req-c6887727-2d75-420c-935a-488ff59fa5c6 None None] Could not load cinder.keymgr.conf_key_mgr.ConfKeyManager
Apr 01 00:18:27.210783 dv-osbrick-762776-3-ceph devstack@c-api.service[135611]: WARNING castellan.key_manager [None req-c6887727-2d75-420c-935a-488ff59fa5c6 None None] Deprecation Warning : cinder.keymgr.conf_key_mgr.ConfKeyManager is not a stevedore based driver, trying to load it as a class: stevedore.exception.NoMatches: No 'castellan.drivers' driver found, looking for 'cinder.keymgr.conf_key_mgr.ConfKeyManager'
Apr 01 00:18:27.216179 dv-osbrick-762776-3-ceph devstack@c-api.service[135611]: WARNING stevedore.named [None req-c6887727-2d75-420c-935a-488ff59fa5c6 None None] Could not load cinder.keymgr.conf_key_mgr.ConfKeyManager
Apr 01 00:18:27.216638 dv-osbrick-762776-3-ceph devstack@c-api.service[135611]: WARNING castellan.key_manager [None req-c6887727-2d75-420c-935a-488ff59fa5c6 None None] Deprecation Warning : cinder.keymgr.conf_key_mgr.ConfKeyManager is not a stevedore based driver, trying to load it as a class: stevedore.exception.NoMatches: No 'castellan.drivers' driver found, looking for 'cinder.keymgr.conf_key_mgr.ConfKeyManager'
Apr 01 00:18:27.220100 dv-osbrick-762776-3-ceph devstack@c-api.service[135610]: WARNING stevedore.named [None req-c3ec7af7-02c0-41df-ba08-3efe9e4fee99 None None] Could not load cinder.keymgr.conf_key_mgr.ConfKeyManager
Apr 01 00:18:27.220552 dv-osbrick-762776-3-ceph devstack@c-api.service[135610]: WARNING castellan.key_manager [None req-c3ec7af7-02c0-41df-ba08-3efe9e4fee99 None None] Deprecation Warning : cinder.keymgr.conf_key_mgr.ConfKeyManager is not a stevedore based driver, trying to load it as a class: stevedore.exception.NoMatches: No 'castellan.drivers' driver found, looking for 'cinder.keymgr.conf_key_mgr.ConfKeyManager'
Apr 01 00:18:27.224432 dv-osbrick-762776-3-ceph devstack@c-api.service[135611]: WARNING stevedore.named [None req-c6887727-2d75-420c-935a-488ff59fa5c6 None None] Could not load cinder.keymgr.conf_key_mgr.ConfKeyManager
Apr 01 00:18:27.224911 dv-osbrick-762776-3-ceph devstack@c-api.service[135611]: WARNING castellan.key_manager [None req-c6887727-2d75-420c-935a-488ff59fa5c6 None None] Deprecation Warning : cinder.keymgr.conf_key_mgr.ConfKeyManager is not a stevedore based driver, trying to load it as a class: stevedore.exception.NoMatches: No 'castellan.drivers' driver found, looking for 'cinder.keymgr.conf_key_mgr.ConfKeyManager'
Apr 01 00:18:27.227861 dv-osbrick-762776-3-ceph devstack@c-api.service[135610]: WARNING stevedore.named [None req-c3ec7af7-02c0-41df-ba08-3efe9e4fee99 None None] Could not load cinder.keymgr.conf_key_mgr.ConfKeyManager
Apr 01 00:18:27.228305 dv-osbrick-762776-3-ceph devstack@c-api.service[135610]: WARNING castellan.key_manager [None req-c3ec7af7-02c0-41df-ba08-3efe9e4fee99 None None] Deprecation Warning : cinder.keymgr.conf_key_mgr.ConfKeyManager is not a stevedore based driver, trying to load it as a class: stevedore.exception.NoMatches: No 'castellan.drivers' driver found, looking for 'cinder.keymgr.conf_key_mgr.ConfKeyManager'
Apr 01 00:18:27.230135 dv-osbrick-762776-3-ceph devstack@c-api.service[135611]: WARNING stevedore.named [None req-c6887727-2d75-420c-935a-488ff59fa5c6 None None] Could not load cinder.keymgr.conf_key_mgr.ConfKeyManager
Apr 01 00:18:27.230591 dv-osbrick-762776-3-ceph devstack@c-api.service[135611]: WARNING castellan.key_manager [None req-c6887727-2d75-420c-935a-488ff59fa5c6 None None] Deprecation Warning : cinder.keymgr.conf_key_mgr.ConfKeyManager is not a stevedore based driver, trying to load it as a class: stevedore.exception.NoMatches: No 'castellan.drivers' driver found, looking for 'cinder.keymgr.conf_key_mgr.ConfKeyManager'
Apr 01 00:18:27.234380 dv-osbrick-762776-3-ceph devstack@c-api.service[135610]: WARNING stevedore.named [None req-c3ec7af7-02c0-41df-ba08-3efe9e4fee99 None None] Could not load cinder.keymgr.conf_key_mgr.ConfKeyManager
Apr 01 00:18:27.234819 dv-osbrick-762776-3-ceph devstack@c-api.service[135610]: WARNING castellan.key_manager [None req-c3ec7af7-02c0-41df-ba08-3efe9e4fee99 None None] Deprecation Warning : cinder.keymgr.conf_key_mgr.ConfKeyManager is not a stevedore based driver, trying to load it as a class: stevedore.exception.NoMatches: No 'castellan.drivers' driver found, looking for 'cinder.keymgr.conf_key_mgr.ConfKeyManager'
Apr 01 00:18:27.236032 dv-osbrick-762776-3-ceph devstack@c-api.service[135611]: WARNING stevedore.named [None req-c6887727-2d75-420c-935a-488ff59fa5c6 None None] Could not load cinder.keymgr.conf_key_mgr.ConfKeyManager
Apr 01 00:18:27.236476 dv-osbrick-762776-3-ceph devstack@c-api.service[135611]: WARNING castellan.key_manager [None req-c6887727-2d75-420c-935a-488ff59fa5c6 None None] Deprecation Warning : cinder.keymgr.conf_key_mgr.ConfKeyManager is not a stevedore based driver, trying to load it as a class: stevedore.exception.NoMatches: No 'castellan.drivers' driver found, looking for 'cinder.keymgr.conf_key_mgr.ConfKeyManager'
Apr 01 00:18:27.238365 dv-osbrick-762776-3-ceph devstack@c-api.service[135611]: WARNING stevedore.named [None req-c6887727-2d75-420c-935a-488ff59fa5c6 None None] Could not load cinder.keymgr.conf_key_mgr.ConfKeyManager
Apr 01 00:18:27.239354 dv-osbrick-762776-3-ceph devstack@c-api.service[135611]: WARNING castellan.key_manager [None req-c6887727-2d75-420c-935a-488ff59fa5c6 None None] Deprecation Warning : cinder.keymgr.conf_key_mgr.ConfKeyManager is not a stevedore based driver, trying to load it as a class: stevedore.exception.NoMatches: No 'castellan.drivers' driver found, looking for 'cinder.keymgr.conf_key_mgr.ConfKeyManager'
Apr 01 00:18:27.243942 dv-osbrick-762776-3-ceph devstack@c-api.service[135610]: WARNING stevedore.named [None req-c3ec7af7-02c0-41df-ba08-3efe9e4fee99 None None] Could not load cinder.keymgr.conf_key_mgr.ConfKeyManager
Apr 01 00:18:27.244274 dv-osbrick-762776-3-ceph devstack@c-api.service[135611]: WARNING stevedore.named [None req-c6887727-2d75-420c-935a-488ff59fa5c6 None None] Could not load cinder.keymgr.conf_key_mgr.ConfKeyManager
Apr 01 00:18:27.244380 dv-osbrick-762776-3-ceph devstack@c-api.service[135610]: WARNING castellan.key_manager [None req-c3ec7af7-02c0-41df-ba08-3efe9e4fee99 None None] Deprecation Warning : cinder.keymgr.conf_key_mgr.ConfKeyManager is not a stevedore based driver, trying to load it as a class: stevedore.exception.NoMatches: No 'castellan.drivers' driver found, looking for 'cinder.keymgr.conf_key_mgr.ConfKeyManager'
Apr 01 00:18:27.244756 dv-osbrick-762776-3-ceph devstack@c-api.service[135611]: WARNING castellan.key_manager [None req-c6887727-2d75-420c-935a-488ff59fa5c6 None None] Deprecation Warning : cinder.keymgr.conf_key_mgr.ConfKeyManager is not a stevedore based driver, trying to load it as a class: stevedore.exception.NoMatches: No 'castellan.drivers' driver found, looking for 'cinder.keymgr.conf_key_mgr.ConfKeyManager'
Apr 01 00:18:27.249692 dv-osbrick-762776-3-ceph devstack@c-api.service[135610]: WARNING stevedore.named [None req-c3ec7af7-02c0-41df-ba08-3efe9e4fee99 None None] Could not load cinder.keymgr.conf_key_mgr.ConfKeyManager
Apr 01 00:18:27.250059 dv-osbrick-762776-3-ceph devstack@c-api.service[135610]: WARNING castellan.key_manager [None req-c3ec7af7-02c0-41df-ba08-3efe9e4fee99 None None] Deprecation Warning : cinder.keymgr.conf_key_mgr.ConfKeyManager is not a stevedore based driver, trying to load it as a class: stevedore.exception.NoMatches: No 'castellan.drivers' driver found, looking for 'cinder.keymgr.conf_key_mgr.ConfKeyManager'
Apr 01 00:18:27.255529 dv-osbrick-762776-3-ceph devstack@c-api.service[135610]: WARNING stevedore.named [None req-c3ec7af7-02c0-41df-ba08-3efe9e4fee99 None None] Could not load cinder.keymgr.conf_key_mgr.ConfKeyManager
Apr 01 00:18:27.255983 dv-osbrick-762776-3-ceph devstack@c-api.service[135610]: WARNING castellan.key_manager [None req-c3ec7af7-02c0-41df-ba08-3efe9e4fee99 None None] Deprecation Warning : cinder.keymgr.conf_key_mgr.ConfKeyManager is not a stevedore based driver, trying to load it as a class: stevedore.exception.NoMatches: No 'castellan.drivers' driver found, looking for 'cinder.keymgr.conf_key_mgr.ConfKeyManager'
Apr 01 00:18:27.256951 dv-osbrick-762776-3-ceph devstack@c-api.service[135611]: WARNING stevedore.named [None req-c6887727-2d75-420c-935a-488ff59fa5c6 None None] Could not load cinder.keymgr.conf_key_mgr.ConfKeyManager
Apr 01 00:18:27.257396 dv-osbrick-762776-3-ceph devstack@c-api.service[135611]: WARNING castellan.key_manager [None req-c6887727-2d75-420c-935a-488ff59fa5c6 None None] Deprecation Warning : cinder.keymgr.conf_key_mgr.ConfKeyManager is not a stevedore based driver, trying to load it as a class: stevedore.exception.NoMatches: No 'castellan.drivers' driver found, looking for 'cinder.keymgr.conf_key_mgr.ConfKeyManager'
Apr 01 00:18:27.261548 dv-osbrick-762776-3-ceph devstack@c-api.service[135610]: WARNING stevedore.named [None req-c3ec7af7-02c0-41df-ba08-3efe9e4fee99 None None] Could not load cinder.keymgr.conf_key_mgr.ConfKeyManager
Apr 01 00:18:27.261935 dv-osbrick-762776-3-ceph devstack@c-api.service[135610]: WARNING castellan.key_manager [None req-c3ec7af7-02c0-41df-ba08-3efe9e4fee99 None None] Deprecation Warning : cinder.keymgr.conf_key_mgr.ConfKeyManager is not a stevedore based driver, trying to load it as a class: stevedore.exception.NoMatches: No 'castellan.drivers' driver found, looking for 'cinder.keymgr.conf_key_mgr.ConfKeyManager'
Apr 01 00:18:27.263743 dv-osbrick-762776-3-ceph devstack@c-api.service[135611]: WARNING stevedore.named [None req-c6887727-2d75-420c-935a-488ff59fa5c6 None None] Could not load cinder.keymgr.conf_key_mgr.ConfKeyManager
