Jul 25 09:32:32.207766 dv-osbrick-709432-11-ceph devstack@keystone.service[93887]: DEBUG keystone.auth.core [None req-2518a6cd-5bc0-4126-9c2b-b55984fa7fc9 None None] MFA Rules not processed for user `c2c0cf22337e45c78e8cb5635c37dbcb`. Rule list: `[]` (Enabled: `True`). {{(pid=93887) check_auth_methods_against_rules /opt/stack/keystone/keystone/auth/core.py:438}}
Jul 25 09:32:32.209026 dv-osbrick-709432-11-ceph devstack@keystone.service[93887]: DEBUG keystone.common.fernet_utils [None req-2518a6cd-5bc0-4126-9c2b-b55984fa7fc9 None None] Loaded 2 Fernet keys from /etc/keystone/fernet-keys/, but `[fernet_tokens] max_active_keys = 3`; perhaps there have not been enough key rotations to reach `max_active_keys` yet? {{(pid=93887) load_keys /opt/stack/keystone/keystone/common/fernet_utils.py:286}}
Jul 25 09:32:32.237248 dv-osbrick-709432-11-ceph devstack@keystone.service[93888]: [pid: 93888|app: 0|req: 98/199] 10.222.0.67 () {58 vars in 1282 bytes} [Mon Jul 25 09:32:31 2022] GET /identity/v3/auth/tokens => generated 799 bytes in 450 msecs (HTTP/1.1 200) 6 headers in 358 bytes (1 switches on core 0)
Jul 25 09:32:32.246202 dv-osbrick-709432-11-ceph devstack@keystone.service[93888]: DEBUG keystone.server.flask.request_processing.middleware.auth_context [None req-fd1e1c01-748f-4eec-b947-31c23167e286 None admin] Authenticating user token {{(pid=93888) process_request /usr/local/lib/python3.8/dist-packages/keystonemiddleware/auth_token/__init__.py:407}}
Jul 25 09:32:32.306182 dv-osbrick-709432-11-ceph devstack@keystone.service[93887]: [pid: 93887|app: 0|req: 102/200] 10.222.0.67 () {58 vars in 1023 bytes} [Mon Jul 25 09:32:32 2022] POST /identity/v3/auth/tokens => generated 799 bytes in 130 msecs (HTTP/1.1 201) 6 headers in 363 bytes (1 switches on core 0)
Jul 25 09:32:32.339569 dv-osbrick-709432-11-ceph devstack@keystone.service[93887]: DEBUG keystone.server.flask.request_processing.middleware.auth_context [None req-2518a6cd-5bc0-4126-9c2b-b55984fa7fc9 None None] Authenticating user token {{(pid=93887) process_request /usr/local/lib/python3.8/dist-packages/keystonemiddleware/auth_token/__init__.py:407}}
Jul 25 09:32:32.377328 dv-osbrick-709432-11-ceph devstack@keystone.service[93888]: DEBUG keystone.server.flask.request_processing.middleware.auth_context [None req-fd1e1c01-748f-4eec-b947-31c23167e286 None admin] Validating token access rules against request {{(pid=93888) validate_allowed_request /usr/local/lib/python3.8/dist-packages/keystonemiddleware/auth_token/__init__.py:545}}
Jul 25 09:32:32.445968 dv-osbrick-709432-11-ceph devstack@keystone.service[93888]: DEBUG keystone.server.flask.request_processing.middleware.auth_context [None req-a344adeb-82f7-428c-bb06-6558b438f5d5 None admin] RBAC: auth_context: {'token': , 'domain_id': None, 'trust_id': None, 'trustor_id': None, 'trustee_id': None, 'domain_name': None, 'group_ids': [], 'user_id': 'c2c0cf22337e45c78e8cb5635c37dbcb', 'user_domain_id': 'default', 'system_scope': 'all', 'project_id': None, 'project_domain_id': None, 'roles': ['admin', 'member', 'reader'], 'is_admin_project': True, 'service_user_id': None, 'service_user_domain_id': None, 'service_project_id': None, 'service_project_domain_id': None, 'service_roles': []} {{(pid=93888) fill_context /opt/stack/keystone/keystone/server/flask/request_processing/middleware/auth_context.py:478}}
Jul 25 09:32:32.446884 dv-osbrick-709432-11-ceph devstack@keystone.service[93888]: DEBUG keystone.server.flask.request_processing.req_logging [None req-a344adeb-82f7-428c-bb06-6558b438f5d5 None admin] REQUEST_METHOD: `GET` {{(pid=93888) log_request_info /opt/stack/keystone/keystone/server/flask/request_processing/req_logging.py:27}}
Jul 25 09:32:32.447176 dv-osbrick-709432-11-ceph devstack@keystone.service[93888]: DEBUG keystone.server.flask.request_processing.req_logging [None req-a344adeb-82f7-428c-bb06-6558b438f5d5 None admin] SCRIPT_NAME: `/identity` {{(pid=93888) log_request_info /opt/stack/keystone/keystone/server/flask/request_processing/req_logging.py:28}}
Jul 25 09:32:32.447460 dv-osbrick-709432-11-ceph devstack@keystone.service[93888]: DEBUG keystone.server.flask.request_processing.req_logging [None req-a344adeb-82f7-428c-bb06-6558b438f5d5 None admin] PATH_INFO: `/v3/projects/688bf756f62c4e97a15b6887b5f90f2f` {{(pid=93888) log_request_info /opt/stack/keystone/keystone/server/flask/request_processing/req_logging.py:29}}
Jul 25 09:32:32.448685 dv-osbrick-709432-11-ceph devstack@keystone.service[93888]: DEBUG keystone.common.rbac_enforcer.enforcer [None req-a344adeb-82f7-428c-bb06-6558b438f5d5 None admin] RBAC: Authorizing `identity:get_project(project_id=688bf756f62c4e97a15b6887b5f90f2f)` {{(pid=93888) enforce_call /opt/stack/keystone/keystone/common/rbac_enforcer/enforcer.py:449}}
Jul 25 09:32:32.450175 dv-osbrick-709432-11-ceph devstack@keystone.service[93888]: DEBUG keystone.common.rbac_enforcer.enforcer [None req-a344adeb-82f7-428c-bb06-6558b438f5d5 None admin] RBAC: Authorization granted {{(pid=93888) enforce_call /opt/stack/keystone/keystone/common/rbac_enforcer/enforcer.py:457}}
Jul 25 09:32:32.453213 dv-osbrick-709432-11-ceph devstack@keystone.service[93888]: [pid: 93888|app: 0|req: 99/201] 10.222.0.67 () {56 vars in 1186 bytes} [Mon Jul 25 09:32:32 2022] GET /identity/v3/projects/688bf756f62c4e97a15b6887b5f90f2f => generated 302 bytes in 208 msecs (HTTP/1.1 200) 5 headers in 177 bytes (2 switches on core 0)
Jul 25 09:32:32.460070 dv-osbrick-709432-11-ceph devstack@keystone.service[93888]: DEBUG keystone.server.flask.request_processing.middleware.auth_context [None req-a344adeb-82f7-428c-bb06-6558b438f5d5 None admin] Authenticating user token {{(pid=93888) process_request /usr/local/lib/python3.8/dist-packages/keystonemiddleware/auth_token/__init__.py:407}}
Jul 25 09:32:32.472636 dv-osbrick-709432-11-ceph devstack@keystone.service[93887]: DEBUG keystone.server.flask.request_processing.middleware.auth_context [None req-2518a6cd-5bc0-4126-9c2b-b55984fa7fc9 None None] Validating token access rules against request {{(pid=93887) validate_allowed_request /usr/local/lib/python3.8/dist-packages/keystonemiddleware/auth_token/__init__.py:545}}
Jul 25 09:32:32.474960 dv-osbrick-709432-11-ceph devstack@keystone.service[93887]: DEBUG dbcounter [-] [93887] Writing DB stats keystone:SELECT=100 {{(pid=93887) stat_writer /usr/local/lib/python3.8/dist-packages/dbcounter.py:114}}
Jul 25 09:32:32.500350 dv-osbrick-709432-11-ceph devstack@keystone.service[93888]: DEBUG dbcounter [-] [93888] Writing DB stats keystone:SELECT=100 {{(pid=93888) stat_writer /usr/local/lib/python3.8/dist-packages/dbcounter.py:114}}
Jul 25 09:32:32.529923 dv-osbrick-709432-11-ceph devstack@keystone.service[93887]: DEBUG keystone.server.flask.request_processing.middleware.auth_context [None req-eac2bb44-c578-4745-ba7e-86534abdde48 None admin] RBAC: auth_context: {'token': , 'domain_id': None, 'trust_id': None, 'trustor_id': None, 'trustee_id': None, 'domain_name': None, 'group_ids': [], 'user_id': 'c2c0cf22337e45c78e8cb5635c37dbcb', 'user_domain_id': 'default', 'system_scope': 'all', 'project_id': None, 'project_domain_id': None, 'roles': ['admin', 'member', 'reader'], 'is_admin_project': True, 'service_user_id': None, 'service_user_domain_id': None, 'service_project_id': None, 'service_project_domain_id': None, 'service_roles': []} {{(pid=93887) fill_context /opt/stack/keystone/keystone/server/flask/request_processing/middleware/auth_context.py:478}}
Jul 25 09:32:32.531036 dv-osbrick-709432-11-ceph devstack@keystone.service[93887]: DEBUG keystone.server.flask.request_processing.req_logging [None req-eac2bb44-c578-4745-ba7e-86534abdde48 None admin] REQUEST_METHOD: `GET` {{(pid=93887) log_request_info /opt/stack/keystone/keystone/server/flask/request_processing/req_logging.py:27}}
Jul 25 09:32:32.531328 dv-osbrick-709432-11-ceph devstack@keystone.service[93887]: DEBUG keystone.server.flask.request_processing.req_logging [None req-eac2bb44-c578-4745-ba7e-86534abdde48 None admin] SCRIPT_NAME: `/identity` {{(pid=93887) log_request_info /opt/stack/keystone/keystone/server/flask/request_processing/req_logging.py:28}}
Jul 25 09:32:32.531610 dv-osbrick-709432-11-ceph devstack@keystone.service[93887]: DEBUG keystone.server.flask.request_processing.req_logging [None req-eac2bb44-c578-4745-ba7e-86534abdde48 None admin] PATH_INFO: `/v3/roles/reader` {{(pid=93887) log_request_info /opt/stack/keystone/keystone/server/flask/request_processing/req_logging.py:29}}
Jul 25 09:32:32.549794 dv-osbrick-709432-11-ceph devstack@keystone.service[93887]: DEBUG keystone.common.rbac_enforcer.enforcer [None req-eac2bb44-c578-4745-ba7e-86534abdde48 None admin] Extracting inferred target data resulted in "NOT FOUND (404)". {{(pid=93887) enforce_call /opt/stack/keystone/keystone/common/rbac_enforcer/enforcer.py:409}}
Jul 25 09:32:32.557854 dv-osbrick-709432-11-ceph devstack@keystone.service[93887]: ERROR keystone.server.flask.application [None req-eac2bb44-c578-4745-ba7e-86534abdde48 None admin] Could not find role: reader.: keystone.exception.RoleNotFound: Could not find role: reader.
Jul 25 09:32:32.557854 dv-osbrick-709432-11-ceph devstack@keystone.service[93887]: ERROR keystone.server.flask.application
Traceback (most recent call last):
Jul 25 09:32:32.557854 dv-osbrick-709432-11-ceph devstack@keystone.service[93887]: ERROR keystone.server.flask.application
File "/usr/local/lib/python3.8/dist-packages/flask/app.py", line 1517, in full_dispatch_request
Jul 25 09:32:32.557854 dv-osbrick-709432-11-ceph devstack@keystone.service[93887]: ERROR keystone.server.flask.application rv = self.dispatch_request()
Jul 25 09:32:32.557854 dv-osbrick-709432-11-ceph devstack@keystone.service[93887]: ERROR keystone.server.flask.application
File "/usr/local/lib/python3.8/dist-packages/flask/app.py", line 1503, in dispatch_request
Jul 25 09:32:32.557854 dv-osbrick-709432-11-ceph devstack@keystone.service[93887]: ERROR keystone.server.flask.application return self.ensure_sync(self.view_functions[rule.endpoint])(**req.view_args)
Jul 25 09:32:32.557854 dv-osbrick-709432-11-ceph devstack@keystone.service[93887]: ERROR keystone.server.flask.application
File "/usr/local/lib/python3.8/dist-packages/flask_restful/__init__.py", line 467, in wrapper
Jul 25 09:32:32.557854 dv-osbrick-709432-11-ceph devstack@keystone.service[93887]: ERROR keystone.server.flask.application resp = resource(*args, **kwargs)
Jul 25 09:32:32.557854 dv-osbrick-709432-11-ceph devstack@keystone.service[93887]: ERROR keystone.server.flask.application
File "/usr/local/lib/python3.8/dist-packages/flask/views.py", line 84, in view
Jul 25 09:32:32.557854 dv-osbrick-709432-11-ceph devstack@keystone.service[93887]: ERROR keystone.server.flask.application return current_app.ensure_sync(self.dispatch_request)(*args, **kwargs)
Jul 25 09:32:32.557854 dv-osbrick-709432-11-ceph devstack@keystone.service[93887]: ERROR keystone.server.flask.application
File "/usr/local/lib/python3.8/dist-packages/flask_restful/__init__.py", line 582, in dispatch_request
Jul 25 09:32:32.557854 dv-osbrick-709432-11-ceph devstack@keystone.service[93887]: ERROR keystone.server.flask.application resp = meth(*args, **kwargs)
Jul 25 09:32:32.557854 dv-osbrick-709432-11-ceph devstack@keystone.service[93887]: ERROR keystone.server.flask.application
File "/opt/stack/keystone/keystone/api/roles.py", line 50, in get
Jul 25 09:32:32.557854 dv-osbrick-709432-11-ceph devstack@keystone.service[93887]: ERROR keystone.server.flask.application return self._get_role(role_id)
Jul 25 09:32:32.557854 dv-osbrick-709432-11-ceph devstack@keystone.service[93887]: ERROR keystone.server.flask.application
File "/opt/stack/keystone/keystone/api/roles.py", line 70, in _get_role
Jul 25 09:32:32.557854 dv-osbrick-709432-11-ceph devstack@keystone.service[93887]: ERROR keystone.server.flask.application ENFORCER.enforce_call(action='identity:get_role')
Jul 25 09:32:32.558742 dv-osbrick-709432-11-ceph devstack@keystone.service[93887]: ERROR keystone.server.flask.application
File "/opt/stack/keystone/keystone/common/rbac_enforcer/enforcer.py", line 402, in enforce_call
Jul 25 09:32:32.558742 dv-osbrick-709432-11-ceph devstack@keystone.service[93887]: ERROR keystone.server.flask.application policy_dict.update(cls._extract_member_target_data(
Jul 25 09:32:32.558742 dv-osbrick-709432-11-ceph devstack@keystone.service[93887]: ERROR keystone.server.flask.application
File "/opt/stack/keystone/keystone/common/rbac_enforcer/enforcer.py", line 234, in _extract_member_target_data
Jul 25 09:32:32.558742 dv-osbrick-709432-11-ceph devstack@keystone.service[93887]: ERROR keystone.server.flask.application member_name: func(flask.request.view_args[key])
Jul 25 09:32:32.558742 dv-osbrick-709432-11-ceph devstack@keystone.service[93887]: ERROR keystone.server.flask.application
File "/opt/stack/keystone/keystone/common/manager.py", line 115, in wrapped
Jul 25 09:32:32.558742 dv-osbrick-709432-11-ceph devstack@keystone.service[93887]: ERROR keystone.server.flask.application __ret_val = __f(*args, **kwargs)
Jul 25 09:32:32.558742 dv-osbrick-709432-11-ceph devstack@keystone.service[93887]: ERROR keystone.server.flask.application
File "/usr/local/lib/python3.8/dist-packages/decorator.py", line 232, in fun
Jul 25 09:32:32.558742 dv-osbrick-709432-11-ceph devstack@keystone.service[93887]: ERROR keystone.server.flask.application return caller(func, *(extras + args), **kw)
Jul 25 09:32:32.558742 dv-osbrick-709432-11-ceph devstack@keystone.service[93887]: ERROR keystone.server.flask.application
File "/usr/local/lib/python3.8/dist-packages/dogpile/cache/region.py", line 1577, in get_or_create_for_user_func
Jul 25 09:32:32.558742 dv-osbrick-709432-11-ceph devstack@keystone.service[93887]: ERROR keystone.server.flask.application return self.get_or_create(
Jul 25 09:32:32.558742 dv-osbrick-709432-11-ceph devstack@keystone.service[93887]: ERROR keystone.server.flask.application
File "/usr/local/lib/python3.8/dist-packages/dogpile/cache/region.py", line 1042, in get_or_create
Jul 25 09:32:32.558742 dv-osbrick-709432-11-ceph devstack@keystone.service[93887]: ERROR keystone.server.flask.application with Lock(
Jul 25 09:32:32.558742 dv-osbrick-709432-11-ceph devstack@keystone.service[93887]: ERROR keystone.server.flask.application
File "/usr/local/lib/python3.8/dist-packages/dogpile/lock.py", line 185, in __enter__
Jul 25 09:32:32.558742 dv-osbrick-709432-11-ceph devstack@keystone.service[93887]: ERROR keystone.server.flask.application return self._enter()
Jul 25 09:32:32.558742 dv-osbrick-709432-11-ceph devstack@keystone.service[93887]: ERROR keystone.server.flask.application
File "/usr/local/lib/python3.8/dist-packages/dogpile/lock.py", line 94, in _enter
Jul 25 09:32:32.558742 dv-osbrick-709432-11-ceph devstack@keystone.service[93887]: ERROR keystone.server.flask.application generated = self._enter_create(value, createdtime)
Jul 25 09:32:32.559993 dv-osbrick-709432-11-ceph devstack@keystone.service[93887]: ERROR keystone.server.flask.application
File "/usr/local/lib/python3.8/dist-packages/dogpile/lock.py", line 178, in _enter_create
Jul 25 09:32:32.559993 dv-osbrick-709432-11-ceph devstack@keystone.service[93887]: ERROR keystone.server.flask.application return self.creator()
Jul 25 09:32:32.559993 dv-osbrick-709432-11-ceph devstack@keystone.service[93887]: ERROR keystone.server.flask.application
File "/usr/local/lib/python3.8/dist-packages/dogpile/cache/region.py", line 995, in gen_value
Jul 25 09:32:32.559993 dv-osbrick-709432-11-ceph devstack@keystone.service[93887]: ERROR keystone.server.flask.application created_value = creator(
Jul 25 09:32:32.559993 dv-osbrick-709432-11-ceph devstack@keystone.service[93887]: ERROR keystone.server.flask.application
File "/opt/stack/keystone/keystone/assignment/core.py", line 1276, in get_role
Jul 25 09:32:32.559993 dv-osbrick-709432-11-ceph devstack@keystone.service[93887]: ERROR keystone.server.flask.application return self.driver.get_role(role_id)
Jul 25 09:32:32.559993 dv-osbrick-709432-11-ceph devstack@keystone.service[93887]: ERROR keystone.server.flask.application
File "/opt/stack/keystone/keystone/assignment/role_backends/sql.py", line 70, in get_role
Jul 25 09:32:32.559993 dv-osbrick-709432-11-ceph devstack@keystone.service[93887]: ERROR keystone.server.flask.application return self._get_role(session, role_id).to_dict()
Jul 25 09:32:32.559993 dv-osbrick-709432-11-ceph devstack@keystone.service[93887]: ERROR keystone.server.flask.application
File "/opt/stack/keystone/keystone/assignment/role_backends/sql.py", line 65, in _get_role
Jul 25 09:32:32.559993 dv-osbrick-709432-11-ceph devstack@keystone.service[93887]: ERROR keystone.server.flask.application raise exception.RoleNotFound(role_id=role_id)
Jul 25 09:32:32.559993 dv-osbrick-709432-11-ceph devstack@keystone.service[93887]: ERROR keystone.server.flask.application keystone.exception.RoleNotFound: Could not find role: reader.
Jul 25 09:32:32.559993 dv-osbrick-709432-11-ceph devstack@keystone.service[93887]: ERROR keystone.server.flask.application
Jul 25 09:32:32.559993 dv-osbrick-709432-11-ceph devstack@keystone.service[93887]: [pid: 93887|app: 0|req: 103/202] 10.222.0.67 () {56 vars in 1099 bytes} [Mon Jul 25 09:32:32 2022] GET /identity/v3/roles/reader => generated 84 bytes in 220 msecs (HTTP/1.1 404) 5 headers in 183 bytes (1 switches on core 0)
Jul 25 09:32:32.569194 dv-osbrick-709432-11-ceph devstack@keystone.service[93887]: DEBUG keystone.server.flask.request_processing.middleware.auth_context [None req-eac2bb44-c578-4745-ba7e-86534abdde48 None admin] Authenticating user token {{(pid=93887) process_request /usr/local/lib/python3.8/dist-packages/keystonemiddleware/auth_token/__init__.py:407}}
Jul 25 09:32:32.634313 dv-osbrick-709432-11-ceph devstack@keystone.service[93888]: DEBUG keystone.server.flask.request_processing.middleware.auth_context [None req-a344adeb-82f7-428c-bb06-6558b438f5d5 None admin] Validating token access rules against request {{(pid=93888) validate_allowed_request /usr/local/lib/python3.8/dist-packages/keystonemiddleware/auth_token/__init__.py:545}}
Jul 25 09:32:32.681165 dv-osbrick-709432-11-ceph devstack@keystone.service[93887]: DEBUG keystone.server.flask.request_processing.middleware.auth_context [None req-eac2bb44-c578-4745-ba7e-86534abdde48 None admin] Validating token access rules against request {{(pid=93887) validate_allowed_request /usr/local/lib/python3.8/dist-packages/keystonemiddleware/auth_token/__init__.py:545}}
Jul 25 09:32:32.718270 dv-osbrick-709432-11-ceph devstack@keystone.service[93887]: DEBUG keystone.server.flask.request_processing.middleware.auth_context [None req-6bb7fa20-0c5f-4feb-89af-03f1f829607f None admin] RBAC: auth_context: {'token': , 'domain_id': None, 'trust_id': None, 'trustor_id': None, 'trustee_id': None, 'domain_name': None, 'group_ids': [], 'user_id': 'c2c0cf22337e45c78e8cb5635c37dbcb', 'user_domain_id': 'default', 'system_scope': 'all', 'project_id': None, 'project_domain_id': None, 'roles': ['admin', 'member', 'reader'], 'is_admin_project': True, 'service_user_id': None, 'service_user_domain_id': None, 'service_project_id': None, 'service_project_domain_id': None, 'service_roles': []} {{(pid=93887) fill_context /opt/stack/keystone/keystone/server/flask/request_processing/middleware/auth_context.py:478}}
Jul 25 09:32:32.718504 dv-osbrick-709432-11-ceph devstack@keystone.service[93888]: DEBUG keystone.server.flask.request_processing.middleware.auth_context [None req-3c7ca595-8059-467f-9e87-d4d915b48754 None admin] RBAC: auth_context: {'token': , 'domain_id': None, 'trust_id': None, 'trustor_id': None, 'trustee_id': None, 'domain_name': None, 'group_ids': [], 'user_id': 'c2c0cf22337e45c78e8cb5635c37dbcb', 'user_domain_id': 'default', 'system_scope': 'all', 'project_id': None, 'project_domain_id': None, 'roles': ['admin', 'member', 'reader'], 'is_admin_project': True, 'service_user_id': None, 'service_user_domain_id': None, 'service_project_id': None, 'service_project_domain_id': None, 'service_roles': []} {{(pid=93888) fill_context /opt/stack/keystone/keystone/server/flask/request_processing/middleware/auth_context.py:478}}
Jul 25 09:32:32.718981 dv-osbrick-709432-11-ceph devstack@keystone.service[93888]: DEBUG keystone.server.flask.request_processing.req_logging [None req-3c7ca595-8059-467f-9e87-d4d915b48754 None admin] REQUEST_METHOD: `GET` {{(pid=93888) log_request_info /opt/stack/keystone/keystone/server/flask/request_processing/req_logging.py:27}}
Jul 25 09:32:32.719092 dv-osbrick-709432-11-ceph devstack@keystone.service[93887]: DEBUG keystone.server.flask.request_processing.req_logging [None req-6bb7fa20-0c5f-4feb-89af-03f1f829607f None admin] REQUEST_METHOD: `GET` {{(pid=93887) log_request_info /opt/stack/keystone/keystone/server/flask/request_processing/req_logging.py:27}}
Jul 25 09:32:32.719259 dv-osbrick-709432-11-ceph devstack@keystone.service[93887]: DEBUG keystone.server.flask.request_processing.req_logging [None req-6bb7fa20-0c5f-4feb-89af-03f1f829607f None admin] SCRIPT_NAME: `/identity` {{(pid=93887) log_request_info /opt/stack/keystone/keystone/server/flask/request_processing/req_logging.py:28}}
Jul 25 09:32:32.719357 dv-osbrick-709432-11-ceph devstack@keystone.service[93888]: DEBUG keystone.server.flask.request_processing.req_logging [None req-3c7ca595-8059-467f-9e87-d4d915b48754 None admin] SCRIPT_NAME: `/identity` {{(pid=93888) log_request_info /opt/stack/keystone/keystone/server/flask/request_processing/req_logging.py:28}}
Jul 25 09:32:32.719537 dv-osbrick-709432-11-ceph devstack@keystone.service[93887]: DEBUG keystone.server.flask.request_processing.req_logging [None req-6bb7fa20-0c5f-4feb-89af-03f1f829607f None admin] PATH_INFO: `/v3/roles` {{(pid=93887) log_request_info /opt/stack/keystone/keystone/server/flask/request_processing/req_logging.py:29}}
Jul 25 09:32:32.719649 dv-osbrick-709432-11-ceph devstack@keystone.service[93888]: DEBUG keystone.server.flask.request_processing.req_logging [None req-3c7ca595-8059-467f-9e87-d4d915b48754 None admin] PATH_INFO: `/v3/role_assignments` {{(pid=93888) log_request_info /opt/stack/keystone/keystone/server/flask/request_processing/req_logging.py:29}}
Jul 25 09:32:32.720288 dv-osbrick-709432-11-ceph devstack@keystone.service[93887]: DEBUG keystone.common.rbac_enforcer.enforcer [None req-6bb7fa20-0c5f-4feb-89af-03f1f829607f None admin] RBAC: Adding query filter params (name=reader) {{(pid=93887) _extract_filter_values /opt/stack/keystone/keystone/common/rbac_enforcer/enforcer.py:167}}
Jul 25 09:32:32.720420 dv-osbrick-709432-11-ceph devstack@keystone.service[93888]: DEBUG keystone.common.rbac_enforcer.enforcer [None req-3c7ca595-8059-467f-9e87-d4d915b48754 None admin] RBAC: Adding query filter params (role.id=fdcb4b876026440b87d75e4de6fdedcd, scope.project.id=688bf756f62c4e97a15b6887b5f90f2f, user.id=a8590df7ef064b3ea394f517bc833db5) {{(pid=93888) _extract_filter_values /opt/stack/keystone/keystone/common/rbac_enforcer/enforcer.py:167}}
Jul 25 09:32:32.720673 dv-osbrick-709432-11-ceph devstack@keystone.service[93887]: DEBUG keystone.common.rbac_enforcer.enforcer [None req-6bb7fa20-0c5f-4feb-89af-03f1f829607f None admin] RBAC: Authorizing `identity:list_roles()` {{(pid=93887) enforce_call /opt/stack/keystone/keystone/common/rbac_enforcer/enforcer.py:449}}
Jul 25 09:32:32.720773 dv-osbrick-709432-11-ceph devstack@keystone.service[93888]: DEBUG keystone.common.rbac_enforcer.enforcer [None req-3c7ca595-8059-467f-9e87-d4d915b48754 None admin] RBAC: Authorizing `identity:list_role_assignments()` {{(pid=93888) enforce_call /opt/stack/keystone/keystone/common/rbac_enforcer/enforcer.py:449}}
Jul 25 09:32:32.722134 dv-osbrick-709432-11-ceph devstack@keystone.service[93887]: DEBUG keystone.common.rbac_enforcer.enforcer [None req-6bb7fa20-0c5f-4feb-89af-03f1f829607f None admin] RBAC: Authorization granted {{(pid=93887) enforce_call /opt/stack/keystone/keystone/common/rbac_enforcer/enforcer.py:457}}
Jul 25 09:32:32.722240 dv-osbrick-709432-11-ceph devstack@keystone.service[93888]: DEBUG keystone.common.rbac_enforcer.enforcer [None req-3c7ca595-8059-467f-9e87-d4d915b48754 None admin] RBAC: Authorization granted {{(pid=93888) enforce_call /opt/stack/keystone/keystone/common/rbac_enforcer/enforcer.py:457}}
Jul 25 09:32:32.727960 dv-osbrick-709432-11-ceph devstack@keystone.service[93888]: [pid: 93888|app: 0|req: 100/203] 10.222.0.67 () {56 vars in 1374 bytes} [Mon Jul 25 09:32:32 2022] GET /identity/v3/role_assignments?user.id=a8590df7ef064b3ea394f517bc833db5&scope.project.id=688bf756f62c4e97a15b6887b5f90f2f&role.id=fdcb4b876026440b87d75e4de6fdedcd => generated 259 bytes in 268 msecs (HTTP/1.1 200) 5 headers in 177 bytes (1 switches on core 0)
Jul 25 09:32:32.731435 dv-osbrick-709432-11-ceph devstack@keystone.service[93887]: [pid: 93887|app: 0|req: 104/204] 10.222.0.67 () {56 vars in 1101 bytes} [Mon Jul 25 09:32:32 2022] GET /identity/v3/roles?name=reader => generated 341 bytes in 163 msecs (HTTP/1.1 200) 5 headers in 177 bytes (1 switches on core 0)
Jul 25 09:32:32.737650 dv-osbrick-709432-11-ceph devstack@keystone.service[93888]: DEBUG keystone.server.flask.request_processing.middleware.auth_context [None req-3c7ca595-8059-467f-9e87-d4d915b48754 None admin] Authenticating user token {{(pid=93888) process_request /usr/local/lib/python3.8/dist-packages/keystonemiddleware/auth_token/__init__.py:407}}
Jul 25 09:32:32.898042 dv-osbrick-709432-11-ceph devstack@keystone.service[93888]: DEBUG dbcounter [-] [93888] Writing DB stats keystone:SELECT=100 {{(pid=93888) stat_writer /usr/local/lib/python3.8/dist-packages/dbcounter.py:114}}
Jul 25 09:32:32.901924 dv-osbrick-709432-11-ceph devstack@keystone.service[93888]: DEBUG keystone.server.flask.request_processing.middleware.auth_context [None req-3c7ca595-8059-467f-9e87-d4d915b48754 None admin] Validating token access rules against request {{(pid=93888) validate_allowed_request /usr/local/lib/python3.8/dist-packages/keystonemiddleware/auth_token/__init__.py:545}}
Jul 25 09:32:32.940404 dv-osbrick-709432-11-ceph devstack@keystone.service[93888]: DEBUG keystone.server.flask.request_processing.middleware.auth_context [None req-1a6ff7f4-b9db-4eac-9b48-e8f173e9220d None admin] RBAC: auth_context: {'token': , 'domain_id': None, 'trust_id': None, 'trustor_id': None, 'trustee_id': None, 'domain_name': None, 'group_ids': [], 'user_id': 'c2c0cf22337e45c78e8cb5635c37dbcb', 'user_domain_id': 'default', 'system_scope': 'all', 'project_id': None, 'project_domain_id': None, 'roles': ['admin', 'member', 'reader'], 'is_admin_project': True, 'service_user_id': None, 'service_user_domain_id': None, 'service_project_id': None, 'service_project_domain_id': None, 'service_roles': []} {{(pid=93888) fill_context /opt/stack/keystone/keystone/server/flask/request_processing/middleware/auth_context.py:478}}
Jul 25 09:32:32.941629 dv-osbrick-709432-11-ceph devstack@keystone.service[93888]: DEBUG keystone.server.flask.request_processing.req_logging [None req-1a6ff7f4-b9db-4eac-9b48-e8f173e9220d None admin] REQUEST_METHOD: `GET` {{(pid=93888) log_request_info /opt/stack/keystone/keystone/server/flask/request_processing/req_logging.py:27}}
Jul 25 09:32:32.942097 dv-osbrick-709432-11-ceph devstack@keystone.service[93888]: DEBUG keystone.server.flask.request_processing.req_logging [None req-1a6ff7f4-b9db-4eac-9b48-e8f173e9220d None admin] SCRIPT_NAME: `/identity` {{(pid=93888) log_request_info /opt/stack/keystone/keystone/server/flask/request_processing/req_logging.py:28}}
Jul 25 09:32:32.942594 dv-osbrick-709432-11-ceph devstack@keystone.service[93888]: DEBUG keystone.server.flask.request_processing.req_logging [None req-1a6ff7f4-b9db-4eac-9b48-e8f173e9220d None admin] PATH_INFO: `/v3/users/1097abebec5343b0b8adcc546fd59cfa` {{(pid=93888) log_request_info /opt/stack/keystone/keystone/server/flask/request_processing/req_logging.py:29}}
Jul 25 09:32:32.944149 dv-osbrick-709432-11-ceph devstack@keystone.service[93888]: DEBUG keystone.common.rbac_enforcer.enforcer [None req-1a6ff7f4-b9db-4eac-9b48-e8f173e9220d None admin] RBAC: Authorizing `identity:get_user(user_id=1097abebec5343b0b8adcc546fd59cfa)` {{(pid=93888) enforce_call /opt/stack/keystone/keystone/common/rbac_enforcer/enforcer.py:449}}
Jul 25 09:32:32.945840 dv-osbrick-709432-11-ceph devstack@keystone.service[93888]: DEBUG keystone.common.rbac_enforcer.enforcer [None req-1a6ff7f4-b9db-4eac-9b48-e8f173e9220d None admin] RBAC: Authorization granted {{(pid=93888) enforce_call /opt/stack/keystone/keystone/common/rbac_enforcer/enforcer.py:457}}
Jul 25 09:32:32.947806 dv-osbrick-709432-11-ceph devstack@keystone.service[93888]: [pid: 93888|app: 0|req: 101/205] 10.222.0.67 () {56 vars in 1177 bytes} [Mon Jul 25 09:32:32 2022] GET /identity/v3/users/1097abebec5343b0b8adcc546fd59cfa => generated 289 bytes in 211 msecs (HTTP/1.1 200) 5 headers in 177 bytes (1 switches on core 0)
Jul 25 09:32:32.954502 dv-osbrick-709432-11-ceph devstack@keystone.service[93887]: DEBUG keystone.server.flask.request_processing.middleware.auth_context [None req-6bb7fa20-0c5f-4feb-89af-03f1f829607f None admin] Authenticating user token {{(pid=93887) process_request /usr/local/lib/python3.8/dist-packages/keystonemiddleware/auth_token/__init__.py:407}}
Jul 25 09:32:32.999492 dv-osbrick-709432-11-ceph devstack@keystone.service[93887]: DEBUG dbcounter [-] [93887] Writing DB stats keystone:SELECT=100 {{(pid=93887) stat_writer /usr/local/lib/python3.8/dist-packages/dbcounter.py:114}}
Jul 25 09:32:33.107679 dv-osbrick-709432-11-ceph devstack@keystone.service[93887]: DEBUG keystone.server.flask.request_processing.middleware.auth_context [None req-6bb7fa20-0c5f-4feb-89af-03f1f829607f None admin] Validating token access rules against request {{(pid=93887) validate_allowed_request /usr/local/lib/python3.8/dist-packages/keystonemiddleware/auth_token/__init__.py:545}}
Jul 25 09:32:33.153771 dv-osbrick-709432-11-ceph devstack@keystone.service[93887]: DEBUG keystone.server.flask.request_processing.middleware.auth_context [None req-2660fa7a-ab05-4704-bc8f-e1db6230daab None admin] RBAC: auth_context: {'token': , 'domain_id': None, 'trust_id': None, 'trustor_id': None, 'trustee_id': None, 'domain_name': None, 'group_ids': [], 'user_id': 'c2c0cf22337e45c78e8cb5635c37dbcb', 'user_domain_id': 'default', 'system_scope': 'all', 'project_id': None, 'project_domain_id': None, 'roles': ['admin', 'member', 'reader'], 'is_admin_project': True, 'service_user_id': None, 'service_user_domain_id': None, 'service_project_id': None, 'service_project_domain_id': None, 'service_roles': []} {{(pid=93887) fill_context /opt/stack/keystone/keystone/server/flask/request_processing/middleware/auth_context.py:478}}
Jul 25 09:32:33.154366 dv-osbrick-709432-11-ceph devstack@keystone.service[93887]: DEBUG keystone.server.flask.request_processing.req_logging [None req-2660fa7a-ab05-4704-bc8f-e1db6230daab None admin] REQUEST_METHOD: `GET` {{(pid=93887) log_request_info /opt/stack/keystone/keystone/server/flask/request_processing/req_logging.py:27}}
Jul 25 09:32:33.154685 dv-osbrick-709432-11-ceph devstack@keystone.service[93887]: DEBUG keystone.server.flask.request_processing.req_logging [None req-2660fa7a-ab05-4704-bc8f-e1db6230daab None admin] SCRIPT_NAME: `/identity` {{(pid=93887) log_request_info /opt/stack/keystone/keystone/server/flask/request_processing/req_logging.py:28}}
Jul 25 09:32:33.154972 dv-osbrick-709432-11-ceph devstack@keystone.service[93887]: DEBUG keystone.server.flask.request_processing.req_logging [None req-2660fa7a-ab05-4704-bc8f-e1db6230daab None admin] PATH_INFO: `/v3/auth/tokens` {{(pid=93887) log_request_info /opt/stack/keystone/keystone/server/flask/request_processing/req_logging.py:29}}
Jul 25 09:32:33.247507 dv-osbrick-709432-11-ceph devstack@keystone.service[93887]: DEBUG keystone.common.rbac_enforcer.enforcer [None req-2660fa7a-ab05-4704-bc8f-e1db6230daab None admin] RBAC: Authorizing `identity:validate_token()` {{(pid=93887) enforce_call /opt/stack/keystone/keystone/common/rbac_enforcer/enforcer.py:449}}
Jul 25 09:32:33.248980 dv-osbrick-709432-11-ceph devstack@keystone.service[93887]: DEBUG keystone.common.rbac_enforcer.enforcer [None req-2660fa7a-ab05-4704-bc8f-e1db6230daab None admin] RBAC: Authorization granted {{(pid=93887) enforce_call /opt/stack/keystone/keystone/common/rbac_enforcer/enforcer.py:457}}
Jul 25 09:32:33.288944 dv-osbrick-709432-11-ceph devstack@keystone.service[93887]: DEBUG dbcounter [-] [93887] Writing DB stats keystone:SELECT=100 {{(pid=93887) stat_writer /usr/local/lib/python3.8/dist-packages/dbcounter.py:114}}
Jul 25 09:32:33.402728 dv-osbrick-709432-11-ceph devstack@keystone.service[93887]: [pid: 93887|app: 0|req: 105/206] 10.222.0.67 () {58 vars in 1282 bytes} [Mon Jul 25 09:32:32 2022] GET /identity/v3/auth/tokens => generated 799 bytes in 450 msecs (HTTP/1.1 200) 6 headers in 358 bytes (1 switches on core 0)
Jul 25 09:32:33.408665 dv-osbrick-709432-11-ceph devstack@keystone.service[93888]: DEBUG keystone.server.flask.request_processing.middleware.auth_context [None req-1a6ff7f4-b9db-4eac-9b48-e8f173e9220d None admin] Authenticating user token {{(pid=93888) process_request /usr/local/lib/python3.8/dist-packages/keystonemiddleware/auth_token/__init__.py:407}}
Jul 25 09:32:33.569151 dv-osbrick-709432-11-ceph devstack@keystone.service[93888]: DEBUG keystone.server.flask.request_processing.middleware.auth_context [None req-1a6ff7f4-b9db-4eac-9b48-e8f173e9220d None admin] Validating token access rules against request {{(pid=93888) validate_allowed_request /usr/local/lib/python3.8/dist-packages/keystonemiddleware/auth_token/__init__.py:545}}
Jul 25 09:32:33.609213 dv-osbrick-709432-11-ceph devstack@keystone.service[93888]: DEBUG keystone.server.flask.request_processing.middleware.auth_context [None req-bf07de6d-cae1-41ed-ab9d-24b673ec8bf0 None admin] RBAC: auth_context: {'token': , 'domain_id': None, 'trust_id': None, 'trustor_id': None, 'trustee_id': None, 'domain_name': None, 'group_ids': [], 'user_id': 'c2c0cf22337e45c78e8cb5635c37dbcb', 'user_domain_id': 'default', 'system_scope': 'all', 'project_id': None, 'project_domain_id': None, 'roles': ['admin', 'member', 'reader'], 'is_admin_project': True, 'service_user_id': None, 'service_user_domain_id': None, 'service_project_id': None, 'service_project_domain_id': None, 'service_roles': []} {{(pid=93888) fill_context /opt/stack/keystone/keystone/server/flask/request_processing/middleware/auth_context.py:478}}
Jul 25 09:32:33.610086 dv-osbrick-709432-11-ceph devstack@keystone.service[93888]: DEBUG keystone.server.flask.request_processing.req_logging [None req-bf07de6d-cae1-41ed-ab9d-24b673ec8bf0 None admin] REQUEST_METHOD: `GET` {{(pid=93888) log_request_info /opt/stack/keystone/keystone/server/flask/request_processing/req_logging.py:27}}
Jul 25 09:32:33.610375 dv-osbrick-709432-11-ceph devstack@keystone.service[93888]: DEBUG keystone.server.flask.request_processing.req_logging [None req-bf07de6d-cae1-41ed-ab9d-24b673ec8bf0 None admin] SCRIPT_NAME: `/identity` {{(pid=93888) log_request_info /opt/stack/keystone/keystone/server/flask/request_processing/req_logging.py:28}}
Jul 25 09:32:33.610692 dv-osbrick-709432-11-ceph devstack@keystone.service[93888]: DEBUG keystone.server.flask.request_processing.req_logging [None req-bf07de6d-cae1-41ed-ab9d-24b673ec8bf0 None admin] PATH_INFO: `/v3/projects/d5c2839cdfc7453089ac16e62f08a110` {{(pid=93888) log_request_info /opt/stack/keystone/keystone/server/flask/request_processing/req_logging.py:29}}
Jul 25 09:32:33.612456 dv-osbrick-709432-11-ceph devstack@keystone.service[93888]: DEBUG keystone.common.rbac_enforcer.enforcer [None req-bf07de6d-cae1-41ed-ab9d-24b673ec8bf0 None admin] RBAC: Authorizing `identity:get_project(project_id=d5c2839cdfc7453089ac16e62f08a110)` {{(pid=93888) enforce_call /opt/stack/keystone/keystone/common/rbac_enforcer/enforcer.py:449}}
Jul 25 09:32:33.614091 dv-osbrick-709432-11-ceph devstack@keystone.service[93888]: DEBUG keystone.common.rbac_enforcer.enforcer [None req-bf07de6d-cae1-41ed-ab9d-24b673ec8bf0 None admin] RBAC: Authorization granted {{(pid=93888) enforce_call /opt/stack/keystone/keystone/common/rbac_enforcer/enforcer.py:457}}
Jul 25 09:32:33.616312 dv-osbrick-709432-11-ceph devstack@keystone.service[93888]: [pid: 93888|app: 0|req: 102/207] 10.222.0.67 () {56 vars in 1186 bytes} [Mon Jul 25 09:32:33 2022] GET /identity/v3/projects/d5c2839cdfc7453089ac16e62f08a110 => generated 298 bytes in 208 msecs (HTTP/1.1 200) 5 headers in 177 bytes (1 switches on core 0)
Jul 25 09:32:33.628113 dv-osbrick-709432-11-ceph devstack@keystone.service[93887]: DEBUG keystone.server.flask.request_processing.middleware.auth_context [None req-2660fa7a-ab05-4704-bc8f-e1db6230daab None admin] Authenticating user token {{(pid=93887) process_request /usr/local/lib/python3.8/dist-packages/keystonemiddleware/auth_token/__init__.py:407}}
Jul 25 09:32:33.742564 dv-osbrick-709432-11-ceph devstack@keystone.service[93887]: DEBUG keystone.server.flask.request_processing.middleware.auth_context [None req-2660fa7a-ab05-4704-bc8f-e1db6230daab None admin] Validating token access rules against request {{(pid=93887) validate_allowed_request /usr/local/lib/python3.8/dist-packages/keystonemiddleware/auth_token/__init__.py:545}}
Jul 25 09:32:33.767703 dv-osbrick-709432-11-ceph devstack@keystone.service[93887]: DEBUG dbcounter [-] [93887] Writing DB stats keystone:SELECT=100 {{(pid=93887) stat_writer /usr/local/lib/python3.8/dist-packages/dbcounter.py:114}}
Jul 25 09:32:33.783203 dv-osbrick-709432-11-ceph devstack@keystone.service[93887]: DEBUG keystone.server.flask.request_processing.middleware.auth_context [None req-994724d6-cc71-49f1-a351-452e90750807 None admin] RBAC: auth_context: {'token': , 'domain_id': None, 'trust_id': None, 'trustor_id': None, 'trustee_id': None, 'domain_name': None, 'group_ids': [], 'user_id': 'c2c0cf22337e45c78e8cb5635c37dbcb', 'user_domain_id': 'default', 'system_scope': 'all', 'project_id': None, 'project_domain_id': None, 'roles': ['admin', 'member', 'reader'], 'is_admin_project': True, 'service_user_id': None, 'service_user_domain_id': None, 'service_project_id': None, 'service_project_domain_id': None, 'service_roles': []} {{(pid=93887) fill_context /opt/stack/keystone/keystone/server/flask/request_processing/middleware/auth_context.py:478}}
Jul 25 09:32:33.784094 dv-osbrick-709432-11-ceph devstack@keystone.service[93887]: DEBUG keystone.server.flask.request_processing.req_logging [None req-994724d6-cc71-49f1-a351-452e90750807 None admin] REQUEST_METHOD: `GET` {{(pid=93887) log_request_info /opt/stack/keystone/keystone/server/flask/request_processing/req_logging.py:27}}
Jul 25 09:32:33.784389 dv-osbrick-709432-11-ceph devstack@keystone.service[93887]: DEBUG keystone.server.flask.request_processing.req_logging [None req-994724d6-cc71-49f1-a351-452e90750807 None admin] SCRIPT_NAME: `/identity` {{(pid=93887) log_request_info /opt/stack/keystone/keystone/server/flask/request_processing/req_logging.py:28}}
Jul 25 09:32:33.784674 dv-osbrick-709432-11-ceph devstack@keystone.service[93887]: DEBUG keystone.server.flask.request_processing.req_logging [None req-994724d6-cc71-49f1-a351-452e90750807 None admin] PATH_INFO: `/v3/role_assignments` {{(pid=93887) log_request_info /opt/stack/keystone/keystone/server/flask/request_processing/req_logging.py:29}}
Jul 25 09:32:33.785522 dv-osbrick-709432-11-ceph devstack@keystone.service[93887]: DEBUG keystone.common.rbac_enforcer.enforcer [None req-994724d6-cc71-49f1-a351-452e90750807 None admin] RBAC: Adding query filter params (role.id=da936e597e164c0e9a53de44f160bc12, scope.project.id=d5c2839cdfc7453089ac16e62f08a110, user.id=1097abebec5343b0b8adcc546fd59cfa) {{(pid=93887) _extract_filter_values /opt/stack/keystone/keystone/common/rbac_enforcer/enforcer.py:167}}
Jul 25 09:32:33.785841 dv-osbrick-709432-11-ceph devstack@keystone.service[93887]: DEBUG keystone.common.rbac_enforcer.enforcer [None req-994724d6-cc71-49f1-a351-452e90750807 None admin] RBAC: Authorizing `identity:list_role_assignments()` {{(pid=93887) enforce_call /opt/stack/keystone/keystone/common/rbac_enforcer/enforcer.py:449}}
Jul 25 09:32:33.787458 dv-osbrick-709432-11-ceph devstack@keystone.service[93887]: DEBUG keystone.common.rbac_enforcer.enforcer [None req-994724d6-cc71-49f1-a351-452e90750807 None admin] RBAC: Authorization granted {{(pid=93887) enforce_call /opt/stack/keystone/keystone/common/rbac_enforcer/enforcer.py:457}}
Jul 25 09:32:33.799911 dv-osbrick-709432-11-ceph devstack@keystone.service[93887]: [pid: 93887|app: 0|req: 106/208] 10.222.0.67 () {56 vars in 1374 bytes} [Mon Jul 25 09:32:33 2022] GET /identity/v3/role_assignments?user.id=1097abebec5343b0b8adcc546fd59cfa&scope.project.id=d5c2839cdfc7453089ac16e62f08a110&role.id=da936e597e164c0e9a53de44f160bc12 => generated 608 bytes in 173 msecs (HTTP/1.1 200) 5 headers in 177 bytes (1 switches on core 0)
Jul 25 09:32:34.724573 dv-osbrick-709432-11-ceph devstack@keystone.service[93888]: DEBUG keystone.server.flask.request_processing.req_logging [None req-0b51488a-8506-4a04-ab35-d71e9dbd81e8 None None] REQUEST_METHOD: `GET` {{(pid=93888) log_request_info /opt/stack/keystone/keystone/server/flask/request_processing/req_logging.py:27}}
Jul 25 09:32:34.725111 dv-osbrick-709432-11-ceph devstack@keystone.service[93888]: DEBUG keystone.server.flask.request_processing.req_logging [None req-0b51488a-8506-4a04-ab35-d71e9dbd81e8 None None] SCRIPT_NAME: `/identity` {{(pid=93888) log_request_info /opt/stack/keystone/keystone/server/flask/request_processing/req_logging.py:28}}
Jul 25 09:32:34.725111 dv-osbrick-709432-11-ceph devstack@keystone.service[93888]: DEBUG keystone.server.flask.request_processing.req_logging [None req-0b51488a-8506-4a04-ab35-d71e9dbd81e8 None None] PATH_INFO: `/` {{(pid=93888) log_request_info /opt/stack/keystone/keystone/server/flask/request_processing/req_logging.py:29}}
Jul 25 09:32:34.726690 dv-osbrick-709432-11-ceph devstack@keystone.service[93888]: [pid: 93888|app: 0|req: 103/209] 10.222.0.67 () {54 vars in 926 bytes} [Mon Jul 25 09:32:34 2022] GET /identity => generated 270 bytes in 3 msecs (HTTP/1.1 300) 6 headers in 234 bytes (1 switches on core 0)
Jul 25 09:32:34.749813 dv-osbrick-709432-11-ceph devstack@keystone.service[93887]: DEBUG keystone.server.flask.request_processing.req_logging [None req-38d9aed8-1c96-413b-a21d-5e851d46368d None None] REQUEST_METHOD: `POST` {{(pid=93887) log_request_info /opt/stack/keystone/keystone/server/flask/request_processing/req_logging.py:27}}
Jul 25 09:32:34.750625 dv-osbrick-709432-11-ceph devstack@keystone.service[93887]: DEBUG keystone.server.flask.request_processing.req_logging [None req-38d9aed8-1c96-413b-a21d-5e851d46368d None None] SCRIPT_NAME: `/identity` {{(pid=93887) log_request_info /opt/stack/keystone/keystone/server/flask/request_processing/req_logging.py:28}}
Jul 25 09:32:34.750625 dv-osbrick-709432-11-ceph devstack@keystone.service[93887]: DEBUG keystone.server.flask.request_processing.req_logging [None req-38d9aed8-1c96-413b-a21d-5e851d46368d None None] PATH_INFO: `/v3/auth/tokens` {{(pid=93887) log_request_info /opt/stack/keystone/keystone/server/flask/request_processing/req_logging.py:29}}
Jul 25 09:32:34.787459 dv-osbrick-709432-11-ceph devstack@keystone.service[93887]: DEBUG keystone.auth.core [None req-38d9aed8-1c96-413b-a21d-5e851d46368d None None] MFA Rules not processed for user `c2c0cf22337e45c78e8cb5635c37dbcb`. Rule list: `[]` (Enabled: `True`). {{(pid=93887) check_auth_methods_against_rules /opt/stack/keystone/keystone/auth/core.py:438}}
Jul 25 09:32:34.787644 dv-osbrick-709432-11-ceph devstack@keystone.service[93888]: DEBUG keystone.server.flask.request_processing.req_logging [None req-59e854d4-4d68-42cd-a62b-60d2b4748c56 None None] REQUEST_METHOD: `GET` {{(pid=93888) log_request_info /opt/stack/keystone/keystone/server/flask/request_processing/req_logging.py:27}}
Jul 25 09:32:34.787644 dv-osbrick-709432-11-ceph devstack@keystone.service[93888]: DEBUG keystone.server.flask.request_processing.req_logging [None req-59e854d4-4d68-42cd-a62b-60d2b4748c56 None None] SCRIPT_NAME: `/identity` {{(pid=93888) log_request_info /opt/stack/keystone/keystone/server/flask/request_processing/req_logging.py:28}}
Jul 25 09:32:34.787777 dv-osbrick-709432-11-ceph devstack@keystone.service[93887]: DEBUG keystone.common.fernet_utils [None req-38d9aed8-1c96-413b-a21d-5e851d46368d None None] Loaded 2 Fernet keys from /etc/keystone/fernet-keys/, but `[fernet_tokens] max_active_keys = 3`; perhaps there have not been enough key rotations to reach `max_active_keys` yet? {{(pid=93887) load_keys /opt/stack/keystone/keystone/common/fernet_utils.py:286}}
Jul 25 09:32:34.787872 dv-osbrick-709432-11-ceph devstack@keystone.service[93888]: DEBUG keystone.server.flask.request_processing.req_logging [None req-59e854d4-4d68-42cd-a62b-60d2b4748c56 None None] PATH_INFO: `/` {{(pid=93888) log_request_info /opt/stack/keystone/keystone/server/flask/request_processing/req_logging.py:29}}
Jul 25 09:32:34.789532 dv-osbrick-709432-11-ceph devstack@keystone.service[93888]: [pid: 93888|app: 0|req: 104/210] 10.222.0.67 () {54 vars in 926 bytes} [Mon Jul 25 09:32:34 2022] GET /identity => generated 270 bytes in 4 msecs (HTTP/1.1 300) 6 headers in 234 bytes (1 switches on core 0)
Jul 25 09:32:34.795628 dv-osbrick-709432-11-ceph devstack@keystone.service[93888]: DEBUG keystone.server.flask.request_processing.req_logging [None req-538b0563-576c-4551-b546-6d22fde974cb None None] REQUEST_METHOD: `POST` {{(pid=93888) log_request_info /opt/stack/keystone/keystone/server/flask/request_processing/req_logging.py:27}}
Jul 25 09:32:34.796139 dv-osbrick-709432-11-ceph devstack@keystone.service[93888]: DEBUG keystone.server.flask.request_processing.req_logging [None req-538b0563-576c-4551-b546-6d22fde974cb None None] SCRIPT_NAME: `/identity` {{(pid=93888) log_request_info /opt/stack/keystone/keystone/server/flask/request_processing/req_logging.py:28}}
Jul 25 09:32:34.796988 dv-osbrick-709432-11-ceph devstack@keystone.service[93888]: DEBUG keystone.server.flask.request_processing.req_logging [None req-538b0563-576c-4551-b546-6d22fde974cb None None] PATH_INFO: `/v3/auth/tokens` {{(pid=93888) log_request_info /opt/stack/keystone/keystone/server/flask/request_processing/req_logging.py:29}}
Jul 25 09:32:34.825028 dv-osbrick-709432-11-ceph devstack@keystone.service[93888]: DEBUG keystone.auth.core [None req-538b0563-576c-4551-b546-6d22fde974cb None None] MFA Rules not processed for user `c2c0cf22337e45c78e8cb5635c37dbcb`. Rule list: `[]` (Enabled: `True`). {{(pid=93888) check_auth_methods_against_rules /opt/stack/keystone/keystone/auth/core.py:438}}
Jul 25 09:32:34.834624 dv-osbrick-709432-11-ceph devstack@keystone.service[93888]: DEBUG keystone.common.fernet_utils [None req-538b0563-576c-4551-b546-6d22fde974cb None None] Loaded 2 Fernet keys from /etc/keystone/fernet-keys/, but `[fernet_tokens] max_active_keys = 3`; perhaps there have not been enough key rotations to reach `max_active_keys` yet? {{(pid=93888) load_keys /opt/stack/keystone/keystone/common/fernet_utils.py:286}}
Jul 25 09:32:34.870867 dv-osbrick-709432-11-ceph devstack@keystone.service[93888]: DEBUG dbcounter [-] [93888] Writing DB stats keystone:SELECT=100 {{(pid=93888) stat_writer /usr/local/lib/python3.8/dist-packages/dbcounter.py:114}}
Jul 25 09:32:34.878879 dv-osbrick-709432-11-ceph devstack@keystone.service[93887]: [pid: 93887|app: 0|req: 107/211] 10.222.0.67 () {58 vars in 1023 bytes} [Mon Jul 25 09:32:34 2022] POST /identity/v3/auth/tokens => generated 799 bytes in 129 msecs (HTTP/1.1 201) 6 headers in 363 bytes (1 switches on core 0)
Jul 25 09:32:34.881321 dv-osbrick-709432-11-ceph devstack@keystone.service[93887]: DEBUG keystone.server.flask.request_processing.req_logging [None req-9f142b22-f99b-4886-a26a-97d831cb8759 None None] REQUEST_METHOD: `GET` {{(pid=93887) log_request_info /opt/stack/keystone/keystone/server/flask/request_processing/req_logging.py:27}}
Jul 25 09:32:34.881848 dv-osbrick-709432-11-ceph devstack@keystone.service[93887]: DEBUG keystone.server.flask.request_processing.req_logging [None req-9f142b22-f99b-4886-a26a-97d831cb8759 None None] SCRIPT_NAME: `/identity` {{(pid=93887) log_request_info /opt/stack/keystone/keystone/server/flask/request_processing/req_logging.py:28}}
Jul 25 09:32:34.882365 dv-osbrick-709432-11-ceph devstack@keystone.service[93887]: DEBUG keystone.server.flask.request_processing.req_logging [None req-9f142b22-f99b-4886-a26a-97d831cb8759 None None] PATH_INFO: `/` {{(pid=93887) log_request_info /opt/stack/keystone/keystone/server/flask/request_processing/req_logging.py:29}}
Jul 25 09:32:34.887626 dv-osbrick-709432-11-ceph devstack@keystone.service[93887]: [pid: 93887|app: 0|req: 108/212] 10.222.0.67 () {54 vars in 926 bytes} [Mon Jul 25 09:32:34 2022] GET /identity => generated 270 bytes in 7 msecs (HTTP/1.1 300) 6 headers in 234 bytes (2 switches on core 0)
Jul 25 09:32:34.899379 dv-osbrick-709432-11-ceph devstack@keystone.service[93887]: DEBUG keystone.server.flask.request_processing.req_logging [None req-44ef949e-d274-4b03-b1ae-f9250e838583 None None] REQUEST_METHOD: `POST` {{(pid=93887) log_request_info /opt/stack/keystone/keystone/server/flask/request_processing/req_logging.py:27}}
Jul 25 09:32:34.899946 dv-osbrick-709432-11-ceph devstack@keystone.service[93887]: DEBUG keystone.server.flask.request_processing.req_logging [None req-44ef949e-d274-4b03-b1ae-f9250e838583 None None] SCRIPT_NAME: `/identity` {{(pid=93887) log_request_info /opt/stack/keystone/keystone/server/flask/request_processing/req_logging.py:28}}
Jul 25 09:32:34.900454 dv-osbrick-709432-11-ceph devstack@keystone.service[93887]: DEBUG keystone.server.flask.request_processing.req_logging [None req-44ef949e-d274-4b03-b1ae-f9250e838583 None None] PATH_INFO: `/v3/auth/tokens` {{(pid=93887) log_request_info /opt/stack/keystone/keystone/server/flask/request_processing/req_logging.py:29}}
