Oct 31 17:46:14.193405 n-d-863090-1 devstack@placement-api.service[106153]: DEBUG placement.requestlog [req-b6f133c2-4f15-480f-acb9-7289056329b5 req-c61934d5-4328-49f7-8056-bf63bb66b0c3 None None] Starting request: 10.222.0.18 "GET /placement/allocations/bebcee7b-bf23-4755-a622-cefd4f8702a5" {{(pid=106153) __call__ /opt/stack/placement/placement/requestlog.py:55}}
Oct 31 17:46:14.222096 n-d-863090-1 devstack@placement-api.service[106153]: INFO placement.requestlog [req-b6f133c2-4f15-480f-acb9-7289056329b5 req-c61934d5-4328-49f7-8056-bf63bb66b0c3 service placement] 10.222.0.18 "GET /placement/allocations/bebcee7b-bf23-4755-a622-cefd4f8702a5" status: 200 len: 19 microversion: 1.28
Oct 31 17:46:14.222799 n-d-863090-1 devstack@placement-api.service[106153]: [pid: 106153|app: 0|req: 682/1386] 10.222.0.18 () {60 vars in 1380 bytes} [Mon Oct 31 17:46:14 2022] GET /placement/allocations/bebcee7b-bf23-4755-a622-cefd4f8702a5 => generated 19 bytes in 30 msecs (HTTP/1.1 200) 8 headers in 295 bytes (1 switches on core 0)
Oct 31 17:46:14.236792 n-d-863090-1 devstack@placement-api.service[106154]: DEBUG placement.requestlog [req-b6f133c2-4f15-480f-acb9-7289056329b5 req-ec795653-9418-41eb-9479-92be31ccdd74 None None] Starting request: 10.222.0.18 "PUT /placement/allocations/bebcee7b-bf23-4755-a622-cefd4f8702a5" {{(pid=106154) __call__ /opt/stack/placement/placement/requestlog.py:55}}
Oct 31 17:46:14.390977 n-d-863090-1 devstack@placement-api.service[106154]: DEBUG placement.handlers.allocation [req-b6f133c2-4f15-480f-acb9-7289056329b5 req-ec795653-9418-41eb-9479-92be31ccdd74 service placement] Successfully wrote allocations [, , ] {{(pid=106154) _update_consumers_and_create_allocations /opt/stack/placement/placement/handlers/allocation.py:462}}
Oct 31 17:46:14.395854 n-d-863090-1 devstack@placement-api.service[106154]: INFO placement.requestlog [req-b6f133c2-4f15-480f-acb9-7289056329b5 req-ec795653-9418-41eb-9479-92be31ccdd74 service placement] 10.222.0.18 "PUT /placement/allocations/bebcee7b-bf23-4755-a622-cefd4f8702a5" status: 204 len: 0 microversion: 1.36
Oct 31 17:46:14.396386 n-d-863090-1 devstack@placement-api.service[106154]: [pid: 106154|app: 0|req: 705/1387] 10.222.0.18 () {64 vars in 1433 bytes} [Mon Oct 31 17:46:14 2022] PUT /placement/allocations/bebcee7b-bf23-4755-a622-cefd4f8702a5 => generated 0 bytes in 160 msecs (HTTP/1.1 204) 5 headers in 199 bytes (2 switches on core 0)
Oct 31 17:46:14.878122 n-d-863090-1 devstack@placement-api.service[106153]: DEBUG placement.requestlog [req-b6f133c2-4f15-480f-acb9-7289056329b5 req-64155667-e8e4-4661-a18e-3cc0e1aa63aa None None] Starting request: 10.222.0.13 "GET /placement/allocations/bebcee7b-bf23-4755-a622-cefd4f8702a5" {{(pid=106153) __call__ /opt/stack/placement/placement/requestlog.py:55}}
Oct 31 17:46:14.892129 n-d-863090-1 devstack@placement-api.service[106153]: DEBUG dbcounter [-] [106153] Writing DB stats placement:SELECT=94,placement:DELETE=6 {{(pid=106153) stat_writer /usr/local/lib/python3.8/dist-packages/dbcounter.py:114}}
Oct 31 17:46:14.898269 n-d-863090-1 devstack@placement-api.service[106153]: INFO placement.requestlog [req-b6f133c2-4f15-480f-acb9-7289056329b5 req-64155667-e8e4-4661-a18e-3cc0e1aa63aa service placement] 10.222.0.13 "GET /placement/allocations/bebcee7b-bf23-4755-a622-cefd4f8702a5" status: 200 len: 259 microversion: 1.28
Oct 31 17:46:14.902539 n-d-863090-1 devstack@placement-api.service[106153]: [pid: 106153|app: 0|req: 683/1388] 10.222.0.13 () {60 vars in 1377 bytes} [Mon Oct 31 17:46:14 2022] GET /placement/allocations/bebcee7b-bf23-4755-a622-cefd4f8702a5 => generated 259 bytes in 22 msecs (HTTP/1.1 200) 8 headers in 296 bytes (1 switches on core 0)
Oct 31 17:46:15.146378 n-d-863090-1 devstack@placement-api.service[106154]: DEBUG placement.requestlog [req-b6f133c2-4f15-480f-acb9-7289056329b5 req-8b07d425-9b9d-466f-8db6-4348a567d79d None None] Starting request: 10.222.0.13 "GET /placement/resource_providers/03eeed6a-9450-4f06-a9e4-6248884fdc11/allocations" {{(pid=106154) __call__ /opt/stack/placement/placement/requestlog.py:55}}
Oct 31 17:46:15.196425 n-d-863090-1 devstack@placement-api.service[106154]: INFO placement.requestlog [req-b6f133c2-4f15-480f-acb9-7289056329b5 req-8b07d425-9b9d-466f-8db6-4348a567d79d service placement] 10.222.0.13 "GET /placement/resource_providers/03eeed6a-9450-4f06-a9e4-6248884fdc11/allocations" status: 200 len: 544 microversion: 1.0
Oct 31 17:46:15.197419 n-d-863090-1 devstack@placement-api.service[106154]: [pid: 106154|app: 0|req: 706/1389] 10.222.0.13 () {58 vars in 1390 bytes} [Mon Oct 31 17:46:15 2022] GET /placement/resource_providers/03eeed6a-9450-4f06-a9e4-6248884fdc11/allocations => generated 544 bytes in 52 msecs (HTTP/1.1 200) 6 headers in 224 bytes (1 switches on core 0)
Oct 31 17:46:15.206282 n-d-863090-1 devstack@placement-api.service[106153]: DEBUG placement.requestlog [req-b6f133c2-4f15-480f-acb9-7289056329b5 req-276efb3a-ddd4-4907-a83c-02b3ec0ec618 None None] Starting request: 10.222.0.13 "GET /placement/allocations/ee84fc54-82fd-471c-aae3-12491eee10c8" {{(pid=106153) __call__ /opt/stack/placement/placement/requestlog.py:55}}
Oct 31 17:46:15.251339 n-d-863090-1 devstack@placement-api.service[106153]: INFO placement.requestlog [req-b6f133c2-4f15-480f-acb9-7289056329b5 req-276efb3a-ddd4-4907-a83c-02b3ec0ec618 service placement] 10.222.0.13 "GET /placement/allocations/ee84fc54-82fd-471c-aae3-12491eee10c8" status: 200 len: 259 microversion: 1.28
Oct 31 17:46:15.255738 n-d-863090-1 devstack@placement-api.service[106153]: [pid: 106153|app: 0|req: 684/1390] 10.222.0.13 () {60 vars in 1377 bytes} [Mon Oct 31 17:46:15 2022] GET /placement/allocations/ee84fc54-82fd-471c-aae3-12491eee10c8 => generated 259 bytes in 50 msecs (HTTP/1.1 200) 8 headers in 296 bytes (1 switches on core 0)
Oct 31 17:46:15.259282 n-d-863090-1 devstack@placement-api.service[106154]: DEBUG placement.requestlog [req-b6f133c2-4f15-480f-acb9-7289056329b5 req-3e4cdcf1-e852-4758-abba-18bac1bdee3b None None] Starting request: 10.222.0.13 "GET /placement/allocations/bebcee7b-bf23-4755-a622-cefd4f8702a5" {{(pid=106154) __call__ /opt/stack/placement/placement/requestlog.py:55}}
Oct 31 17:46:15.297351 n-d-863090-1 devstack@placement-api.service[106154]: INFO placement.requestlog [req-b6f133c2-4f15-480f-acb9-7289056329b5 req-3e4cdcf1-e852-4758-abba-18bac1bdee3b service placement] 10.222.0.13 "GET /placement/allocations/bebcee7b-bf23-4755-a622-cefd4f8702a5" status: 200 len: 259 microversion: 1.28
Oct 31 17:46:15.297980 n-d-863090-1 devstack@placement-api.service[106154]: [pid: 106154|app: 0|req: 707/1391] 10.222.0.13 () {60 vars in 1377 bytes} [Mon Oct 31 17:46:15 2022] GET /placement/allocations/bebcee7b-bf23-4755-a622-cefd4f8702a5 => generated 259 bytes in 39 msecs (HTTP/1.1 200) 8 headers in 296 bytes (1 switches on core 0)
Oct 31 17:46:15.321588 n-d-863090-1 devstack@placement-api.service[106153]: DEBUG placement.requestlog [req-b6f133c2-4f15-480f-acb9-7289056329b5 req-f111ae1d-6037-4107-b1b7-a19115c26739 None None] Starting request: 10.222.0.13 "GET /placement/allocations/94084866-f89c-442b-aa38-6c4f30a67cf3" {{(pid=106153) __call__ /opt/stack/placement/placement/requestlog.py:55}}
Oct 31 17:46:15.352190 n-d-863090-1 devstack@placement-api.service[106153]: INFO placement.requestlog [req-b6f133c2-4f15-480f-acb9-7289056329b5 req-f111ae1d-6037-4107-b1b7-a19115c26739 service placement] 10.222.0.13 "GET /placement/allocations/94084866-f89c-442b-aa38-6c4f30a67cf3" status: 200 len: 245 microversion: 1.28
Oct 31 17:46:15.353041 n-d-863090-1 devstack@placement-api.service[106153]: [pid: 106153|app: 0|req: 685/1392] 10.222.0.13 () {60 vars in 1377 bytes} [Mon Oct 31 17:46:15 2022] GET /placement/allocations/94084866-f89c-442b-aa38-6c4f30a67cf3 => generated 245 bytes in 32 msecs (HTTP/1.1 200) 8 headers in 296 bytes (1 switches on core 0)
Oct 31 17:46:15.360557 n-d-863090-1 devstack@placement-api.service[106154]: DEBUG placement.requestlog [req-b6f133c2-4f15-480f-acb9-7289056329b5 req-dd4e7ad8-95e1-46a2-9710-43b15c6f3e93 None None] Starting request: 10.222.0.13 "GET /placement/allocations/60e6e210-31c4-45a2-98f2-8b149749ccb9" {{(pid=106154) __call__ /opt/stack/placement/placement/requestlog.py:55}}
Oct 31 17:46:15.386427 n-d-863090-1 devstack@placement-api.service[106154]: INFO placement.requestlog [req-b6f133c2-4f15-480f-acb9-7289056329b5 req-dd4e7ad8-95e1-46a2-9710-43b15c6f3e93 service placement] 10.222.0.13 "GET /placement/allocations/60e6e210-31c4-45a2-98f2-8b149749ccb9" status: 200 len: 259 microversion: 1.28
Oct 31 17:46:15.387917 n-d-863090-1 devstack@placement-api.service[106154]: [pid: 106154|app: 0|req: 708/1393] 10.222.0.13 () {60 vars in 1377 bytes} [Mon Oct 31 17:46:15 2022] GET /placement/allocations/60e6e210-31c4-45a2-98f2-8b149749ccb9 => generated 259 bytes in 28 msecs (HTTP/1.1 200) 8 headers in 296 bytes (1 switches on core 0)
Oct 31 17:46:15.415425 n-d-863090-1 devstack@placement-api.service[106153]: DEBUG placement.requestlog [req-b6f133c2-4f15-480f-acb9-7289056329b5 req-8a93197c-ac65-4461-8506-7522574f5680 None None] Starting request: 10.222.0.13 "GET /placement/allocations/fa9dda87-d4a8-43e9-8e37-e46e05f9b188" {{(pid=106153) __call__ /opt/stack/placement/placement/requestlog.py:55}}
Oct 31 17:46:15.442838 n-d-863090-1 devstack@placement-api.service[106153]: INFO placement.requestlog [req-b6f133c2-4f15-480f-acb9-7289056329b5 req-8a93197c-ac65-4461-8506-7522574f5680 service placement] 10.222.0.13 "GET /placement/allocations/fa9dda87-d4a8-43e9-8e37-e46e05f9b188" status: 200 len: 259 microversion: 1.28
Oct 31 17:46:15.446098 n-d-863090-1 devstack@placement-api.service[106153]: [pid: 106153|app: 0|req: 686/1394] 10.222.0.13 () {60 vars in 1377 bytes} [Mon Oct 31 17:46:15 2022] GET /placement/allocations/fa9dda87-d4a8-43e9-8e37-e46e05f9b188 => generated 259 bytes in 31 msecs (HTTP/1.1 200) 8 headers in 296 bytes (1 switches on core 0)
Oct 31 17:46:16.354506 n-d-863090-1 devstack@placement-api.service[106154]: DEBUG placement.requestlog [req-0d50eb51-e4bb-4e8b-954a-e38a9fa0f4e0 req-f0406b2c-1252-4202-ad9f-ccca0d78eb34 None None] Starting request: 10.222.0.26 "GET /placement/resource_providers/ef6de6cf-d98c-435c-b2d0-1808a5a2370f/allocations" {{(pid=106154) __call__ /opt/stack/placement/placement/requestlog.py:55}}
Oct 31 17:46:16.407956 n-d-863090-1 devstack@placement-api.service[106154]: INFO placement.requestlog [req-0d50eb51-e4bb-4e8b-954a-e38a9fa0f4e0 req-f0406b2c-1252-4202-ad9f-ccca0d78eb34 service placement] 10.222.0.26 "GET /placement/resource_providers/ef6de6cf-d98c-435c-b2d0-1808a5a2370f/allocations" status: 200 len: 544 microversion: 1.0
Oct 31 17:46:16.409306 n-d-863090-1 devstack@placement-api.service[106154]: [pid: 106154|app: 0|req: 709/1395] 10.222.0.26 () {58 vars in 1390 bytes} [Mon Oct 31 17:46:16 2022] GET /placement/resource_providers/ef6de6cf-d98c-435c-b2d0-1808a5a2370f/allocations => generated 544 bytes in 55 msecs (HTTP/1.1 200) 6 headers in 224 bytes (1 switches on core 0)
Oct 31 17:46:16.416141 n-d-863090-1 devstack@placement-api.service[106153]: DEBUG placement.requestlog [req-0d50eb51-e4bb-4e8b-954a-e38a9fa0f4e0 req-ab390cf8-1052-4e83-9408-f2d5885019a9 None None] Starting request: 10.222.0.26 "GET /placement/allocations/df353d32-8cb0-494c-83de-273c95dc3d11" {{(pid=106153) __call__ /opt/stack/placement/placement/requestlog.py:55}}
Oct 31 17:46:16.447998 n-d-863090-1 devstack@placement-api.service[106153]: INFO placement.requestlog [req-0d50eb51-e4bb-4e8b-954a-e38a9fa0f4e0 req-ab390cf8-1052-4e83-9408-f2d5885019a9 service placement] 10.222.0.26 "GET /placement/allocations/df353d32-8cb0-494c-83de-273c95dc3d11" status: 200 len: 259 microversion: 1.28
Oct 31 17:46:16.449475 n-d-863090-1 devstack@placement-api.service[106153]: [pid: 106153|app: 0|req: 687/1396] 10.222.0.26 () {60 vars in 1377 bytes} [Mon Oct 31 17:46:16 2022] GET /placement/allocations/df353d32-8cb0-494c-83de-273c95dc3d11 => generated 259 bytes in 33 msecs (HTTP/1.1 200) 8 headers in 296 bytes (1 switches on core 0)
Oct 31 17:46:16.455360 n-d-863090-1 devstack@placement-api.service[106154]: DEBUG placement.requestlog [req-0d50eb51-e4bb-4e8b-954a-e38a9fa0f4e0 req-632d2b9b-21b2-418f-a714-8b99addf5bda None None] Starting request: 10.222.0.26 "GET /placement/allocations/b98de47d-90e2-4469-962b-df753c6461d3" {{(pid=106154) __call__ /opt/stack/placement/placement/requestlog.py:55}}
Oct 31 17:46:16.487763 n-d-863090-1 devstack@placement-api.service[106154]: INFO placement.requestlog [req-0d50eb51-e4bb-4e8b-954a-e38a9fa0f4e0 req-632d2b9b-21b2-418f-a714-8b99addf5bda service placement] 10.222.0.26 "GET /placement/allocations/b98de47d-90e2-4469-962b-df753c6461d3" status: 200 len: 259 microversion: 1.28
Oct 31 17:46:16.498632 n-d-863090-1 devstack@placement-api.service[106154]: [pid: 106154|app: 0|req: 710/1397] 10.222.0.26 () {60 vars in 1377 bytes} [Mon Oct 31 17:46:16 2022] GET /placement/allocations/b98de47d-90e2-4469-962b-df753c6461d3 => generated 259 bytes in 43 msecs (HTTP/1.1 200) 8 headers in 296 bytes (2 switches on core 0)
Oct 31 17:46:16.507928 n-d-863090-1 devstack@placement-api.service[106153]: DEBUG placement.requestlog [req-0d50eb51-e4bb-4e8b-954a-e38a9fa0f4e0 req-90c4fe16-33d2-414f-bd4d-9cc96b07609b None None] Starting request: 10.222.0.26 "GET /placement/allocations/687b969c-66d6-471c-bfc0-cb5bdf175390" {{(pid=106153) __call__ /opt/stack/placement/placement/requestlog.py:55}}
Oct 31 17:46:16.541875 n-d-863090-1 devstack@placement-api.service[106153]: INFO placement.requestlog [req-0d50eb51-e4bb-4e8b-954a-e38a9fa0f4e0 req-90c4fe16-33d2-414f-bd4d-9cc96b07609b service placement] 10.222.0.26 "GET /placement/allocations/687b969c-66d6-471c-bfc0-cb5bdf175390" status: 200 len: 245 microversion: 1.28
Oct 31 17:46:16.559217 n-d-863090-1 devstack@placement-api.service[106153]: [pid: 106153|app: 0|req: 688/1398] 10.222.0.26 () {60 vars in 1377 bytes} [Mon Oct 31 17:46:16 2022] GET /placement/allocations/687b969c-66d6-471c-bfc0-cb5bdf175390 => generated 245 bytes in 51 msecs (HTTP/1.1 200) 8 headers in 296 bytes (1 switches on core 0)
Oct 31 17:46:16.560389 n-d-863090-1 devstack@placement-api.service[106154]: DEBUG placement.requestlog [req-0d50eb51-e4bb-4e8b-954a-e38a9fa0f4e0 req-7147e389-78c0-4dce-bbe3-371f47838242 None None] Starting request: 10.222.0.26 "GET /placement/allocations/d4f2aa05-694c-4223-bba0-5f9f5ada314d" {{(pid=106154) __call__ /opt/stack/placement/placement/requestlog.py:55}}
Oct 31 17:46:16.607635 n-d-863090-1 devstack@placement-api.service[106154]: INFO placement.requestlog [req-0d50eb51-e4bb-4e8b-954a-e38a9fa0f4e0 req-7147e389-78c0-4dce-bbe3-371f47838242 service placement] 10.222.0.26 "GET /placement/allocations/d4f2aa05-694c-4223-bba0-5f9f5ada314d" status: 200 len: 259 microversion: 1.28
Oct 31 17:46:16.609434 n-d-863090-1 devstack@placement-api.service[106154]: [pid: 106154|app: 0|req: 711/1399] 10.222.0.26 () {60 vars in 1377 bytes} [Mon Oct 31 17:46:16 2022] GET /placement/allocations/d4f2aa05-694c-4223-bba0-5f9f5ada314d => generated 259 bytes in 49 msecs (HTTP/1.1 200) 8 headers in 296 bytes (1 switches on core 0)
Oct 31 17:46:16.616453 n-d-863090-1 devstack@placement-api.service[106153]: DEBUG placement.requestlog [req-0d50eb51-e4bb-4e8b-954a-e38a9fa0f4e0 req-3f5d7bae-993d-4df8-9eb5-777b618b7296 None None] Starting request: 10.222.0.26 "GET /placement/allocations/2090d630-cd09-4887-a99f-7142f44d0c9b" {{(pid=106153) __call__ /opt/stack/placement/placement/requestlog.py:55}}
Oct 31 17:46:16.650516 n-d-863090-1 devstack@placement-api.service[106153]: INFO placement.requestlog [req-0d50eb51-e4bb-4e8b-954a-e38a9fa0f4e0 req-3f5d7bae-993d-4df8-9eb5-777b618b7296 service placement] 10.222.0.26 "GET /placement/allocations/2090d630-cd09-4887-a99f-7142f44d0c9b" status: 200 len: 259 microversion: 1.28
Oct 31 17:46:16.654140 n-d-863090-1 devstack@placement-api.service[106153]: [pid: 106153|app: 0|req: 689/1400] 10.222.0.26 () {60 vars in 1377 bytes} [Mon Oct 31 17:46:16 2022] GET /placement/allocations/2090d630-cd09-4887-a99f-7142f44d0c9b => generated 259 bytes in 39 msecs (HTTP/1.1 200) 8 headers in 296 bytes (1 switches on core 0)
Oct 31 17:46:16.894521 n-d-863090-1 devstack@placement-api.service[106154]: DEBUG placement.requestlog [req-0d50eb51-e4bb-4e8b-954a-e38a9fa0f4e0 req-5a0df9ea-7588-4079-a33e-714a31aee7f0 None None] Starting request: 10.222.0.26 "DELETE /placement/allocations/d4f2aa05-694c-4223-bba0-5f9f5ada314d" {{(pid=106154) __call__ /opt/stack/placement/placement/requestlog.py:55}}
Oct 31 17:46:16.943617 n-d-863090-1 devstack@placement-api.service[106154]: DEBUG placement.handlers.allocation [req-0d50eb51-e4bb-4e8b-954a-e38a9fa0f4e0 req-5a0df9ea-7588-4079-a33e-714a31aee7f0 service placement] Successfully deleted allocations [, , ] {{(pid=106154) delete_allocations /opt/stack/placement/placement/handlers/allocation.py:627}}
Oct 31 17:46:16.944119 n-d-863090-1 devstack@placement-api.service[106154]: INFO placement.requestlog [req-0d50eb51-e4bb-4e8b-954a-e38a9fa0f4e0 req-5a0df9ea-7588-4079-a33e-714a31aee7f0 service placement] 10.222.0.26 "DELETE /placement/allocations/d4f2aa05-694c-4223-bba0-5f9f5ada314d" status: 204 len: 0 microversion: 1.0
Oct 31 17:46:16.944859 n-d-863090-1 devstack@placement-api.service[106154]: [pid: 106154|app: 0|req: 712/1401] 10.222.0.26 () {60 vars in 1355 bytes} [Mon Oct 31 17:46:16 2022] DELETE /placement/allocations/d4f2aa05-694c-4223-bba0-5f9f5ada314d => generated 0 bytes in 50 msecs (HTTP/1.1 204) 5 headers in 198 bytes (1 switches on core 0)
Oct 31 17:46:21.461716 n-d-863090-1 devstack@placement-api.service[106153]: DEBUG placement.requestlog [req-062d0bbf-7c27-4dc3-ac3d-5fb8962debae req-980e3c01-552b-4aa6-81ec-80a7ca26e5ea None None] Starting request: 10.222.0.13 "GET /placement/resource_providers/03eeed6a-9450-4f06-a9e4-6248884fdc11/allocations" {{(pid=106153) __call__ /opt/stack/placement/placement/requestlog.py:55}}
Oct 31 17:46:21.499971 n-d-863090-1 devstack@placement-api.service[106153]: INFO placement.requestlog [req-062d0bbf-7c27-4dc3-ac3d-5fb8962debae req-980e3c01-552b-4aa6-81ec-80a7ca26e5ea service placement] 10.222.0.13 "GET /placement/resource_providers/03eeed6a-9450-4f06-a9e4-6248884fdc11/allocations" status: 200 len: 544 microversion: 1.0
Oct 31 17:46:21.500762 n-d-863090-1 devstack@placement-api.service[106153]: [pid: 106153|app: 0|req: 690/1402] 10.222.0.13 () {58 vars in 1390 bytes} [Mon Oct 31 17:46:21 2022] GET /placement/resource_providers/03eeed6a-9450-4f06-a9e4-6248884fdc11/allocations => generated 544 bytes in 39 msecs (HTTP/1.1 200) 6 headers in 224 bytes (1 switches on core 0)
Oct 31 17:46:21.507697 n-d-863090-1 devstack@placement-api.service[106154]: DEBUG placement.requestlog [req-062d0bbf-7c27-4dc3-ac3d-5fb8962debae req-9aca1f57-813b-4910-80cc-8ff6fbb88cfa None None] Starting request: 10.222.0.13 "GET /placement/allocations/ee84fc54-82fd-471c-aae3-12491eee10c8" {{(pid=106154) __call__ /opt/stack/placement/placement/requestlog.py:55}}
Oct 31 17:46:21.537272 n-d-863090-1 devstack@placement-api.service[106154]: INFO placement.requestlog [req-062d0bbf-7c27-4dc3-ac3d-5fb8962debae req-9aca1f57-813b-4910-80cc-8ff6fbb88cfa service placement] 10.222.0.13 "GET /placement/allocations/ee84fc54-82fd-471c-aae3-12491eee10c8" status: 200 len: 259 microversion: 1.28
Oct 31 17:46:21.542862 n-d-863090-1 devstack@placement-api.service[106154]: [pid: 106154|app: 0|req: 713/1403] 10.222.0.13 () {60 vars in 1377 bytes} [Mon Oct 31 17:46:21 2022] GET /placement/allocations/ee84fc54-82fd-471c-aae3-12491eee10c8 => generated 259 bytes in 32 msecs (HTTP/1.1 200) 8 headers in 296 bytes (1 switches on core 0)
Oct 31 17:46:21.548381 n-d-863090-1 devstack@placement-api.service[106153]: DEBUG placement.requestlog [req-062d0bbf-7c27-4dc3-ac3d-5fb8962debae req-ac576214-c4c8-4b4c-852d-7c954d9a56a7 None None] Starting request: 10.222.0.13 "GET /placement/allocations/bebcee7b-bf23-4755-a622-cefd4f8702a5" {{(pid=106153) __call__ /opt/stack/placement/placement/requestlog.py:55}}
Oct 31 17:46:21.585680 n-d-863090-1 devstack@placement-api.service[106153]: INFO placement.requestlog [req-062d0bbf-7c27-4dc3-ac3d-5fb8962debae req-ac576214-c4c8-4b4c-852d-7c954d9a56a7 service placement] 10.222.0.13 "GET /placement/allocations/bebcee7b-bf23-4755-a622-cefd4f8702a5" status: 200 len: 259 microversion: 1.28
Oct 31 17:46:21.587111 n-d-863090-1 devstack@placement-api.service[106153]: [pid: 106153|app: 0|req: 691/1404] 10.222.0.13 () {60 vars in 1377 bytes} [Mon Oct 31 17:46:21 2022] GET /placement/allocations/bebcee7b-bf23-4755-a622-cefd4f8702a5 => generated 259 bytes in 41 msecs (HTTP/1.1 200) 8 headers in 296 bytes (1 switches on core 0)
Oct 31 17:46:21.602343 n-d-863090-1 devstack@placement-api.service[106154]: DEBUG placement.requestlog [req-062d0bbf-7c27-4dc3-ac3d-5fb8962debae req-6b38706b-9ed3-4b34-838d-2ae579d9fabb None None] Starting request: 10.222.0.13 "GET /placement/allocations/94084866-f89c-442b-aa38-6c4f30a67cf3" {{(pid=106154) __call__ /opt/stack/placement/placement/requestlog.py:55}}
Oct 31 17:46:21.626392 n-d-863090-1 devstack@placement-api.service[106154]: INFO placement.requestlog [req-062d0bbf-7c27-4dc3-ac3d-5fb8962debae req-6b38706b-9ed3-4b34-838d-2ae579d9fabb service placement] 10.222.0.13 "GET /placement/allocations/94084866-f89c-442b-aa38-6c4f30a67cf3" status: 200 len: 245 microversion: 1.28
Oct 31 17:46:21.629465 n-d-863090-1 devstack@placement-api.service[106154]: [pid: 106154|app: 0|req: 714/1405] 10.222.0.13 () {60 vars in 1377 bytes} [Mon Oct 31 17:46:21 2022] GET /placement/allocations/94084866-f89c-442b-aa38-6c4f30a67cf3 => generated 245 bytes in 26 msecs (HTTP/1.1 200) 8 headers in 296 bytes (1 switches on core 0)
Oct 31 17:46:21.635004 n-d-863090-1 devstack@placement-api.service[106153]: DEBUG placement.requestlog [req-062d0bbf-7c27-4dc3-ac3d-5fb8962debae req-3db93831-c00d-4ab7-a439-9f055f46d64a None None] Starting request: 10.222.0.13 "GET /placement/allocations/60e6e210-31c4-45a2-98f2-8b149749ccb9" {{(pid=106153) __call__ /opt/stack/placement/placement/requestlog.py:55}}
Oct 31 17:46:21.665961 n-d-863090-1 devstack@placement-api.service[106153]: INFO placement.requestlog [req-062d0bbf-7c27-4dc3-ac3d-5fb8962debae req-3db93831-c00d-4ab7-a439-9f055f46d64a service placement] 10.222.0.13 "GET /placement/allocations/60e6e210-31c4-45a2-98f2-8b149749ccb9" status: 200 len: 259 microversion: 1.28
Oct 31 17:46:21.667254 n-d-863090-1 devstack@placement-api.service[106153]: [pid: 106153|app: 0|req: 692/1406] 10.222.0.13 () {60 vars in 1377 bytes} [Mon Oct 31 17:46:21 2022] GET /placement/allocations/60e6e210-31c4-45a2-98f2-8b149749ccb9 => generated 259 bytes in 33 msecs (HTTP/1.1 200) 8 headers in 296 bytes (2 switches on core 0)
Oct 31 17:46:21.688071 n-d-863090-1 devstack@placement-api.service[106154]: DEBUG placement.requestlog [req-062d0bbf-7c27-4dc3-ac3d-5fb8962debae req-a20fbd20-323e-4f80-acee-f6bd88fc60d9 None None] Starting request: 10.222.0.13 "GET /placement/allocations/fa9dda87-d4a8-43e9-8e37-e46e05f9b188" {{(pid=106154) __call__ /opt/stack/placement/placement/requestlog.py:55}}
Oct 31 17:46:21.721244 n-d-863090-1 devstack@placement-api.service[106154]: INFO placement.requestlog [req-062d0bbf-7c27-4dc3-ac3d-5fb8962debae req-a20fbd20-323e-4f80-acee-f6bd88fc60d9 service placement] 10.222.0.13 "GET /placement/allocations/fa9dda87-d4a8-43e9-8e37-e46e05f9b188" status: 200 len: 259 microversion: 1.28
Oct 31 17:46:21.723810 n-d-863090-1 devstack@placement-api.service[106154]: [pid: 106154|app: 0|req: 715/1407] 10.222.0.13 () {60 vars in 1377 bytes} [Mon Oct 31 17:46:21 2022] GET /placement/allocations/fa9dda87-d4a8-43e9-8e37-e46e05f9b188 => generated 259 bytes in 36 msecs (HTTP/1.1 200) 8 headers in 296 bytes (1 switches on core 0)
Oct 31 17:46:21.968703 n-d-863090-1 devstack@placement-api.service[106153]: DEBUG placement.requestlog [req-062d0bbf-7c27-4dc3-ac3d-5fb8962debae req-76ca25b5-2261-4525-bdf3-36c647b9512d None None] Starting request: 10.222.0.13 "DELETE /placement/allocations/ee84fc54-82fd-471c-aae3-12491eee10c8" {{(pid=106153) __call__ /opt/stack/placement/placement/requestlog.py:55}}
Oct 31 17:46:22.012299 n-d-863090-1 devstack@placement-api.service[106153]: DEBUG placement.handlers.allocation [req-062d0bbf-7c27-4dc3-ac3d-5fb8962debae req-76ca25b5-2261-4525-bdf3-36c647b9512d service placement] Successfully deleted allocations [, , ] {{(pid=106153) delete_allocations /opt/stack/placement/placement/handlers/allocation.py:627}}
Oct 31 17:46:22.013424 n-d-863090-1 devstack@placement-api.service[106153]: INFO placement.requestlog [req-062d0bbf-7c27-4dc3-ac3d-5fb8962debae req-76ca25b5-2261-4525-bdf3-36c647b9512d service placement] 10.222.0.13 "DELETE /placement/allocations/ee84fc54-82fd-471c-aae3-12491eee10c8" status: 204 len: 0 microversion: 1.0
Oct 31 17:46:22.014314 n-d-863090-1 devstack@placement-api.service[106153]: [pid: 106153|app: 0|req: 693/1408] 10.222.0.13 () {60 vars in 1355 bytes} [Mon Oct 31 17:46:21 2022] DELETE /placement/allocations/ee84fc54-82fd-471c-aae3-12491eee10c8 => generated 0 bytes in 46 msecs (HTTP/1.1 204) 5 headers in 198 bytes (1 switches on core 0)
Oct 31 17:46:27.069710 n-d-863090-1 devstack@placement-api.service[106154]: DEBUG placement.requestlog [req-c4763912-dbfd-4a0e-b304-3003693760c3 req-da3a93ef-9569-41c5-b3ef-f741cf9a6b80 None None] Starting request: 10.222.0.18 "GET /placement/allocation_candidates?limit=1000&resources=DISK_GB%3A1%2CMEMORY_MB%3A1024%2CVCPU%3A1&root_required=%21COMPUTE_STATUS_DISABLED" {{(pid=106154) __call__ /opt/stack/placement/placement/requestlog.py:55}}
Oct 31 17:46:27.179879 n-d-863090-1 devstack@placement-api.service[106154]: DEBUG placement.objects.research_context [req-c4763912-dbfd-4a0e-b304-3003693760c3 req-da3a93ef-9569-41c5-b3ef-f741cf9a6b80 service placement] getting providers with 1 DISK_GB {{(pid=106154) __init__ /opt/stack/placement/placement/objects/research_context.py:136}}
Oct 31 17:46:27.193509 n-d-863090-1 devstack@placement-api.service[106154]: DEBUG placement.objects.research_context [req-c4763912-dbfd-4a0e-b304-3003693760c3 req-da3a93ef-9569-41c5-b3ef-f741cf9a6b80 service placement] getting providers with 1024 MEMORY_MB {{(pid=106154) __init__ /opt/stack/placement/placement/objects/research_context.py:136}}
Oct 31 17:46:27.207970 n-d-863090-1 devstack@placement-api.service[106154]: DEBUG placement.objects.research_context [req-c4763912-dbfd-4a0e-b304-3003693760c3 req-da3a93ef-9569-41c5-b3ef-f741cf9a6b80 service placement] getting providers with 1 VCPU {{(pid=106154) __init__ /opt/stack/placement/placement/objects/research_context.py:136}}
Oct 31 17:46:27.220342 n-d-863090-1 devstack@placement-api.service[106154]: DEBUG placement.objects.research_context [req-c4763912-dbfd-4a0e-b304-3003693760c3 req-da3a93ef-9569-41c5-b3ef-f741cf9a6b80 service placement] found 2 providers with available 1 DISK_GB {{(pid=106154) get_provider_ids_matching /opt/stack/placement/placement/objects/research_context.py:563}}
Oct 31 17:46:27.220941 n-d-863090-1 devstack@placement-api.service[106154]: DEBUG placement.objects.research_context [req-c4763912-dbfd-4a0e-b304-3003693760c3 req-da3a93ef-9569-41c5-b3ef-f741cf9a6b80 service placement] found 2 providers with available 1024 MEMORY_MB {{(pid=106154) get_provider_ids_matching /opt/stack/placement/placement/objects/research_context.py:563}}
Oct 31 17:46:27.222217 n-d-863090-1 devstack@placement-api.service[106154]: DEBUG placement.objects.research_context [req-c4763912-dbfd-4a0e-b304-3003693760c3 req-da3a93ef-9569-41c5-b3ef-f741cf9a6b80 service placement] found 2 providers after filtering by previous result {{(pid=106154) get_provider_ids_matching /opt/stack/placement/placement/objects/research_context.py:594}}
Oct 31 17:46:27.222759 n-d-863090-1 devstack@placement-api.service[106154]: DEBUG placement.objects.research_context [req-c4763912-dbfd-4a0e-b304-3003693760c3 req-da3a93ef-9569-41c5-b3ef-f741cf9a6b80 service placement] found 2 providers with available 1 VCPU {{(pid=106154) get_provider_ids_matching /opt/stack/placement/placement/objects/research_context.py:563}}
Oct 31 17:46:27.227500 n-d-863090-1 devstack@placement-api.service[106154]: DEBUG placement.objects.research_context [req-c4763912-dbfd-4a0e-b304-3003693760c3 req-da3a93ef-9569-41c5-b3ef-f741cf9a6b80 service placement] found 2 providers after filtering by previous result {{(pid=106154) get_provider_ids_matching /opt/stack/placement/placement/objects/research_context.py:594}}
Oct 31 17:46:27.276364 n-d-863090-1 devstack@placement-api.service[106154]: DEBUG placement.objects.allocation_candidate [req-c4763912-dbfd-4a0e-b304-3003693760c3 req-da3a93ef-9569-41c5-b3ef-f741cf9a6b80 service placement] RequestGroup(use_same_provider=False, resources={DISK_GB:1, MEMORY_MB:1024, VCPU:1}, traits=(), aggregates=[]) (suffix '') returned 2 matches {{(pid=106154) _get_by_requests /opt/stack/placement/placement/objects/allocation_candidate.py:156}}
Oct 31 17:46:27.278540 n-d-863090-1 devstack@placement-api.service[106154]: DEBUG placement.objects.allocation_candidate [req-c4763912-dbfd-4a0e-b304-3003693760c3 req-da3a93ef-9569-41c5-b3ef-f741cf9a6b80 service placement] Merging candidates yields 2 allocation requests and 2 provider summaries {{(pid=106154) _merge_candidates /opt/stack/placement/placement/objects/allocation_candidate.py:809}}
Oct 31 17:46:27.280475 n-d-863090-1 devstack@placement-api.service[106154]: INFO placement.requestlog [req-c4763912-dbfd-4a0e-b304-3003693760c3 req-da3a93ef-9569-41c5-b3ef-f741cf9a6b80 service placement] 10.222.0.18 "GET /placement/allocation_candidates?limit=1000&resources=DISK_GB%3A1%2CMEMORY_MB%3A1024%2CVCPU%3A1&root_required=%21COMPUTE_STATUS_DISABLED" status: 200 len: 1309 microversion: 1.36
Oct 31 17:46:27.290019 n-d-863090-1 devstack@placement-api.service[106154]: [pid: 106154|app: 0|req: 716/1409] 10.222.0.18 () {60 vars in 1506 bytes} [Mon Oct 31 17:46:27 2022] GET /placement/allocation_candidates?limit=1000&resources=DISK_GB%3A1%2CMEMORY_MB%3A1024%2CVCPU%3A1&root_required=%21COMPUTE_STATUS_DISABLED => generated 1309 bytes in 219 msecs (HTTP/1.1 200) 8 headers in 297 bytes (1 switches on core 0)
Oct 31 17:46:27.474033 n-d-863090-1 devstack@placement-api.service[106153]: DEBUG placement.requestlog [req-c4763912-dbfd-4a0e-b304-3003693760c3 req-eaeea279-80f5-49e2-84f0-2af303984654 None None] Starting request: 10.222.0.18 "GET /placement/allocations/02b797d0-46c5-44fe-9be7-b726ce3cdcfb" {{(pid=106153) __call__ /opt/stack/placement/placement/requestlog.py:55}}
Oct 31 17:46:27.494044 n-d-863090-1 devstack@placement-api.service[106153]: INFO placement.requestlog [req-c4763912-dbfd-4a0e-b304-3003693760c3 req-eaeea279-80f5-49e2-84f0-2af303984654 service placement] 10.222.0.18 "GET /placement/allocations/02b797d0-46c5-44fe-9be7-b726ce3cdcfb" status: 200 len: 19 microversion: 1.28
Oct 31 17:46:27.494853 n-d-863090-1 devstack@placement-api.service[106153]: [pid: 106153|app: 0|req: 694/1410] 10.222.0.18 () {60 vars in 1380 bytes} [Mon Oct 31 17:46:27 2022] GET /placement/allocations/02b797d0-46c5-44fe-9be7-b726ce3cdcfb => generated 19 bytes in 21 msecs (HTTP/1.1 200) 8 headers in 295 bytes (1 switches on core 0)
Oct 31 17:46:27.501901 n-d-863090-1 devstack@placement-api.service[106154]: DEBUG placement.requestlog [req-c4763912-dbfd-4a0e-b304-3003693760c3 req-41746da1-d52e-4e62-82b4-6f5626c110da None None] Starting request: 10.222.0.18 "PUT /placement/allocations/02b797d0-46c5-44fe-9be7-b726ce3cdcfb" {{(pid=106154) __call__ /opt/stack/placement/placement/requestlog.py:55}}
Oct 31 17:46:27.558421 n-d-863090-1 devstack@placement-api.service[106154]: DEBUG dbcounter [-] [106154] Writing DB stats placement:SELECT=88,placement:INSERT=6,placement:DELETE=4,placement:UPDATE=2 {{(pid=106154) stat_writer /usr/local/lib/python3.8/dist-packages/dbcounter.py:114}}
Oct 31 17:46:27.656764 n-d-863090-1 devstack@placement-api.service[106154]: DEBUG placement.handlers.allocation [req-c4763912-dbfd-4a0e-b304-3003693760c3 req-41746da1-d52e-4e62-82b4-6f5626c110da service placement] Successfully wrote allocations [, , ] {{(pid=106154) _update_consumers_and_create_allocations /opt/stack/placement/placement/handlers/allocation.py:462}}
Oct 31 17:46:27.666202 n-d-863090-1 devstack@placement-api.service[106154]: INFO placement.requestlog [req-c4763912-dbfd-4a0e-b304-3003693760c3 req-41746da1-d52e-4e62-82b4-6f5626c110da service placement] 10.222.0.18 "PUT /placement/allocations/02b797d0-46c5-44fe-9be7-b726ce3cdcfb" status: 204 len: 0 microversion: 1.36
Oct 31 17:46:27.668832 n-d-863090-1 devstack@placement-api.service[106154]: [pid: 106154|app: 0|req: 717/1411] 10.222.0.18 () {64 vars in 1433 bytes} [Mon Oct 31 17:46:27 2022] PUT /placement/allocations/02b797d0-46c5-44fe-9be7-b726ce3cdcfb => generated 0 bytes in 167 msecs (HTTP/1.1 204) 5 headers in 199 bytes (1 switches on core 0)
Oct 31 17:46:28.350807 n-d-863090-1 devstack@placement-api.service[106153]: DEBUG placement.requestlog [req-73706881-78df-4ba3-95aa-10b4caf60fd3 req-d39684a2-db2f-48bc-93f8-da861ae6b1a8 None None] Starting request: 10.222.0.18 "GET /placement/allocation_candidates?limit=1000&resources=DISK_GB%3A1%2CMEMORY_MB%3A1024%2CVCPU%3A1&root_required=%21COMPUTE_STATUS_DISABLED" {{(pid=106153) __call__ /opt/stack/placement/placement/requestlog.py:55}}
Oct 31 17:46:28.418095 n-d-863090-1 devstack@placement-api.service[106154]: DEBUG placement.requestlog [req-c4763912-dbfd-4a0e-b304-3003693760c3 req-d670e81d-3f52-46f3-9d12-21a9362eb713 None None] Starting request: 10.222.0.13 "GET /placement/allocations/02b797d0-46c5-44fe-9be7-b726ce3cdcfb" {{(pid=106154) __call__ /opt/stack/placement/placement/requestlog.py:55}}
Oct 31 17:46:28.434119 n-d-863090-1 devstack@placement-api.service[106153]: DEBUG placement.objects.research_context [req-73706881-78df-4ba3-95aa-10b4caf60fd3 req-d39684a2-db2f-48bc-93f8-da861ae6b1a8 service placement] getting providers with 1 DISK_GB {{(pid=106153) __init__ /opt/stack/placement/placement/objects/research_context.py:136}}
Oct 31 17:46:28.452614 n-d-863090-1 devstack@placement-api.service[106154]: INFO placement.requestlog [req-c4763912-dbfd-4a0e-b304-3003693760c3 req-d670e81d-3f52-46f3-9d12-21a9362eb713 service placement] 10.222.0.13 "GET /placement/allocations/02b797d0-46c5-44fe-9be7-b726ce3cdcfb" status: 200 len: 259 microversion: 1.28
Oct 31 17:46:28.452824 n-d-863090-1 devstack@placement-api.service[106153]: DEBUG placement.objects.research_context [req-73706881-78df-4ba3-95aa-10b4caf60fd3 req-d39684a2-db2f-48bc-93f8-da861ae6b1a8 service placement] getting providers with 1024 MEMORY_MB {{(pid=106153) __init__ /opt/stack/placement/placement/objects/research_context.py:136}}
Oct 31 17:46:28.457857 n-d-863090-1 devstack@placement-api.service[106154]: [pid: 106154|app: 0|req: 718/1412] 10.222.0.13 () {60 vars in 1377 bytes} [Mon Oct 31 17:46:28 2022] GET /placement/allocations/02b797d0-46c5-44fe-9be7-b726ce3cdcfb => generated 259 bytes in 40 msecs (HTTP/1.1 200) 8 headers in 296 bytes (1 switches on core 0)
Oct 31 17:46:28.462295 n-d-863090-1 devstack@placement-api.service[106153]: DEBUG placement.objects.research_context [req-73706881-78df-4ba3-95aa-10b4caf60fd3 req-d39684a2-db2f-48bc-93f8-da861ae6b1a8 service placement] getting providers with 1 VCPU {{(pid=106153) __init__ /opt/stack/placement/placement/objects/research_context.py:136}}
Oct 31 17:46:28.478755 n-d-863090-1 devstack@placement-api.service[106153]: DEBUG placement.objects.research_context [req-73706881-78df-4ba3-95aa-10b4caf60fd3 req-d39684a2-db2f-48bc-93f8-da861ae6b1a8 service placement] found 2 providers with available 1 DISK_GB {{(pid=106153) get_provider_ids_matching /opt/stack/placement/placement/objects/research_context.py:563}}
Oct 31 17:46:28.479878 n-d-863090-1 devstack@placement-api.service[106153]: DEBUG placement.objects.research_context [req-73706881-78df-4ba3-95aa-10b4caf60fd3 req-d39684a2-db2f-48bc-93f8-da861ae6b1a8 service placement] found 2 providers with available 1024 MEMORY_MB {{(pid=106153) get_provider_ids_matching /opt/stack/placement/placement/objects/research_context.py:563}}
Oct 31 17:46:28.480330 n-d-863090-1 devstack@placement-api.service[106153]: DEBUG placement.objects.research_context [req-73706881-78df-4ba3-95aa-10b4caf60fd3 req-d39684a2-db2f-48bc-93f8-da861ae6b1a8 service placement] found 2 providers after filtering by previous result {{(pid=106153) get_provider_ids_matching /opt/stack/placement/placement/objects/research_context.py:594}}
Oct 31 17:46:28.480793 n-d-863090-1 devstack@placement-api.service[106153]: DEBUG placement.objects.research_context [req-73706881-78df-4ba3-95aa-10b4caf60fd3 req-d39684a2-db2f-48bc-93f8-da861ae6b1a8 service placement] found 2 providers with available 1 VCPU {{(pid=106153) get_provider_ids_matching /opt/stack/placement/placement/objects/research_context.py:563}}
Oct 31 17:46:28.481375 n-d-863090-1 devstack@placement-api.service[106153]: DEBUG placement.objects.research_context [req-73706881-78df-4ba3-95aa-10b4caf60fd3 req-d39684a2-db2f-48bc-93f8-da861ae6b1a8 service placement] found 2 providers after filtering by previous result {{(pid=106153) get_provider_ids_matching /opt/stack/placement/placement/objects/research_context.py:594}}
Oct 31 17:46:28.524834 n-d-863090-1 devstack@placement-api.service[106153]: DEBUG placement.objects.allocation_candidate [req-73706881-78df-4ba3-95aa-10b4caf60fd3 req-d39684a2-db2f-48bc-93f8-da861ae6b1a8 service placement] RequestGroup(use_same_provider=False, resources={DISK_GB:1, MEMORY_MB:1024, VCPU:1}, traits=(), aggregates=[]) (suffix '') returned 2 matches {{(pid=106153) _get_by_requests /opt/stack/placement/placement/objects/allocation_candidate.py:156}}
Oct 31 17:46:28.525208 n-d-863090-1 devstack@placement-api.service[106153]: DEBUG placement.objects.allocation_candidate [req-73706881-78df-4ba3-95aa-10b4caf60fd3 req-d39684a2-db2f-48bc-93f8-da861ae6b1a8 service placement] Merging candidates yields 2 allocation requests and 2 provider summaries {{(pid=106153) _merge_candidates /opt/stack/placement/placement/objects/allocation_candidate.py:809}}
Oct 31 17:46:28.529561 n-d-863090-1 devstack@placement-api.service[106153]: INFO placement.requestlog [req-73706881-78df-4ba3-95aa-10b4caf60fd3 req-d39684a2-db2f-48bc-93f8-da861ae6b1a8 service placement] 10.222.0.18 "GET /placement/allocation_candidates?limit=1000&resources=DISK_GB%3A1%2CMEMORY_MB%3A1024%2CVCPU%3A1&root_required=%21COMPUTE_STATUS_DISABLED" status: 200 len: 1309 microversion: 1.36
Oct 31 17:46:28.530677 n-d-863090-1 devstack@placement-api.service[106153]: [pid: 106153|app: 0|req: 695/1413] 10.222.0.18 () {60 vars in 1506 bytes} [Mon Oct 31 17:46:28 2022] GET /placement/allocation_candidates?limit=1000&resources=DISK_GB%3A1%2CMEMORY_MB%3A1024%2CVCPU%3A1&root_required=%21COMPUTE_STATUS_DISABLED => generated 1309 bytes in 180 msecs (HTTP/1.1 200) 8 headers in 297 bytes (1 switches on core 0)
Oct 31 17:46:28.746423 n-d-863090-1 devstack@placement-api.service[106154]: DEBUG placement.requestlog [req-c4763912-dbfd-4a0e-b304-3003693760c3 req-7bd2cf92-747d-4f3b-98ac-6e71d3ea6667 None None] Starting request: 10.222.0.13 "GET /placement/resource_providers/03eeed6a-9450-4f06-a9e4-6248884fdc11/allocations" {{(pid=106154) __call__ /opt/stack/placement/placement/requestlog.py:55}}
Oct 31 17:46:28.755019 n-d-863090-1 devstack@placement-api.service[106153]: DEBUG placement.requestlog [req-73706881-78df-4ba3-95aa-10b4caf60fd3 req-6c69e917-46fd-48be-9125-5bb478e37ae4 None None] Starting request: 10.222.0.18 "GET /placement/allocations/cde30c5d-457a-4282-9fa2-acdfe5c93dfe" {{(pid=106153) __call__ /opt/stack/placement/placement/requestlog.py:55}}
Oct 31 17:46:28.776370 n-d-863090-1 devstack@placement-api.service[106153]: INFO placement.requestlog [req-73706881-78df-4ba3-95aa-10b4caf60fd3 req-6c69e917-46fd-48be-9125-5bb478e37ae4 service placement] 10.222.0.18 "GET /placement/allocations/cde30c5d-457a-4282-9fa2-acdfe5c93dfe" status: 200 len: 19 microversion: 1.28
Oct 31 17:46:28.776763 n-d-863090-1 devstack@placement-api.service[106153]: [pid: 106153|app: 0|req: 696/1414] 10.222.0.18 () {60 vars in 1380 bytes} [Mon Oct 31 17:46:28 2022] GET /placement/allocations/cde30c5d-457a-4282-9fa2-acdfe5c93dfe => generated 19 bytes in 22 msecs (HTTP/1.1 200) 8 headers in 295 bytes (2 switches on core 0)
Oct 31 17:46:28.784720 n-d-863090-1 devstack@placement-api.service[106153]: DEBUG placement.requestlog [req-73706881-78df-4ba3-95aa-10b4caf60fd3 req-e9a9eca9-019a-4c5a-ade2-88eedbc9097a None None] Starting request: 10.222.0.18 "PUT /placement/allocations/cde30c5d-457a-4282-9fa2-acdfe5c93dfe" {{(pid=106153) __call__ /opt/stack/placement/placement/requestlog.py:55}}
Oct 31 17:46:28.789898 n-d-863090-1 devstack@placement-api.service[106154]: INFO placement.requestlog [req-c4763912-dbfd-4a0e-b304-3003693760c3 req-7bd2cf92-747d-4f3b-98ac-6e71d3ea6667 service placement] 10.222.0.13 "GET /placement/resource_providers/03eeed6a-9450-4f06-a9e4-6248884fdc11/allocations" status: 200 len: 544 microversion: 1.0
Oct 31 17:46:28.794371 n-d-863090-1 devstack@placement-api.service[106154]: [pid: 106154|app: 0|req: 719/1415] 10.222.0.13 () {58 vars in 1390 bytes} [Mon Oct 31 17:46:28 2022] GET /placement/resource_providers/03eeed6a-9450-4f06-a9e4-6248884fdc11/allocations => generated 544 bytes in 48 msecs (HTTP/1.1 200) 6 headers in 224 bytes (1 switches on core 0)
Oct 31 17:46:28.808234 n-d-863090-1 devstack@placement-api.service[106154]: DEBUG placement.requestlog [req-c4763912-dbfd-4a0e-b304-3003693760c3 req-90be58d3-7f2b-4df1-aa03-ff1ce9b9cb54 None None] Starting request: 10.222.0.13 "GET /placement/allocations/bebcee7b-bf23-4755-a622-cefd4f8702a5" {{(pid=106154) __call__ /opt/stack/placement/placement/requestlog.py:55}}
Oct 31 17:46:28.838088 n-d-863090-1 devstack@placement-api.service[106154]: INFO placement.requestlog [req-c4763912-dbfd-4a0e-b304-3003693760c3 req-90be58d3-7f2b-4df1-aa03-ff1ce9b9cb54 service placement] 10.222.0.13 "GET /placement/allocations/bebcee7b-bf23-4755-a622-cefd4f8702a5" status: 200 len: 259 microversion: 1.28
Oct 31 17:46:28.840011 n-d-863090-1 devstack@placement-api.service[106154]: [pid: 106154|app: 0|req: 720/1416] 10.222.0.13 () {60 vars in 1377 bytes} [Mon Oct 31 17:46:28 2022] GET /placement/allocations/bebcee7b-bf23-4755-a622-cefd4f8702a5 => generated 259 bytes in 32 msecs (HTTP/1.1 200) 8 headers in 296 bytes (1 switches on core 0)
Oct 31 17:46:28.866906 n-d-863090-1 devstack@placement-api.service[106154]: DEBUG placement.requestlog [req-c4763912-dbfd-4a0e-b304-3003693760c3 req-bd017627-735d-4ea9-99b0-3b797ef352fe None None] Starting request: 10.222.0.13 "GET /placement/allocations/94084866-f89c-442b-aa38-6c4f30a67cf3" {{(pid=106154) __call__ /opt/stack/placement/placement/requestlog.py:55}}
Oct 31 17:46:28.946042 n-d-863090-1 devstack@placement-api.service[106153]: DEBUG placement.handlers.allocation [req-73706881-78df-4ba3-95aa-10b4caf60fd3 req-e9a9eca9-019a-4c5a-ade2-88eedbc9097a service placement] Successfully wrote allocations [, , ] {{(pid=106153) _update_consumers_and_create_allocations /opt/stack/placement/placement/handlers/allocation.py:462}}
Oct 31 17:46:28.951244 n-d-863090-1 devstack@placement-api.service[106153]: INFO placement.requestlog [req-73706881-78df-4ba3-95aa-10b4caf60fd3 req-e9a9eca9-019a-4c5a-ade2-88eedbc9097a service placement] 10.222.0.18 "PUT /placement/allocations/cde30c5d-457a-4282-9fa2-acdfe5c93dfe" status: 204 len: 0 microversion: 1.36
Oct 31 17:46:28.952111 n-d-863090-1 devstack@placement-api.service[106153]: [pid: 106153|app: 0|req: 697/1417] 10.222.0.18 () {64 vars in 1433 bytes} [Mon Oct 31 17:46:28 2022] PUT /placement/allocations/cde30c5d-457a-4282-9fa2-acdfe5c93dfe => generated 0 bytes in 168 msecs (HTTP/1.1 204) 5 headers in 199 bytes (2 switches on core 0)
Oct 31 17:46:29.043090 n-d-863090-1 devstack@placement-api.service[106154]: INFO placement.requestlog [req-c4763912-dbfd-4a0e-b304-3003693760c3 req-bd017627-735d-4ea9-99b0-3b797ef352fe service placement] 10.222.0.13 "GET /placement/allocations/94084866-f89c-442b-aa38-6c4f30a67cf3" status: 200 len: 245 microversion: 1.28
Oct 31 17:46:29.044224 n-d-863090-1 devstack@placement-api.service[106154]: [pid: 106154|app: 0|req: 721/1418] 10.222.0.13 () {60 vars in 1377 bytes} [Mon Oct 31 17:46:28 2022] GET /placement/allocations/94084866-f89c-442b-aa38-6c4f30a67cf3 => generated 245 bytes in 177 msecs (HTTP/1.1 200) 8 headers in 296 bytes (1 switches on core 0)
Oct 31 17:46:29.070922 n-d-863090-1 devstack@placement-api.service[106153]: DEBUG placement.requestlog [req-c4763912-dbfd-4a0e-b304-3003693760c3 req-1a33aaf5-3f7d-42e7-bad7-ae99c34ad9af None None] Starting request: 10.222.0.13 "GET /placement/allocations/60e6e210-31c4-45a2-98f2-8b149749ccb9" {{(pid=106153) __call__ /opt/stack/placement/placement/requestlog.py:55}}
Oct 31 17:46:29.096192 n-d-863090-1 devstack@placement-api.service[106153]: INFO placement.requestlog [req-c4763912-dbfd-4a0e-b304-3003693760c3 req-1a33aaf5-3f7d-42e7-bad7-ae99c34ad9af service placement] 10.222.0.13 "GET /placement/allocations/60e6e210-31c4-45a2-98f2-8b149749ccb9" status: 200 len: 259 microversion: 1.28
Oct 31 17:46:29.099580 n-d-863090-1 devstack@placement-api.service[106153]: [pid: 106153|app: 0|req: 698/1419] 10.222.0.13 () {60 vars in 1377 bytes} [Mon Oct 31 17:46:29 2022] GET /placement/allocations/60e6e210-31c4-45a2-98f2-8b149749ccb9 => generated 259 bytes in 29 msecs (HTTP/1.1 200) 8 headers in 296 bytes (1 switches on core 0)
Oct 31 17:46:29.108941 n-d-863090-1 devstack@placement-api.service[106154]: DEBUG placement.requestlog [req-c4763912-dbfd-4a0e-b304-3003693760c3 req-45434099-9b50-4f9e-8a4c-306ccd50033e None None] Starting request: 10.222.0.13 "GET /placement/allocations/fa9dda87-d4a8-43e9-8e37-e46e05f9b188" {{(pid=106154) __call__ /opt/stack/placement/placement/requestlog.py:55}}
Oct 31 17:46:29.141555 n-d-863090-1 devstack@placement-api.service[106154]: INFO placement.requestlog [req-c4763912-dbfd-4a0e-b304-3003693760c3 req-45434099-9b50-4f9e-8a4c-306ccd50033e service placement] 10.222.0.13 "GET /placement/allocations/fa9dda87-d4a8-43e9-8e37-e46e05f9b188" status: 200 len: 259 microversion: 1.28
Oct 31 17:46:29.142470 n-d-863090-1 devstack@placement-api.service[106154]: [pid: 106154|app: 0|req: 722/1420] 10.222.0.13 () {60 vars in 1377 bytes} [Mon Oct 31 17:46:29 2022] GET /placement/allocations/fa9dda87-d4a8-43e9-8e37-e46e05f9b188 => generated 259 bytes in 34 msecs (HTTP/1.1 200) 8 headers in 296 bytes (1 switches on core 0)
Oct 31 17:46:29.151577 n-d-863090-1 devstack@placement-api.service[106153]: DEBUG placement.requestlog [req-c4763912-dbfd-4a0e-b304-3003693760c3 req-e3853969-5f3a-434c-b18a-ca125dff83aa None None] Starting request: 10.222.0.13 "GET /placement/allocations/02b797d0-46c5-44fe-9be7-b726ce3cdcfb" {{(pid=106153) __call__ /opt/stack/placement/placement/requestlog.py:55}}
Oct 31 17:46:29.200879 n-d-863090-1 devstack@placement-api.service[106153]: INFO placement.requestlog [req-c4763912-dbfd-4a0e-b304-3003693760c3 req-e3853969-5f3a-434c-b18a-ca125dff83aa service placement] 10.222.0.13 "GET /placement/allocations/02b797d0-46c5-44fe-9be7-b726ce3cdcfb" status: 200 len: 259 microversion: 1.28
Oct 31 17:46:29.201851 n-d-863090-1 devstack@placement-api.service[106153]: [pid: 106153|app: 0|req: 699/1421] 10.222.0.13 () {60 vars in 1377 bytes} [Mon Oct 31 17:46:29 2022] GET /placement/allocations/02b797d0-46c5-44fe-9be7-b726ce3cdcfb => generated 259 bytes in 50 msecs (HTTP/1.1 200) 8 headers in 296 bytes (1 switches on core 0)
Oct 31 17:46:29.661234 n-d-863090-1 devstack@placement-api.service[106154]: DEBUG placement.requestlog [req-73706881-78df-4ba3-95aa-10b4caf60fd3 req-d5b67b54-9d48-4ba0-8142-f49f96fad2ea None None] Starting request: 10.222.0.13 "GET /placement/allocations/cde30c5d-457a-4282-9fa2-acdfe5c93dfe" {{(pid=106154) __call__ /opt/stack/placement/placement/requestlog.py:55}}
Oct 31 17:46:29.697200 n-d-863090-1 devstack@placement-api.service[106154]: INFO placement.requestlog [req-73706881-78df-4ba3-95aa-10b4caf60fd3 req-d5b67b54-9d48-4ba0-8142-f49f96fad2ea service placement] 10.222.0.13 "GET /placement/allocations/cde30c5d-457a-4282-9fa2-acdfe5c93dfe" status: 200 len: 259 microversion: 1.28
Oct 31 17:46:29.699867 n-d-863090-1 devstack@placement-api.service[106154]: [pid: 106154|app: 0|req: 723/1422] 10.222.0.13 () {60 vars in 1377 bytes} [Mon Oct 31 17:46:29 2022] GET /placement/allocations/cde30c5d-457a-4282-9fa2-acdfe5c93dfe => generated 259 bytes in 38 msecs (HTTP/1.1 200) 8 headers in 296 bytes (1 switches on core 0)
Oct 31 17:46:29.962728 n-d-863090-1 devstack@placement-api.service[106153]: DEBUG placement.requestlog [req-73706881-78df-4ba3-95aa-10b4caf60fd3 req-ffc9d970-0db1-4e78-8c9f-b0fcb839e073 None None] Starting request: 10.222.0.13 "GET /placement/resource_providers/03eeed6a-9450-4f06-a9e4-6248884fdc11/allocations" {{(pid=106153) __call__ /opt/stack/placement/placement/requestlog.py:55}}
Oct 31 17:46:30.025008 n-d-863090-1 devstack@placement-api.service[106153]: INFO placement.requestlog [req-73706881-78df-4ba3-95aa-10b4caf60fd3 req-ffc9d970-0db1-4e78-8c9f-b0fcb839e073 service placement] 10.222.0.13 "GET /placement/resource_providers/03eeed6a-9450-4f06-a9e4-6248884fdc11/allocations" status: 200 len: 645 microversion: 1.0
Oct 31 17:46:30.027580 n-d-863090-1 devstack@placement-api.service[106153]: [pid: 106153|app: 0|req: 700/1423] 10.222.0.13 () {58 vars in 1390 bytes} [Mon Oct 31 17:46:29 2022] GET /placement/resource_providers/03eeed6a-9450-4f06-a9e4-6248884fdc11/allocations => generated 645 bytes in 64 msecs (HTTP/1.1 200) 6 headers in 224 bytes (1 switches on core 0)
Oct 31 17:46:30.033258 n-d-863090-1 devstack@placement-api.service[106154]: DEBUG placement.requestlog [req-73706881-78df-4ba3-95aa-10b4caf60fd3 req-e841491b-77da-44dc-84a3-e3866843422a None None] Starting request: 10.222.0.13 "GET /placement/allocations/bebcee7b-bf23-4755-a622-cefd4f8702a5" {{(pid=106154) __call__ /opt/stack/placement/placement/requestlog.py:55}}
