Oct 29 01:09:59.032514 n-d-862967-1 devstack@placement-api.service[106353]: INFO placement.requestlog [req-45bb1e07-1ee8-4cd3-9347-5f54ddf09eb7 req-8b0bb473-4d24-4706-869b-a0e796934d5e service placement] 10.222.0.55 "GET /placement/allocation_candidates?limit=1000&resources=MEMORY_MB%3A1024%2CVCPU%3A1&root_required=%21COMPUTE_STATUS_DISABLED" status: 200 len: 1281 microversion: 1.36
Oct 29 01:09:59.033438 n-d-862967-1 devstack@placement-api.service[106353]: [pid: 106353|app: 0|req: 442/848] 10.222.0.55 () {60 vars in 1478 bytes} [Sat Oct 29 01:09:58 2022] GET /placement/allocation_candidates?limit=1000&resources=MEMORY_MB%3A1024%2CVCPU%3A1&root_required=%21COMPUTE_STATUS_DISABLED => generated 1281 bytes in 80 msecs (HTTP/1.1 200) 8 headers in 297 bytes (1 switches on core 0)
Oct 29 01:09:59.163522 n-d-862967-1 devstack@placement-api.service[106352]: DEBUG placement.requestlog [req-84aac085-f655-45ef-9071-7a71eee6a6b8 req-2f8a1faf-781b-4dad-8ca6-133f047e4739 None None] Starting request: 10.222.0.36 "DELETE /placement/allocations/c02e7e53-5de0-4942-b3f2-dccad669bd47" {{(pid=106352) __call__ /opt/stack/placement/placement/requestlog.py:55}}
Oct 29 01:09:59.169643 n-d-862967-1 devstack@placement-api.service[106353]: DEBUG placement.requestlog [req-45bb1e07-1ee8-4cd3-9347-5f54ddf09eb7 req-62d6f968-f0b7-4a63-ad88-9a658a2b2365 None None] Starting request: 10.222.0.55 "GET /placement/allocations/52cc9745-89d2-4793-809a-24d4dbc200ca" {{(pid=106353) __call__ /opt/stack/placement/placement/requestlog.py:55}}
Oct 29 01:09:59.206034 n-d-862967-1 devstack@placement-api.service[106353]: INFO placement.requestlog [req-45bb1e07-1ee8-4cd3-9347-5f54ddf09eb7 req-62d6f968-f0b7-4a63-ad88-9a658a2b2365 service placement] 10.222.0.55 "GET /placement/allocations/52cc9745-89d2-4793-809a-24d4dbc200ca" status: 200 len: 19 microversion: 1.28
Oct 29 01:09:59.206423 n-d-862967-1 devstack@placement-api.service[106353]: [pid: 106353|app: 0|req: 443/849] 10.222.0.55 () {60 vars in 1380 bytes} [Sat Oct 29 01:09:59 2022] GET /placement/allocations/52cc9745-89d2-4793-809a-24d4dbc200ca => generated 19 bytes in 37 msecs (HTTP/1.1 200) 8 headers in 295 bytes (2 switches on core 0)
Oct 29 01:09:59.214329 n-d-862967-1 devstack@placement-api.service[106353]: DEBUG placement.requestlog [req-45bb1e07-1ee8-4cd3-9347-5f54ddf09eb7 req-41ae820f-c701-4592-b298-ad03989227de None None] Starting request: 10.222.0.55 "PUT /placement/allocations/52cc9745-89d2-4793-809a-24d4dbc200ca" {{(pid=106353) __call__ /opt/stack/placement/placement/requestlog.py:55}}
Oct 29 01:09:59.427200 n-d-862967-1 devstack@placement-api.service[106352]: DEBUG placement.handlers.allocation [req-84aac085-f655-45ef-9071-7a71eee6a6b8 req-2f8a1faf-781b-4dad-8ca6-133f047e4739 service placement] Successfully deleted allocations [, , ] {{(pid=106352) delete_allocations /opt/stack/placement/placement/handlers/allocation.py:627}}
Oct 29 01:09:59.428084 n-d-862967-1 devstack@placement-api.service[106352]: INFO placement.requestlog [req-84aac085-f655-45ef-9071-7a71eee6a6b8 req-2f8a1faf-781b-4dad-8ca6-133f047e4739 service placement] 10.222.0.36 "DELETE /placement/allocations/c02e7e53-5de0-4942-b3f2-dccad669bd47" status: 204 len: 0 microversion: 1.0
Oct 29 01:09:59.430120 n-d-862967-1 devstack@placement-api.service[106352]: [pid: 106352|app: 0|req: 407/850] 10.222.0.36 () {60 vars in 1355 bytes} [Sat Oct 29 01:09:59 2022] DELETE /placement/allocations/c02e7e53-5de0-4942-b3f2-dccad669bd47 => generated 0 bytes in 268 msecs (HTTP/1.1 204) 5 headers in 198 bytes (1 switches on core 0)
Oct 29 01:09:59.595817 n-d-862967-1 devstack@placement-api.service[106353]: DEBUG placement.handlers.allocation [req-45bb1e07-1ee8-4cd3-9347-5f54ddf09eb7 req-41ae820f-c701-4592-b298-ad03989227de service placement] Successfully wrote allocations [, ] {{(pid=106353) _update_consumers_and_create_allocations /opt/stack/placement/placement/handlers/allocation.py:462}}
Oct 29 01:09:59.689136 n-d-862967-1 devstack@placement-api.service[106353]: INFO placement.requestlog [req-45bb1e07-1ee8-4cd3-9347-5f54ddf09eb7 req-41ae820f-c701-4592-b298-ad03989227de service placement] 10.222.0.55 "PUT /placement/allocations/52cc9745-89d2-4793-809a-24d4dbc200ca" status: 204 len: 0 microversion: 1.36
Oct 29 01:09:59.689917 n-d-862967-1 devstack@placement-api.service[106353]: [pid: 106353|app: 0|req: 444/851] 10.222.0.55 () {64 vars in 1433 bytes} [Sat Oct 29 01:09:59 2022] PUT /placement/allocations/52cc9745-89d2-4793-809a-24d4dbc200ca => generated 0 bytes in 476 msecs (HTTP/1.1 204) 5 headers in 199 bytes (1 switches on core 0)
Oct 29 01:10:01.071711 n-d-862967-1 devstack@placement-api.service[106352]: DEBUG placement.requestlog [req-113e67aa-a6b5-45f2-8ec0-f67941759a41 req-7a59cf15-cc5a-4f95-aa1c-5b2f3e6288a2 None None] Starting request: 10.222.0.36 "GET /placement/resource_providers/f17c9779-d3ee-48ae-a781-fd40e2cfdacb/allocations" {{(pid=106352) __call__ /opt/stack/placement/placement/requestlog.py:55}}
Oct 29 01:10:01.151426 n-d-862967-1 devstack@placement-api.service[106352]: INFO placement.requestlog [req-113e67aa-a6b5-45f2-8ec0-f67941759a41 req-7a59cf15-cc5a-4f95-aa1c-5b2f3e6288a2 service placement] 10.222.0.36 "GET /placement/resource_providers/f17c9779-d3ee-48ae-a781-fd40e2cfdacb/allocations" status: 200 len: 659 microversion: 1.0
Oct 29 01:10:01.156030 n-d-862967-1 devstack@placement-api.service[106352]: [pid: 106352|app: 0|req: 408/852] 10.222.0.36 () {58 vars in 1390 bytes} [Sat Oct 29 01:10:01 2022] GET /placement/resource_providers/f17c9779-d3ee-48ae-a781-fd40e2cfdacb/allocations => generated 659 bytes in 84 msecs (HTTP/1.1 200) 6 headers in 224 bytes (1 switches on core 0)
Oct 29 01:10:01.162994 n-d-862967-1 devstack@placement-api.service[106353]: DEBUG placement.requestlog [req-113e67aa-a6b5-45f2-8ec0-f67941759a41 req-3eb644ba-ce3b-4017-958b-12073994618d None None] Starting request: 10.222.0.36 "GET /placement/allocations/150dea61-e222-47af-aff0-4b8899ede1ce" {{(pid=106353) __call__ /opt/stack/placement/placement/requestlog.py:55}}
Oct 29 01:10:01.206596 n-d-862967-1 devstack@placement-api.service[106353]: INFO placement.requestlog [req-113e67aa-a6b5-45f2-8ec0-f67941759a41 req-3eb644ba-ce3b-4017-958b-12073994618d service placement] 10.222.0.36 "GET /placement/allocations/150dea61-e222-47af-aff0-4b8899ede1ce" status: 200 len: 259 microversion: 1.28
Oct 29 01:10:01.208915 n-d-862967-1 devstack@placement-api.service[106353]: [pid: 106353|app: 0|req: 445/853] 10.222.0.36 () {60 vars in 1377 bytes} [Sat Oct 29 01:10:01 2022] GET /placement/allocations/150dea61-e222-47af-aff0-4b8899ede1ce => generated 259 bytes in 46 msecs (HTTP/1.1 200) 8 headers in 296 bytes (1 switches on core 0)
Oct 29 01:10:01.215582 n-d-862967-1 devstack@placement-api.service[106352]: DEBUG placement.requestlog [req-113e67aa-a6b5-45f2-8ec0-f67941759a41 req-269bb315-fc9a-4f7a-92a6-ebe7129fccb1 None None] Starting request: 10.222.0.36 "GET /placement/allocations/ca926af7-5a4f-4fdd-9b2d-d55278c5de84" {{(pid=106352) __call__ /opt/stack/placement/placement/requestlog.py:55}}
Oct 29 01:10:01.248878 n-d-862967-1 devstack@placement-api.service[106352]: INFO placement.requestlog [req-113e67aa-a6b5-45f2-8ec0-f67941759a41 req-269bb315-fc9a-4f7a-92a6-ebe7129fccb1 service placement] 10.222.0.36 "GET /placement/allocations/ca926af7-5a4f-4fdd-9b2d-d55278c5de84" status: 200 len: 259 microversion: 1.28
Oct 29 01:10:01.251949 n-d-862967-1 devstack@placement-api.service[106352]: [pid: 106352|app: 0|req: 409/854] 10.222.0.36 () {60 vars in 1377 bytes} [Sat Oct 29 01:10:01 2022] GET /placement/allocations/ca926af7-5a4f-4fdd-9b2d-d55278c5de84 => generated 259 bytes in 37 msecs (HTTP/1.1 200) 8 headers in 296 bytes (1 switches on core 0)
Oct 29 01:10:01.256490 n-d-862967-1 devstack@placement-api.service[106353]: DEBUG placement.requestlog [req-113e67aa-a6b5-45f2-8ec0-f67941759a41 req-30e0ce91-ff9d-4701-b734-cfe7b4957565 None None] Starting request: 10.222.0.36 "GET /placement/allocations/71066411-2e16-48d5-b3e5-81958213dab5" {{(pid=106353) __call__ /opt/stack/placement/placement/requestlog.py:55}}
Oct 29 01:10:01.307422 n-d-862967-1 devstack@placement-api.service[106353]: INFO placement.requestlog [req-113e67aa-a6b5-45f2-8ec0-f67941759a41 req-30e0ce91-ff9d-4701-b734-cfe7b4957565 service placement] 10.222.0.36 "GET /placement/allocations/71066411-2e16-48d5-b3e5-81958213dab5" status: 200 len: 259 microversion: 1.28
Oct 29 01:10:01.308093 n-d-862967-1 devstack@placement-api.service[106353]: [pid: 106353|app: 0|req: 446/855] 10.222.0.36 () {60 vars in 1377 bytes} [Sat Oct 29 01:10:01 2022] GET /placement/allocations/71066411-2e16-48d5-b3e5-81958213dab5 => generated 259 bytes in 52 msecs (HTTP/1.1 200) 8 headers in 296 bytes (1 switches on core 0)
Oct 29 01:10:01.315604 n-d-862967-1 devstack@placement-api.service[106352]: DEBUG placement.requestlog [req-113e67aa-a6b5-45f2-8ec0-f67941759a41 req-76f362b5-3ffc-4051-8fed-345737cdb34d None None] Starting request: 10.222.0.36 "GET /placement/allocations/bd2079a3-b226-4d9f-a3d2-af776e9d777d" {{(pid=106352) __call__ /opt/stack/placement/placement/requestlog.py:55}}
Oct 29 01:10:01.334562 n-d-862967-1 devstack@placement-api.service[106353]: DEBUG placement.requestlog [req-45bb1e07-1ee8-4cd3-9347-5f54ddf09eb7 req-b90d3d19-d366-4379-9380-96abd31069d6 None None] Starting request: 10.222.0.61 "GET /placement/allocations/52cc9745-89d2-4793-809a-24d4dbc200ca" {{(pid=106353) __call__ /opt/stack/placement/placement/requestlog.py:55}}
Oct 29 01:10:01.373422 n-d-862967-1 devstack@placement-api.service[106352]: INFO placement.requestlog [req-113e67aa-a6b5-45f2-8ec0-f67941759a41 req-76f362b5-3ffc-4051-8fed-345737cdb34d service placement] 10.222.0.36 "GET /placement/allocations/bd2079a3-b226-4d9f-a3d2-af776e9d777d" status: 200 len: 259 microversion: 1.28
Oct 29 01:10:01.380044 n-d-862967-1 devstack@placement-api.service[106352]: [pid: 106352|app: 0|req: 410/856] 10.222.0.36 () {60 vars in 1377 bytes} [Sat Oct 29 01:10:01 2022] GET /placement/allocations/bd2079a3-b226-4d9f-a3d2-af776e9d777d => generated 259 bytes in 65 msecs (HTTP/1.1 200) 8 headers in 296 bytes (1 switches on core 0)
Oct 29 01:10:01.403899 n-d-862967-1 devstack@placement-api.service[106352]: DEBUG placement.requestlog [req-113e67aa-a6b5-45f2-8ec0-f67941759a41 req-781e13c6-ede4-4ab9-836f-d6183b197d3f None None] Starting request: 10.222.0.36 "GET /placement/allocations/ff4b2081-8e4d-49d7-bce2-e6ab5abc8520" {{(pid=106352) __call__ /opt/stack/placement/placement/requestlog.py:55}}
Oct 29 01:10:01.410262 n-d-862967-1 devstack@placement-api.service[106353]: INFO placement.requestlog [req-45bb1e07-1ee8-4cd3-9347-5f54ddf09eb7 req-b90d3d19-d366-4379-9380-96abd31069d6 service placement] 10.222.0.61 "GET /placement/allocations/52cc9745-89d2-4793-809a-24d4dbc200ca" status: 200 len: 245 microversion: 1.28
Oct 29 01:10:01.410651 n-d-862967-1 devstack@placement-api.service[106353]: [pid: 106353|app: 0|req: 447/857] 10.222.0.61 () {60 vars in 1377 bytes} [Sat Oct 29 01:10:01 2022] GET /placement/allocations/52cc9745-89d2-4793-809a-24d4dbc200ca => generated 245 bytes in 76 msecs (HTTP/1.1 200) 8 headers in 296 bytes (2 switches on core 0)
Oct 29 01:10:01.425183 n-d-862967-1 devstack@placement-api.service[106352]: DEBUG dbcounter [-] [106352] Writing DB stats placement:SELECT=94,placement:DELETE=6 {{(pid=106352) stat_writer /usr/local/lib/python3.8/dist-packages/dbcounter.py:114}}
Oct 29 01:10:01.479248 n-d-862967-1 devstack@placement-api.service[106352]: INFO placement.requestlog [req-113e67aa-a6b5-45f2-8ec0-f67941759a41 req-781e13c6-ede4-4ab9-836f-d6183b197d3f service placement] 10.222.0.36 "GET /placement/allocations/ff4b2081-8e4d-49d7-bce2-e6ab5abc8520" status: 200 len: 259 microversion: 1.28
Oct 29 01:10:01.479936 n-d-862967-1 devstack@placement-api.service[106352]: [pid: 106352|app: 0|req: 411/858] 10.222.0.36 () {60 vars in 1377 bytes} [Sat Oct 29 01:10:01 2022] GET /placement/allocations/ff4b2081-8e4d-49d7-bce2-e6ab5abc8520 => generated 259 bytes in 94 msecs (HTTP/1.1 200) 8 headers in 296 bytes (1 switches on core 0)
Oct 29 01:10:01.488902 n-d-862967-1 devstack@placement-api.service[106353]: DEBUG placement.requestlog [req-113e67aa-a6b5-45f2-8ec0-f67941759a41 req-96a3ca83-a435-4a84-8fd9-db2087bf00b1 None None] Starting request: 10.222.0.36 "GET /placement/allocations/fdd1f0c0-87dc-436d-a406-91986be153b8" {{(pid=106353) __call__ /opt/stack/placement/placement/requestlog.py:55}}
Oct 29 01:10:01.528984 n-d-862967-1 devstack@placement-api.service[106353]: INFO placement.requestlog [req-113e67aa-a6b5-45f2-8ec0-f67941759a41 req-96a3ca83-a435-4a84-8fd9-db2087bf00b1 service placement] 10.222.0.36 "GET /placement/allocations/fdd1f0c0-87dc-436d-a406-91986be153b8" status: 200 len: 259 microversion: 1.28
Oct 29 01:10:01.538167 n-d-862967-1 devstack@placement-api.service[106353]: [pid: 106353|app: 0|req: 448/859] 10.222.0.36 () {60 vars in 1377 bytes} [Sat Oct 29 01:10:01 2022] GET /placement/allocations/fdd1f0c0-87dc-436d-a406-91986be153b8 => generated 259 bytes in 49 msecs (HTTP/1.1 200) 8 headers in 296 bytes (1 switches on core 0)
Oct 29 01:10:01.758022 n-d-862967-1 devstack@placement-api.service[106352]: DEBUG placement.requestlog [req-113e67aa-a6b5-45f2-8ec0-f67941759a41 req-b4bedf4d-8dff-41fa-b03a-2217157febc8 None None] Starting request: 10.222.0.36 "DELETE /placement/allocations/ff4b2081-8e4d-49d7-bce2-e6ab5abc8520" {{(pid=106352) __call__ /opt/stack/placement/placement/requestlog.py:55}}
Oct 29 01:10:01.842200 n-d-862967-1 devstack@placement-api.service[106353]: DEBUG placement.requestlog [req-45bb1e07-1ee8-4cd3-9347-5f54ddf09eb7 req-7fead8ca-124b-4749-b605-2bc14e252854 None None] Starting request: 10.222.0.61 "GET /placement/resource_providers/736bd74c-4292-43c4-abb8-a85f82ee276f/allocations" {{(pid=106353) __call__ /opt/stack/placement/placement/requestlog.py:55}}
Oct 29 01:10:01.914716 n-d-862967-1 devstack@placement-api.service[106353]: INFO placement.requestlog [req-45bb1e07-1ee8-4cd3-9347-5f54ddf09eb7 req-7fead8ca-124b-4749-b605-2bc14e252854 service placement] 10.222.0.61 "GET /placement/resource_providers/736bd74c-4292-43c4-abb8-a85f82ee276f/allocations" status: 200 len: 544 microversion: 1.0
Oct 29 01:10:01.923640 n-d-862967-1 devstack@placement-api.service[106353]: [pid: 106353|app: 0|req: 449/860] 10.222.0.61 () {58 vars in 1390 bytes} [Sat Oct 29 01:10:01 2022] GET /placement/resource_providers/736bd74c-4292-43c4-abb8-a85f82ee276f/allocations => generated 544 bytes in 82 msecs (HTTP/1.1 200) 6 headers in 224 bytes (2 switches on core 0)
Oct 29 01:10:01.931570 n-d-862967-1 devstack@placement-api.service[106353]: DEBUG placement.requestlog [req-45bb1e07-1ee8-4cd3-9347-5f54ddf09eb7 req-42569409-319f-402b-9f6d-9b94d0d40313 None None] Starting request: 10.222.0.61 "GET /placement/allocations/c11322fa-2b6a-44a1-a9cd-7a2095968559" {{(pid=106353) __call__ /opt/stack/placement/placement/requestlog.py:55}}
Oct 29 01:10:01.960700 n-d-862967-1 devstack@placement-api.service[106353]: INFO placement.requestlog [req-45bb1e07-1ee8-4cd3-9347-5f54ddf09eb7 req-42569409-319f-402b-9f6d-9b94d0d40313 service placement] 10.222.0.61 "GET /placement/allocations/c11322fa-2b6a-44a1-a9cd-7a2095968559" status: 200 len: 259 microversion: 1.28
Oct 29 01:10:01.961617 n-d-862967-1 devstack@placement-api.service[106353]: [pid: 106353|app: 0|req: 450/861] 10.222.0.61 () {60 vars in 1377 bytes} [Sat Oct 29 01:10:01 2022] GET /placement/allocations/c11322fa-2b6a-44a1-a9cd-7a2095968559 => generated 259 bytes in 31 msecs (HTTP/1.1 200) 8 headers in 296 bytes (1 switches on core 0)
Oct 29 01:10:01.962933 n-d-862967-1 devstack@placement-api.service[106353]: DEBUG placement.requestlog [req-0fe23841-74e2-495b-a456-2d09b0a09fdb req-5b85410b-a451-43e5-b026-697fc5c6bf4e None None] Starting request: 10.222.0.36 "GET /placement/resource_providers/f17c9779-d3ee-48ae-a781-fd40e2cfdacb/allocations" {{(pid=106353) __call__ /opt/stack/placement/placement/requestlog.py:55}}
Oct 29 01:10:01.979541 n-d-862967-1 devstack@placement-api.service[106353]: DEBUG dbcounter [-] [106353] Writing DB stats placement:SELECT=85,placement:INSERT=7,placement:DELETE=4,placement:UPDATE=4 {{(pid=106353) stat_writer /usr/local/lib/python3.8/dist-packages/dbcounter.py:114}}
Oct 29 01:10:02.002924 n-d-862967-1 devstack@placement-api.service[106352]: DEBUG placement.handlers.allocation [req-113e67aa-a6b5-45f2-8ec0-f67941759a41 req-b4bedf4d-8dff-41fa-b03a-2217157febc8 service placement] Successfully deleted allocations [, , ] {{(pid=106352) delete_allocations /opt/stack/placement/placement/handlers/allocation.py:627}}
Oct 29 01:10:02.003659 n-d-862967-1 devstack@placement-api.service[106352]: INFO placement.requestlog [req-113e67aa-a6b5-45f2-8ec0-f67941759a41 req-b4bedf4d-8dff-41fa-b03a-2217157febc8 service placement] 10.222.0.36 "DELETE /placement/allocations/ff4b2081-8e4d-49d7-bce2-e6ab5abc8520" status: 204 len: 0 microversion: 1.0
Oct 29 01:10:02.004564 n-d-862967-1 devstack@placement-api.service[106352]: [pid: 106352|app: 0|req: 412/862] 10.222.0.36 () {60 vars in 1355 bytes} [Sat Oct 29 01:10:01 2022] DELETE /placement/allocations/ff4b2081-8e4d-49d7-bce2-e6ab5abc8520 => generated 0 bytes in 247 msecs (HTTP/1.1 204) 5 headers in 198 bytes (1 switches on core 0)
Oct 29 01:10:02.005331 n-d-862967-1 devstack@placement-api.service[106352]: DEBUG placement.requestlog [req-45bb1e07-1ee8-4cd3-9347-5f54ddf09eb7 req-b5c957df-8e57-4e24-858d-66d544d8d0ff None None] Starting request: 10.222.0.61 "GET /placement/allocations/52cc9745-89d2-4793-809a-24d4dbc200ca" {{(pid=106352) __call__ /opt/stack/placement/placement/requestlog.py:55}}
Oct 29 01:10:02.044608 n-d-862967-1 devstack@placement-api.service[106353]: INFO placement.requestlog [req-0fe23841-74e2-495b-a456-2d09b0a09fdb req-5b85410b-a451-43e5-b026-697fc5c6bf4e service placement] 10.222.0.36 "GET /placement/resource_providers/f17c9779-d3ee-48ae-a781-fd40e2cfdacb/allocations" status: 200 len: 558 microversion: 1.0
Oct 29 01:10:02.044608 n-d-862967-1 devstack@placement-api.service[106353]: [pid: 106353|app: 0|req: 451/863] 10.222.0.36 () {58 vars in 1390 bytes} [Sat Oct 29 01:10:01 2022] GET /placement/resource_providers/f17c9779-d3ee-48ae-a781-fd40e2cfdacb/allocations => generated 558 bytes in 78 msecs (HTTP/1.1 200) 6 headers in 224 bytes (1 switches on core 0)
Oct 29 01:10:02.048211 n-d-862967-1 devstack@placement-api.service[106353]: DEBUG placement.requestlog [req-0fe23841-74e2-495b-a456-2d09b0a09fdb req-8a40cfde-48ff-4eee-bbfc-ca9d6b6844e6 None None] Starting request: 10.222.0.36 "GET /placement/allocations/150dea61-e222-47af-aff0-4b8899ede1ce" {{(pid=106353) __call__ /opt/stack/placement/placement/requestlog.py:55}}
Oct 29 01:10:02.074464 n-d-862967-1 devstack@placement-api.service[106352]: INFO placement.requestlog [req-45bb1e07-1ee8-4cd3-9347-5f54ddf09eb7 req-b5c957df-8e57-4e24-858d-66d544d8d0ff service placement] 10.222.0.61 "GET /placement/allocations/52cc9745-89d2-4793-809a-24d4dbc200ca" status: 200 len: 245 microversion: 1.28
Oct 29 01:10:02.075811 n-d-862967-1 devstack@placement-api.service[106352]: [pid: 106352|app: 0|req: 413/864] 10.222.0.61 () {60 vars in 1377 bytes} [Sat Oct 29 01:10:02 2022] GET /placement/allocations/52cc9745-89d2-4793-809a-24d4dbc200ca => generated 245 bytes in 70 msecs (HTTP/1.1 200) 8 headers in 296 bytes (1 switches on core 0)
Oct 29 01:10:02.083905 n-d-862967-1 devstack@placement-api.service[106352]: DEBUG placement.requestlog [req-45bb1e07-1ee8-4cd3-9347-5f54ddf09eb7 req-680c9b5f-3d40-47cc-a788-14604091f43c None None] Starting request: 10.222.0.61 "GET /placement/allocations/ec9fc89d-8817-440e-9ec1-a5020f6efd84" {{(pid=106352) __call__ /opt/stack/placement/placement/requestlog.py:55}}
Oct 29 01:10:02.095671 n-d-862967-1 devstack@placement-api.service[106353]: INFO placement.requestlog [req-0fe23841-74e2-495b-a456-2d09b0a09fdb req-8a40cfde-48ff-4eee-bbfc-ca9d6b6844e6 service placement] 10.222.0.36 "GET /placement/allocations/150dea61-e222-47af-aff0-4b8899ede1ce" status: 200 len: 259 microversion: 1.28
Oct 29 01:10:02.096079 n-d-862967-1 devstack@placement-api.service[106353]: [pid: 106353|app: 0|req: 452/865] 10.222.0.36 () {60 vars in 1377 bytes} [Sat Oct 29 01:10:02 2022] GET /placement/allocations/150dea61-e222-47af-aff0-4b8899ede1ce => generated 259 bytes in 48 msecs (HTTP/1.1 200) 8 headers in 296 bytes (2 switches on core 0)
Oct 29 01:10:02.101960 n-d-862967-1 devstack@placement-api.service[106352]: INFO placement.requestlog [req-45bb1e07-1ee8-4cd3-9347-5f54ddf09eb7 req-680c9b5f-3d40-47cc-a788-14604091f43c service placement] 10.222.0.61 "GET /placement/allocations/ec9fc89d-8817-440e-9ec1-a5020f6efd84" status: 200 len: 259 microversion: 1.28
Oct 29 01:10:02.102881 n-d-862967-1 devstack@placement-api.service[106352]: [pid: 106352|app: 0|req: 414/866] 10.222.0.61 () {60 vars in 1377 bytes} [Sat Oct 29 01:10:02 2022] GET /placement/allocations/ec9fc89d-8817-440e-9ec1-a5020f6efd84 => generated 259 bytes in 19 msecs (HTTP/1.1 200) 8 headers in 296 bytes (1 switches on core 0)
Oct 29 01:10:02.105723 n-d-862967-1 devstack@placement-api.service[106353]: DEBUG placement.requestlog [req-0fe23841-74e2-495b-a456-2d09b0a09fdb req-9f57c584-0faa-4d0e-9c64-bd8867ea6294 None None] Starting request: 10.222.0.36 "GET /placement/allocations/ca926af7-5a4f-4fdd-9b2d-d55278c5de84" {{(pid=106353) __call__ /opt/stack/placement/placement/requestlog.py:55}}
Oct 29 01:10:02.110256 n-d-862967-1 devstack@placement-api.service[106352]: DEBUG placement.requestlog [req-45bb1e07-1ee8-4cd3-9347-5f54ddf09eb7 req-396f113d-9529-490e-ba4b-ee0b12880088 None None] Starting request: 10.222.0.61 "GET /placement/allocations/f7a9c1d8-6b94-4bab-aaa2-ddbcd3ec014a" {{(pid=106352) __call__ /opt/stack/placement/placement/requestlog.py:55}}
Oct 29 01:10:02.142968 n-d-862967-1 devstack@placement-api.service[106352]: INFO placement.requestlog [req-45bb1e07-1ee8-4cd3-9347-5f54ddf09eb7 req-396f113d-9529-490e-ba4b-ee0b12880088 service placement] 10.222.0.61 "GET /placement/allocations/f7a9c1d8-6b94-4bab-aaa2-ddbcd3ec014a" status: 200 len: 259 microversion: 1.28
Oct 29 01:10:02.150312 n-d-862967-1 devstack@placement-api.service[106352]: [pid: 106352|app: 0|req: 415/867] 10.222.0.61 () {60 vars in 1377 bytes} [Sat Oct 29 01:10:02 2022] GET /placement/allocations/f7a9c1d8-6b94-4bab-aaa2-ddbcd3ec014a => generated 259 bytes in 37 msecs (HTTP/1.1 200) 8 headers in 296 bytes (1 switches on core 0)
Oct 29 01:10:02.151747 n-d-862967-1 devstack@placement-api.service[106353]: INFO placement.requestlog [req-0fe23841-74e2-495b-a456-2d09b0a09fdb req-9f57c584-0faa-4d0e-9c64-bd8867ea6294 service placement] 10.222.0.36 "GET /placement/allocations/ca926af7-5a4f-4fdd-9b2d-d55278c5de84" status: 200 len: 259 microversion: 1.28
Oct 29 01:10:02.152337 n-d-862967-1 devstack@placement-api.service[106353]: [pid: 106353|app: 0|req: 453/868] 10.222.0.36 () {60 vars in 1377 bytes} [Sat Oct 29 01:10:02 2022] GET /placement/allocations/ca926af7-5a4f-4fdd-9b2d-d55278c5de84 => generated 259 bytes in 48 msecs (HTTP/1.1 200) 8 headers in 296 bytes (1 switches on core 0)
Oct 29 01:10:02.153327 n-d-862967-1 devstack@placement-api.service[106352]: DEBUG placement.requestlog [req-45bb1e07-1ee8-4cd3-9347-5f54ddf09eb7 req-673c5e70-0ffe-42df-a872-c96b0436c14d None None] Starting request: 10.222.0.61 "GET /placement/allocations/06d721c0-8481-4234-9dfe-34ef9e364c08" {{(pid=106352) __call__ /opt/stack/placement/placement/requestlog.py:55}}
Oct 29 01:10:02.160157 n-d-862967-1 devstack@placement-api.service[106353]: DEBUG placement.requestlog [req-0fe23841-74e2-495b-a456-2d09b0a09fdb req-e6509299-1c3a-4fd7-a0e7-775edfc02bb7 None None] Starting request: 10.222.0.36 "GET /placement/allocations/71066411-2e16-48d5-b3e5-81958213dab5" {{(pid=106353) __call__ /opt/stack/placement/placement/requestlog.py:55}}
Oct 29 01:10:02.174735 n-d-862967-1 devstack@placement-api.service[106352]: INFO placement.requestlog [req-45bb1e07-1ee8-4cd3-9347-5f54ddf09eb7 req-673c5e70-0ffe-42df-a872-c96b0436c14d service placement] 10.222.0.61 "GET /placement/allocations/06d721c0-8481-4234-9dfe-34ef9e364c08" status: 200 len: 259 microversion: 1.28
Oct 29 01:10:02.175663 n-d-862967-1 devstack@placement-api.service[106352]: [pid: 106352|app: 0|req: 416/869] 10.222.0.61 () {60 vars in 1377 bytes} [Sat Oct 29 01:10:02 2022] GET /placement/allocations/06d721c0-8481-4234-9dfe-34ef9e364c08 => generated 259 bytes in 22 msecs (HTTP/1.1 200) 8 headers in 296 bytes (1 switches on core 0)
Oct 29 01:10:02.210041 n-d-862967-1 devstack@placement-api.service[106353]: INFO placement.requestlog [req-0fe23841-74e2-495b-a456-2d09b0a09fdb req-e6509299-1c3a-4fd7-a0e7-775edfc02bb7 service placement] 10.222.0.36 "GET /placement/allocations/71066411-2e16-48d5-b3e5-81958213dab5" status: 200 len: 259 microversion: 1.28
Oct 29 01:10:02.211324 n-d-862967-1 devstack@placement-api.service[106353]: [pid: 106353|app: 0|req: 454/870] 10.222.0.36 () {60 vars in 1377 bytes} [Sat Oct 29 01:10:02 2022] GET /placement/allocations/71066411-2e16-48d5-b3e5-81958213dab5 => generated 259 bytes in 52 msecs (HTTP/1.1 200) 8 headers in 296 bytes (1 switches on core 0)
Oct 29 01:10:02.221517 n-d-862967-1 devstack@placement-api.service[106352]: DEBUG placement.requestlog [req-0fe23841-74e2-495b-a456-2d09b0a09fdb req-4b8b4752-14d7-4ec8-a853-70ef2c6d374c None None] Starting request: 10.222.0.36 "GET /placement/allocations/bd2079a3-b226-4d9f-a3d2-af776e9d777d" {{(pid=106352) __call__ /opt/stack/placement/placement/requestlog.py:55}}
Oct 29 01:10:02.241576 n-d-862967-1 devstack@placement-api.service[106352]: INFO placement.requestlog [req-0fe23841-74e2-495b-a456-2d09b0a09fdb req-4b8b4752-14d7-4ec8-a853-70ef2c6d374c service placement] 10.222.0.36 "GET /placement/allocations/bd2079a3-b226-4d9f-a3d2-af776e9d777d" status: 200 len: 259 microversion: 1.28
Oct 29 01:10:02.242760 n-d-862967-1 devstack@placement-api.service[106352]: [pid: 106352|app: 0|req: 417/871] 10.222.0.36 () {60 vars in 1377 bytes} [Sat Oct 29 01:10:02 2022] GET /placement/allocations/bd2079a3-b226-4d9f-a3d2-af776e9d777d => generated 259 bytes in 22 msecs (HTTP/1.1 200) 8 headers in 296 bytes (1 switches on core 0)
Oct 29 01:10:02.251387 n-d-862967-1 devstack@placement-api.service[106353]: DEBUG placement.requestlog [req-0fe23841-74e2-495b-a456-2d09b0a09fdb req-06c50d0b-401c-403e-b491-dc4e23cf6a42 None None] Starting request: 10.222.0.36 "GET /placement/allocations/fdd1f0c0-87dc-436d-a406-91986be153b8" {{(pid=106353) __call__ /opt/stack/placement/placement/requestlog.py:55}}
Oct 29 01:10:02.270012 n-d-862967-1 devstack@placement-api.service[106353]: INFO placement.requestlog [req-0fe23841-74e2-495b-a456-2d09b0a09fdb req-06c50d0b-401c-403e-b491-dc4e23cf6a42 service placement] 10.222.0.36 "GET /placement/allocations/fdd1f0c0-87dc-436d-a406-91986be153b8" status: 200 len: 259 microversion: 1.28
Oct 29 01:10:02.270831 n-d-862967-1 devstack@placement-api.service[106353]: [pid: 106353|app: 0|req: 455/872] 10.222.0.36 () {60 vars in 1377 bytes} [Sat Oct 29 01:10:02 2022] GET /placement/allocations/fdd1f0c0-87dc-436d-a406-91986be153b8 => generated 259 bytes in 20 msecs (HTTP/1.1 200) 8 headers in 296 bytes (1 switches on core 0)
Oct 29 01:10:02.550756 n-d-862967-1 devstack@placement-api.service[106352]: DEBUG placement.requestlog [req-0fe23841-74e2-495b-a456-2d09b0a09fdb req-c90679e8-9e36-445d-ad56-00fa7968743b None None] Starting request: 10.222.0.36 "DELETE /placement/allocations/fdd1f0c0-87dc-436d-a406-91986be153b8" {{(pid=106352) __call__ /opt/stack/placement/placement/requestlog.py:55}}
Oct 29 01:10:02.723725 n-d-862967-1 devstack@placement-api.service[106352]: DEBUG placement.handlers.allocation [req-0fe23841-74e2-495b-a456-2d09b0a09fdb req-c90679e8-9e36-445d-ad56-00fa7968743b service placement] Successfully deleted allocations [, , ] {{(pid=106352) delete_allocations /opt/stack/placement/placement/handlers/allocation.py:627}}
Oct 29 01:10:02.724520 n-d-862967-1 devstack@placement-api.service[106352]: INFO placement.requestlog [req-0fe23841-74e2-495b-a456-2d09b0a09fdb req-c90679e8-9e36-445d-ad56-00fa7968743b service placement] 10.222.0.36 "DELETE /placement/allocations/fdd1f0c0-87dc-436d-a406-91986be153b8" status: 204 len: 0 microversion: 1.0
Oct 29 01:10:02.725680 n-d-862967-1 devstack@placement-api.service[106352]: [pid: 106352|app: 0|req: 418/873] 10.222.0.36 () {60 vars in 1355 bytes} [Sat Oct 29 01:10:02 2022] DELETE /placement/allocations/fdd1f0c0-87dc-436d-a406-91986be153b8 => generated 0 bytes in 175 msecs (HTTP/1.1 204) 5 headers in 198 bytes (1 switches on core 0)
Oct 29 01:10:11.600031 n-d-862967-1 devstack@placement-api.service[106353]: DEBUG placement.requestlog [req-ea9ef2cf-4cb9-4e14-adf4-8b21cc9f6e38 req-b709a28b-118b-4bf2-9821-48cf9001730d None None] Starting request: 10.222.0.55 "GET /placement/allocation_candidates?limit=1000&resources=DISK_GB%3A1%2CMEMORY_MB%3A1024%2CVCPU%3A1&root_required=%21COMPUTE_STATUS_DISABLED" {{(pid=106353) __call__ /opt/stack/placement/placement/requestlog.py:55}}
Oct 29 01:10:11.725072 n-d-862967-1 devstack@placement-api.service[106353]: DEBUG placement.objects.research_context [req-ea9ef2cf-4cb9-4e14-adf4-8b21cc9f6e38 req-b709a28b-118b-4bf2-9821-48cf9001730d service placement] getting providers with 1 DISK_GB {{(pid=106353) __init__ /opt/stack/placement/placement/objects/research_context.py:136}}
Oct 29 01:10:11.744361 n-d-862967-1 devstack@placement-api.service[106353]: DEBUG placement.objects.research_context [req-ea9ef2cf-4cb9-4e14-adf4-8b21cc9f6e38 req-b709a28b-118b-4bf2-9821-48cf9001730d service placement] getting providers with 1024 MEMORY_MB {{(pid=106353) __init__ /opt/stack/placement/placement/objects/research_context.py:136}}
Oct 29 01:10:11.753313 n-d-862967-1 devstack@placement-api.service[106353]: DEBUG placement.objects.research_context [req-ea9ef2cf-4cb9-4e14-adf4-8b21cc9f6e38 req-b709a28b-118b-4bf2-9821-48cf9001730d service placement] getting providers with 1 VCPU {{(pid=106353) __init__ /opt/stack/placement/placement/objects/research_context.py:136}}
Oct 29 01:10:11.776130 n-d-862967-1 devstack@placement-api.service[106353]: DEBUG placement.objects.research_context [req-ea9ef2cf-4cb9-4e14-adf4-8b21cc9f6e38 req-b709a28b-118b-4bf2-9821-48cf9001730d service placement] found 2 providers with available 1 DISK_GB {{(pid=106353) get_provider_ids_matching /opt/stack/placement/placement/objects/research_context.py:563}}
Oct 29 01:10:11.776500 n-d-862967-1 devstack@placement-api.service[106353]: DEBUG placement.objects.research_context [req-ea9ef2cf-4cb9-4e14-adf4-8b21cc9f6e38 req-b709a28b-118b-4bf2-9821-48cf9001730d service placement] found 2 providers with available 1024 MEMORY_MB {{(pid=106353) get_provider_ids_matching /opt/stack/placement/placement/objects/research_context.py:563}}
Oct 29 01:10:11.777609 n-d-862967-1 devstack@placement-api.service[106353]: DEBUG placement.objects.research_context [req-ea9ef2cf-4cb9-4e14-adf4-8b21cc9f6e38 req-b709a28b-118b-4bf2-9821-48cf9001730d service placement] found 2 providers after filtering by previous result {{(pid=106353) get_provider_ids_matching /opt/stack/placement/placement/objects/research_context.py:594}}
Oct 29 01:10:11.777952 n-d-862967-1 devstack@placement-api.service[106353]: DEBUG placement.objects.research_context [req-ea9ef2cf-4cb9-4e14-adf4-8b21cc9f6e38 req-b709a28b-118b-4bf2-9821-48cf9001730d service placement] found 2 providers with available 1 VCPU {{(pid=106353) get_provider_ids_matching /opt/stack/placement/placement/objects/research_context.py:563}}
Oct 29 01:10:11.778288 n-d-862967-1 devstack@placement-api.service[106353]: DEBUG placement.objects.research_context [req-ea9ef2cf-4cb9-4e14-adf4-8b21cc9f6e38 req-b709a28b-118b-4bf2-9821-48cf9001730d service placement] found 2 providers after filtering by previous result {{(pid=106353) get_provider_ids_matching /opt/stack/placement/placement/objects/research_context.py:594}}
Oct 29 01:10:11.819566 n-d-862967-1 devstack@placement-api.service[106353]: DEBUG placement.objects.allocation_candidate [req-ea9ef2cf-4cb9-4e14-adf4-8b21cc9f6e38 req-b709a28b-118b-4bf2-9821-48cf9001730d service placement] RequestGroup(use_same_provider=False, resources={DISK_GB:1, MEMORY_MB:1024, VCPU:1}, traits=(), aggregates=[]) (suffix '') returned 2 matches {{(pid=106353) _get_by_requests /opt/stack/placement/placement/objects/allocation_candidate.py:156}}
Oct 29 01:10:11.824386 n-d-862967-1 devstack@placement-api.service[106353]: DEBUG placement.objects.allocation_candidate [req-ea9ef2cf-4cb9-4e14-adf4-8b21cc9f6e38 req-b709a28b-118b-4bf2-9821-48cf9001730d service placement] Merging candidates yields 2 allocation requests and 2 provider summaries {{(pid=106353) _merge_candidates /opt/stack/placement/placement/objects/allocation_candidate.py:809}}
Oct 29 01:10:11.824386 n-d-862967-1 devstack@placement-api.service[106353]: INFO placement.requestlog [req-ea9ef2cf-4cb9-4e14-adf4-8b21cc9f6e38 req-b709a28b-118b-4bf2-9821-48cf9001730d service placement] 10.222.0.55 "GET /placement/allocation_candidates?limit=1000&resources=DISK_GB%3A1%2CMEMORY_MB%3A1024%2CVCPU%3A1&root_required=%21COMPUTE_STATUS_DISABLED" status: 200 len: 1309 microversion: 1.36
Oct 29 01:10:11.824386 n-d-862967-1 devstack@placement-api.service[106353]: [pid: 106353|app: 0|req: 456/874] 10.222.0.55 () {60 vars in 1506 bytes} [Sat Oct 29 01:10:11 2022] GET /placement/allocation_candidates?limit=1000&resources=DISK_GB%3A1%2CMEMORY_MB%3A1024%2CVCPU%3A1&root_required=%21COMPUTE_STATUS_DISABLED => generated 1309 bytes in 223 msecs (HTTP/1.1 200) 8 headers in 297 bytes (1 switches on core 0)
Oct 29 01:10:11.952712 n-d-862967-1 devstack@placement-api.service[106352]: DEBUG placement.requestlog [req-ea9ef2cf-4cb9-4e14-adf4-8b21cc9f6e38 req-257b5334-65ce-4178-b53a-1c737a57731b None None] Starting request: 10.222.0.55 "GET /placement/allocations/c91b4780-492c-4f03-a1c1-4fc05d45bb36" {{(pid=106352) __call__ /opt/stack/placement/placement/requestlog.py:55}}
Oct 29 01:10:11.991286 n-d-862967-1 devstack@placement-api.service[106352]: INFO placement.requestlog [req-ea9ef2cf-4cb9-4e14-adf4-8b21cc9f6e38 req-257b5334-65ce-4178-b53a-1c737a57731b service placement] 10.222.0.55 "GET /placement/allocations/c91b4780-492c-4f03-a1c1-4fc05d45bb36" status: 200 len: 19 microversion: 1.28
Oct 29 01:10:11.991286 n-d-862967-1 devstack@placement-api.service[106352]: [pid: 106352|app: 0|req: 419/875] 10.222.0.55 () {60 vars in 1380 bytes} [Sat Oct 29 01:10:11 2022] GET /placement/allocations/c91b4780-492c-4f03-a1c1-4fc05d45bb36 => generated 19 bytes in 34 msecs (HTTP/1.1 200) 8 headers in 295 bytes (1 switches on core 0)
Oct 29 01:10:11.996463 n-d-862967-1 devstack@placement-api.service[106353]: DEBUG placement.requestlog [req-ea9ef2cf-4cb9-4e14-adf4-8b21cc9f6e38 req-63b6a419-383e-4300-81aa-94524d89ba01 None None] Starting request: 10.222.0.55 "PUT /placement/allocations/c91b4780-492c-4f03-a1c1-4fc05d45bb36" {{(pid=106353) __call__ /opt/stack/placement/placement/requestlog.py:55}}
Oct 29 01:10:12.454176 n-d-862967-1 devstack@placement-api.service[106353]: DEBUG placement.handlers.allocation [req-ea9ef2cf-4cb9-4e14-adf4-8b21cc9f6e38 req-63b6a419-383e-4300-81aa-94524d89ba01 service placement] Successfully wrote allocations [, , ] {{(pid=106353) _update_consumers_and_create_allocations /opt/stack/placement/placement/handlers/allocation.py:462}}
Oct 29 01:10:12.534920 n-d-862967-1 devstack@placement-api.service[106353]: INFO placement.requestlog [req-ea9ef2cf-4cb9-4e14-adf4-8b21cc9f6e38 req-63b6a419-383e-4300-81aa-94524d89ba01 service placement] 10.222.0.55 "PUT /placement/allocations/c91b4780-492c-4f03-a1c1-4fc05d45bb36" status: 204 len: 0 microversion: 1.36
Oct 29 01:10:12.535448 n-d-862967-1 devstack@placement-api.service[106353]: [pid: 106353|app: 0|req: 457/876] 10.222.0.55 () {64 vars in 1433 bytes} [Sat Oct 29 01:10:11 2022] PUT /placement/allocations/c91b4780-492c-4f03-a1c1-4fc05d45bb36 => generated 0 bytes in 539 msecs (HTTP/1.1 204) 5 headers in 199 bytes (1 switches on core 0)
Oct 29 01:10:13.803929 n-d-862967-1 devstack@placement-api.service[106352]: DEBUG placement.requestlog [req-ea9ef2cf-4cb9-4e14-adf4-8b21cc9f6e38 req-211848ff-08ca-4274-9ebb-088987d182d4 None None] Starting request: 10.222.0.36 "GET /placement/allocations/c91b4780-492c-4f03-a1c1-4fc05d45bb36" {{(pid=106352) __call__ /opt/stack/placement/placement/requestlog.py:55}}
Oct 29 01:10:13.837852 n-d-862967-1 devstack@placement-api.service[106352]: INFO placement.requestlog [req-ea9ef2cf-4cb9-4e14-adf4-8b21cc9f6e38 req-211848ff-08ca-4274-9ebb-088987d182d4 service placement] 10.222.0.36 "GET /placement/allocations/c91b4780-492c-4f03-a1c1-4fc05d45bb36" status: 200 len: 259 microversion: 1.28
Oct 29 01:10:13.859115 n-d-862967-1 devstack@placement-api.service[106352]: [pid: 106352|app: 0|req: 420/877] 10.222.0.36 () {60 vars in 1377 bytes} [Sat Oct 29 01:10:13 2022] GET /placement/allocations/c91b4780-492c-4f03-a1c1-4fc05d45bb36 => generated 259 bytes in 55 msecs (HTTP/1.1 200) 8 headers in 296 bytes (1 switches on core 0)
Oct 29 01:10:14.262780 n-d-862967-1 devstack@placement-api.service[106353]: DEBUG placement.requestlog [req-ea9ef2cf-4cb9-4e14-adf4-8b21cc9f6e38 req-222e4a2b-02df-4b75-9d8e-bfb67af28572 None None] Starting request: 10.222.0.36 "GET /placement/resource_providers/f17c9779-d3ee-48ae-a781-fd40e2cfdacb/allocations" {{(pid=106353) __call__ /opt/stack/placement/placement/requestlog.py:55}}
Oct 29 01:10:14.318816 n-d-862967-1 devstack@placement-api.service[106353]: INFO placement.requestlog [req-ea9ef2cf-4cb9-4e14-adf4-8b21cc9f6e38 req-222e4a2b-02df-4b75-9d8e-bfb67af28572 service placement] 10.222.0.36 "GET /placement/resource_providers/f17c9779-d3ee-48ae-a781-fd40e2cfdacb/allocations" status: 200 len: 558 microversion: 1.0
Oct 29 01:10:14.321190 n-d-862967-1 devstack@placement-api.service[106353]: [pid: 106353|app: 0|req: 458/878] 10.222.0.36 () {58 vars in 1390 bytes} [Sat Oct 29 01:10:14 2022] GET /placement/resource_providers/f17c9779-d3ee-48ae-a781-fd40e2cfdacb/allocations => generated 558 bytes in 59 msecs (HTTP/1.1 200) 6 headers in 224 bytes (1 switches on core 0)
Oct 29 01:10:14.329169 n-d-862967-1 devstack@placement-api.service[106352]: DEBUG placement.requestlog [req-ea9ef2cf-4cb9-4e14-adf4-8b21cc9f6e38 req-39f2c415-d9ae-466a-a7bb-f067e37df1b1 None None] Starting request: 10.222.0.36 "GET /placement/allocations/150dea61-e222-47af-aff0-4b8899ede1ce" {{(pid=106352) __call__ /opt/stack/placement/placement/requestlog.py:55}}
Oct 29 01:10:14.377372 n-d-862967-1 devstack@placement-api.service[106352]: INFO placement.requestlog [req-ea9ef2cf-4cb9-4e14-adf4-8b21cc9f6e38 req-39f2c415-d9ae-466a-a7bb-f067e37df1b1 service placement] 10.222.0.36 "GET /placement/allocations/150dea61-e222-47af-aff0-4b8899ede1ce" status: 200 len: 259 microversion: 1.28
Oct 29 01:10:14.381793 n-d-862967-1 devstack@placement-api.service[106352]: [pid: 106352|app: 0|req: 421/879] 10.222.0.36 () {60 vars in 1377 bytes} [Sat Oct 29 01:10:14 2022] GET /placement/allocations/150dea61-e222-47af-aff0-4b8899ede1ce => generated 259 bytes in 53 msecs (HTTP/1.1 200) 8 headers in 296 bytes (1 switches on core 0)
Oct 29 01:10:14.387663 n-d-862967-1 devstack@placement-api.service[106353]: DEBUG placement.requestlog [req-ea9ef2cf-4cb9-4e14-adf4-8b21cc9f6e38 req-f68f7ff6-7095-4f35-8410-41812e5f4b4a None None] Starting request: 10.222.0.36 "GET /placement/allocations/ca926af7-5a4f-4fdd-9b2d-d55278c5de84" {{(pid=106353) __call__ /opt/stack/placement/placement/requestlog.py:55}}
Oct 29 01:10:14.425380 n-d-862967-1 devstack@placement-api.service[106353]: INFO placement.requestlog [req-ea9ef2cf-4cb9-4e14-adf4-8b21cc9f6e38 req-f68f7ff6-7095-4f35-8410-41812e5f4b4a service placement] 10.222.0.36 "GET /placement/allocations/ca926af7-5a4f-4fdd-9b2d-d55278c5de84" status: 200 len: 259 microversion: 1.28
Oct 29 01:10:14.425989 n-d-862967-1 devstack@placement-api.service[106353]: [pid: 106353|app: 0|req: 459/880] 10.222.0.36 () {60 vars in 1377 bytes} [Sat Oct 29 01:10:14 2022] GET /placement/allocations/ca926af7-5a4f-4fdd-9b2d-d55278c5de84 => generated 259 bytes in 38 msecs (HTTP/1.1 200) 8 headers in 296 bytes (1 switches on core 0)
Oct 29 01:10:14.430192 n-d-862967-1 devstack@placement-api.service[106352]: DEBUG placement.requestlog [req-ea9ef2cf-4cb9-4e14-adf4-8b21cc9f6e38 req-f4e2af91-32c6-439d-ba3d-2736f6bee0b8 None None] Starting request: 10.222.0.36 "GET /placement/allocations/71066411-2e16-48d5-b3e5-81958213dab5" {{(pid=106352) __call__ /opt/stack/placement/placement/requestlog.py:55}}
Oct 29 01:10:14.474222 n-d-862967-1 devstack@placement-api.service[106352]: INFO placement.requestlog [req-ea9ef2cf-4cb9-4e14-adf4-8b21cc9f6e38 req-f4e2af91-32c6-439d-ba3d-2736f6bee0b8 service placement] 10.222.0.36 "GET /placement/allocations/71066411-2e16-48d5-b3e5-81958213dab5" status: 200 len: 259 microversion: 1.28
Oct 29 01:10:14.477644 n-d-862967-1 devstack@placement-api.service[106352]: [pid: 106352|app: 0|req: 422/881] 10.222.0.36 () {60 vars in 1377 bytes} [Sat Oct 29 01:10:14 2022] GET /placement/allocations/71066411-2e16-48d5-b3e5-81958213dab5 => generated 259 bytes in 48 msecs (HTTP/1.1 200) 8 headers in 296 bytes (1 switches on core 0)
Oct 29 01:10:14.482136 n-d-862967-1 devstack@placement-api.service[106353]: DEBUG placement.requestlog [req-ea9ef2cf-4cb9-4e14-adf4-8b21cc9f6e38 req-d149f9e5-f9e1-4ff2-9af1-0da3e0aaa7a0 None None] Starting request: 10.222.0.36 "GET /placement/allocations/c91b4780-492c-4f03-a1c1-4fc05d45bb36" {{(pid=106353) __call__ /opt/stack/placement/placement/requestlog.py:55}}
Oct 29 01:10:14.508086 n-d-862967-1 devstack@placement-api.service[106353]: INFO placement.requestlog [req-ea9ef2cf-4cb9-4e14-adf4-8b21cc9f6e38 req-d149f9e5-f9e1-4ff2-9af1-0da3e0aaa7a0 service placement] 10.222.0.36 "GET /placement/allocations/c91b4780-492c-4f03-a1c1-4fc05d45bb36" status: 200 len: 259 microversion: 1.28
Oct 29 01:10:14.509045 n-d-862967-1 devstack@placement-api.service[106353]: [pid: 106353|app: 0|req: 460/882] 10.222.0.36 () {60 vars in 1377 bytes} [Sat Oct 29 01:10:14 2022] GET /placement/allocations/c91b4780-492c-4f03-a1c1-4fc05d45bb36 => generated 259 bytes in 27 msecs (HTTP/1.1 200) 8 headers in 296 bytes (1 switches on core 0)
Oct 29 01:10:14.517823 n-d-862967-1 devstack@placement-api.service[106352]: DEBUG placement.requestlog [req-ea9ef2cf-4cb9-4e14-adf4-8b21cc9f6e38 req-f4091589-12b7-4e8f-bdfe-7fe1b151878c None None] Starting request: 10.222.0.36 "GET /placement/allocations/bd2079a3-b226-4d9f-a3d2-af776e9d777d" {{(pid=106352) __call__ /opt/stack/placement/placement/requestlog.py:55}}
Oct 29 01:10:14.541621 n-d-862967-1 devstack@placement-api.service[106352]: INFO placement.requestlog [req-ea9ef2cf-4cb9-4e14-adf4-8b21cc9f6e38 req-f4091589-12b7-4e8f-bdfe-7fe1b151878c service placement] 10.222.0.36 "GET /placement/allocations/bd2079a3-b226-4d9f-a3d2-af776e9d777d" status: 200 len: 259 microversion: 1.28
Oct 29 01:10:14.545945 n-d-862967-1 devstack@placement-api.service[106352]: [pid: 106352|app: 0|req: 423/883] 10.222.0.36 () {60 vars in 1377 bytes} [Sat Oct 29 01:10:14 2022] GET /placement/allocations/bd2079a3-b226-4d9f-a3d2-af776e9d777d => generated 259 bytes in 28 msecs (HTTP/1.1 200) 8 headers in 296 bytes (1 switches on core 0)
Oct 29 01:10:14.606674 n-d-862967-1 devstack@placement-api.service[106353]: DEBUG placement.requestlog [req-55eb82c3-a0c6-4508-a45a-f9e7efe52868 req-a9a2589e-3548-4d08-851a-cf62904f2fa5 None None] Starting request: 10.222.0.55 "GET /placement/allocation_candidates?limit=1000&resources=DISK_GB%3A1%2CMEMORY_MB%3A1024%2CVCPU%3A1&root_required=%21COMPUTE_STATUS_DISABLED" {{(pid=106353) __call__ /opt/stack/placement/placement/requestlog.py:55}}
Oct 29 01:10:14.706269 n-d-862967-1 devstack@placement-api.service[106353]: DEBUG placement.objects.research_context [req-55eb82c3-a0c6-4508-a45a-f9e7efe52868 req-a9a2589e-3548-4d08-851a-cf62904f2fa5 service placement] getting providers with 1 DISK_GB {{(pid=106353) __init__ /opt/stack/placement/placement/objects/research_context.py:136}}
Oct 29 01:10:14.721681 n-d-862967-1 devstack@placement-api.service[106353]: DEBUG placement.objects.research_context [req-55eb82c3-a0c6-4508-a45a-f9e7efe52868 req-a9a2589e-3548-4d08-851a-cf62904f2fa5 service placement] getting providers with 1024 MEMORY_MB {{(pid=106353) __init__ /opt/stack/placement/placement/objects/research_context.py:136}}
Oct 29 01:10:14.729657 n-d-862967-1 devstack@placement-api.service[106353]: DEBUG placement.objects.research_context [req-55eb82c3-a0c6-4508-a45a-f9e7efe52868 req-a9a2589e-3548-4d08-851a-cf62904f2fa5 service placement] getting providers with 1 VCPU {{(pid=106353) __init__ /opt/stack/placement/placement/objects/research_context.py:136}}
Oct 29 01:10:14.740488 n-d-862967-1 devstack@placement-api.service[106353]: DEBUG placement.objects.research_context [req-55eb82c3-a0c6-4508-a45a-f9e7efe52868 req-a9a2589e-3548-4d08-851a-cf62904f2fa5 service placement] found 2 providers with available 1 DISK_GB {{(pid=106353) get_provider_ids_matching /opt/stack/placement/placement/objects/research_context.py:563}}
Oct 29 01:10:14.741085 n-d-862967-1 devstack@placement-api.service[106353]: DEBUG placement.objects.research_context [req-55eb82c3-a0c6-4508-a45a-f9e7efe52868 req-a9a2589e-3548-4d08-851a-cf62904f2fa5 service placement] found 2 providers with available 1024 MEMORY_MB {{(pid=106353) get_provider_ids_matching /opt/stack/placement/placement/objects/research_context.py:563}}
Oct 29 01:10:14.742091 n-d-862967-1 devstack@placement-api.service[106353]: DEBUG placement.objects.research_context [req-55eb82c3-a0c6-4508-a45a-f9e7efe52868 req-a9a2589e-3548-4d08-851a-cf62904f2fa5 service placement] found 2 providers after filtering by previous result {{(pid=106353) get_provider_ids_matching /opt/stack/placement/placement/objects/research_context.py:594}}
Oct 29 01:10:14.742520 n-d-862967-1 devstack@placement-api.service[106353]: DEBUG placement.objects.research_context [req-55eb82c3-a0c6-4508-a45a-f9e7efe52868 req-a9a2589e-3548-4d08-851a-cf62904f2fa5 service placement] found 2 providers with available 1 VCPU {{(pid=106353) get_provider_ids_matching /opt/stack/placement/placement/objects/research_context.py:563}}
Oct 29 01:10:14.742940 n-d-862967-1 devstack@placement-api.service[106353]: DEBUG placement.objects.research_context [req-55eb82c3-a0c6-4508-a45a-f9e7efe52868 req-a9a2589e-3548-4d08-851a-cf62904f2fa5 service placement] found 2 providers after filtering by previous result {{(pid=106353) get_provider_ids_matching /opt/stack/placement/placement/objects/research_context.py:594}}
Oct 29 01:10:14.759780 n-d-862967-1 devstack@placement-api.service[106353]: DEBUG placement.objects.allocation_candidate [req-55eb82c3-a0c6-4508-a45a-f9e7efe52868 req-a9a2589e-3548-4d08-851a-cf62904f2fa5 service placement] RequestGroup(use_same_provider=False, resources={DISK_GB:1, MEMORY_MB:1024, VCPU:1}, traits=(), aggregates=[]) (suffix '') returned 2 matches {{(pid=106353) _get_by_requests /opt/stack/placement/placement/objects/allocation_candidate.py:156}}
Oct 29 01:10:14.760329 n-d-862967-1 devstack@placement-api.service[106353]: DEBUG placement.objects.allocation_candidate [req-55eb82c3-a0c6-4508-a45a-f9e7efe52868 req-a9a2589e-3548-4d08-851a-cf62904f2fa5 service placement] Merging candidates yields 2 allocation requests and 2 provider summaries {{(pid=106353) _merge_candidates /opt/stack/placement/placement/objects/allocation_candidate.py:809}}
Oct 29 01:10:14.762091 n-d-862967-1 devstack@placement-api.service[106353]: INFO placement.requestlog [req-55eb82c3-a0c6-4508-a45a-f9e7efe52868 req-a9a2589e-3548-4d08-851a-cf62904f2fa5 service placement] 10.222.0.55 "GET /placement/allocation_candidates?limit=1000&resources=DISK_GB%3A1%2CMEMORY_MB%3A1024%2CVCPU%3A1&root_required=%21COMPUTE_STATUS_DISABLED" status: 200 len: 1309 microversion: 1.36
Oct 29 01:10:14.778999 n-d-862967-1 devstack@placement-api.service[106353]: [pid: 106353|app: 0|req: 461/884] 10.222.0.55 () {60 vars in 1506 bytes} [Sat Oct 29 01:10:14 2022] GET /placement/allocation_candidates?limit=1000&resources=DISK_GB%3A1%2CMEMORY_MB%3A1024%2CVCPU%3A1&root_required=%21COMPUTE_STATUS_DISABLED => generated 1309 bytes in 167 msecs (HTTP/1.1 200) 8 headers in 297 bytes (1 switches on core 0)
Oct 29 01:10:14.901209 n-d-862967-1 devstack@placement-api.service[106352]: DEBUG placement.requestlog [req-55eb82c3-a0c6-4508-a45a-f9e7efe52868 req-e3e6763c-9441-445e-a30c-35d4948acf8b None None] Starting request: 10.222.0.55 "GET /placement/allocations/281f2413-49bb-4fa9-ad34-c2b0a0d9ce78" {{(pid=106352) __call__ /opt/stack/placement/placement/requestlog.py:55}}
Oct 29 01:10:14.916347 n-d-862967-1 devstack@placement-api.service[106352]: INFO placement.requestlog [req-55eb82c3-a0c6-4508-a45a-f9e7efe52868 req-e3e6763c-9441-445e-a30c-35d4948acf8b service placement] 10.222.0.55 "GET /placement/allocations/281f2413-49bb-4fa9-ad34-c2b0a0d9ce78" status: 200 len: 19 microversion: 1.28
Oct 29 01:10:14.922829 n-d-862967-1 devstack@placement-api.service[106352]: [pid: 106352|app: 0|req: 424/885] 10.222.0.55 () {60 vars in 1380 bytes} [Sat Oct 29 01:10:14 2022] GET /placement/allocations/281f2413-49bb-4fa9-ad34-c2b0a0d9ce78 => generated 19 bytes in 22 msecs (HTTP/1.1 200) 8 headers in 295 bytes (1 switches on core 0)
Oct 29 01:10:14.925260 n-d-862967-1 devstack@placement-api.service[106353]: DEBUG placement.requestlog [req-55eb82c3-a0c6-4508-a45a-f9e7efe52868 req-301704b1-7cd8-455c-83a0-445a7138994a None None] Starting request: 10.222.0.55 "PUT /placement/allocations/281f2413-49bb-4fa9-ad34-c2b0a0d9ce78" {{(pid=106353) __call__ /opt/stack/placement/placement/requestlog.py:55}}
Oct 29 01:10:15.073897 n-d-862967-1 devstack@placement-api.service[106353]: DEBUG dbcounter [-] [106353] Writing DB stats placement:SELECT=86,placement:INSERT=9,placement:DELETE=3,placement:UPDATE=2 {{(pid=106353) stat_writer /usr/local/lib/python3.8/dist-packages/dbcounter.py:114}}
