Oct 29 02:52:26.521514 n-d-862964-4 devstack@placement-api.service[112517]: INFO placement.requestlog [req-4db96d29-3e4c-4c5e-b26d-c412da5c978b req-13f8c0f5-6d52-4838-a2cc-8d5f7c218af6 service placement] 10.222.0.50 "GET /placement/resource_providers/f3c284c6-58c0-4824-b865-1dd078ec00c6/allocations" status: 200 len: 659 microversion: 1.0
Oct 29 02:52:26.527516 n-d-862964-4 devstack@placement-api.service[112517]: [pid: 112517|app: 0|req: 601/1191] 10.222.0.50 () {58 vars in 1390 bytes} [Sat Oct 29 02:52:26 2022] GET /placement/resource_providers/f3c284c6-58c0-4824-b865-1dd078ec00c6/allocations => generated 659 bytes in 108 msecs (HTTP/1.1 200) 6 headers in 224 bytes (1 switches on core 0)
Oct 29 02:52:26.535842 n-d-862964-4 devstack@placement-api.service[112518]: DEBUG placement.requestlog [req-4db96d29-3e4c-4c5e-b26d-c412da5c978b req-475af085-e101-4a6a-94fd-31923bdbd327 None None] Starting request: 10.222.0.50 "GET /placement/allocations/236d6444-122e-4926-b00b-2fd646ed9715" {{(pid=112518) __call__ /opt/stack/placement/placement/requestlog.py:55}}
Oct 29 02:52:26.579110 n-d-862964-4 devstack@placement-api.service[112518]: INFO placement.requestlog [req-4db96d29-3e4c-4c5e-b26d-c412da5c978b req-475af085-e101-4a6a-94fd-31923bdbd327 service placement] 10.222.0.50 "GET /placement/allocations/236d6444-122e-4926-b00b-2fd646ed9715" status: 200 len: 259 microversion: 1.28
Oct 29 02:52:26.582379 n-d-862964-4 devstack@placement-api.service[112518]: [pid: 112518|app: 0|req: 591/1192] 10.222.0.50 () {60 vars in 1377 bytes} [Sat Oct 29 02:52:26 2022] GET /placement/allocations/236d6444-122e-4926-b00b-2fd646ed9715 => generated 259 bytes in 47 msecs (HTTP/1.1 200) 8 headers in 296 bytes (1 switches on core 0)
Oct 29 02:52:26.591794 n-d-862964-4 devstack@placement-api.service[112517]: DEBUG placement.requestlog [req-4db96d29-3e4c-4c5e-b26d-c412da5c978b req-97b5073b-1f88-4b46-a8cc-29838d512c98 None None] Starting request: 10.222.0.50 "GET /placement/allocations/981cdc70-e4e6-4431-a243-068d39d4160d" {{(pid=112517) __call__ /opt/stack/placement/placement/requestlog.py:55}}
Oct 29 02:52:26.629163 n-d-862964-4 devstack@placement-api.service[112517]: INFO placement.requestlog [req-4db96d29-3e4c-4c5e-b26d-c412da5c978b req-97b5073b-1f88-4b46-a8cc-29838d512c98 service placement] 10.222.0.50 "GET /placement/allocations/981cdc70-e4e6-4431-a243-068d39d4160d" status: 200 len: 259 microversion: 1.28
Oct 29 02:52:26.630997 n-d-862964-4 devstack@placement-api.service[112517]: [pid: 112517|app: 0|req: 602/1193] 10.222.0.50 () {60 vars in 1377 bytes} [Sat Oct 29 02:52:26 2022] GET /placement/allocations/981cdc70-e4e6-4431-a243-068d39d4160d => generated 259 bytes in 39 msecs (HTTP/1.1 200) 8 headers in 296 bytes (1 switches on core 0)
Oct 29 02:52:26.640527 n-d-862964-4 devstack@placement-api.service[112518]: DEBUG placement.requestlog [req-4db96d29-3e4c-4c5e-b26d-c412da5c978b req-796d9831-f5a2-4438-9b90-52a9cbb79824 None None] Starting request: 10.222.0.50 "GET /placement/allocations/0a0f8e1f-659c-4e3d-be95-88c47843a291" {{(pid=112518) __call__ /opt/stack/placement/placement/requestlog.py:55}}
Oct 29 02:52:26.713278 n-d-862964-4 devstack@placement-api.service[112518]: INFO placement.requestlog [req-4db96d29-3e4c-4c5e-b26d-c412da5c978b req-796d9831-f5a2-4438-9b90-52a9cbb79824 service placement] 10.222.0.50 "GET /placement/allocations/0a0f8e1f-659c-4e3d-be95-88c47843a291" status: 200 len: 259 microversion: 1.28
Oct 29 02:52:26.715398 n-d-862964-4 devstack@placement-api.service[112518]: [pid: 112518|app: 0|req: 592/1194] 10.222.0.50 () {60 vars in 1377 bytes} [Sat Oct 29 02:52:26 2022] GET /placement/allocations/0a0f8e1f-659c-4e3d-be95-88c47843a291 => generated 259 bytes in 75 msecs (HTTP/1.1 200) 8 headers in 296 bytes (1 switches on core 0)
Oct 29 02:52:26.738008 n-d-862964-4 devstack@placement-api.service[112517]: DEBUG placement.requestlog [req-4db96d29-3e4c-4c5e-b26d-c412da5c978b req-10f1231c-ccb3-44a9-9d12-9cf877dfebaf None None] Starting request: 10.222.0.50 "GET /placement/allocations/86ce5a89-9c05-4459-9e6f-a94249149f0e" {{(pid=112517) __call__ /opt/stack/placement/placement/requestlog.py:55}}
Oct 29 02:52:26.785067 n-d-862964-4 devstack@placement-api.service[112517]: INFO placement.requestlog [req-4db96d29-3e4c-4c5e-b26d-c412da5c978b req-10f1231c-ccb3-44a9-9d12-9cf877dfebaf service placement] 10.222.0.50 "GET /placement/allocations/86ce5a89-9c05-4459-9e6f-a94249149f0e" status: 200 len: 259 microversion: 1.28
Oct 29 02:52:26.786223 n-d-862964-4 devstack@placement-api.service[112517]: [pid: 112517|app: 0|req: 603/1195] 10.222.0.50 () {60 vars in 1377 bytes} [Sat Oct 29 02:52:26 2022] GET /placement/allocations/86ce5a89-9c05-4459-9e6f-a94249149f0e => generated 259 bytes in 60 msecs (HTTP/1.1 200) 8 headers in 296 bytes (1 switches on core 0)
Oct 29 02:52:26.797366 n-d-862964-4 devstack@placement-api.service[112518]: DEBUG placement.requestlog [req-4db96d29-3e4c-4c5e-b26d-c412da5c978b req-4f5026ae-3f20-47b4-b361-a7fd4017cc4c None None] Starting request: 10.222.0.50 "GET /placement/allocations/a424f7eb-ba88-43b6-8d1b-7e9dd5e6425c" {{(pid=112518) __call__ /opt/stack/placement/placement/requestlog.py:55}}
Oct 29 02:52:26.880830 n-d-862964-4 devstack@placement-api.service[112518]: INFO placement.requestlog [req-4db96d29-3e4c-4c5e-b26d-c412da5c978b req-4f5026ae-3f20-47b4-b361-a7fd4017cc4c service placement] 10.222.0.50 "GET /placement/allocations/a424f7eb-ba88-43b6-8d1b-7e9dd5e6425c" status: 200 len: 259 microversion: 1.28
Oct 29 02:52:26.886417 n-d-862964-4 devstack@placement-api.service[112518]: [pid: 112518|app: 0|req: 593/1196] 10.222.0.50 () {60 vars in 1377 bytes} [Sat Oct 29 02:52:26 2022] GET /placement/allocations/a424f7eb-ba88-43b6-8d1b-7e9dd5e6425c => generated 259 bytes in 87 msecs (HTTP/1.1 200) 8 headers in 296 bytes (1 switches on core 0)
Oct 29 02:52:26.892404 n-d-862964-4 devstack@placement-api.service[112517]: DEBUG placement.requestlog [req-4db96d29-3e4c-4c5e-b26d-c412da5c978b req-444c9f3b-7312-4cec-b889-220a7f1621a3 None None] Starting request: 10.222.0.50 "GET /placement/allocations/bce4caa1-3b78-4bcf-98e4-b4d9da71dfee" {{(pid=112517) __call__ /opt/stack/placement/placement/requestlog.py:55}}
Oct 29 02:52:26.945857 n-d-862964-4 devstack@placement-api.service[112517]: INFO placement.requestlog [req-4db96d29-3e4c-4c5e-b26d-c412da5c978b req-444c9f3b-7312-4cec-b889-220a7f1621a3 service placement] 10.222.0.50 "GET /placement/allocations/bce4caa1-3b78-4bcf-98e4-b4d9da71dfee" status: 200 len: 259 microversion: 1.28
Oct 29 02:52:26.950519 n-d-862964-4 devstack@placement-api.service[112517]: [pid: 112517|app: 0|req: 604/1197] 10.222.0.50 () {60 vars in 1377 bytes} [Sat Oct 29 02:52:26 2022] GET /placement/allocations/bce4caa1-3b78-4bcf-98e4-b4d9da71dfee => generated 259 bytes in 58 msecs (HTTP/1.1 200) 8 headers in 296 bytes (1 switches on core 0)
Oct 29 02:52:29.099930 n-d-862964-4 devstack@placement-api.service[112518]: DEBUG placement.requestlog [req-25087e3e-c433-4e4f-ac28-328f62e30d76 req-305a25d3-bb3b-4f17-a347-bec9dbc4f05a None None] Starting request: 10.222.0.18 "GET /placement/resource_providers/870b9f13-9bd0-41c3-94f8-98c3825a8c68/allocations" {{(pid=112518) __call__ /opt/stack/placement/placement/requestlog.py:55}}
Oct 29 02:52:29.141945 n-d-862964-4 devstack@placement-api.service[112518]: DEBUG dbcounter [-] [112518] Writing DB stats placement:SELECT=98,placement:DELETE=2 {{(pid=112518) stat_writer /usr/local/lib/python3.8/dist-packages/dbcounter.py:114}}
Oct 29 02:52:29.208995 n-d-862964-4 devstack@placement-api.service[112518]: INFO placement.requestlog [req-25087e3e-c433-4e4f-ac28-328f62e30d76 req-305a25d3-bb3b-4f17-a347-bec9dbc4f05a service placement] 10.222.0.18 "GET /placement/resource_providers/870b9f13-9bd0-41c3-94f8-98c3825a8c68/allocations" status: 200 len: 759 microversion: 1.0
Oct 29 02:52:29.210597 n-d-862964-4 devstack@placement-api.service[112518]: [pid: 112518|app: 0|req: 594/1198] 10.222.0.18 () {58 vars in 1390 bytes} [Sat Oct 29 02:52:29 2022] GET /placement/resource_providers/870b9f13-9bd0-41c3-94f8-98c3825a8c68/allocations => generated 759 bytes in 111 msecs (HTTP/1.1 200) 6 headers in 224 bytes (1 switches on core 0)
Oct 29 02:52:29.326548 n-d-862964-4 devstack@placement-api.service[112517]: DEBUG placement.requestlog [req-f15fa971-8ab9-458d-b775-047fec2448e9 req-6eecf4da-cc03-40b4-b893-376043990402 None None] Starting request: 10.222.0.50 "GET /placement/resource_providers/f3c284c6-58c0-4824-b865-1dd078ec00c6/allocations" {{(pid=112517) __call__ /opt/stack/placement/placement/requestlog.py:55}}
Oct 29 02:52:29.358908 n-d-862964-4 devstack@placement-api.service[112518]: DEBUG placement.requestlog [req-25087e3e-c433-4e4f-ac28-328f62e30d76 req-890f6431-5d9c-4521-aefa-e674d11f6bfa None None] Starting request: 10.222.0.18 "GET /placement/resource_providers/870b9f13-9bd0-41c3-94f8-98c3825a8c68/allocations" {{(pid=112518) __call__ /opt/stack/placement/placement/requestlog.py:55}}
Oct 29 02:52:29.376696 n-d-862964-4 devstack@placement-api.service[112517]: INFO placement.requestlog [req-f15fa971-8ab9-458d-b775-047fec2448e9 req-6eecf4da-cc03-40b4-b893-376043990402 service placement] 10.222.0.50 "GET /placement/resource_providers/f3c284c6-58c0-4824-b865-1dd078ec00c6/allocations" status: 200 len: 659 microversion: 1.0
Oct 29 02:52:29.378512 n-d-862964-4 devstack@placement-api.service[112517]: [pid: 112517|app: 0|req: 605/1199] 10.222.0.50 () {58 vars in 1390 bytes} [Sat Oct 29 02:52:29 2022] GET /placement/resource_providers/f3c284c6-58c0-4824-b865-1dd078ec00c6/allocations => generated 659 bytes in 52 msecs (HTTP/1.1 200) 6 headers in 224 bytes (1 switches on core 0)
Oct 29 02:52:29.409401 n-d-862964-4 devstack@placement-api.service[112517]: DEBUG placement.requestlog [req-f15fa971-8ab9-458d-b775-047fec2448e9 req-eb0d1c30-3f67-4a2e-9216-dd92f5d7b97e None None] Starting request: 10.222.0.50 "GET /placement/allocations/236d6444-122e-4926-b00b-2fd646ed9715" {{(pid=112517) __call__ /opt/stack/placement/placement/requestlog.py:55}}
Oct 29 02:52:29.410109 n-d-862964-4 devstack@placement-api.service[112518]: INFO placement.requestlog [req-25087e3e-c433-4e4f-ac28-328f62e30d76 req-890f6431-5d9c-4521-aefa-e674d11f6bfa service placement] 10.222.0.18 "GET /placement/resource_providers/870b9f13-9bd0-41c3-94f8-98c3825a8c68/allocations" status: 200 len: 759 microversion: 1.0
Oct 29 02:52:29.411120 n-d-862964-4 devstack@placement-api.service[112518]: [pid: 112518|app: 0|req: 595/1200] 10.222.0.18 () {58 vars in 1390 bytes} [Sat Oct 29 02:52:29 2022] GET /placement/resource_providers/870b9f13-9bd0-41c3-94f8-98c3825a8c68/allocations => generated 759 bytes in 52 msecs (HTTP/1.1 200) 6 headers in 224 bytes (1 switches on core 0)
Oct 29 02:52:29.418907 n-d-862964-4 devstack@placement-api.service[112518]: DEBUG placement.requestlog [req-25087e3e-c433-4e4f-ac28-328f62e30d76 req-b321896c-0a51-4cdc-ae38-38f2c479fc74 None None] Starting request: 10.222.0.18 "GET /placement/allocations/e22e9e45-c266-455e-8aff-da1aed5519ab" {{(pid=112518) __call__ /opt/stack/placement/placement/requestlog.py:55}}
Oct 29 02:52:29.420595 n-d-862964-4 devstack@placement-api.service[112517]: DEBUG dbcounter [-] [112517] Writing DB stats placement:SELECT=94,placement:DELETE=4,placement:UPDATE=2 {{(pid=112517) stat_writer /usr/local/lib/python3.8/dist-packages/dbcounter.py:114}}
Oct 29 02:52:29.445977 n-d-862964-4 devstack@placement-api.service[112518]: INFO placement.requestlog [req-25087e3e-c433-4e4f-ac28-328f62e30d76 req-b321896c-0a51-4cdc-ae38-38f2c479fc74 service placement] 10.222.0.18 "GET /placement/allocations/e22e9e45-c266-455e-8aff-da1aed5519ab" status: 200 len: 259 microversion: 1.28
Oct 29 02:52:29.448360 n-d-862964-4 devstack@placement-api.service[112518]: [pid: 112518|app: 0|req: 596/1201] 10.222.0.18 () {60 vars in 1377 bytes} [Sat Oct 29 02:52:29 2022] GET /placement/allocations/e22e9e45-c266-455e-8aff-da1aed5519ab => generated 259 bytes in 30 msecs (HTTP/1.1 200) 8 headers in 296 bytes (1 switches on core 0)
Oct 29 02:52:29.451383 n-d-862964-4 devstack@placement-api.service[112517]: INFO placement.requestlog [req-f15fa971-8ab9-458d-b775-047fec2448e9 req-eb0d1c30-3f67-4a2e-9216-dd92f5d7b97e service placement] 10.222.0.50 "GET /placement/allocations/236d6444-122e-4926-b00b-2fd646ed9715" status: 200 len: 259 microversion: 1.28
Oct 29 02:52:29.453755 n-d-862964-4 devstack@placement-api.service[112517]: [pid: 112517|app: 0|req: 606/1202] 10.222.0.50 () {60 vars in 1377 bytes} [Sat Oct 29 02:52:29 2022] GET /placement/allocations/236d6444-122e-4926-b00b-2fd646ed9715 => generated 259 bytes in 45 msecs (HTTP/1.1 200) 8 headers in 296 bytes (2 switches on core 0)
Oct 29 02:52:29.455017 n-d-862964-4 devstack@placement-api.service[112518]: DEBUG placement.requestlog [req-25087e3e-c433-4e4f-ac28-328f62e30d76 req-bc006048-17c4-4a54-9725-237fa96d2187 None None] Starting request: 10.222.0.18 "GET /placement/allocations/5fec365b-4f49-47e5-85b9-281a3f583dd4" {{(pid=112518) __call__ /opt/stack/placement/placement/requestlog.py:55}}
Oct 29 02:52:29.464159 n-d-862964-4 devstack@placement-api.service[112517]: DEBUG placement.requestlog [req-f15fa971-8ab9-458d-b775-047fec2448e9 req-1b7aec61-4b31-4217-96b3-7a578eaf767e None None] Starting request: 10.222.0.50 "GET /placement/allocations/981cdc70-e4e6-4431-a243-068d39d4160d" {{(pid=112517) __call__ /opt/stack/placement/placement/requestlog.py:55}}
Oct 29 02:52:29.482537 n-d-862964-4 devstack@placement-api.service[112518]: INFO placement.requestlog [req-25087e3e-c433-4e4f-ac28-328f62e30d76 req-bc006048-17c4-4a54-9725-237fa96d2187 service placement] 10.222.0.18 "GET /placement/allocations/5fec365b-4f49-47e5-85b9-281a3f583dd4" status: 200 len: 259 microversion: 1.28
Oct 29 02:52:29.483357 n-d-862964-4 devstack@placement-api.service[112518]: [pid: 112518|app: 0|req: 597/1203] 10.222.0.18 () {60 vars in 1377 bytes} [Sat Oct 29 02:52:29 2022] GET /placement/allocations/5fec365b-4f49-47e5-85b9-281a3f583dd4 => generated 259 bytes in 29 msecs (HTTP/1.1 200) 8 headers in 296 bytes (2 switches on core 0)
Oct 29 02:52:29.490498 n-d-862964-4 devstack@placement-api.service[112518]: DEBUG placement.requestlog [req-25087e3e-c433-4e4f-ac28-328f62e30d76 req-cae2d70c-6088-4229-bbf6-78bf299b7820 None None] Starting request: 10.222.0.18 "GET /placement/allocations/aad89c7f-fc9e-40a5-9a6b-7efb9aebdf39" {{(pid=112518) __call__ /opt/stack/placement/placement/requestlog.py:55}}
Oct 29 02:52:29.520230 n-d-862964-4 devstack@placement-api.service[112518]: INFO placement.requestlog [req-25087e3e-c433-4e4f-ac28-328f62e30d76 req-cae2d70c-6088-4229-bbf6-78bf299b7820 service placement] 10.222.0.18 "GET /placement/allocations/aad89c7f-fc9e-40a5-9a6b-7efb9aebdf39" status: 200 len: 258 microversion: 1.28
Oct 29 02:52:29.522516 n-d-862964-4 devstack@placement-api.service[112518]: [pid: 112518|app: 0|req: 598/1204] 10.222.0.18 () {60 vars in 1377 bytes} [Sat Oct 29 02:52:29 2022] GET /placement/allocations/aad89c7f-fc9e-40a5-9a6b-7efb9aebdf39 => generated 258 bytes in 32 msecs (HTTP/1.1 200) 8 headers in 296 bytes (2 switches on core 0)
Oct 29 02:52:29.526751 n-d-862964-4 devstack@placement-api.service[112517]: INFO placement.requestlog [req-f15fa971-8ab9-458d-b775-047fec2448e9 req-1b7aec61-4b31-4217-96b3-7a578eaf767e service placement] 10.222.0.50 "GET /placement/allocations/981cdc70-e4e6-4431-a243-068d39d4160d" status: 200 len: 259 microversion: 1.28
Oct 29 02:52:29.527139 n-d-862964-4 devstack@placement-api.service[112517]: [pid: 112517|app: 0|req: 607/1205] 10.222.0.50 () {60 vars in 1377 bytes} [Sat Oct 29 02:52:29 2022] GET /placement/allocations/981cdc70-e4e6-4431-a243-068d39d4160d => generated 259 bytes in 63 msecs (HTTP/1.1 200) 8 headers in 296 bytes (1 switches on core 0)
Oct 29 02:52:29.529492 n-d-862964-4 devstack@placement-api.service[112518]: DEBUG placement.requestlog [req-25087e3e-c433-4e4f-ac28-328f62e30d76 req-c835b30d-64dc-4f26-9ff0-0f2669b39b5c None None] Starting request: 10.222.0.18 "GET /placement/allocations/239b8047-ca96-48bc-8950-57a0b6f0d537" {{(pid=112518) __call__ /opt/stack/placement/placement/requestlog.py:55}}
Oct 29 02:52:29.551685 n-d-862964-4 devstack@placement-api.service[112517]: DEBUG placement.requestlog [req-f15fa971-8ab9-458d-b775-047fec2448e9 req-5beea7b9-9ca4-4f9c-9667-1db063e40782 None None] Starting request: 10.222.0.50 "GET /placement/allocations/0a0f8e1f-659c-4e3d-be95-88c47843a291" {{(pid=112517) __call__ /opt/stack/placement/placement/requestlog.py:55}}
Oct 29 02:52:29.605071 n-d-862964-4 devstack@placement-api.service[112518]: INFO placement.requestlog [req-25087e3e-c433-4e4f-ac28-328f62e30d76 req-c835b30d-64dc-4f26-9ff0-0f2669b39b5c service placement] 10.222.0.18 "GET /placement/allocations/239b8047-ca96-48bc-8950-57a0b6f0d537" status: 200 len: 259 microversion: 1.28
Oct 29 02:52:29.607044 n-d-862964-4 devstack@placement-api.service[112517]: INFO placement.requestlog [req-f15fa971-8ab9-458d-b775-047fec2448e9 req-5beea7b9-9ca4-4f9c-9667-1db063e40782 service placement] 10.222.0.50 "GET /placement/allocations/0a0f8e1f-659c-4e3d-be95-88c47843a291" status: 200 len: 259 microversion: 1.28
Oct 29 02:52:29.608495 n-d-862964-4 devstack@placement-api.service[112518]: [pid: 112518|app: 0|req: 599/1206] 10.222.0.18 () {60 vars in 1377 bytes} [Sat Oct 29 02:52:29 2022] GET /placement/allocations/239b8047-ca96-48bc-8950-57a0b6f0d537 => generated 259 bytes in 79 msecs (HTTP/1.1 200) 8 headers in 296 bytes (2 switches on core 0)
Oct 29 02:52:29.609050 n-d-862964-4 devstack@placement-api.service[112517]: [pid: 112517|app: 0|req: 608/1207] 10.222.0.50 () {60 vars in 1377 bytes} [Sat Oct 29 02:52:29 2022] GET /placement/allocations/0a0f8e1f-659c-4e3d-be95-88c47843a291 => generated 259 bytes in 71 msecs (HTTP/1.1 200) 8 headers in 296 bytes (1 switches on core 0)
Oct 29 02:52:29.624842 n-d-862964-4 devstack@placement-api.service[112517]: DEBUG placement.requestlog [req-f15fa971-8ab9-458d-b775-047fec2448e9 req-6eace879-aa02-4e18-b3ad-5cb0e91f266a None None] Starting request: 10.222.0.50 "GET /placement/allocations/86ce5a89-9c05-4459-9e6f-a94249149f0e" {{(pid=112517) __call__ /opt/stack/placement/placement/requestlog.py:55}}
Oct 29 02:52:29.625419 n-d-862964-4 devstack@placement-api.service[112518]: DEBUG placement.requestlog [req-25087e3e-c433-4e4f-ac28-328f62e30d76 req-3a9f92e9-d4e8-468e-8c08-67dca2e3e727 None None] Starting request: 10.222.0.18 "GET /placement/allocations/4a457377-055c-4dc0-9c21-599eeb1b69c6" {{(pid=112518) __call__ /opt/stack/placement/placement/requestlog.py:55}}
Oct 29 02:52:29.659044 n-d-862964-4 devstack@placement-api.service[112518]: INFO placement.requestlog [req-25087e3e-c433-4e4f-ac28-328f62e30d76 req-3a9f92e9-d4e8-468e-8c08-67dca2e3e727 service placement] 10.222.0.18 "GET /placement/allocations/4a457377-055c-4dc0-9c21-599eeb1b69c6" status: 200 len: 259 microversion: 1.28
Oct 29 02:52:29.673541 n-d-862964-4 devstack@placement-api.service[112517]: INFO placement.requestlog [req-f15fa971-8ab9-458d-b775-047fec2448e9 req-6eace879-aa02-4e18-b3ad-5cb0e91f266a service placement] 10.222.0.50 "GET /placement/allocations/86ce5a89-9c05-4459-9e6f-a94249149f0e" status: 200 len: 259 microversion: 1.28
Oct 29 02:52:29.673952 n-d-862964-4 devstack@placement-api.service[112518]: [pid: 112518|app: 0|req: 600/1208] 10.222.0.18 () {60 vars in 1377 bytes} [Sat Oct 29 02:52:29 2022] GET /placement/allocations/4a457377-055c-4dc0-9c21-599eeb1b69c6 => generated 259 bytes in 50 msecs (HTTP/1.1 200) 8 headers in 296 bytes (1 switches on core 0)
Oct 29 02:52:29.674981 n-d-862964-4 devstack@placement-api.service[112518]: DEBUG placement.requestlog [req-25087e3e-c433-4e4f-ac28-328f62e30d76 req-395bab0a-0a10-42c8-b0cb-835afe20853d None None] Starting request: 10.222.0.18 "GET /placement/allocations/c953eb9c-9ad8-471d-95d6-f95740b8b7f2" {{(pid=112518) __call__ /opt/stack/placement/placement/requestlog.py:55}}
Oct 29 02:52:29.676529 n-d-862964-4 devstack@placement-api.service[112517]: [pid: 112517|app: 0|req: 609/1209] 10.222.0.50 () {60 vars in 1377 bytes} [Sat Oct 29 02:52:29 2022] GET /placement/allocations/86ce5a89-9c05-4459-9e6f-a94249149f0e => generated 259 bytes in 52 msecs (HTTP/1.1 200) 8 headers in 296 bytes (1 switches on core 0)
Oct 29 02:52:29.707623 n-d-862964-4 devstack@placement-api.service[112517]: DEBUG placement.requestlog [req-f15fa971-8ab9-458d-b775-047fec2448e9 req-566dd92d-1976-4f00-908b-66bd061e7729 None None] Starting request: 10.222.0.50 "GET /placement/allocations/a424f7eb-ba88-43b6-8d1b-7e9dd5e6425c" {{(pid=112517) __call__ /opt/stack/placement/placement/requestlog.py:55}}
Oct 29 02:52:29.744465 n-d-862964-4 devstack@placement-api.service[112517]: INFO placement.requestlog [req-f15fa971-8ab9-458d-b775-047fec2448e9 req-566dd92d-1976-4f00-908b-66bd061e7729 service placement] 10.222.0.50 "GET /placement/allocations/a424f7eb-ba88-43b6-8d1b-7e9dd5e6425c" status: 200 len: 259 microversion: 1.28
Oct 29 02:52:29.750889 n-d-862964-4 devstack@placement-api.service[112517]: [pid: 112517|app: 0|req: 610/1210] 10.222.0.50 () {60 vars in 1377 bytes} [Sat Oct 29 02:52:29 2022] GET /placement/allocations/a424f7eb-ba88-43b6-8d1b-7e9dd5e6425c => generated 259 bytes in 43 msecs (HTTP/1.1 200) 8 headers in 296 bytes (1 switches on core 0)
Oct 29 02:52:29.752003 n-d-862964-4 devstack@placement-api.service[112518]: INFO placement.requestlog [req-25087e3e-c433-4e4f-ac28-328f62e30d76 req-395bab0a-0a10-42c8-b0cb-835afe20853d service placement] 10.222.0.18 "GET /placement/allocations/c953eb9c-9ad8-471d-95d6-f95740b8b7f2" status: 200 len: 259 microversion: 1.28
Oct 29 02:52:29.752397 n-d-862964-4 devstack@placement-api.service[112518]: [pid: 112518|app: 0|req: 601/1211] 10.222.0.18 () {60 vars in 1377 bytes} [Sat Oct 29 02:52:29 2022] GET /placement/allocations/c953eb9c-9ad8-471d-95d6-f95740b8b7f2 => generated 259 bytes in 78 msecs (HTTP/1.1 200) 8 headers in 296 bytes (1 switches on core 0)
Oct 29 02:52:29.754701 n-d-862964-4 devstack@placement-api.service[112517]: DEBUG placement.requestlog [req-f15fa971-8ab9-458d-b775-047fec2448e9 req-d98c8566-338c-4ac9-b2cb-63a4ba35cfa9 None None] Starting request: 10.222.0.50 "GET /placement/allocations/bce4caa1-3b78-4bcf-98e4-b4d9da71dfee" {{(pid=112517) __call__ /opt/stack/placement/placement/requestlog.py:55}}
Oct 29 02:52:29.787711 n-d-862964-4 devstack@placement-api.service[112518]: DEBUG placement.requestlog [req-25087e3e-c433-4e4f-ac28-328f62e30d76 req-29f17237-25fb-4544-81bc-4d085af46ab1 None None] Starting request: 10.222.0.18 "GET /placement/allocations/a6d4d5fa-ae6a-43c5-970e-a6ab2610133d" {{(pid=112518) __call__ /opt/stack/placement/placement/requestlog.py:55}}
Oct 29 02:52:29.802890 n-d-862964-4 devstack@placement-api.service[112517]: INFO placement.requestlog [req-f15fa971-8ab9-458d-b775-047fec2448e9 req-d98c8566-338c-4ac9-b2cb-63a4ba35cfa9 service placement] 10.222.0.50 "GET /placement/allocations/bce4caa1-3b78-4bcf-98e4-b4d9da71dfee" status: 200 len: 259 microversion: 1.28
Oct 29 02:52:29.804141 n-d-862964-4 devstack@placement-api.service[112517]: [pid: 112517|app: 0|req: 611/1212] 10.222.0.50 () {60 vars in 1377 bytes} [Sat Oct 29 02:52:29 2022] GET /placement/allocations/bce4caa1-3b78-4bcf-98e4-b4d9da71dfee => generated 259 bytes in 49 msecs (HTTP/1.1 200) 8 headers in 296 bytes (1 switches on core 0)
Oct 29 02:52:29.828417 n-d-862964-4 devstack@placement-api.service[112518]: INFO placement.requestlog [req-25087e3e-c433-4e4f-ac28-328f62e30d76 req-29f17237-25fb-4544-81bc-4d085af46ab1 service placement] 10.222.0.18 "GET /placement/allocations/a6d4d5fa-ae6a-43c5-970e-a6ab2610133d" status: 200 len: 259 microversion: 1.28
Oct 29 02:52:29.829369 n-d-862964-4 devstack@placement-api.service[112518]: [pid: 112518|app: 0|req: 602/1213] 10.222.0.18 () {60 vars in 1377 bytes} [Sat Oct 29 02:52:29 2022] GET /placement/allocations/a6d4d5fa-ae6a-43c5-970e-a6ab2610133d => generated 259 bytes in 43 msecs (HTTP/1.1 200) 8 headers in 296 bytes (2 switches on core 0)
Oct 29 02:52:30.448226 n-d-862964-4 devstack@placement-api.service[112517]: DEBUG placement.requestlog [req-f15fa971-8ab9-458d-b775-047fec2448e9 req-cf7e892f-2048-4a55-9c24-452a18690fb7 None None] Starting request: 10.222.0.18 "GET /placement/allocations/4a457377-055c-4dc0-9c21-599eeb1b69c6" {{(pid=112517) __call__ /opt/stack/placement/placement/requestlog.py:55}}
Oct 29 02:52:30.486550 n-d-862964-4 devstack@placement-api.service[112517]: INFO placement.requestlog [req-f15fa971-8ab9-458d-b775-047fec2448e9 req-cf7e892f-2048-4a55-9c24-452a18690fb7 service placement] 10.222.0.18 "GET /placement/allocations/4a457377-055c-4dc0-9c21-599eeb1b69c6" status: 200 len: 259 microversion: 1.28
Oct 29 02:52:30.488153 n-d-862964-4 devstack@placement-api.service[112517]: [pid: 112517|app: 0|req: 612/1214] 10.222.0.18 () {60 vars in 1377 bytes} [Sat Oct 29 02:52:30 2022] GET /placement/allocations/4a457377-055c-4dc0-9c21-599eeb1b69c6 => generated 259 bytes in 40 msecs (HTTP/1.1 200) 8 headers in 296 bytes (1 switches on core 0)
Oct 29 02:52:30.510767 n-d-862964-4 devstack@placement-api.service[112518]: DEBUG placement.requestlog [req-f15fa971-8ab9-458d-b775-047fec2448e9 req-9e912131-b18f-435d-8290-7e4cc5953338 None None] Starting request: 10.222.0.18 "GET /placement/allocations/4a457377-055c-4dc0-9c21-599eeb1b69c6" {{(pid=112518) __call__ /opt/stack/placement/placement/requestlog.py:55}}
Oct 29 02:52:30.541563 n-d-862964-4 devstack@placement-api.service[112518]: INFO placement.requestlog [req-f15fa971-8ab9-458d-b775-047fec2448e9 req-9e912131-b18f-435d-8290-7e4cc5953338 service placement] 10.222.0.18 "GET /placement/allocations/4a457377-055c-4dc0-9c21-599eeb1b69c6" status: 200 len: 259 microversion: 1.28
Oct 29 02:52:30.542702 n-d-862964-4 devstack@placement-api.service[112518]: [pid: 112518|app: 0|req: 603/1215] 10.222.0.18 () {60 vars in 1377 bytes} [Sat Oct 29 02:52:30 2022] GET /placement/allocations/4a457377-055c-4dc0-9c21-599eeb1b69c6 => generated 259 bytes in 40 msecs (HTTP/1.1 200) 8 headers in 296 bytes (2 switches on core 0)
Oct 29 02:52:30.550003 n-d-862964-4 devstack@placement-api.service[112517]: DEBUG placement.requestlog [req-f15fa971-8ab9-458d-b775-047fec2448e9 req-bee82a81-c047-41bf-b232-4891acf7a73b None None] Starting request: 10.222.0.18 "GET /placement/allocations/a424f7eb-ba88-43b6-8d1b-7e9dd5e6425c" {{(pid=112517) __call__ /opt/stack/placement/placement/requestlog.py:55}}
Oct 29 02:52:30.587247 n-d-862964-4 devstack@placement-api.service[112517]: INFO placement.requestlog [req-f15fa971-8ab9-458d-b775-047fec2448e9 req-bee82a81-c047-41bf-b232-4891acf7a73b service placement] 10.222.0.18 "GET /placement/allocations/a424f7eb-ba88-43b6-8d1b-7e9dd5e6425c" status: 200 len: 259 microversion: 1.28
Oct 29 02:52:30.616177 n-d-862964-4 devstack@placement-api.service[112517]: [pid: 112517|app: 0|req: 613/1216] 10.222.0.18 () {60 vars in 1377 bytes} [Sat Oct 29 02:52:30 2022] GET /placement/allocations/a424f7eb-ba88-43b6-8d1b-7e9dd5e6425c => generated 259 bytes in 47 msecs (HTTP/1.1 200) 8 headers in 296 bytes (1 switches on core 0)
Oct 29 02:52:30.617342 n-d-862964-4 devstack@placement-api.service[112518]: DEBUG placement.requestlog [req-f15fa971-8ab9-458d-b775-047fec2448e9 req-5e0ab3bb-babe-41f1-8833-51782c985e11 None None] Starting request: 10.222.0.18 "POST /placement/allocations" {{(pid=112518) __call__ /opt/stack/placement/placement/requestlog.py:55}}
Oct 29 02:52:30.800963 n-d-862964-4 devstack@placement-api.service[112518]: DEBUG placement.handlers.allocation [req-f15fa971-8ab9-458d-b775-047fec2448e9 req-5e0ab3bb-babe-41f1-8833-51782c985e11 service placement] Successfully wrote allocations [, , , , , ] {{(pid=112518) _update_consumers_and_create_allocations /opt/stack/placement/placement/handlers/allocation.py:572}}
Oct 29 02:52:30.806615 n-d-862964-4 devstack@placement-api.service[112518]: INFO placement.requestlog [req-f15fa971-8ab9-458d-b775-047fec2448e9 req-5e0ab3bb-babe-41f1-8833-51782c985e11 service placement] 10.222.0.18 "POST /placement/allocations" status: 204 len: 0 microversion: 1.28
Oct 29 02:52:30.807798 n-d-862964-4 devstack@placement-api.service[112518]: [pid: 112518|app: 0|req: 604/1217] 10.222.0.18 () {64 vars in 1320 bytes} [Sat Oct 29 02:52:30 2022] POST /placement/allocations => generated 0 bytes in 198 msecs (HTTP/1.1 204) 5 headers in 199 bytes (2 switches on core 0)
Oct 29 02:52:31.206451 n-d-862964-4 devstack@placement-api.service[112517]: DEBUG placement.requestlog [req-d1ac0a17-233c-44e4-91ae-58d5dffead20 req-57ef2c95-86b6-454e-a133-c4f7864ab7de None None] Starting request: 10.222.0.16 "GET /placement/allocation_candidates?limit=1000&resources=DISK_GB%3A1%2CMEMORY_MB%3A1024%2CVCPU%3A1&root_required=%21COMPUTE_STATUS_DISABLED" {{(pid=112517) __call__ /opt/stack/placement/placement/requestlog.py:55}}
Oct 29 02:52:31.340169 n-d-862964-4 devstack@placement-api.service[112517]: DEBUG placement.objects.research_context [req-d1ac0a17-233c-44e4-91ae-58d5dffead20 req-57ef2c95-86b6-454e-a133-c4f7864ab7de service placement] getting providers with 1 DISK_GB {{(pid=112517) __init__ /opt/stack/placement/placement/objects/research_context.py:136}}
Oct 29 02:52:31.362154 n-d-862964-4 devstack@placement-api.service[112517]: DEBUG placement.objects.research_context [req-d1ac0a17-233c-44e4-91ae-58d5dffead20 req-57ef2c95-86b6-454e-a133-c4f7864ab7de service placement] getting providers with 1024 MEMORY_MB {{(pid=112517) __init__ /opt/stack/placement/placement/objects/research_context.py:136}}
Oct 29 02:52:31.379070 n-d-862964-4 devstack@placement-api.service[112517]: DEBUG placement.objects.research_context [req-d1ac0a17-233c-44e4-91ae-58d5dffead20 req-57ef2c95-86b6-454e-a133-c4f7864ab7de service placement] getting providers with 1 VCPU {{(pid=112517) __init__ /opt/stack/placement/placement/objects/research_context.py:136}}
Oct 29 02:52:31.401288 n-d-862964-4 devstack@placement-api.service[112517]: DEBUG placement.objects.research_context [req-d1ac0a17-233c-44e4-91ae-58d5dffead20 req-57ef2c95-86b6-454e-a133-c4f7864ab7de service placement] found 2 providers with available 1 DISK_GB {{(pid=112517) get_provider_ids_matching /opt/stack/placement/placement/objects/research_context.py:563}}
Oct 29 02:52:31.403566 n-d-862964-4 devstack@placement-api.service[112517]: DEBUG placement.objects.research_context [req-d1ac0a17-233c-44e4-91ae-58d5dffead20 req-57ef2c95-86b6-454e-a133-c4f7864ab7de service placement] found 2 providers with available 1024 MEMORY_MB {{(pid=112517) get_provider_ids_matching /opt/stack/placement/placement/objects/research_context.py:563}}
Oct 29 02:52:31.404034 n-d-862964-4 devstack@placement-api.service[112517]: DEBUG placement.objects.research_context [req-d1ac0a17-233c-44e4-91ae-58d5dffead20 req-57ef2c95-86b6-454e-a133-c4f7864ab7de service placement] found 2 providers after filtering by previous result {{(pid=112517) get_provider_ids_matching /opt/stack/placement/placement/objects/research_context.py:594}}
Oct 29 02:52:31.405511 n-d-862964-4 devstack@placement-api.service[112517]: DEBUG placement.objects.research_context [req-d1ac0a17-233c-44e4-91ae-58d5dffead20 req-57ef2c95-86b6-454e-a133-c4f7864ab7de service placement] found 2 providers with available 1 VCPU {{(pid=112517) get_provider_ids_matching /opt/stack/placement/placement/objects/research_context.py:563}}
Oct 29 02:52:31.406127 n-d-862964-4 devstack@placement-api.service[112517]: DEBUG placement.objects.research_context [req-d1ac0a17-233c-44e4-91ae-58d5dffead20 req-57ef2c95-86b6-454e-a133-c4f7864ab7de service placement] found 2 providers after filtering by previous result {{(pid=112517) get_provider_ids_matching /opt/stack/placement/placement/objects/research_context.py:594}}
Oct 29 02:52:31.453757 n-d-862964-4 devstack@placement-api.service[112517]: DEBUG placement.objects.allocation_candidate [req-d1ac0a17-233c-44e4-91ae-58d5dffead20 req-57ef2c95-86b6-454e-a133-c4f7864ab7de service placement] RequestGroup(use_same_provider=False, resources={DISK_GB:1, MEMORY_MB:1024, VCPU:1}, traits=(), aggregates=[]) (suffix '') returned 2 matches {{(pid=112517) _get_by_requests /opt/stack/placement/placement/objects/allocation_candidate.py:156}}
Oct 29 02:52:31.459508 n-d-862964-4 devstack@placement-api.service[112517]: DEBUG placement.objects.allocation_candidate [req-d1ac0a17-233c-44e4-91ae-58d5dffead20 req-57ef2c95-86b6-454e-a133-c4f7864ab7de service placement] Merging candidates yields 2 allocation requests and 2 provider summaries {{(pid=112517) _merge_candidates /opt/stack/placement/placement/objects/allocation_candidate.py:809}}
Oct 29 02:52:31.467650 n-d-862964-4 devstack@placement-api.service[112517]: INFO placement.requestlog [req-d1ac0a17-233c-44e4-91ae-58d5dffead20 req-57ef2c95-86b6-454e-a133-c4f7864ab7de service placement] 10.222.0.16 "GET /placement/allocation_candidates?limit=1000&resources=DISK_GB%3A1%2CMEMORY_MB%3A1024%2CVCPU%3A1&root_required=%21COMPUTE_STATUS_DISABLED" status: 200 len: 1309 microversion: 1.36
Oct 29 02:52:31.471917 n-d-862964-4 devstack@placement-api.service[112517]: [pid: 112517|app: 0|req: 614/1218] 10.222.0.16 () {60 vars in 1506 bytes} [Sat Oct 29 02:52:31 2022] GET /placement/allocation_candidates?limit=1000&resources=DISK_GB%3A1%2CMEMORY_MB%3A1024%2CVCPU%3A1&root_required=%21COMPUTE_STATUS_DISABLED => generated 1309 bytes in 266 msecs (HTTP/1.1 200) 8 headers in 297 bytes (1 switches on core 0)
Oct 29 02:52:31.704732 n-d-862964-4 devstack@placement-api.service[112518]: DEBUG placement.requestlog [req-d1ac0a17-233c-44e4-91ae-58d5dffead20 req-0c1fbd09-3a3e-471d-998d-f5244129da56 None None] Starting request: 10.222.0.16 "GET /placement/allocations/1e20ef4b-4f1c-42b4-9307-857848aab3a7" {{(pid=112518) __call__ /opt/stack/placement/placement/requestlog.py:55}}
Oct 29 02:52:31.730204 n-d-862964-4 devstack@placement-api.service[112518]: INFO placement.requestlog [req-d1ac0a17-233c-44e4-91ae-58d5dffead20 req-0c1fbd09-3a3e-471d-998d-f5244129da56 service placement] 10.222.0.16 "GET /placement/allocations/1e20ef4b-4f1c-42b4-9307-857848aab3a7" status: 200 len: 19 microversion: 1.28
Oct 29 02:52:31.733404 n-d-862964-4 devstack@placement-api.service[112518]: [pid: 112518|app: 0|req: 605/1219] 10.222.0.16 () {60 vars in 1380 bytes} [Sat Oct 29 02:52:31 2022] GET /placement/allocations/1e20ef4b-4f1c-42b4-9307-857848aab3a7 => generated 19 bytes in 29 msecs (HTTP/1.1 200) 8 headers in 295 bytes (1 switches on core 0)
Oct 29 02:52:31.739082 n-d-862964-4 devstack@placement-api.service[112517]: DEBUG placement.requestlog [req-d1ac0a17-233c-44e4-91ae-58d5dffead20 req-efbab65e-c334-4e51-bb7e-00986626666c None None] Starting request: 10.222.0.16 "PUT /placement/allocations/1e20ef4b-4f1c-42b4-9307-857848aab3a7" {{(pid=112517) __call__ /opt/stack/placement/placement/requestlog.py:55}}
Oct 29 02:52:31.876807 n-d-862964-4 devstack@placement-api.service[112517]: DEBUG placement.handlers.allocation [req-d1ac0a17-233c-44e4-91ae-58d5dffead20 req-efbab65e-c334-4e51-bb7e-00986626666c service placement] Successfully wrote allocations [, , ] {{(pid=112517) _update_consumers_and_create_allocations /opt/stack/placement/placement/handlers/allocation.py:462}}
Oct 29 02:52:31.885896 n-d-862964-4 devstack@placement-api.service[112517]: INFO placement.requestlog [req-d1ac0a17-233c-44e4-91ae-58d5dffead20 req-efbab65e-c334-4e51-bb7e-00986626666c service placement] 10.222.0.16 "PUT /placement/allocations/1e20ef4b-4f1c-42b4-9307-857848aab3a7" status: 204 len: 0 microversion: 1.36
Oct 29 02:52:31.886613 n-d-862964-4 devstack@placement-api.service[112517]: [pid: 112517|app: 0|req: 615/1220] 10.222.0.16 () {64 vars in 1433 bytes} [Sat Oct 29 02:52:31 2022] PUT /placement/allocations/1e20ef4b-4f1c-42b4-9307-857848aab3a7 => generated 0 bytes in 148 msecs (HTTP/1.1 204) 5 headers in 199 bytes (2 switches on core 0)
Oct 29 02:52:32.525048 n-d-862964-4 devstack@placement-api.service[112518]: DEBUG placement.requestlog [req-d1ac0a17-233c-44e4-91ae-58d5dffead20 req-9c3e647a-cab7-4485-8a1b-214f15b3d869 None None] Starting request: 10.222.0.18 "GET /placement/allocations/1e20ef4b-4f1c-42b4-9307-857848aab3a7" {{(pid=112518) __call__ /opt/stack/placement/placement/requestlog.py:55}}
Oct 29 02:52:32.570882 n-d-862964-4 devstack@placement-api.service[112518]: INFO placement.requestlog [req-d1ac0a17-233c-44e4-91ae-58d5dffead20 req-9c3e647a-cab7-4485-8a1b-214f15b3d869 service placement] 10.222.0.18 "GET /placement/allocations/1e20ef4b-4f1c-42b4-9307-857848aab3a7" status: 200 len: 259 microversion: 1.28
Oct 29 02:52:32.571378 n-d-862964-4 devstack@placement-api.service[112518]: [pid: 112518|app: 0|req: 606/1221] 10.222.0.18 () {60 vars in 1377 bytes} [Sat Oct 29 02:52:32 2022] GET /placement/allocations/1e20ef4b-4f1c-42b4-9307-857848aab3a7 => generated 259 bytes in 47 msecs (HTTP/1.1 200) 8 headers in 296 bytes (2 switches on core 0)
Oct 29 02:52:32.948794 n-d-862964-4 devstack@placement-api.service[112517]: DEBUG placement.requestlog [req-d1ac0a17-233c-44e4-91ae-58d5dffead20 req-66de2b41-088d-469f-8ec4-3b6d856bdf3e None None] Starting request: 10.222.0.18 "GET /placement/resource_providers/870b9f13-9bd0-41c3-94f8-98c3825a8c68/allocations" {{(pid=112517) __call__ /opt/stack/placement/placement/requestlog.py:55}}
Oct 29 02:52:33.029904 n-d-862964-4 devstack@placement-api.service[112517]: INFO placement.requestlog [req-d1ac0a17-233c-44e4-91ae-58d5dffead20 req-66de2b41-088d-469f-8ec4-3b6d856bdf3e service placement] 10.222.0.18 "GET /placement/resource_providers/870b9f13-9bd0-41c3-94f8-98c3825a8c68/allocations" status: 200 len: 860 microversion: 1.0
Oct 29 02:52:33.029904 n-d-862964-4 devstack@placement-api.service[112517]: [pid: 112517|app: 0|req: 616/1222] 10.222.0.18 () {58 vars in 1390 bytes} [Sat Oct 29 02:52:32 2022] GET /placement/resource_providers/870b9f13-9bd0-41c3-94f8-98c3825a8c68/allocations => generated 860 bytes in 79 msecs (HTTP/1.1 200) 6 headers in 224 bytes (2 switches on core 0)
Oct 29 02:52:33.038069 n-d-862964-4 devstack@placement-api.service[112518]: DEBUG placement.requestlog [req-d1ac0a17-233c-44e4-91ae-58d5dffead20 req-1709ebe9-b63d-4976-8940-04e45a75d1dd None None] Starting request: 10.222.0.18 "GET /placement/allocations/e22e9e45-c266-455e-8aff-da1aed5519ab" {{(pid=112518) __call__ /opt/stack/placement/placement/requestlog.py:55}}
Oct 29 02:52:33.066326 n-d-862964-4 devstack@placement-api.service[112518]: INFO placement.requestlog [req-d1ac0a17-233c-44e4-91ae-58d5dffead20 req-1709ebe9-b63d-4976-8940-04e45a75d1dd service placement] 10.222.0.18 "GET /placement/allocations/e22e9e45-c266-455e-8aff-da1aed5519ab" status: 200 len: 259 microversion: 1.28
Oct 29 02:52:33.067628 n-d-862964-4 devstack@placement-api.service[112518]: [pid: 112518|app: 0|req: 607/1223] 10.222.0.18 () {60 vars in 1377 bytes} [Sat Oct 29 02:52:33 2022] GET /placement/allocations/e22e9e45-c266-455e-8aff-da1aed5519ab => generated 259 bytes in 30 msecs (HTTP/1.1 200) 8 headers in 296 bytes (1 switches on core 0)
Oct 29 02:52:33.073609 n-d-862964-4 devstack@placement-api.service[112517]: DEBUG placement.requestlog [req-d1ac0a17-233c-44e4-91ae-58d5dffead20 req-e609e789-37b5-4e36-8268-4423a24d3da5 None None] Starting request: 10.222.0.18 "GET /placement/allocations/c953eb9c-9ad8-471d-95d6-f95740b8b7f2" {{(pid=112517) __call__ /opt/stack/placement/placement/requestlog.py:55}}
Oct 29 02:52:33.113422 n-d-862964-4 devstack@placement-api.service[112517]: INFO placement.requestlog [req-d1ac0a17-233c-44e4-91ae-58d5dffead20 req-e609e789-37b5-4e36-8268-4423a24d3da5 service placement] 10.222.0.18 "GET /placement/allocations/c953eb9c-9ad8-471d-95d6-f95740b8b7f2" status: 200 len: 259 microversion: 1.28
Oct 29 02:52:33.114314 n-d-862964-4 devstack@placement-api.service[112517]: [pid: 112517|app: 0|req: 617/1224] 10.222.0.18 () {60 vars in 1377 bytes} [Sat Oct 29 02:52:33 2022] GET /placement/allocations/c953eb9c-9ad8-471d-95d6-f95740b8b7f2 => generated 259 bytes in 41 msecs (HTTP/1.1 200) 8 headers in 296 bytes (1 switches on core 0)
Oct 29 02:52:33.121416 n-d-862964-4 devstack@placement-api.service[112518]: DEBUG placement.requestlog [req-d1ac0a17-233c-44e4-91ae-58d5dffead20 req-60af1936-4e4a-40b3-b4c9-74d10c5c3b2b None None] Starting request: 10.222.0.18 "GET /placement/allocations/1e20ef4b-4f1c-42b4-9307-857848aab3a7" {{(pid=112518) __call__ /opt/stack/placement/placement/requestlog.py:55}}
Oct 29 02:52:33.151984 n-d-862964-4 devstack@placement-api.service[112518]: INFO placement.requestlog [req-d1ac0a17-233c-44e4-91ae-58d5dffead20 req-60af1936-4e4a-40b3-b4c9-74d10c5c3b2b service placement] 10.222.0.18 "GET /placement/allocations/1e20ef4b-4f1c-42b4-9307-857848aab3a7" status: 200 len: 259 microversion: 1.28
Oct 29 02:52:33.152771 n-d-862964-4 devstack@placement-api.service[112518]: [pid: 112518|app: 0|req: 608/1225] 10.222.0.18 () {60 vars in 1377 bytes} [Sat Oct 29 02:52:33 2022] GET /placement/allocations/1e20ef4b-4f1c-42b4-9307-857848aab3a7 => generated 259 bytes in 32 msecs (HTTP/1.1 200) 8 headers in 296 bytes (1 switches on core 0)
Oct 29 02:52:33.160234 n-d-862964-4 devstack@placement-api.service[112517]: DEBUG placement.requestlog [req-d1ac0a17-233c-44e4-91ae-58d5dffead20 req-f1b82ff7-60a0-4cd8-9ba5-97f3f548e162 None None] Starting request: 10.222.0.18 "GET /placement/allocations/5fec365b-4f49-47e5-85b9-281a3f583dd4" {{(pid=112517) __call__ /opt/stack/placement/placement/requestlog.py:55}}
Oct 29 02:52:33.186801 n-d-862964-4 devstack@placement-api.service[112517]: INFO placement.requestlog [req-d1ac0a17-233c-44e4-91ae-58d5dffead20 req-f1b82ff7-60a0-4cd8-9ba5-97f3f548e162 service placement] 10.222.0.18 "GET /placement/allocations/5fec365b-4f49-47e5-85b9-281a3f583dd4" status: 200 len: 259 microversion: 1.28
Oct 29 02:52:33.188079 n-d-862964-4 devstack@placement-api.service[112517]: [pid: 112517|app: 0|req: 618/1226] 10.222.0.18 () {60 vars in 1377 bytes} [Sat Oct 29 02:52:33 2022] GET /placement/allocations/5fec365b-4f49-47e5-85b9-281a3f583dd4 => generated 259 bytes in 28 msecs (HTTP/1.1 200) 8 headers in 296 bytes (2 switches on core 0)
Oct 29 02:52:33.194737 n-d-862964-4 devstack@placement-api.service[112518]: DEBUG placement.requestlog [req-d1ac0a17-233c-44e4-91ae-58d5dffead20 req-93d4e517-6f13-43fd-9a4b-7c81baf4dac6 None None] Starting request: 10.222.0.18 "GET /placement/allocations/aad89c7f-fc9e-40a5-9a6b-7efb9aebdf39" {{(pid=112518) __call__ /opt/stack/placement/placement/requestlog.py:55}}
Oct 29 02:52:33.226395 n-d-862964-4 devstack@placement-api.service[112518]: INFO placement.requestlog [req-d1ac0a17-233c-44e4-91ae-58d5dffead20 req-93d4e517-6f13-43fd-9a4b-7c81baf4dac6 service placement] 10.222.0.18 "GET /placement/allocations/aad89c7f-fc9e-40a5-9a6b-7efb9aebdf39" status: 200 len: 258 microversion: 1.28
Oct 29 02:52:33.227306 n-d-862964-4 devstack@placement-api.service[112518]: [pid: 112518|app: 0|req: 609/1227] 10.222.0.18 () {60 vars in 1377 bytes} [Sat Oct 29 02:52:33 2022] GET /placement/allocations/aad89c7f-fc9e-40a5-9a6b-7efb9aebdf39 => generated 258 bytes in 33 msecs (HTTP/1.1 200) 8 headers in 296 bytes (1 switches on core 0)
Oct 29 02:52:33.242462 n-d-862964-4 devstack@placement-api.service[112517]: DEBUG placement.requestlog [req-d1ac0a17-233c-44e4-91ae-58d5dffead20 req-0a7fe193-2dc0-4b68-9b4a-6a3779ec52be None None] Starting request: 10.222.0.18 "GET /placement/allocations/239b8047-ca96-48bc-8950-57a0b6f0d537" {{(pid=112517) __call__ /opt/stack/placement/placement/requestlog.py:55}}
Oct 29 02:52:33.284025 n-d-862964-4 devstack@placement-api.service[112517]: INFO placement.requestlog [req-d1ac0a17-233c-44e4-91ae-58d5dffead20 req-0a7fe193-2dc0-4b68-9b4a-6a3779ec52be service placement] 10.222.0.18 "GET /placement/allocations/239b8047-ca96-48bc-8950-57a0b6f0d537" status: 200 len: 259 microversion: 1.28
Oct 29 02:52:33.287243 n-d-862964-4 devstack@placement-api.service[112517]: [pid: 112517|app: 0|req: 619/1228] 10.222.0.18 () {60 vars in 1377 bytes} [Sat Oct 29 02:52:33 2022] GET /placement/allocations/239b8047-ca96-48bc-8950-57a0b6f0d537 => generated 259 bytes in 46 msecs (HTTP/1.1 200) 8 headers in 296 bytes (1 switches on core 0)
Oct 29 02:52:33.294656 n-d-862964-4 devstack@placement-api.service[112518]: DEBUG placement.requestlog [req-d1ac0a17-233c-44e4-91ae-58d5dffead20 req-2f1b8c20-068a-4f41-8a46-370a08e2896b None None] Starting request: 10.222.0.18 "GET /placement/allocations/a6d4d5fa-ae6a-43c5-970e-a6ab2610133d" {{(pid=112518) __call__ /opt/stack/placement/placement/requestlog.py:55}}
Oct 29 02:52:33.327059 n-d-862964-4 devstack@placement-api.service[112518]: INFO placement.requestlog [req-d1ac0a17-233c-44e4-91ae-58d5dffead20 req-2f1b8c20-068a-4f41-8a46-370a08e2896b service placement] 10.222.0.18 "GET /placement/allocations/a6d4d5fa-ae6a-43c5-970e-a6ab2610133d" status: 200 len: 259 microversion: 1.28
Oct 29 02:52:33.327968 n-d-862964-4 devstack@placement-api.service[112518]: [pid: 112518|app: 0|req: 610/1229] 10.222.0.18 () {60 vars in 1377 bytes} [Sat Oct 29 02:52:33 2022] GET /placement/allocations/a6d4d5fa-ae6a-43c5-970e-a6ab2610133d => generated 259 bytes in 33 msecs (HTTP/1.1 200) 8 headers in 296 bytes (1 switches on core 0)
Oct 29 02:52:33.334873 n-d-862964-4 devstack@placement-api.service[112517]: DEBUG placement.requestlog [req-d1ac0a17-233c-44e4-91ae-58d5dffead20 req-a87480de-f866-44f2-b9f7-0ddebd449dee None None] Starting request: 10.222.0.18 "GET /placement/allocations/a424f7eb-ba88-43b6-8d1b-7e9dd5e6425c" {{(pid=112517) __call__ /opt/stack/placement/placement/requestlog.py:55}}
Oct 29 02:52:33.363673 n-d-862964-4 devstack@placement-api.service[112517]: INFO placement.requestlog [req-d1ac0a17-233c-44e4-91ae-58d5dffead20 req-a87480de-f866-44f2-b9f7-0ddebd449dee service placement] 10.222.0.18 "GET /placement/allocations/a424f7eb-ba88-43b6-8d1b-7e9dd5e6425c" status: 200 len: 259 microversion: 1.28
Oct 29 02:52:33.364396 n-d-862964-4 devstack@placement-api.service[112517]: [pid: 112517|app: 0|req: 620/1230] 10.222.0.18 () {60 vars in 1377 bytes} [Sat Oct 29 02:52:33 2022] GET /placement/allocations/a424f7eb-ba88-43b6-8d1b-7e9dd5e6425c => generated 259 bytes in 30 msecs (HTTP/1.1 200) 8 headers in 296 bytes (1 switches on core 0)
Oct 29 02:52:35.459725 n-d-862964-4 devstack@placement-api.service[112518]: DEBUG placement.requestlog [req-e9a9ca16-0b16-4c6d-853a-11e82696e36d req-31437467-1c63-49b9-8d19-19148dcae6d5 None None] Starting request: 10.222.0.16 "GET /placement/allocation_candidates?limit=1000&resources=DISK_GB%3A1%2CMEMORY_MB%3A1024%2CVCPU%3A1&root_required=%21COMPUTE_STATUS_DISABLED" {{(pid=112518) __call__ /opt/stack/placement/placement/requestlog.py:55}}
Oct 29 02:52:35.612206 n-d-862964-4 devstack@placement-api.service[112518]: DEBUG placement.objects.research_context [req-e9a9ca16-0b16-4c6d-853a-11e82696e36d req-31437467-1c63-49b9-8d19-19148dcae6d5 service placement] getting providers with 1 DISK_GB {{(pid=112518) __init__ /opt/stack/placement/placement/objects/research_context.py:136}}
Oct 29 02:52:35.628765 n-d-862964-4 devstack@placement-api.service[112518]: DEBUG placement.objects.research_context [req-e9a9ca16-0b16-4c6d-853a-11e82696e36d req-31437467-1c63-49b9-8d19-19148dcae6d5 service placement] getting providers with 1024 MEMORY_MB {{(pid=112518) __init__ /opt/stack/placement/placement/objects/research_context.py:136}}
Oct 29 02:52:35.639713 n-d-862964-4 devstack@placement-api.service[112518]: DEBUG dbcounter [-] [112518] Writing DB stats placement:SELECT=91,placement:DELETE=3,placement:INSERT=3,placement:UPDATE=3 {{(pid=112518) stat_writer /usr/local/lib/python3.8/dist-packages/dbcounter.py:114}}
Oct 29 02:52:35.648583 n-d-862964-4 devstack@placement-api.service[112518]: DEBUG placement.objects.research_context [req-e9a9ca16-0b16-4c6d-853a-11e82696e36d req-31437467-1c63-49b9-8d19-19148dcae6d5 service placement] getting providers with 1 VCPU {{(pid=112518) __init__ /opt/stack/placement/placement/objects/research_context.py:136}}
Oct 29 02:52:35.660902 n-d-862964-4 devstack@placement-api.service[112518]: DEBUG placement.objects.research_context [req-e9a9ca16-0b16-4c6d-853a-11e82696e36d req-31437467-1c63-49b9-8d19-19148dcae6d5 service placement] found 2 providers with available 1 DISK_GB {{(pid=112518) get_provider_ids_matching /opt/stack/placement/placement/objects/research_context.py:563}}
Oct 29 02:52:35.663419 n-d-862964-4 devstack@placement-api.service[112518]: DEBUG placement.objects.research_context [req-e9a9ca16-0b16-4c6d-853a-11e82696e36d req-31437467-1c63-49b9-8d19-19148dcae6d5 service placement] found 2 providers with available 1024 MEMORY_MB {{(pid=112518) get_provider_ids_matching /opt/stack/placement/placement/objects/research_context.py:563}}
Oct 29 02:52:35.664838 n-d-862964-4 devstack@placement-api.service[112518]: DEBUG placement.objects.research_context [req-e9a9ca16-0b16-4c6d-853a-11e82696e36d req-31437467-1c63-49b9-8d19-19148dcae6d5 service placement] found 2 providers after filtering by previous result {{(pid=112518) get_provider_ids_matching /opt/stack/placement/placement/objects/research_context.py:594}}
Oct 29 02:52:35.666003 n-d-862964-4 devstack@placement-api.service[112518]: DEBUG placement.objects.research_context [req-e9a9ca16-0b16-4c6d-853a-11e82696e36d req-31437467-1c63-49b9-8d19-19148dcae6d5 service placement] found 2 providers with available 1 VCPU {{(pid=112518) get_provider_ids_matching /opt/stack/placement/placement/objects/research_context.py:563}}
Oct 29 02:52:35.668272 n-d-862964-4 devstack@placement-api.service[112518]: DEBUG placement.objects.research_context [req-e9a9ca16-0b16-4c6d-853a-11e82696e36d req-31437467-1c63-49b9-8d19-19148dcae6d5 service placement] found 2 providers after filtering by previous result {{(pid=112518) get_provider_ids_matching /opt/stack/placement/placement/objects/research_context.py:594}}
