Oct 27 03:23:23.417516 n-d-862769-1 devstack@placement-api.service[106453]: DEBUG placement.objects.research_context [req-7cd124ea-a49d-4f2a-bfde-890df9c7bfac req-2684144e-f0f9-47fe-b462-61d898fac507 service placement] found 2 providers with available 1 DISK_GB {{(pid=106453) get_provider_ids_matching /opt/stack/placement/placement/objects/research_context.py:563}}
Oct 27 03:23:23.420008 n-d-862769-1 devstack@placement-api.service[106453]: DEBUG placement.objects.research_context [req-7cd124ea-a49d-4f2a-bfde-890df9c7bfac req-2684144e-f0f9-47fe-b462-61d898fac507 service placement] found 2 providers with available 1024 MEMORY_MB {{(pid=106453) get_provider_ids_matching /opt/stack/placement/placement/objects/research_context.py:563}}
Oct 27 03:23:23.420008 n-d-862769-1 devstack@placement-api.service[106453]: DEBUG placement.objects.research_context [req-7cd124ea-a49d-4f2a-bfde-890df9c7bfac req-2684144e-f0f9-47fe-b462-61d898fac507 service placement] found 2 providers after filtering by previous result {{(pid=106453) get_provider_ids_matching /opt/stack/placement/placement/objects/research_context.py:594}}
Oct 27 03:23:23.420008 n-d-862769-1 devstack@placement-api.service[106453]: DEBUG placement.objects.research_context [req-7cd124ea-a49d-4f2a-bfde-890df9c7bfac req-2684144e-f0f9-47fe-b462-61d898fac507 service placement] found 2 providers with available 1 VCPU {{(pid=106453) get_provider_ids_matching /opt/stack/placement/placement/objects/research_context.py:563}}
Oct 27 03:23:23.420008 n-d-862769-1 devstack@placement-api.service[106453]: DEBUG placement.objects.research_context [req-7cd124ea-a49d-4f2a-bfde-890df9c7bfac req-2684144e-f0f9-47fe-b462-61d898fac507 service placement] found 2 providers after filtering by previous result {{(pid=106453) get_provider_ids_matching /opt/stack/placement/placement/objects/research_context.py:594}}
Oct 27 03:23:23.431733 n-d-862769-1 devstack@placement-api.service[106453]: DEBUG placement.objects.allocation_candidate [req-7cd124ea-a49d-4f2a-bfde-890df9c7bfac req-2684144e-f0f9-47fe-b462-61d898fac507 service placement] RequestGroup(use_same_provider=False, resources={DISK_GB:1, MEMORY_MB:1024, VCPU:1}, traits=(), aggregates=[]) (suffix '') returned 2 matches {{(pid=106453) _get_by_requests /opt/stack/placement/placement/objects/allocation_candidate.py:156}}
Oct 27 03:23:23.433203 n-d-862769-1 devstack@placement-api.service[106453]: DEBUG placement.objects.allocation_candidate [req-7cd124ea-a49d-4f2a-bfde-890df9c7bfac req-2684144e-f0f9-47fe-b462-61d898fac507 service placement] Merging candidates yields 2 allocation requests and 2 provider summaries {{(pid=106453) _merge_candidates /opt/stack/placement/placement/objects/allocation_candidate.py:809}}
Oct 27 03:23:23.435229 n-d-862769-1 devstack@placement-api.service[106453]: INFO placement.requestlog [req-7cd124ea-a49d-4f2a-bfde-890df9c7bfac req-2684144e-f0f9-47fe-b462-61d898fac507 service placement] 10.222.0.20 "GET /placement/allocation_candidates?limit=1000&resources=DISK_GB%3A1%2CMEMORY_MB%3A1024%2CVCPU%3A1&root_required=%21COMPUTE_STATUS_DISABLED" status: 200 len: 1309 microversion: 1.36
Oct 27 03:23:23.435942 n-d-862769-1 devstack@placement-api.service[106453]: [pid: 106453|app: 0|req: 159/315] 10.222.0.20 () {60 vars in 1506 bytes} [Thu Oct 27 03:23:23 2022] GET /placement/allocation_candidates?limit=1000&resources=DISK_GB%3A1%2CMEMORY_MB%3A1024%2CVCPU%3A1&root_required=%21COMPUTE_STATUS_DISABLED => generated 1309 bytes in 158 msecs (HTTP/1.1 200) 8 headers in 297 bytes (1 switches on core 0)
Oct 27 03:23:23.594306 n-d-862769-1 devstack@placement-api.service[106454]: DEBUG placement.requestlog [req-3b416b26-c449-4ce0-b283-dfc2de04f9ce req-9edeba00-b3bd-4ae7-a3a4-739fa689a495 None None] Starting request: 10.222.0.18 "GET /placement/resource_providers/5f70622b-acd8-436e-a5dc-b07339cdeaee/allocations" {{(pid=106454) __call__ /opt/stack/placement/placement/requestlog.py:55}}
Oct 27 03:23:23.620505 n-d-862769-1 devstack@placement-api.service[106453]: DEBUG placement.requestlog [req-ba45cee2-f66b-4929-a999-de3b4b265c49 req-2f3d83fe-5521-4f76-b33e-27d1860c6b67 None None] Starting request: 10.222.0.44 "GET /placement/resource_providers/936bca09-a1b9-4e2d-be60-afa2a799790d/allocations" {{(pid=106453) __call__ /opt/stack/placement/placement/requestlog.py:55}}
Oct 27 03:23:23.713202 n-d-862769-1 devstack@placement-api.service[106454]: INFO placement.requestlog [req-3b416b26-c449-4ce0-b283-dfc2de04f9ce req-9edeba00-b3bd-4ae7-a3a4-739fa689a495 service placement] 10.222.0.18 "GET /placement/resource_providers/5f70622b-acd8-436e-a5dc-b07339cdeaee/allocations" status: 200 len: 860 microversion: 1.0
Oct 27 03:23:23.714131 n-d-862769-1 devstack@placement-api.service[106454]: [pid: 106454|app: 0|req: 157/316] 10.222.0.18 () {58 vars in 1390 bytes} [Thu Oct 27 03:23:23 2022] GET /placement/resource_providers/5f70622b-acd8-436e-a5dc-b07339cdeaee/allocations => generated 860 bytes in 121 msecs (HTTP/1.1 200) 6 headers in 224 bytes (1 switches on core 0)
Oct 27 03:23:23.718786 n-d-862769-1 devstack@placement-api.service[106454]: DEBUG placement.requestlog [req-7cd124ea-a49d-4f2a-bfde-890df9c7bfac req-f3d84029-be2e-48f2-9ce8-f6ecd75d6673 None None] Starting request: 10.222.0.20 "GET /placement/allocations/87ad30f8-b432-45dc-82ff-aed508afddd7" {{(pid=106454) __call__ /opt/stack/placement/placement/requestlog.py:55}}
Oct 27 03:23:23.723864 n-d-862769-1 devstack@placement-api.service[106453]: INFO placement.requestlog [req-ba45cee2-f66b-4929-a999-de3b4b265c49 req-2f3d83fe-5521-4f76-b33e-27d1860c6b67 service placement] 10.222.0.44 "GET /placement/resource_providers/936bca09-a1b9-4e2d-be60-afa2a799790d/allocations" status: 200 len: 659 microversion: 1.0
Oct 27 03:23:23.724790 n-d-862769-1 devstack@placement-api.service[106453]: [pid: 106453|app: 0|req: 160/317] 10.222.0.44 () {58 vars in 1390 bytes} [Thu Oct 27 03:23:23 2022] GET /placement/resource_providers/936bca09-a1b9-4e2d-be60-afa2a799790d/allocations => generated 659 bytes in 110 msecs (HTTP/1.1 200) 6 headers in 224 bytes (1 switches on core 0)
Oct 27 03:23:23.725554 n-d-862769-1 devstack@placement-api.service[106453]: DEBUG placement.requestlog [req-3b416b26-c449-4ce0-b283-dfc2de04f9ce req-376b632a-ea74-4127-945d-860ab0769b04 None None] Starting request: 10.222.0.18 "GET /placement/allocations/c3536a26-29e6-4208-a03b-9609511fb53b" {{(pid=106453) __call__ /opt/stack/placement/placement/requestlog.py:55}}
Oct 27 03:23:23.736280 n-d-862769-1 devstack@placement-api.service[106454]: INFO placement.requestlog [req-7cd124ea-a49d-4f2a-bfde-890df9c7bfac req-f3d84029-be2e-48f2-9ce8-f6ecd75d6673 service placement] 10.222.0.20 "GET /placement/allocations/87ad30f8-b432-45dc-82ff-aed508afddd7" status: 200 len: 19 microversion: 1.28
Oct 27 03:23:23.736666 n-d-862769-1 devstack@placement-api.service[106454]: [pid: 106454|app: 0|req: 158/318] 10.222.0.20 () {60 vars in 1380 bytes} [Thu Oct 27 03:23:23 2022] GET /placement/allocations/87ad30f8-b432-45dc-82ff-aed508afddd7 => generated 19 bytes in 22 msecs (HTTP/1.1 200) 8 headers in 295 bytes (1 switches on core 0)
Oct 27 03:23:23.737607 n-d-862769-1 devstack@placement-api.service[106454]: DEBUG placement.requestlog [req-ba45cee2-f66b-4929-a999-de3b4b265c49 req-bd891c35-58c6-42e1-bb65-a6128878c687 None None] Starting request: 10.222.0.44 "GET /placement/allocations/60982eee-ad86-4e7e-b2a1-bf256c12d35c" {{(pid=106454) __call__ /opt/stack/placement/placement/requestlog.py:55}}
Oct 27 03:23:23.751151 n-d-862769-1 devstack@placement-api.service[106453]: INFO placement.requestlog [req-3b416b26-c449-4ce0-b283-dfc2de04f9ce req-376b632a-ea74-4127-945d-860ab0769b04 service placement] 10.222.0.18 "GET /placement/allocations/c3536a26-29e6-4208-a03b-9609511fb53b" status: 200 len: 259 microversion: 1.28
Oct 27 03:23:23.753411 n-d-862769-1 devstack@placement-api.service[106453]: [pid: 106453|app: 0|req: 161/319] 10.222.0.18 () {60 vars in 1377 bytes} [Thu Oct 27 03:23:23 2022] GET /placement/allocations/c3536a26-29e6-4208-a03b-9609511fb53b => generated 259 bytes in 27 msecs (HTTP/1.1 200) 8 headers in 296 bytes (1 switches on core 0)
Oct 27 03:23:23.754516 n-d-862769-1 devstack@placement-api.service[106453]: DEBUG placement.requestlog [req-7cd124ea-a49d-4f2a-bfde-890df9c7bfac req-4c6f9bd1-2e72-46d0-b6b4-04db7e3d5177 None None] Starting request: 10.222.0.20 "PUT /placement/allocations/87ad30f8-b432-45dc-82ff-aed508afddd7" {{(pid=106453) __call__ /opt/stack/placement/placement/requestlog.py:55}}
Oct 27 03:23:23.762537 n-d-862769-1 devstack@placement-api.service[106454]: INFO placement.requestlog [req-ba45cee2-f66b-4929-a999-de3b4b265c49 req-bd891c35-58c6-42e1-bb65-a6128878c687 service placement] 10.222.0.44 "GET /placement/allocations/60982eee-ad86-4e7e-b2a1-bf256c12d35c" status: 200 len: 259 microversion: 1.28
Oct 27 03:23:23.763587 n-d-862769-1 devstack@placement-api.service[106454]: [pid: 106454|app: 0|req: 159/320] 10.222.0.44 () {60 vars in 1377 bytes} [Thu Oct 27 03:23:23 2022] GET /placement/allocations/60982eee-ad86-4e7e-b2a1-bf256c12d35c => generated 259 bytes in 26 msecs (HTTP/1.1 200) 8 headers in 296 bytes (1 switches on core 0)
Oct 27 03:23:23.763587 n-d-862769-1 devstack@placement-api.service[106454]: DEBUG placement.requestlog [req-3b416b26-c449-4ce0-b283-dfc2de04f9ce req-13efb986-c982-4f58-b341-3fd79e19533c None None] Starting request: 10.222.0.18 "GET /placement/allocations/2d4fe59a-b31c-4fc0-8994-eb21e313d18a" {{(pid=106454) __call__ /opt/stack/placement/placement/requestlog.py:55}}
Oct 27 03:23:23.779991 n-d-862769-1 devstack@placement-api.service[106454]: INFO placement.requestlog [req-3b416b26-c449-4ce0-b283-dfc2de04f9ce req-13efb986-c982-4f58-b341-3fd79e19533c service placement] 10.222.0.18 "GET /placement/allocations/2d4fe59a-b31c-4fc0-8994-eb21e313d18a" status: 200 len: 259 microversion: 1.28
Oct 27 03:23:23.780663 n-d-862769-1 devstack@placement-api.service[106454]: [pid: 106454|app: 0|req: 160/321] 10.222.0.18 () {60 vars in 1377 bytes} [Thu Oct 27 03:23:23 2022] GET /placement/allocations/2d4fe59a-b31c-4fc0-8994-eb21e313d18a => generated 259 bytes in 17 msecs (HTTP/1.1 200) 8 headers in 296 bytes (1 switches on core 0)
Oct 27 03:23:23.781269 n-d-862769-1 devstack@placement-api.service[106454]: DEBUG placement.requestlog [req-ba45cee2-f66b-4929-a999-de3b4b265c49 req-b660adec-ef1c-4843-a3e0-8de8d706cd33 None None] Starting request: 10.222.0.44 "GET /placement/allocations/5910c783-6877-4a41-8650-0973a11f3578" {{(pid=106454) __call__ /opt/stack/placement/placement/requestlog.py:55}}
Oct 27 03:23:23.804232 n-d-862769-1 devstack@placement-api.service[106454]: INFO placement.requestlog [req-ba45cee2-f66b-4929-a999-de3b4b265c49 req-b660adec-ef1c-4843-a3e0-8de8d706cd33 service placement] 10.222.0.44 "GET /placement/allocations/5910c783-6877-4a41-8650-0973a11f3578" status: 200 len: 259 microversion: 1.28
Oct 27 03:23:23.804850 n-d-862769-1 devstack@placement-api.service[106454]: [pid: 106454|app: 0|req: 161/322] 10.222.0.44 () {60 vars in 1377 bytes} [Thu Oct 27 03:23:23 2022] GET /placement/allocations/5910c783-6877-4a41-8650-0973a11f3578 => generated 259 bytes in 23 msecs (HTTP/1.1 200) 8 headers in 296 bytes (1 switches on core 0)
Oct 27 03:23:23.805479 n-d-862769-1 devstack@placement-api.service[106454]: DEBUG placement.requestlog [req-3b416b26-c449-4ce0-b283-dfc2de04f9ce req-7208da6d-a4e1-47cc-a43e-0454933f6d9d None None] Starting request: 10.222.0.18 "GET /placement/allocations/37b3577c-f561-4d8e-957d-cdf1819ef5c1" {{(pid=106454) __call__ /opt/stack/placement/placement/requestlog.py:55}}
Oct 27 03:23:23.842290 n-d-862769-1 devstack@placement-api.service[106454]: INFO placement.requestlog [req-3b416b26-c449-4ce0-b283-dfc2de04f9ce req-7208da6d-a4e1-47cc-a43e-0454933f6d9d service placement] 10.222.0.18 "GET /placement/allocations/37b3577c-f561-4d8e-957d-cdf1819ef5c1" status: 200 len: 259 microversion: 1.28
Oct 27 03:23:23.849596 n-d-862769-1 devstack@placement-api.service[106454]: [pid: 106454|app: 0|req: 162/323] 10.222.0.18 () {60 vars in 1377 bytes} [Thu Oct 27 03:23:23 2022] GET /placement/allocations/37b3577c-f561-4d8e-957d-cdf1819ef5c1 => generated 259 bytes in 38 msecs (HTTP/1.1 200) 8 headers in 296 bytes (1 switches on core 0)
Oct 27 03:23:23.849596 n-d-862769-1 devstack@placement-api.service[106454]: DEBUG placement.requestlog [req-ba45cee2-f66b-4929-a999-de3b4b265c49 req-80c0513b-d104-40f1-83bd-84bbaee6aeb7 None None] Starting request: 10.222.0.44 "GET /placement/allocations/6f360a9c-90c7-4efd-90c2-c0d3bd15c154" {{(pid=106454) __call__ /opt/stack/placement/placement/requestlog.py:55}}
Oct 27 03:23:23.875726 n-d-862769-1 devstack@placement-api.service[106454]: INFO placement.requestlog [req-ba45cee2-f66b-4929-a999-de3b4b265c49 req-80c0513b-d104-40f1-83bd-84bbaee6aeb7 service placement] 10.222.0.44 "GET /placement/allocations/6f360a9c-90c7-4efd-90c2-c0d3bd15c154" status: 200 len: 259 microversion: 1.28
Oct 27 03:23:23.876139 n-d-862769-1 devstack@placement-api.service[106454]: [pid: 106454|app: 0|req: 163/324] 10.222.0.44 () {60 vars in 1377 bytes} [Thu Oct 27 03:23:23 2022] GET /placement/allocations/6f360a9c-90c7-4efd-90c2-c0d3bd15c154 => generated 259 bytes in 33 msecs (HTTP/1.1 200) 8 headers in 296 bytes (1 switches on core 0)
Oct 27 03:23:23.876967 n-d-862769-1 devstack@placement-api.service[106454]: DEBUG placement.requestlog [req-3b416b26-c449-4ce0-b283-dfc2de04f9ce req-9bb4b593-fde6-40f2-a265-f2d2274369ff None None] Starting request: 10.222.0.18 "GET /placement/allocations/da3360d3-ca0b-4077-af3e-92731700dada" {{(pid=106454) __call__ /opt/stack/placement/placement/requestlog.py:55}}
Oct 27 03:23:23.899040 n-d-862769-1 devstack@placement-api.service[106454]: INFO placement.requestlog [req-3b416b26-c449-4ce0-b283-dfc2de04f9ce req-9bb4b593-fde6-40f2-a265-f2d2274369ff service placement] 10.222.0.18 "GET /placement/allocations/da3360d3-ca0b-4077-af3e-92731700dada" status: 200 len: 259 microversion: 1.28
Oct 27 03:23:23.900106 n-d-862769-1 devstack@placement-api.service[106454]: [pid: 106454|app: 0|req: 164/325] 10.222.0.18 () {60 vars in 1377 bytes} [Thu Oct 27 03:23:23 2022] GET /placement/allocations/da3360d3-ca0b-4077-af3e-92731700dada => generated 259 bytes in 23 msecs (HTTP/1.1 200) 8 headers in 296 bytes (1 switches on core 0)
Oct 27 03:23:23.901595 n-d-862769-1 devstack@placement-api.service[106454]: DEBUG placement.requestlog [req-ba45cee2-f66b-4929-a999-de3b4b265c49 req-2696ad13-f964-4e16-875f-dfba3f62172d None None] Starting request: 10.222.0.44 "GET /placement/allocations/69ad5de6-e20e-4250-b977-fcbaacd92d03" {{(pid=106454) __call__ /opt/stack/placement/placement/requestlog.py:55}}
Oct 27 03:23:23.933916 n-d-862769-1 devstack@placement-api.service[106454]: INFO placement.requestlog [req-ba45cee2-f66b-4929-a999-de3b4b265c49 req-2696ad13-f964-4e16-875f-dfba3f62172d service placement] 10.222.0.44 "GET /placement/allocations/69ad5de6-e20e-4250-b977-fcbaacd92d03" status: 200 len: 259 microversion: 1.28
Oct 27 03:23:23.934365 n-d-862769-1 devstack@placement-api.service[106454]: [pid: 106454|app: 0|req: 165/326] 10.222.0.44 () {60 vars in 1377 bytes} [Thu Oct 27 03:23:23 2022] GET /placement/allocations/69ad5de6-e20e-4250-b977-fcbaacd92d03 => generated 259 bytes in 34 msecs (HTTP/1.1 200) 8 headers in 296 bytes (1 switches on core 0)
Oct 27 03:23:23.935285 n-d-862769-1 devstack@placement-api.service[106454]: DEBUG placement.requestlog [req-3b416b26-c449-4ce0-b283-dfc2de04f9ce req-2edc4e6f-f64b-4a54-bb09-e28f5b063602 None None] Starting request: 10.222.0.18 "GET /placement/allocations/8877a86d-6529-43e9-9667-0dba515be5cb" {{(pid=106454) __call__ /opt/stack/placement/placement/requestlog.py:55}}
Oct 27 03:23:23.953991 n-d-862769-1 devstack@placement-api.service[106454]: INFO placement.requestlog [req-3b416b26-c449-4ce0-b283-dfc2de04f9ce req-2edc4e6f-f64b-4a54-bb09-e28f5b063602 service placement] 10.222.0.18 "GET /placement/allocations/8877a86d-6529-43e9-9667-0dba515be5cb" status: 200 len: 259 microversion: 1.28
Oct 27 03:23:23.958081 n-d-862769-1 devstack@placement-api.service[106454]: [pid: 106454|app: 0|req: 166/327] 10.222.0.18 () {60 vars in 1377 bytes} [Thu Oct 27 03:23:23 2022] GET /placement/allocations/8877a86d-6529-43e9-9667-0dba515be5cb => generated 259 bytes in 19 msecs (HTTP/1.1 200) 8 headers in 296 bytes (1 switches on core 0)
Oct 27 03:23:23.958081 n-d-862769-1 devstack@placement-api.service[106454]: DEBUG placement.requestlog [req-ba45cee2-f66b-4929-a999-de3b4b265c49 req-40f41941-1bb0-4241-a8c1-706c0fd7b304 None None] Starting request: 10.222.0.44 "GET /placement/allocations/3081ee2b-4da6-45ad-8eda-3cbc9e0cc503" {{(pid=106454) __call__ /opt/stack/placement/placement/requestlog.py:55}}
Oct 27 03:23:23.970834 n-d-862769-1 devstack@placement-api.service[106454]: INFO placement.requestlog [req-ba45cee2-f66b-4929-a999-de3b4b265c49 req-40f41941-1bb0-4241-a8c1-706c0fd7b304 service placement] 10.222.0.44 "GET /placement/allocations/3081ee2b-4da6-45ad-8eda-3cbc9e0cc503" status: 200 len: 259 microversion: 1.28
Oct 27 03:23:23.971492 n-d-862769-1 devstack@placement-api.service[106454]: [pid: 106454|app: 0|req: 167/328] 10.222.0.44 () {60 vars in 1377 bytes} [Thu Oct 27 03:23:23 2022] GET /placement/allocations/3081ee2b-4da6-45ad-8eda-3cbc9e0cc503 => generated 259 bytes in 16 msecs (HTTP/1.1 200) 8 headers in 296 bytes (1 switches on core 0)
Oct 27 03:23:23.972751 n-d-862769-1 devstack@placement-api.service[106454]: DEBUG placement.requestlog [req-3b416b26-c449-4ce0-b283-dfc2de04f9ce req-5871138c-4c7e-4e53-a3fe-4e18c4cb5934 None None] Starting request: 10.222.0.18 "GET /placement/allocations/1a733f7d-4f8d-4190-9795-937510f1a516" {{(pid=106454) __call__ /opt/stack/placement/placement/requestlog.py:55}}
Oct 27 03:23:23.995139 n-d-862769-1 devstack@placement-api.service[106454]: INFO placement.requestlog [req-3b416b26-c449-4ce0-b283-dfc2de04f9ce req-5871138c-4c7e-4e53-a3fe-4e18c4cb5934 service placement] 10.222.0.18 "GET /placement/allocations/1a733f7d-4f8d-4190-9795-937510f1a516" status: 200 len: 259 microversion: 1.28
Oct 27 03:23:23.995824 n-d-862769-1 devstack@placement-api.service[106454]: [pid: 106454|app: 0|req: 168/329] 10.222.0.18 () {60 vars in 1377 bytes} [Thu Oct 27 03:23:23 2022] GET /placement/allocations/1a733f7d-4f8d-4190-9795-937510f1a516 => generated 259 bytes in 24 msecs (HTTP/1.1 200) 8 headers in 296 bytes (1 switches on core 0)
Oct 27 03:23:23.996369 n-d-862769-1 devstack@placement-api.service[106454]: DEBUG placement.requestlog [req-ba45cee2-f66b-4929-a999-de3b4b265c49 req-0c967ba1-60c2-4b9f-8dda-b0e8f5ca6786 None None] Starting request: 10.222.0.44 "GET /placement/allocations/d0a79872-c316-4bb2-914c-a118831bc023" {{(pid=106454) __call__ /opt/stack/placement/placement/requestlog.py:55}}
Oct 27 03:23:24.017511 n-d-862769-1 devstack@placement-api.service[106454]: INFO placement.requestlog [req-ba45cee2-f66b-4929-a999-de3b4b265c49 req-0c967ba1-60c2-4b9f-8dda-b0e8f5ca6786 service placement] 10.222.0.44 "GET /placement/allocations/d0a79872-c316-4bb2-914c-a118831bc023" status: 200 len: 259 microversion: 1.28
Oct 27 03:23:24.018011 n-d-862769-1 devstack@placement-api.service[106454]: [pid: 106454|app: 0|req: 169/330] 10.222.0.44 () {60 vars in 1377 bytes} [Thu Oct 27 03:23:23 2022] GET /placement/allocations/d0a79872-c316-4bb2-914c-a118831bc023 => generated 259 bytes in 22 msecs (HTTP/1.1 200) 8 headers in 296 bytes (1 switches on core 0)
Oct 27 03:23:24.018610 n-d-862769-1 devstack@placement-api.service[106454]: DEBUG placement.requestlog [req-3b416b26-c449-4ce0-b283-dfc2de04f9ce req-ac361615-b5c9-4cfb-8abd-dcb97fe14c4a None None] Starting request: 10.222.0.18 "GET /placement/allocations/ac5fc2b3-c92e-470a-9bc6-885dce75fb8c" {{(pid=106454) __call__ /opt/stack/placement/placement/requestlog.py:55}}
Oct 27 03:23:24.033319 n-d-862769-1 devstack@placement-api.service[106454]: INFO placement.requestlog [req-3b416b26-c449-4ce0-b283-dfc2de04f9ce req-ac361615-b5c9-4cfb-8abd-dcb97fe14c4a service placement] 10.222.0.18 "GET /placement/allocations/ac5fc2b3-c92e-470a-9bc6-885dce75fb8c" status: 200 len: 259 microversion: 1.28
Oct 27 03:23:24.033661 n-d-862769-1 devstack@placement-api.service[106454]: [pid: 106454|app: 0|req: 170/331] 10.222.0.18 () {60 vars in 1377 bytes} [Thu Oct 27 03:23:24 2022] GET /placement/allocations/ac5fc2b3-c92e-470a-9bc6-885dce75fb8c => generated 259 bytes in 15 msecs (HTTP/1.1 200) 8 headers in 296 bytes (1 switches on core 0)
Oct 27 03:23:24.042869 n-d-862769-1 devstack@placement-api.service[106454]: DEBUG placement.requestlog [req-3b416b26-c449-4ce0-b283-dfc2de04f9ce req-0707740e-2bef-4ae7-9cd6-9823eee747d9 None None] Starting request: 10.222.0.18 "GET /placement/allocations/b2ef080f-30ca-4dc5-ba03-9cf1899346a4" {{(pid=106454) __call__ /opt/stack/placement/placement/requestlog.py:55}}
Oct 27 03:23:24.061245 n-d-862769-1 devstack@placement-api.service[106454]: INFO placement.requestlog [req-3b416b26-c449-4ce0-b283-dfc2de04f9ce req-0707740e-2bef-4ae7-9cd6-9823eee747d9 service placement] 10.222.0.18 "GET /placement/allocations/b2ef080f-30ca-4dc5-ba03-9cf1899346a4" status: 200 len: 258 microversion: 1.28
Oct 27 03:23:24.062238 n-d-862769-1 devstack@placement-api.service[106454]: [pid: 106454|app: 0|req: 171/332] 10.222.0.18 () {60 vars in 1377 bytes} [Thu Oct 27 03:23:24 2022] GET /placement/allocations/b2ef080f-30ca-4dc5-ba03-9cf1899346a4 => generated 258 bytes in 19 msecs (HTTP/1.1 200) 8 headers in 296 bytes (2 switches on core 0)
Oct 27 03:23:24.091802 n-d-862769-1 devstack@placement-api.service[106453]: DEBUG placement.handlers.allocation [req-7cd124ea-a49d-4f2a-bfde-890df9c7bfac req-4c6f9bd1-2e72-46d0-b6b4-04db7e3d5177 service placement] Successfully wrote allocations [, , ] {{(pid=106453) _update_consumers_and_create_allocations /opt/stack/placement/placement/handlers/allocation.py:462}}
Oct 27 03:23:24.185807 n-d-862769-1 devstack@placement-api.service[106453]: INFO placement.requestlog [req-7cd124ea-a49d-4f2a-bfde-890df9c7bfac req-4c6f9bd1-2e72-46d0-b6b4-04db7e3d5177 service placement] 10.222.0.20 "PUT /placement/allocations/87ad30f8-b432-45dc-82ff-aed508afddd7" status: 204 len: 0 microversion: 1.36
Oct 27 03:23:24.192164 n-d-862769-1 devstack@placement-api.service[106453]: [pid: 106453|app: 0|req: 162/333] 10.222.0.20 () {64 vars in 1433 bytes} [Thu Oct 27 03:23:23 2022] PUT /placement/allocations/87ad30f8-b432-45dc-82ff-aed508afddd7 => generated 0 bytes in 433 msecs (HTTP/1.1 204) 5 headers in 199 bytes (1 switches on core 0)
Oct 27 03:23:24.362868 n-d-862769-1 devstack@placement-api.service[106454]: DEBUG placement.requestlog [req-3b416b26-c449-4ce0-b283-dfc2de04f9ce req-694745a1-50c9-4921-98f1-01e221658b74 None None] Starting request: 10.222.0.18 "DELETE /placement/allocations/8877a86d-6529-43e9-9667-0dba515be5cb" {{(pid=106454) __call__ /opt/stack/placement/placement/requestlog.py:55}}
Oct 27 03:23:24.576644 n-d-862769-1 devstack@placement-api.service[106454]: DEBUG placement.handlers.allocation [req-3b416b26-c449-4ce0-b283-dfc2de04f9ce req-694745a1-50c9-4921-98f1-01e221658b74 service placement] Successfully deleted allocations [, , ] {{(pid=106454) delete_allocations /opt/stack/placement/placement/handlers/allocation.py:627}}
Oct 27 03:23:24.580504 n-d-862769-1 devstack@placement-api.service[106454]: INFO placement.requestlog [req-3b416b26-c449-4ce0-b283-dfc2de04f9ce req-694745a1-50c9-4921-98f1-01e221658b74 service placement] 10.222.0.18 "DELETE /placement/allocations/8877a86d-6529-43e9-9667-0dba515be5cb" status: 204 len: 0 microversion: 1.0
Oct 27 03:23:24.580504 n-d-862769-1 devstack@placement-api.service[106454]: [pid: 106454|app: 0|req: 172/334] 10.222.0.18 () {60 vars in 1355 bytes} [Thu Oct 27 03:23:24 2022] DELETE /placement/allocations/8877a86d-6529-43e9-9667-0dba515be5cb => generated 0 bytes in 216 msecs (HTTP/1.1 204) 5 headers in 198 bytes (2 switches on core 0)
Oct 27 03:23:24.732213 n-d-862769-1 devstack@placement-api.service[106453]: DEBUG placement.requestlog [req-c048bbc3-f6b4-4fbe-b905-fa168a0f6ac0 req-3af17545-7599-48ef-b866-c54e484c3f84 None None] Starting request: 10.222.0.44 "GET /placement/resource_providers/936bca09-a1b9-4e2d-be60-afa2a799790d/allocations" {{(pid=106453) __call__ /opt/stack/placement/placement/requestlog.py:55}}
Oct 27 03:23:24.760702 n-d-862769-1 devstack@placement-api.service[106453]: INFO placement.requestlog [req-c048bbc3-f6b4-4fbe-b905-fa168a0f6ac0 req-3af17545-7599-48ef-b866-c54e484c3f84 service placement] 10.222.0.44 "GET /placement/resource_providers/936bca09-a1b9-4e2d-be60-afa2a799790d/allocations" status: 200 len: 760 microversion: 1.0
Oct 27 03:23:24.760911 n-d-862769-1 devstack@placement-api.service[106453]: [pid: 106453|app: 0|req: 163/335] 10.222.0.44 () {58 vars in 1390 bytes} [Thu Oct 27 03:23:24 2022] GET /placement/resource_providers/936bca09-a1b9-4e2d-be60-afa2a799790d/allocations => generated 760 bytes in 29 msecs (HTTP/1.1 200) 6 headers in 224 bytes (1 switches on core 0)
Oct 27 03:23:24.934702 n-d-862769-1 devstack@placement-api.service[106454]: DEBUG placement.requestlog [req-c048bbc3-f6b4-4fbe-b905-fa168a0f6ac0 req-5aea5f0d-6ae7-4611-8fb7-b786916cd289 None None] Starting request: 10.222.0.44 "GET /placement/resource_providers/936bca09-a1b9-4e2d-be60-afa2a799790d/allocations" {{(pid=106454) __call__ /opt/stack/placement/placement/requestlog.py:55}}
Oct 27 03:23:24.975727 n-d-862769-1 devstack@placement-api.service[106454]: INFO placement.requestlog [req-c048bbc3-f6b4-4fbe-b905-fa168a0f6ac0 req-5aea5f0d-6ae7-4611-8fb7-b786916cd289 service placement] 10.222.0.44 "GET /placement/resource_providers/936bca09-a1b9-4e2d-be60-afa2a799790d/allocations" status: 200 len: 760 microversion: 1.0
Oct 27 03:23:24.976110 n-d-862769-1 devstack@placement-api.service[106454]: [pid: 106454|app: 0|req: 173/336] 10.222.0.44 () {58 vars in 1390 bytes} [Thu Oct 27 03:23:24 2022] GET /placement/resource_providers/936bca09-a1b9-4e2d-be60-afa2a799790d/allocations => generated 760 bytes in 42 msecs (HTTP/1.1 200) 6 headers in 224 bytes (1 switches on core 0)
Oct 27 03:23:24.983385 n-d-862769-1 devstack@placement-api.service[106453]: DEBUG placement.requestlog [req-c048bbc3-f6b4-4fbe-b905-fa168a0f6ac0 req-19a0995a-aaec-47a1-86e9-1dd64567ee23 None None] Starting request: 10.222.0.44 "GET /placement/allocations/60982eee-ad86-4e7e-b2a1-bf256c12d35c" {{(pid=106453) __call__ /opt/stack/placement/placement/requestlog.py:55}}
Oct 27 03:23:25.012196 n-d-862769-1 devstack@placement-api.service[106453]: INFO placement.requestlog [req-c048bbc3-f6b4-4fbe-b905-fa168a0f6ac0 req-19a0995a-aaec-47a1-86e9-1dd64567ee23 service placement] 10.222.0.44 "GET /placement/allocations/60982eee-ad86-4e7e-b2a1-bf256c12d35c" status: 200 len: 259 microversion: 1.28
Oct 27 03:23:25.013234 n-d-862769-1 devstack@placement-api.service[106453]: [pid: 106453|app: 0|req: 164/337] 10.222.0.44 () {60 vars in 1377 bytes} [Thu Oct 27 03:23:24 2022] GET /placement/allocations/60982eee-ad86-4e7e-b2a1-bf256c12d35c => generated 259 bytes in 30 msecs (HTTP/1.1 200) 8 headers in 296 bytes (1 switches on core 0)
Oct 27 03:23:25.019369 n-d-862769-1 devstack@placement-api.service[106454]: DEBUG placement.requestlog [req-c048bbc3-f6b4-4fbe-b905-fa168a0f6ac0 req-a786f820-6ffb-4abc-b9ec-f76b70fef02c None None] Starting request: 10.222.0.44 "GET /placement/allocations/3081ee2b-4da6-45ad-8eda-3cbc9e0cc503" {{(pid=106454) __call__ /opt/stack/placement/placement/requestlog.py:55}}
Oct 27 03:23:25.043611 n-d-862769-1 devstack@placement-api.service[106454]: INFO placement.requestlog [req-c048bbc3-f6b4-4fbe-b905-fa168a0f6ac0 req-a786f820-6ffb-4abc-b9ec-f76b70fef02c service placement] 10.222.0.44 "GET /placement/allocations/3081ee2b-4da6-45ad-8eda-3cbc9e0cc503" status: 200 len: 259 microversion: 1.28
Oct 27 03:23:25.044103 n-d-862769-1 devstack@placement-api.service[106454]: [pid: 106454|app: 0|req: 174/338] 10.222.0.44 () {60 vars in 1377 bytes} [Thu Oct 27 03:23:25 2022] GET /placement/allocations/3081ee2b-4da6-45ad-8eda-3cbc9e0cc503 => generated 259 bytes in 25 msecs (HTTP/1.1 200) 8 headers in 296 bytes (1 switches on core 0)
Oct 27 03:23:25.052066 n-d-862769-1 devstack@placement-api.service[106453]: DEBUG placement.requestlog [req-c048bbc3-f6b4-4fbe-b905-fa168a0f6ac0 req-e148e97b-10d9-4fa0-934d-bdf2260dced5 None None] Starting request: 10.222.0.44 "GET /placement/allocations/5910c783-6877-4a41-8650-0973a11f3578" {{(pid=106453) __call__ /opt/stack/placement/placement/requestlog.py:55}}
Oct 27 03:23:25.087210 n-d-862769-1 devstack@placement-api.service[106453]: INFO placement.requestlog [req-c048bbc3-f6b4-4fbe-b905-fa168a0f6ac0 req-e148e97b-10d9-4fa0-934d-bdf2260dced5 service placement] 10.222.0.44 "GET /placement/allocations/5910c783-6877-4a41-8650-0973a11f3578" status: 200 len: 259 microversion: 1.28
Oct 27 03:23:25.088016 n-d-862769-1 devstack@placement-api.service[106453]: [pid: 106453|app: 0|req: 165/339] 10.222.0.44 () {60 vars in 1377 bytes} [Thu Oct 27 03:23:25 2022] GET /placement/allocations/5910c783-6877-4a41-8650-0973a11f3578 => generated 259 bytes in 36 msecs (HTTP/1.1 200) 8 headers in 296 bytes (1 switches on core 0)
Oct 27 03:23:25.094790 n-d-862769-1 devstack@placement-api.service[106454]: DEBUG placement.requestlog [req-c048bbc3-f6b4-4fbe-b905-fa168a0f6ac0 req-2a74ad99-c918-40c2-9f03-e114763f8432 None None] Starting request: 10.222.0.44 "GET /placement/allocations/6f360a9c-90c7-4efd-90c2-c0d3bd15c154" {{(pid=106454) __call__ /opt/stack/placement/placement/requestlog.py:55}}
Oct 27 03:23:25.134258 n-d-862769-1 devstack@placement-api.service[106454]: INFO placement.requestlog [req-c048bbc3-f6b4-4fbe-b905-fa168a0f6ac0 req-2a74ad99-c918-40c2-9f03-e114763f8432 service placement] 10.222.0.44 "GET /placement/allocations/6f360a9c-90c7-4efd-90c2-c0d3bd15c154" status: 200 len: 259 microversion: 1.28
Oct 27 03:23:25.135602 n-d-862769-1 devstack@placement-api.service[106454]: [pid: 106454|app: 0|req: 175/340] 10.222.0.44 () {60 vars in 1377 bytes} [Thu Oct 27 03:23:25 2022] GET /placement/allocations/6f360a9c-90c7-4efd-90c2-c0d3bd15c154 => generated 259 bytes in 41 msecs (HTTP/1.1 200) 8 headers in 296 bytes (1 switches on core 0)
Oct 27 03:23:25.148701 n-d-862769-1 devstack@placement-api.service[106453]: DEBUG placement.requestlog [req-c048bbc3-f6b4-4fbe-b905-fa168a0f6ac0 req-6a6adf23-d91c-4c06-8309-0f5ca31e0e20 None None] Starting request: 10.222.0.44 "GET /placement/allocations/69ad5de6-e20e-4250-b977-fcbaacd92d03" {{(pid=106453) __call__ /opt/stack/placement/placement/requestlog.py:55}}
Oct 27 03:23:25.169274 n-d-862769-1 devstack@placement-api.service[106453]: DEBUG dbcounter [-] [106453] Writing DB stats placement:SELECT=80,placement:INSERT=12,placement:DELETE=4,placement:UPDATE=4 {{(pid=106453) stat_writer /usr/local/lib/python3.8/dist-packages/dbcounter.py:114}}
Oct 27 03:23:25.184208 n-d-862769-1 devstack@placement-api.service[106453]: INFO placement.requestlog [req-c048bbc3-f6b4-4fbe-b905-fa168a0f6ac0 req-6a6adf23-d91c-4c06-8309-0f5ca31e0e20 service placement] 10.222.0.44 "GET /placement/allocations/69ad5de6-e20e-4250-b977-fcbaacd92d03" status: 200 len: 259 microversion: 1.28
Oct 27 03:23:25.184796 n-d-862769-1 devstack@placement-api.service[106453]: [pid: 106453|app: 0|req: 166/341] 10.222.0.44 () {60 vars in 1377 bytes} [Thu Oct 27 03:23:25 2022] GET /placement/allocations/69ad5de6-e20e-4250-b977-fcbaacd92d03 => generated 259 bytes in 36 msecs (HTTP/1.1 200) 8 headers in 296 bytes (1 switches on core 0)
Oct 27 03:23:25.193470 n-d-862769-1 devstack@placement-api.service[106454]: DEBUG placement.requestlog [req-c048bbc3-f6b4-4fbe-b905-fa168a0f6ac0 req-7748ffd4-bbd3-4fab-89fb-b3aee16dbbab None None] Starting request: 10.222.0.44 "GET /placement/allocations/87ad30f8-b432-45dc-82ff-aed508afddd7" {{(pid=106454) __call__ /opt/stack/placement/placement/requestlog.py:55}}
Oct 27 03:23:25.219426 n-d-862769-1 devstack@placement-api.service[106454]: INFO placement.requestlog [req-c048bbc3-f6b4-4fbe-b905-fa168a0f6ac0 req-7748ffd4-bbd3-4fab-89fb-b3aee16dbbab service placement] 10.222.0.44 "GET /placement/allocations/87ad30f8-b432-45dc-82ff-aed508afddd7" status: 200 len: 259 microversion: 1.28
Oct 27 03:23:25.221907 n-d-862769-1 devstack@placement-api.service[106454]: [pid: 106454|app: 0|req: 176/342] 10.222.0.44 () {60 vars in 1377 bytes} [Thu Oct 27 03:23:25 2022] GET /placement/allocations/87ad30f8-b432-45dc-82ff-aed508afddd7 => generated 259 bytes in 28 msecs (HTTP/1.1 200) 8 headers in 296 bytes (1 switches on core 0)
Oct 27 03:23:25.230168 n-d-862769-1 devstack@placement-api.service[106453]: DEBUG placement.requestlog [req-c048bbc3-f6b4-4fbe-b905-fa168a0f6ac0 req-b824a3a5-d5f9-46f6-94a9-8f4dc5e68c83 None None] Starting request: 10.222.0.44 "GET /placement/allocations/d0a79872-c316-4bb2-914c-a118831bc023" {{(pid=106453) __call__ /opt/stack/placement/placement/requestlog.py:55}}
Oct 27 03:23:25.268544 n-d-862769-1 devstack@placement-api.service[106453]: INFO placement.requestlog [req-c048bbc3-f6b4-4fbe-b905-fa168a0f6ac0 req-b824a3a5-d5f9-46f6-94a9-8f4dc5e68c83 service placement] 10.222.0.44 "GET /placement/allocations/d0a79872-c316-4bb2-914c-a118831bc023" status: 200 len: 259 microversion: 1.28
Oct 27 03:23:25.270989 n-d-862769-1 devstack@placement-api.service[106453]: [pid: 106453|app: 0|req: 167/343] 10.222.0.44 () {60 vars in 1377 bytes} [Thu Oct 27 03:23:25 2022] GET /placement/allocations/d0a79872-c316-4bb2-914c-a118831bc023 => generated 259 bytes in 41 msecs (HTTP/1.1 200) 8 headers in 296 bytes (1 switches on core 0)
Oct 27 03:23:25.530827 n-d-862769-1 devstack@placement-api.service[106454]: DEBUG placement.requestlog [req-7cd124ea-a49d-4f2a-bfde-890df9c7bfac req-6b70fddb-78ca-451a-9978-756ca6bb71b6 None None] Starting request: 10.222.0.44 "GET /placement/allocations/87ad30f8-b432-45dc-82ff-aed508afddd7" {{(pid=106454) __call__ /opt/stack/placement/placement/requestlog.py:55}}
Oct 27 03:23:25.549463 n-d-862769-1 devstack@placement-api.service[106454]: INFO placement.requestlog [req-7cd124ea-a49d-4f2a-bfde-890df9c7bfac req-6b70fddb-78ca-451a-9978-756ca6bb71b6 service placement] 10.222.0.44 "GET /placement/allocations/87ad30f8-b432-45dc-82ff-aed508afddd7" status: 200 len: 259 microversion: 1.28
Oct 27 03:23:25.550336 n-d-862769-1 devstack@placement-api.service[106454]: [pid: 106454|app: 0|req: 177/344] 10.222.0.44 () {60 vars in 1377 bytes} [Thu Oct 27 03:23:25 2022] GET /placement/allocations/87ad30f8-b432-45dc-82ff-aed508afddd7 => generated 259 bytes in 20 msecs (HTTP/1.1 200) 8 headers in 296 bytes (1 switches on core 0)
Oct 27 03:23:25.716697 n-d-862769-1 devstack@placement-api.service[106453]: DEBUG placement.requestlog [req-44c71d03-183b-4714-997f-530e0f11e4d1 req-659f9d65-a60e-49d1-8a6c-609fab3fac24 None None] Starting request: 10.222.0.20 "GET /placement/allocation_candidates?limit=1000&resources=DISK_GB%3A1%2CMEMORY_MB%3A1024%2CVCPU%3A1&root_required=%21COMPUTE_STATUS_DISABLED" {{(pid=106453) __call__ /opt/stack/placement/placement/requestlog.py:55}}
Oct 27 03:23:25.841793 n-d-862769-1 devstack@placement-api.service[106453]: DEBUG placement.objects.research_context [req-44c71d03-183b-4714-997f-530e0f11e4d1 req-659f9d65-a60e-49d1-8a6c-609fab3fac24 service placement] getting providers with 1 DISK_GB {{(pid=106453) __init__ /opt/stack/placement/placement/objects/research_context.py:136}}
Oct 27 03:23:25.852493 n-d-862769-1 devstack@placement-api.service[106453]: DEBUG placement.objects.research_context [req-44c71d03-183b-4714-997f-530e0f11e4d1 req-659f9d65-a60e-49d1-8a6c-609fab3fac24 service placement] getting providers with 1024 MEMORY_MB {{(pid=106453) __init__ /opt/stack/placement/placement/objects/research_context.py:136}}
Oct 27 03:23:25.874996 n-d-862769-1 devstack@placement-api.service[106453]: DEBUG placement.objects.research_context [req-44c71d03-183b-4714-997f-530e0f11e4d1 req-659f9d65-a60e-49d1-8a6c-609fab3fac24 service placement] getting providers with 1 VCPU {{(pid=106453) __init__ /opt/stack/placement/placement/objects/research_context.py:136}}
Oct 27 03:23:25.880287 n-d-862769-1 devstack@placement-api.service[106453]: DEBUG placement.objects.research_context [req-44c71d03-183b-4714-997f-530e0f11e4d1 req-659f9d65-a60e-49d1-8a6c-609fab3fac24 service placement] found 2 providers with available 1 DISK_GB {{(pid=106453) get_provider_ids_matching /opt/stack/placement/placement/objects/research_context.py:563}}
Oct 27 03:23:25.880860 n-d-862769-1 devstack@placement-api.service[106453]: DEBUG placement.objects.research_context [req-44c71d03-183b-4714-997f-530e0f11e4d1 req-659f9d65-a60e-49d1-8a6c-609fab3fac24 service placement] found 2 providers with available 1024 MEMORY_MB {{(pid=106453) get_provider_ids_matching /opt/stack/placement/placement/objects/research_context.py:563}}
Oct 27 03:23:25.881528 n-d-862769-1 devstack@placement-api.service[106453]: DEBUG placement.objects.research_context [req-44c71d03-183b-4714-997f-530e0f11e4d1 req-659f9d65-a60e-49d1-8a6c-609fab3fac24 service placement] found 2 providers after filtering by previous result {{(pid=106453) get_provider_ids_matching /opt/stack/placement/placement/objects/research_context.py:594}}
Oct 27 03:23:25.881953 n-d-862769-1 devstack@placement-api.service[106453]: DEBUG placement.objects.research_context [req-44c71d03-183b-4714-997f-530e0f11e4d1 req-659f9d65-a60e-49d1-8a6c-609fab3fac24 service placement] found 2 providers with available 1 VCPU {{(pid=106453) get_provider_ids_matching /opt/stack/placement/placement/objects/research_context.py:563}}
Oct 27 03:23:25.882460 n-d-862769-1 devstack@placement-api.service[106453]: DEBUG placement.objects.research_context [req-44c71d03-183b-4714-997f-530e0f11e4d1 req-659f9d65-a60e-49d1-8a6c-609fab3fac24 service placement] found 2 providers after filtering by previous result {{(pid=106453) get_provider_ids_matching /opt/stack/placement/placement/objects/research_context.py:594}}
Oct 27 03:23:25.919606 n-d-862769-1 devstack@placement-api.service[106453]: DEBUG placement.objects.allocation_candidate [req-44c71d03-183b-4714-997f-530e0f11e4d1 req-659f9d65-a60e-49d1-8a6c-609fab3fac24 service placement] RequestGroup(use_same_provider=False, resources={DISK_GB:1, MEMORY_MB:1024, VCPU:1}, traits=(), aggregates=[]) (suffix '') returned 2 matches {{(pid=106453) _get_by_requests /opt/stack/placement/placement/objects/allocation_candidate.py:156}}
Oct 27 03:23:25.919974 n-d-862769-1 devstack@placement-api.service[106453]: DEBUG placement.objects.allocation_candidate [req-44c71d03-183b-4714-997f-530e0f11e4d1 req-659f9d65-a60e-49d1-8a6c-609fab3fac24 service placement] Merging candidates yields 2 allocation requests and 2 provider summaries {{(pid=106453) _merge_candidates /opt/stack/placement/placement/objects/allocation_candidate.py:809}}
Oct 27 03:23:25.924139 n-d-862769-1 devstack@placement-api.service[106453]: INFO placement.requestlog [req-44c71d03-183b-4714-997f-530e0f11e4d1 req-659f9d65-a60e-49d1-8a6c-609fab3fac24 service placement] 10.222.0.20 "GET /placement/allocation_candidates?limit=1000&resources=DISK_GB%3A1%2CMEMORY_MB%3A1024%2CVCPU%3A1&root_required=%21COMPUTE_STATUS_DISABLED" status: 200 len: 1309 microversion: 1.36
Oct 27 03:23:25.925082 n-d-862769-1 devstack@placement-api.service[106453]: [pid: 106453|app: 0|req: 168/345] 10.222.0.20 () {60 vars in 1506 bytes} [Thu Oct 27 03:23:25 2022] GET /placement/allocation_candidates?limit=1000&resources=DISK_GB%3A1%2CMEMORY_MB%3A1024%2CVCPU%3A1&root_required=%21COMPUTE_STATUS_DISABLED => generated 1309 bytes in 208 msecs (HTTP/1.1 200) 8 headers in 297 bytes (1 switches on core 0)
Oct 27 03:23:26.022124 n-d-862769-1 devstack@placement-api.service[106454]: DEBUG placement.requestlog [req-44c71d03-183b-4714-997f-530e0f11e4d1 req-7db04748-e690-4eda-b7a7-03f14cdb860a None None] Starting request: 10.222.0.20 "GET /placement/allocations/a52fed88-50f8-4dea-b83d-6878adccb024" {{(pid=106454) __call__ /opt/stack/placement/placement/requestlog.py:55}}
Oct 27 03:23:26.038650 n-d-862769-1 devstack@placement-api.service[106454]: INFO placement.requestlog [req-44c71d03-183b-4714-997f-530e0f11e4d1 req-7db04748-e690-4eda-b7a7-03f14cdb860a service placement] 10.222.0.20 "GET /placement/allocations/a52fed88-50f8-4dea-b83d-6878adccb024" status: 200 len: 19 microversion: 1.28
Oct 27 03:23:26.039059 n-d-862769-1 devstack@placement-api.service[106454]: [pid: 106454|app: 0|req: 178/346] 10.222.0.20 () {60 vars in 1380 bytes} [Thu Oct 27 03:23:26 2022] GET /placement/allocations/a52fed88-50f8-4dea-b83d-6878adccb024 => generated 19 bytes in 17 msecs (HTTP/1.1 200) 8 headers in 295 bytes (1 switches on core 0)
Oct 27 03:23:26.045555 n-d-862769-1 devstack@placement-api.service[106453]: DEBUG placement.requestlog [req-44c71d03-183b-4714-997f-530e0f11e4d1 req-01c2c0ec-d5fb-4b66-b968-b9971bfbfca3 None None] Starting request: 10.222.0.20 "PUT /placement/allocations/a52fed88-50f8-4dea-b83d-6878adccb024" {{(pid=106453) __call__ /opt/stack/placement/placement/requestlog.py:55}}
Oct 27 03:23:26.235195 n-d-862769-1 devstack@placement-api.service[106453]: DEBUG placement.handlers.allocation [req-44c71d03-183b-4714-997f-530e0f11e4d1 req-01c2c0ec-d5fb-4b66-b968-b9971bfbfca3 service placement] Successfully wrote allocations [, , ] {{(pid=106453) _update_consumers_and_create_allocations /opt/stack/placement/placement/handlers/allocation.py:462}}
Oct 27 03:23:26.306329 n-d-862769-1 devstack@placement-api.service[106453]: INFO placement.requestlog [req-44c71d03-183b-4714-997f-530e0f11e4d1 req-01c2c0ec-d5fb-4b66-b968-b9971bfbfca3 service placement] 10.222.0.20 "PUT /placement/allocations/a52fed88-50f8-4dea-b83d-6878adccb024" status: 204 len: 0 microversion: 1.36
Oct 27 03:23:26.306483 n-d-862769-1 devstack@placement-api.service[106453]: [pid: 106453|app: 0|req: 169/347] 10.222.0.20 () {64 vars in 1433 bytes} [Thu Oct 27 03:23:26 2022] PUT /placement/allocations/a52fed88-50f8-4dea-b83d-6878adccb024 => generated 0 bytes in 261 msecs (HTTP/1.1 204) 5 headers in 199 bytes (2 switches on core 0)
Oct 27 03:23:26.432106 n-d-862769-1 devstack@placement-api.service[106454]: DEBUG placement.requestlog [req-c048bbc3-f6b4-4fbe-b905-fa168a0f6ac0 req-40d676b5-b5a3-4de1-96a5-4a6a9b879bbc None None] Starting request: 10.222.0.44 "GET /placement/allocations/60982eee-ad86-4e7e-b2a1-bf256c12d35c" {{(pid=106454) __call__ /opt/stack/placement/placement/requestlog.py:55}}
Oct 27 03:23:26.442773 n-d-862769-1 devstack@placement-api.service[106454]: DEBUG dbcounter [-] [106454] Writing DB stats placement:SELECT=98,placement:DELETE=2 {{(pid=106454) stat_writer /usr/local/lib/python3.8/dist-packages/dbcounter.py:114}}
Oct 27 03:23:26.458352 n-d-862769-1 devstack@placement-api.service[106454]: INFO placement.requestlog [req-c048bbc3-f6b4-4fbe-b905-fa168a0f6ac0 req-40d676b5-b5a3-4de1-96a5-4a6a9b879bbc service placement] 10.222.0.44 "GET /placement/allocations/60982eee-ad86-4e7e-b2a1-bf256c12d35c" status: 200 len: 259 microversion: 1.28
Oct 27 03:23:26.458745 n-d-862769-1 devstack@placement-api.service[106454]: [pid: 106454|app: 0|req: 179/348] 10.222.0.44 () {60 vars in 1377 bytes} [Thu Oct 27 03:23:26 2022] GET /placement/allocations/60982eee-ad86-4e7e-b2a1-bf256c12d35c => generated 259 bytes in 27 msecs (HTTP/1.1 200) 8 headers in 296 bytes (1 switches on core 0)
Oct 27 03:23:26.468612 n-d-862769-1 devstack@placement-api.service[106453]: DEBUG placement.requestlog [req-c048bbc3-f6b4-4fbe-b905-fa168a0f6ac0 req-00185a07-e48c-4acb-b8a5-63c9047daabc None None] Starting request: 10.222.0.44 "PUT /placement/allocations/60982eee-ad86-4e7e-b2a1-bf256c12d35c" {{(pid=106453) __call__ /opt/stack/placement/placement/requestlog.py:55}}
Oct 27 03:23:26.543405 n-d-862769-1 devstack@placement-api.service[106454]: DEBUG placement.requestlog [req-7cd124ea-a49d-4f2a-bfde-890df9c7bfac req-2f25a443-e13a-4d46-8704-10c194f089ad None None] Starting request: 10.222.0.44 "GET /placement/resource_providers/936bca09-a1b9-4e2d-be60-afa2a799790d/allocations" {{(pid=106454) __call__ /opt/stack/placement/placement/requestlog.py:55}}
Oct 27 03:23:26.575338 n-d-862769-1 devstack@placement-api.service[106453]: DEBUG placement.handlers.allocation [req-c048bbc3-f6b4-4fbe-b905-fa168a0f6ac0 req-00185a07-e48c-4acb-b8a5-63c9047daabc service placement] Successfully wrote allocations [, , ] {{(pid=106453) _update_consumers_and_create_allocations /opt/stack/placement/placement/handlers/allocation.py:462}}
Oct 27 03:23:26.575452 n-d-862769-1 devstack@placement-api.service[106454]: INFO placement.requestlog [req-7cd124ea-a49d-4f2a-bfde-890df9c7bfac req-2f25a443-e13a-4d46-8704-10c194f089ad service placement] 10.222.0.44 "GET /placement/resource_providers/936bca09-a1b9-4e2d-be60-afa2a799790d/allocations" status: 200 len: 861 microversion: 1.0
Oct 27 03:23:26.575452 n-d-862769-1 devstack@placement-api.service[106454]: [pid: 106454|app: 0|req: 180/349] 10.222.0.44 () {58 vars in 1390 bytes} [Thu Oct 27 03:23:26 2022] GET /placement/resource_providers/936bca09-a1b9-4e2d-be60-afa2a799790d/allocations => generated 861 bytes in 30 msecs (HTTP/1.1 200) 6 headers in 224 bytes (2 switches on core 0)
Oct 27 03:23:26.649858 n-d-862769-1 devstack@placement-api.service[106453]: INFO placement.requestlog [req-c048bbc3-f6b4-4fbe-b905-fa168a0f6ac0 req-00185a07-e48c-4acb-b8a5-63c9047daabc service placement] 10.222.0.44 "PUT /placement/allocations/60982eee-ad86-4e7e-b2a1-bf256c12d35c" status: 204 len: 0 microversion: 1.28
Oct 27 03:23:26.650350 n-d-862769-1 devstack@placement-api.service[106453]: [pid: 106453|app: 0|req: 170/350] 10.222.0.44 () {64 vars in 1430 bytes} [Thu Oct 27 03:23:26 2022] PUT /placement/allocations/60982eee-ad86-4e7e-b2a1-bf256c12d35c => generated 0 bytes in 183 msecs (HTTP/1.1 204) 5 headers in 199 bytes (1 switches on core 0)
Oct 27 03:23:26.743495 n-d-862769-1 devstack@placement-api.service[106454]: DEBUG placement.requestlog [req-7cd124ea-a49d-4f2a-bfde-890df9c7bfac req-6f31dbc7-252e-460d-a7db-2e1253482c45 None None] Starting request: 10.222.0.44 "GET /placement/allocations/a52fed88-50f8-4dea-b83d-6878adccb024" {{(pid=106454) __call__ /opt/stack/placement/placement/requestlog.py:55}}
Oct 27 03:23:26.760568 n-d-862769-1 devstack@placement-api.service[106454]: INFO placement.requestlog [req-7cd124ea-a49d-4f2a-bfde-890df9c7bfac req-6f31dbc7-252e-460d-a7db-2e1253482c45 service placement] 10.222.0.44 "GET /placement/allocations/a52fed88-50f8-4dea-b83d-6878adccb024" status: 200 len: 259 microversion: 1.28
Oct 27 03:23:26.761100 n-d-862769-1 devstack@placement-api.service[106454]: [pid: 106454|app: 0|req: 181/351] 10.222.0.44 () {60 vars in 1377 bytes} [Thu Oct 27 03:23:26 2022] GET /placement/allocations/a52fed88-50f8-4dea-b83d-6878adccb024 => generated 259 bytes in 19 msecs (HTTP/1.1 200) 8 headers in 296 bytes (2 switches on core 0)
Oct 27 03:23:26.768605 n-d-862769-1 devstack@placement-api.service[106453]: DEBUG placement.requestlog [req-7cd124ea-a49d-4f2a-bfde-890df9c7bfac req-1b669336-e115-4493-a16e-1f8818745e4d None None] Starting request: 10.222.0.44 "GET /placement/allocations/87ad30f8-b432-45dc-82ff-aed508afddd7" {{(pid=106453) __call__ /opt/stack/placement/placement/requestlog.py:55}}
Oct 27 03:23:26.789693 n-d-862769-1 devstack@placement-api.service[106453]: INFO placement.requestlog [req-7cd124ea-a49d-4f2a-bfde-890df9c7bfac req-1b669336-e115-4493-a16e-1f8818745e4d service placement] 10.222.0.44 "GET /placement/allocations/87ad30f8-b432-45dc-82ff-aed508afddd7" status: 200 len: 259 microversion: 1.28
Oct 27 03:23:26.790244 n-d-862769-1 devstack@placement-api.service[106453]: [pid: 106453|app: 0|req: 171/352] 10.222.0.44 () {60 vars in 1377 bytes} [Thu Oct 27 03:23:26 2022] GET /placement/allocations/87ad30f8-b432-45dc-82ff-aed508afddd7 => generated 259 bytes in 22 msecs (HTTP/1.1 200) 8 headers in 296 bytes (1 switches on core 0)
Oct 27 03:23:26.797498 n-d-862769-1 devstack@placement-api.service[106454]: DEBUG placement.requestlog [req-7cd124ea-a49d-4f2a-bfde-890df9c7bfac req-6081526b-a794-40af-a359-df56863913d9 None None] Starting request: 10.222.0.44 "GET /placement/allocations/60982eee-ad86-4e7e-b2a1-bf256c12d35c" {{(pid=106454) __call__ /opt/stack/placement/placement/requestlog.py:55}}
Oct 27 03:23:26.825300 n-d-862769-1 devstack@placement-api.service[106454]: INFO placement.requestlog [req-7cd124ea-a49d-4f2a-bfde-890df9c7bfac req-6081526b-a794-40af-a359-df56863913d9 service placement] 10.222.0.44 "GET /placement/allocations/60982eee-ad86-4e7e-b2a1-bf256c12d35c" status: 200 len: 19 microversion: 1.28
Oct 27 03:23:26.826826 n-d-862769-1 devstack@placement-api.service[106454]: [pid: 106454|app: 0|req: 182/353] 10.222.0.44 () {60 vars in 1377 bytes} [Thu Oct 27 03:23:26 2022] GET /placement/allocations/60982eee-ad86-4e7e-b2a1-bf256c12d35c => generated 19 bytes in 30 msecs (HTTP/1.1 200) 8 headers in 295 bytes (2 switches on core 0)
Oct 27 03:23:26.832715 n-d-862769-1 devstack@placement-api.service[106453]: DEBUG placement.requestlog [req-7cd124ea-a49d-4f2a-bfde-890df9c7bfac req-8e0b11ab-0438-421e-adb3-898171fa8ba8 None None] Starting request: 10.222.0.44 "GET /placement/allocations/5910c783-6877-4a41-8650-0973a11f3578" {{(pid=106453) __call__ /opt/stack/placement/placement/requestlog.py:55}}
Oct 27 03:23:26.851923 n-d-862769-1 devstack@placement-api.service[106453]: INFO placement.requestlog [req-7cd124ea-a49d-4f2a-bfde-890df9c7bfac req-8e0b11ab-0438-421e-adb3-898171fa8ba8 service placement] 10.222.0.44 "GET /placement/allocations/5910c783-6877-4a41-8650-0973a11f3578" status: 200 len: 259 microversion: 1.28
Oct 27 03:23:26.857708 n-d-862769-1 devstack@placement-api.service[106453]: [pid: 106453|app: 0|req: 172/354] 10.222.0.44 () {60 vars in 1377 bytes} [Thu Oct 27 03:23:26 2022] GET /placement/allocations/5910c783-6877-4a41-8650-0973a11f3578 => generated 259 bytes in 20 msecs (HTTP/1.1 200) 8 headers in 296 bytes (2 switches on core 0)
