Oct 26 05:02:52.447791 n-d-862416-4 devstack@placement-api.service[105871]: [pid: 105871|app: 0|req: 123/247] 10.222.0.42 () {58 vars in 1390 bytes} [Wed Oct 26 05:02:52 2022] GET /placement/resource_providers/abdf4bf9-892b-4cb6-af5a-0b5ae183abe0/allocations => generated 456 bytes in 24 msecs (HTTP/1.1 200) 6 headers in 224 bytes (1 switches on core 0)
Oct 26 05:02:52.504710 n-d-862416-4 devstack@placement-api.service[105870]: DEBUG placement.requestlog [req-0d0c3220-d4f6-44be-bbdf-52de89e1b41c req-3ff29daf-a969-4123-b436-c2d38ea0c767 None None] Starting request: 10.222.0.42 "GET /placement/resource_providers/abdf4bf9-892b-4cb6-af5a-0b5ae183abe0/allocations" {{(pid=105870) __call__ /opt/stack/placement/placement/requestlog.py:55}}
Oct 26 05:02:52.506848 n-d-862416-4 devstack@placement-api.service[105871]: DEBUG placement.requestlog [req-ec06e829-4b47-4f23-b606-12465ec9b730 req-d33cdcea-97a0-444c-af01-af6d6c0ff64f None None] Starting request: 10.222.0.16 "GET /placement/allocations/7463491c-3949-4199-adbb-2436a92672c6" {{(pid=105871) __call__ /opt/stack/placement/placement/requestlog.py:55}}
Oct 26 05:02:52.518216 n-d-862416-4 devstack@placement-api.service[105871]: INFO placement.requestlog [req-ec06e829-4b47-4f23-b606-12465ec9b730 req-d33cdcea-97a0-444c-af01-af6d6c0ff64f service placement] 10.222.0.16 "GET /placement/allocations/7463491c-3949-4199-adbb-2436a92672c6" status: 200 len: 19 microversion: 1.28
Oct 26 05:02:52.519454 n-d-862416-4 devstack@placement-api.service[105871]: [pid: 105871|app: 0|req: 124/248] 10.222.0.16 () {60 vars in 1380 bytes} [Wed Oct 26 05:02:52 2022] GET /placement/allocations/7463491c-3949-4199-adbb-2436a92672c6 => generated 19 bytes in 12 msecs (HTTP/1.1 200) 8 headers in 295 bytes (2 switches on core 0)
Oct 26 05:02:52.537860 n-d-862416-4 devstack@placement-api.service[105871]: DEBUG placement.requestlog [req-ec06e829-4b47-4f23-b606-12465ec9b730 req-4b6a66a7-aead-4195-ac32-a3d5d59d9e3a None None] Starting request: 10.222.0.16 "PUT /placement/allocations/7463491c-3949-4199-adbb-2436a92672c6" {{(pid=105871) __call__ /opt/stack/placement/placement/requestlog.py:55}}
Oct 26 05:02:52.541123 n-d-862416-4 devstack@placement-api.service[105870]: INFO placement.requestlog [req-0d0c3220-d4f6-44be-bbdf-52de89e1b41c req-3ff29daf-a969-4123-b436-c2d38ea0c767 service placement] 10.222.0.42 "GET /placement/resource_providers/abdf4bf9-892b-4cb6-af5a-0b5ae183abe0/allocations" status: 200 len: 456 microversion: 1.0
Oct 26 05:02:52.541902 n-d-862416-4 devstack@placement-api.service[105870]: [pid: 105870|app: 0|req: 125/249] 10.222.0.42 () {58 vars in 1390 bytes} [Wed Oct 26 05:02:52 2022] GET /placement/resource_providers/abdf4bf9-892b-4cb6-af5a-0b5ae183abe0/allocations => generated 456 bytes in 37 msecs (HTTP/1.1 200) 6 headers in 224 bytes (1 switches on core 0)
Oct 26 05:02:52.561726 n-d-862416-4 devstack@placement-api.service[105870]: DEBUG placement.requestlog [req-0d0c3220-d4f6-44be-bbdf-52de89e1b41c req-c71284c2-7a4c-4cc4-bb74-4dc43bd13958 None None] Starting request: 10.222.0.42 "GET /placement/allocations/253b9285-cec2-40da-ae51-921dff99c46e" {{(pid=105870) __call__ /opt/stack/placement/placement/requestlog.py:55}}
Oct 26 05:02:52.586357 n-d-862416-4 devstack@placement-api.service[105870]: INFO placement.requestlog [req-0d0c3220-d4f6-44be-bbdf-52de89e1b41c req-c71284c2-7a4c-4cc4-bb74-4dc43bd13958 service placement] 10.222.0.42 "GET /placement/allocations/253b9285-cec2-40da-ae51-921dff99c46e" status: 200 len: 258 microversion: 1.28
Oct 26 05:02:52.589628 n-d-862416-4 devstack@placement-api.service[105870]: [pid: 105870|app: 0|req: 126/250] 10.222.0.42 () {60 vars in 1377 bytes} [Wed Oct 26 05:02:52 2022] GET /placement/allocations/253b9285-cec2-40da-ae51-921dff99c46e => generated 258 bytes in 28 msecs (HTTP/1.1 200) 8 headers in 296 bytes (1 switches on core 0)
Oct 26 05:02:52.595021 n-d-862416-4 devstack@placement-api.service[105870]: DEBUG placement.requestlog [req-0d0c3220-d4f6-44be-bbdf-52de89e1b41c req-6193b23c-3f35-4353-ae33-8644f8e4064f None None] Starting request: 10.222.0.42 "GET /placement/allocations/aec31ca7-aa42-4ef1-afc1-23ea10eb6ad4" {{(pid=105870) __call__ /opt/stack/placement/placement/requestlog.py:55}}
Oct 26 05:02:52.617500 n-d-862416-4 devstack@placement-api.service[105870]: DEBUG dbcounter [-] [105870] Writing DB stats placement:SELECT=96,placement:DELETE=4 {{(pid=105870) stat_writer /usr/local/lib/python3.8/dist-packages/dbcounter.py:114}}
Oct 26 05:02:52.626944 n-d-862416-4 devstack@placement-api.service[105870]: INFO placement.requestlog [req-0d0c3220-d4f6-44be-bbdf-52de89e1b41c req-6193b23c-3f35-4353-ae33-8644f8e4064f service placement] 10.222.0.42 "GET /placement/allocations/aec31ca7-aa42-4ef1-afc1-23ea10eb6ad4" status: 200 len: 258 microversion: 1.28
Oct 26 05:02:52.627756 n-d-862416-4 devstack@placement-api.service[105870]: [pid: 105870|app: 0|req: 127/251] 10.222.0.42 () {60 vars in 1377 bytes} [Wed Oct 26 05:02:52 2022] GET /placement/allocations/aec31ca7-aa42-4ef1-afc1-23ea10eb6ad4 => generated 258 bytes in 33 msecs (HTTP/1.1 200) 8 headers in 296 bytes (1 switches on core 0)
Oct 26 05:02:52.634906 n-d-862416-4 devstack@placement-api.service[105870]: DEBUG placement.requestlog [req-0d0c3220-d4f6-44be-bbdf-52de89e1b41c req-8076b9fb-0e7d-4e57-ac4e-d7fb69957502 None None] Starting request: 10.222.0.42 "GET /placement/allocations/31ced283-dea4-4e31-b42c-609fe3c75d6c" {{(pid=105870) __call__ /opt/stack/placement/placement/requestlog.py:55}}
Oct 26 05:02:52.647599 n-d-862416-4 devstack@placement-api.service[105871]: DEBUG placement.handlers.allocation [req-ec06e829-4b47-4f23-b606-12465ec9b730 req-4b6a66a7-aead-4195-ac32-a3d5d59d9e3a service placement] Successfully wrote allocations [, , ] {{(pid=105871) _update_consumers_and_create_allocations /opt/stack/placement/placement/handlers/allocation.py:462}}
Oct 26 05:02:52.654823 n-d-862416-4 devstack@placement-api.service[105871]: INFO placement.requestlog [req-ec06e829-4b47-4f23-b606-12465ec9b730 req-4b6a66a7-aead-4195-ac32-a3d5d59d9e3a service placement] 10.222.0.16 "PUT /placement/allocations/7463491c-3949-4199-adbb-2436a92672c6" status: 204 len: 0 microversion: 1.36
Oct 26 05:02:52.655380 n-d-862416-4 devstack@placement-api.service[105871]: [pid: 105871|app: 0|req: 125/252] 10.222.0.16 () {64 vars in 1433 bytes} [Wed Oct 26 05:02:52 2022] PUT /placement/allocations/7463491c-3949-4199-adbb-2436a92672c6 => generated 0 bytes in 118 msecs (HTTP/1.1 204) 5 headers in 199 bytes (1 switches on core 0)
Oct 26 05:02:52.659208 n-d-862416-4 devstack@placement-api.service[105870]: INFO placement.requestlog [req-0d0c3220-d4f6-44be-bbdf-52de89e1b41c req-8076b9fb-0e7d-4e57-ac4e-d7fb69957502 service placement] 10.222.0.42 "GET /placement/allocations/31ced283-dea4-4e31-b42c-609fe3c75d6c" status: 200 len: 258 microversion: 1.28
Oct 26 05:02:52.660630 n-d-862416-4 devstack@placement-api.service[105870]: [pid: 105870|app: 0|req: 128/253] 10.222.0.42 () {60 vars in 1377 bytes} [Wed Oct 26 05:02:52 2022] GET /placement/allocations/31ced283-dea4-4e31-b42c-609fe3c75d6c => generated 258 bytes in 26 msecs (HTTP/1.1 200) 8 headers in 296 bytes (1 switches on core 0)
Oct 26 05:02:52.668132 n-d-862416-4 devstack@placement-api.service[105871]: DEBUG placement.requestlog [req-0d0c3220-d4f6-44be-bbdf-52de89e1b41c req-db4ab43e-0824-4d07-b217-b792c4dc9f87 None None] Starting request: 10.222.0.42 "GET /placement/allocations/e8d0a65e-570d-4735-be0b-91730b576b18" {{(pid=105871) __call__ /opt/stack/placement/placement/requestlog.py:55}}
Oct 26 05:02:52.693327 n-d-862416-4 devstack@placement-api.service[105871]: INFO placement.requestlog [req-0d0c3220-d4f6-44be-bbdf-52de89e1b41c req-db4ab43e-0824-4d07-b217-b792c4dc9f87 service placement] 10.222.0.42 "GET /placement/allocations/e8d0a65e-570d-4735-be0b-91730b576b18" status: 200 len: 258 microversion: 1.28
Oct 26 05:02:52.693930 n-d-862416-4 devstack@placement-api.service[105871]: [pid: 105871|app: 0|req: 126/254] 10.222.0.42 () {60 vars in 1377 bytes} [Wed Oct 26 05:02:52 2022] GET /placement/allocations/e8d0a65e-570d-4735-be0b-91730b576b18 => generated 258 bytes in 26 msecs (HTTP/1.1 200) 8 headers in 296 bytes (2 switches on core 0)
Oct 26 05:02:52.983686 n-d-862416-4 devstack@placement-api.service[105870]: DEBUG placement.requestlog [req-0d0c3220-d4f6-44be-bbdf-52de89e1b41c req-b763b754-d857-45f5-a4ba-d985a40e5904 None None] Starting request: 10.222.0.42 "GET /placement/allocations/e8d0a65e-570d-4735-be0b-91730b576b18" {{(pid=105870) __call__ /opt/stack/placement/placement/requestlog.py:55}}
Oct 26 05:02:53.007325 n-d-862416-4 devstack@placement-api.service[105870]: INFO placement.requestlog [req-0d0c3220-d4f6-44be-bbdf-52de89e1b41c req-b763b754-d857-45f5-a4ba-d985a40e5904 service placement] 10.222.0.42 "GET /placement/allocations/e8d0a65e-570d-4735-be0b-91730b576b18" status: 200 len: 258 microversion: 1.28
Oct 26 05:02:53.008325 n-d-862416-4 devstack@placement-api.service[105870]: [pid: 105870|app: 0|req: 129/255] 10.222.0.42 () {60 vars in 1377 bytes} [Wed Oct 26 05:02:52 2022] GET /placement/allocations/e8d0a65e-570d-4735-be0b-91730b576b18 => generated 258 bytes in 25 msecs (HTTP/1.1 200) 8 headers in 296 bytes (1 switches on core 0)
Oct 26 05:02:53.017942 n-d-862416-4 devstack@placement-api.service[105871]: DEBUG placement.requestlog [req-0d0c3220-d4f6-44be-bbdf-52de89e1b41c req-fec84f85-a3c4-417d-bfee-3b37b13f1156 None None] Starting request: 10.222.0.42 "PUT /placement/allocations/e8d0a65e-570d-4735-be0b-91730b576b18" {{(pid=105871) __call__ /opt/stack/placement/placement/requestlog.py:55}}
Oct 26 05:02:53.046284 n-d-862416-4 devstack@placement-api.service[105870]: DEBUG placement.requestlog [req-ec06e829-4b47-4f23-b606-12465ec9b730 req-81b17a24-638b-4996-be86-171e08820234 None None] Starting request: 10.222.0.20 "GET /placement/allocations/7463491c-3949-4199-adbb-2436a92672c6" {{(pid=105870) __call__ /opt/stack/placement/placement/requestlog.py:55}}
Oct 26 05:02:53.065679 n-d-862416-4 devstack@placement-api.service[105870]: INFO placement.requestlog [req-ec06e829-4b47-4f23-b606-12465ec9b730 req-81b17a24-638b-4996-be86-171e08820234 service placement] 10.222.0.20 "GET /placement/allocations/7463491c-3949-4199-adbb-2436a92672c6" status: 200 len: 259 microversion: 1.28
Oct 26 05:02:53.066990 n-d-862416-4 devstack@placement-api.service[105870]: [pid: 105870|app: 0|req: 130/256] 10.222.0.20 () {60 vars in 1377 bytes} [Wed Oct 26 05:02:53 2022] GET /placement/allocations/7463491c-3949-4199-adbb-2436a92672c6 => generated 259 bytes in 22 msecs (HTTP/1.1 200) 8 headers in 296 bytes (1 switches on core 0)
Oct 26 05:02:53.083148 n-d-862416-4 devstack@placement-api.service[105871]: DEBUG placement.handlers.allocation [req-0d0c3220-d4f6-44be-bbdf-52de89e1b41c req-fec84f85-a3c4-417d-bfee-3b37b13f1156 service placement] Successfully wrote allocations [, , ] {{(pid=105871) _update_consumers_and_create_allocations /opt/stack/placement/placement/handlers/allocation.py:462}}
Oct 26 05:02:53.086280 n-d-862416-4 devstack@placement-api.service[105871]: INFO placement.requestlog [req-0d0c3220-d4f6-44be-bbdf-52de89e1b41c req-fec84f85-a3c4-417d-bfee-3b37b13f1156 service placement] 10.222.0.42 "PUT /placement/allocations/e8d0a65e-570d-4735-be0b-91730b576b18" status: 204 len: 0 microversion: 1.28
Oct 26 05:02:53.087201 n-d-862416-4 devstack@placement-api.service[105871]: [pid: 105871|app: 0|req: 127/257] 10.222.0.42 () {64 vars in 1430 bytes} [Wed Oct 26 05:02:53 2022] PUT /placement/allocations/e8d0a65e-570d-4735-be0b-91730b576b18 => generated 0 bytes in 70 msecs (HTTP/1.1 204) 5 headers in 199 bytes (1 switches on core 0)
Oct 26 05:02:53.193016 n-d-862416-4 devstack@placement-api.service[105870]: DEBUG placement.requestlog [req-ec06e829-4b47-4f23-b606-12465ec9b730 req-1e25f4ed-991b-43f3-aa1e-2a31f96f2832 None None] Starting request: 10.222.0.20 "GET /placement/resource_providers/867ad880-53ab-41a3-85b5-3bfd9442fb03/allocations" {{(pid=105870) __call__ /opt/stack/placement/placement/requestlog.py:55}}
Oct 26 05:02:53.216457 n-d-862416-4 devstack@placement-api.service[105870]: INFO placement.requestlog [req-ec06e829-4b47-4f23-b606-12465ec9b730 req-1e25f4ed-991b-43f3-aa1e-2a31f96f2832 service placement] 10.222.0.20 "GET /placement/resource_providers/867ad880-53ab-41a3-85b5-3bfd9442fb03/allocations" status: 200 len: 558 microversion: 1.0
Oct 26 05:02:53.216995 n-d-862416-4 devstack@placement-api.service[105870]: [pid: 105870|app: 0|req: 131/258] 10.222.0.20 () {58 vars in 1390 bytes} [Wed Oct 26 05:02:53 2022] GET /placement/resource_providers/867ad880-53ab-41a3-85b5-3bfd9442fb03/allocations => generated 558 bytes in 24 msecs (HTTP/1.1 200) 6 headers in 224 bytes (1 switches on core 0)
Oct 26 05:02:53.224437 n-d-862416-4 devstack@placement-api.service[105871]: DEBUG placement.requestlog [req-ec06e829-4b47-4f23-b606-12465ec9b730 req-364a9a48-f6b7-4777-b62d-7a1b30283e63 None None] Starting request: 10.222.0.20 "GET /placement/allocations/799dd620-87a8-4e32-9c1a-772b54ecb883" {{(pid=105871) __call__ /opt/stack/placement/placement/requestlog.py:55}}
Oct 26 05:02:53.240375 n-d-862416-4 devstack@placement-api.service[105871]: DEBUG dbcounter [-] [105871] Writing DB stats placement:SELECT=86,placement:DELETE=6,placement:INSERT=4,placement:UPDATE=4 {{(pid=105871) stat_writer /usr/local/lib/python3.8/dist-packages/dbcounter.py:114}}
Oct 26 05:02:53.245225 n-d-862416-4 devstack@placement-api.service[105871]: INFO placement.requestlog [req-ec06e829-4b47-4f23-b606-12465ec9b730 req-364a9a48-f6b7-4777-b62d-7a1b30283e63 service placement] 10.222.0.20 "GET /placement/allocations/799dd620-87a8-4e32-9c1a-772b54ecb883" status: 200 len: 259 microversion: 1.28
Oct 26 05:02:53.246560 n-d-862416-4 devstack@placement-api.service[105871]: [pid: 105871|app: 0|req: 128/259] 10.222.0.20 () {60 vars in 1377 bytes} [Wed Oct 26 05:02:53 2022] GET /placement/allocations/799dd620-87a8-4e32-9c1a-772b54ecb883 => generated 259 bytes in 22 msecs (HTTP/1.1 200) 8 headers in 296 bytes (1 switches on core 0)
Oct 26 05:02:53.253812 n-d-862416-4 devstack@placement-api.service[105870]: DEBUG placement.requestlog [req-ec06e829-4b47-4f23-b606-12465ec9b730 req-7c969963-0038-45b5-89d6-2ab50eb4e2b7 None None] Starting request: 10.222.0.20 "GET /placement/allocations/0d592cac-0cd1-4090-9d22-a64f8689a08c" {{(pid=105870) __call__ /opt/stack/placement/placement/requestlog.py:55}}
Oct 26 05:02:53.272304 n-d-862416-4 devstack@placement-api.service[105870]: INFO placement.requestlog [req-ec06e829-4b47-4f23-b606-12465ec9b730 req-7c969963-0038-45b5-89d6-2ab50eb4e2b7 service placement] 10.222.0.20 "GET /placement/allocations/0d592cac-0cd1-4090-9d22-a64f8689a08c" status: 200 len: 259 microversion: 1.28
Oct 26 05:02:53.273683 n-d-862416-4 devstack@placement-api.service[105870]: [pid: 105870|app: 0|req: 132/260] 10.222.0.20 () {60 vars in 1377 bytes} [Wed Oct 26 05:02:53 2022] GET /placement/allocations/0d592cac-0cd1-4090-9d22-a64f8689a08c => generated 259 bytes in 20 msecs (HTTP/1.1 200) 8 headers in 296 bytes (2 switches on core 0)
Oct 26 05:02:53.281896 n-d-862416-4 devstack@placement-api.service[105871]: DEBUG placement.requestlog [req-ec06e829-4b47-4f23-b606-12465ec9b730 req-5f1287b9-0c57-45fd-80ab-62f25e09bbe4 None None] Starting request: 10.222.0.20 "GET /placement/allocations/7433cab3-8fe8-4104-8a57-52413f45846d" {{(pid=105871) __call__ /opt/stack/placement/placement/requestlog.py:55}}
Oct 26 05:02:53.299156 n-d-862416-4 devstack@placement-api.service[105871]: INFO placement.requestlog [req-ec06e829-4b47-4f23-b606-12465ec9b730 req-5f1287b9-0c57-45fd-80ab-62f25e09bbe4 service placement] 10.222.0.20 "GET /placement/allocations/7433cab3-8fe8-4104-8a57-52413f45846d" status: 200 len: 259 microversion: 1.28
Oct 26 05:02:53.299849 n-d-862416-4 devstack@placement-api.service[105871]: [pid: 105871|app: 0|req: 129/261] 10.222.0.20 () {60 vars in 1377 bytes} [Wed Oct 26 05:02:53 2022] GET /placement/allocations/7433cab3-8fe8-4104-8a57-52413f45846d => generated 259 bytes in 18 msecs (HTTP/1.1 200) 8 headers in 296 bytes (1 switches on core 0)
Oct 26 05:02:53.307692 n-d-862416-4 devstack@placement-api.service[105870]: DEBUG placement.requestlog [req-ec06e829-4b47-4f23-b606-12465ec9b730 req-817f258f-815f-4a00-9d89-d596fb01c9f6 None None] Starting request: 10.222.0.20 "GET /placement/allocations/7463491c-3949-4199-adbb-2436a92672c6" {{(pid=105870) __call__ /opt/stack/placement/placement/requestlog.py:55}}
Oct 26 05:02:53.323832 n-d-862416-4 devstack@placement-api.service[105870]: INFO placement.requestlog [req-ec06e829-4b47-4f23-b606-12465ec9b730 req-817f258f-815f-4a00-9d89-d596fb01c9f6 service placement] 10.222.0.20 "GET /placement/allocations/7463491c-3949-4199-adbb-2436a92672c6" status: 200 len: 259 microversion: 1.28
Oct 26 05:02:53.324798 n-d-862416-4 devstack@placement-api.service[105870]: [pid: 105870|app: 0|req: 133/262] 10.222.0.20 () {60 vars in 1377 bytes} [Wed Oct 26 05:02:53 2022] GET /placement/allocations/7463491c-3949-4199-adbb-2436a92672c6 => generated 259 bytes in 18 msecs (HTTP/1.1 200) 8 headers in 296 bytes (1 switches on core 0)
Oct 26 05:02:53.333398 n-d-862416-4 devstack@placement-api.service[105871]: DEBUG placement.requestlog [req-ec06e829-4b47-4f23-b606-12465ec9b730 req-be861612-3d22-4b70-9ce1-36799248b4ea None None] Starting request: 10.222.0.20 "GET /placement/allocations/79855693-370b-458d-b7dc-6a777007e914" {{(pid=105871) __call__ /opt/stack/placement/placement/requestlog.py:55}}
Oct 26 05:02:53.351811 n-d-862416-4 devstack@placement-api.service[105871]: INFO placement.requestlog [req-ec06e829-4b47-4f23-b606-12465ec9b730 req-be861612-3d22-4b70-9ce1-36799248b4ea service placement] 10.222.0.20 "GET /placement/allocations/79855693-370b-458d-b7dc-6a777007e914" status: 200 len: 259 microversion: 1.28
Oct 26 05:02:53.352401 n-d-862416-4 devstack@placement-api.service[105871]: [pid: 105871|app: 0|req: 130/263] 10.222.0.20 () {60 vars in 1377 bytes} [Wed Oct 26 05:02:53 2022] GET /placement/allocations/79855693-370b-458d-b7dc-6a777007e914 => generated 259 bytes in 20 msecs (HTTP/1.1 200) 8 headers in 296 bytes (1 switches on core 0)
Oct 26 05:02:58.516338 n-d-862416-4 devstack@placement-api.service[105870]: DEBUG placement.requestlog [req-fab07a40-d7d8-4152-993d-f5e9a8efd86d req-6b1db66e-f4e5-4555-a1e3-bfcd2b3efde9 None None] Starting request: 10.222.0.42 "GET /placement/allocations/aec31ca7-aa42-4ef1-afc1-23ea10eb6ad4" {{(pid=105870) __call__ /opt/stack/placement/placement/requestlog.py:55}}
Oct 26 05:02:58.542427 n-d-862416-4 devstack@placement-api.service[105870]: INFO placement.requestlog [req-fab07a40-d7d8-4152-993d-f5e9a8efd86d req-6b1db66e-f4e5-4555-a1e3-bfcd2b3efde9 service placement] 10.222.0.42 "GET /placement/allocations/aec31ca7-aa42-4ef1-afc1-23ea10eb6ad4" status: 200 len: 259 microversion: 1.28
Oct 26 05:02:58.543454 n-d-862416-4 devstack@placement-api.service[105870]: [pid: 105870|app: 0|req: 134/264] 10.222.0.42 () {60 vars in 1377 bytes} [Wed Oct 26 05:02:58 2022] GET /placement/allocations/aec31ca7-aa42-4ef1-afc1-23ea10eb6ad4 => generated 259 bytes in 27 msecs (HTTP/1.1 200) 8 headers in 296 bytes (2 switches on core 0)
Oct 26 05:03:00.695196 n-d-862416-4 devstack@placement-api.service[105871]: DEBUG placement.requestlog [req-67c9ecd5-4c3f-41bd-978a-91f992972857 req-cd85c8cf-62ca-4c67-b28e-8afb25e2a612 None None] Starting request: 10.222.0.16 "GET /placement/allocation_candidates?limit=1000&resources=DISK_GB%3A1%2CMEMORY_MB%3A1024%2CVCPU%3A1&root_required=%21COMPUTE_STATUS_DISABLED" {{(pid=105871) __call__ /opt/stack/placement/placement/requestlog.py:55}}
Oct 26 05:03:00.746865 n-d-862416-4 devstack@placement-api.service[105871]: DEBUG placement.objects.research_context [req-67c9ecd5-4c3f-41bd-978a-91f992972857 req-cd85c8cf-62ca-4c67-b28e-8afb25e2a612 service placement] getting providers with 1 DISK_GB {{(pid=105871) __init__ /opt/stack/placement/placement/objects/research_context.py:136}}
Oct 26 05:03:00.760132 n-d-862416-4 devstack@placement-api.service[105871]: DEBUG placement.objects.research_context [req-67c9ecd5-4c3f-41bd-978a-91f992972857 req-cd85c8cf-62ca-4c67-b28e-8afb25e2a612 service placement] getting providers with 1024 MEMORY_MB {{(pid=105871) __init__ /opt/stack/placement/placement/objects/research_context.py:136}}
Oct 26 05:03:00.760132 n-d-862416-4 devstack@placement-api.service[105871]: DEBUG placement.objects.research_context [req-67c9ecd5-4c3f-41bd-978a-91f992972857 req-cd85c8cf-62ca-4c67-b28e-8afb25e2a612 service placement] getting providers with 1 VCPU {{(pid=105871) __init__ /opt/stack/placement/placement/objects/research_context.py:136}}
Oct 26 05:03:00.765068 n-d-862416-4 devstack@placement-api.service[105871]: DEBUG placement.objects.research_context [req-67c9ecd5-4c3f-41bd-978a-91f992972857 req-cd85c8cf-62ca-4c67-b28e-8afb25e2a612 service placement] found 2 providers with available 1 DISK_GB {{(pid=105871) get_provider_ids_matching /opt/stack/placement/placement/objects/research_context.py:563}}
Oct 26 05:03:00.765434 n-d-862416-4 devstack@placement-api.service[105871]: DEBUG placement.objects.research_context [req-67c9ecd5-4c3f-41bd-978a-91f992972857 req-cd85c8cf-62ca-4c67-b28e-8afb25e2a612 service placement] found 2 providers with available 1024 MEMORY_MB {{(pid=105871) get_provider_ids_matching /opt/stack/placement/placement/objects/research_context.py:563}}
Oct 26 05:03:00.765650 n-d-862416-4 devstack@placement-api.service[105871]: DEBUG placement.objects.research_context [req-67c9ecd5-4c3f-41bd-978a-91f992972857 req-cd85c8cf-62ca-4c67-b28e-8afb25e2a612 service placement] found 2 providers after filtering by previous result {{(pid=105871) get_provider_ids_matching /opt/stack/placement/placement/objects/research_context.py:594}}
Oct 26 05:03:00.766003 n-d-862416-4 devstack@placement-api.service[105871]: DEBUG placement.objects.research_context [req-67c9ecd5-4c3f-41bd-978a-91f992972857 req-cd85c8cf-62ca-4c67-b28e-8afb25e2a612 service placement] found 2 providers with available 1 VCPU {{(pid=105871) get_provider_ids_matching /opt/stack/placement/placement/objects/research_context.py:563}}
Oct 26 05:03:00.766169 n-d-862416-4 devstack@placement-api.service[105871]: DEBUG placement.objects.research_context [req-67c9ecd5-4c3f-41bd-978a-91f992972857 req-cd85c8cf-62ca-4c67-b28e-8afb25e2a612 service placement] found 2 providers after filtering by previous result {{(pid=105871) get_provider_ids_matching /opt/stack/placement/placement/objects/research_context.py:594}}
Oct 26 05:03:00.780126 n-d-862416-4 devstack@placement-api.service[105871]: DEBUG placement.objects.allocation_candidate [req-67c9ecd5-4c3f-41bd-978a-91f992972857 req-cd85c8cf-62ca-4c67-b28e-8afb25e2a612 service placement] RequestGroup(use_same_provider=False, resources={DISK_GB:1, MEMORY_MB:1024, VCPU:1}, traits=(), aggregates=[]) (suffix '') returned 2 matches {{(pid=105871) _get_by_requests /opt/stack/placement/placement/objects/allocation_candidate.py:156}}
Oct 26 05:03:00.780303 n-d-862416-4 devstack@placement-api.service[105871]: DEBUG placement.objects.allocation_candidate [req-67c9ecd5-4c3f-41bd-978a-91f992972857 req-cd85c8cf-62ca-4c67-b28e-8afb25e2a612 service placement] Merging candidates yields 2 allocation requests and 2 provider summaries {{(pid=105871) _merge_candidates /opt/stack/placement/placement/objects/allocation_candidate.py:809}}
Oct 26 05:03:00.781869 n-d-862416-4 devstack@placement-api.service[105871]: INFO placement.requestlog [req-67c9ecd5-4c3f-41bd-978a-91f992972857 req-cd85c8cf-62ca-4c67-b28e-8afb25e2a612 service placement] 10.222.0.16 "GET /placement/allocation_candidates?limit=1000&resources=DISK_GB%3A1%2CMEMORY_MB%3A1024%2CVCPU%3A1&root_required=%21COMPUTE_STATUS_DISABLED" status: 200 len: 1309 microversion: 1.36
Oct 26 05:03:00.782633 n-d-862416-4 devstack@placement-api.service[105871]: [pid: 105871|app: 0|req: 131/265] 10.222.0.16 () {60 vars in 1506 bytes} [Wed Oct 26 05:03:00 2022] GET /placement/allocation_candidates?limit=1000&resources=DISK_GB%3A1%2CMEMORY_MB%3A1024%2CVCPU%3A1&root_required=%21COMPUTE_STATUS_DISABLED => generated 1309 bytes in 87 msecs (HTTP/1.1 200) 8 headers in 297 bytes (1 switches on core 0)
Oct 26 05:03:00.846788 n-d-862416-4 devstack@placement-api.service[105870]: DEBUG placement.requestlog [req-67c9ecd5-4c3f-41bd-978a-91f992972857 req-d6b51bf4-d25f-4fd5-a248-a0b5349a4db0 None None] Starting request: 10.222.0.16 "GET /placement/allocations/48012d75-f17e-4292-b384-99a59b70ad9c" {{(pid=105870) __call__ /opt/stack/placement/placement/requestlog.py:55}}
Oct 26 05:03:00.858639 n-d-862416-4 devstack@placement-api.service[105870]: INFO placement.requestlog [req-67c9ecd5-4c3f-41bd-978a-91f992972857 req-d6b51bf4-d25f-4fd5-a248-a0b5349a4db0 service placement] 10.222.0.16 "GET /placement/allocations/48012d75-f17e-4292-b384-99a59b70ad9c" status: 200 len: 19 microversion: 1.28
Oct 26 05:03:00.859006 n-d-862416-4 devstack@placement-api.service[105870]: [pid: 105870|app: 0|req: 135/266] 10.222.0.16 () {60 vars in 1380 bytes} [Wed Oct 26 05:03:00 2022] GET /placement/allocations/48012d75-f17e-4292-b384-99a59b70ad9c => generated 19 bytes in 13 msecs (HTTP/1.1 200) 8 headers in 295 bytes (1 switches on core 0)
Oct 26 05:03:00.866035 n-d-862416-4 devstack@placement-api.service[105871]: DEBUG placement.requestlog [req-67c9ecd5-4c3f-41bd-978a-91f992972857 req-e6e81227-d8e0-455d-b88d-6365838bde00 None None] Starting request: 10.222.0.16 "PUT /placement/allocations/48012d75-f17e-4292-b384-99a59b70ad9c" {{(pid=105871) __call__ /opt/stack/placement/placement/requestlog.py:55}}
Oct 26 05:03:00.949804 n-d-862416-4 devstack@placement-api.service[105871]: DEBUG placement.handlers.allocation [req-67c9ecd5-4c3f-41bd-978a-91f992972857 req-e6e81227-d8e0-455d-b88d-6365838bde00 service placement] Successfully wrote allocations [, , ] {{(pid=105871) _update_consumers_and_create_allocations /opt/stack/placement/placement/handlers/allocation.py:462}}
Oct 26 05:03:00.955103 n-d-862416-4 devstack@placement-api.service[105871]: INFO placement.requestlog [req-67c9ecd5-4c3f-41bd-978a-91f992972857 req-e6e81227-d8e0-455d-b88d-6365838bde00 service placement] 10.222.0.16 "PUT /placement/allocations/48012d75-f17e-4292-b384-99a59b70ad9c" status: 204 len: 0 microversion: 1.36
Oct 26 05:03:00.965409 n-d-862416-4 devstack@placement-api.service[105871]: [pid: 105871|app: 0|req: 132/267] 10.222.0.16 () {64 vars in 1433 bytes} [Wed Oct 26 05:03:00 2022] PUT /placement/allocations/48012d75-f17e-4292-b384-99a59b70ad9c => generated 0 bytes in 91 msecs (HTTP/1.1 204) 5 headers in 199 bytes (2 switches on core 0)
Oct 26 05:03:01.316501 n-d-862416-4 devstack@placement-api.service[105870]: DEBUG placement.requestlog [req-67c9ecd5-4c3f-41bd-978a-91f992972857 req-147fc43c-fe36-49fb-b460-001a4cf18221 None None] Starting request: 10.222.0.42 "GET /placement/allocations/48012d75-f17e-4292-b384-99a59b70ad9c" {{(pid=105870) __call__ /opt/stack/placement/placement/requestlog.py:55}}
Oct 26 05:03:01.335113 n-d-862416-4 devstack@placement-api.service[105870]: INFO placement.requestlog [req-67c9ecd5-4c3f-41bd-978a-91f992972857 req-147fc43c-fe36-49fb-b460-001a4cf18221 service placement] 10.222.0.42 "GET /placement/allocations/48012d75-f17e-4292-b384-99a59b70ad9c" status: 200 len: 259 microversion: 1.28
Oct 26 05:03:01.335792 n-d-862416-4 devstack@placement-api.service[105870]: [pid: 105870|app: 0|req: 136/268] 10.222.0.42 () {60 vars in 1377 bytes} [Wed Oct 26 05:03:01 2022] GET /placement/allocations/48012d75-f17e-4292-b384-99a59b70ad9c => generated 259 bytes in 20 msecs (HTTP/1.1 200) 8 headers in 296 bytes (1 switches on core 0)
Oct 26 05:03:01.456570 n-d-862416-4 devstack@placement-api.service[105871]: DEBUG placement.requestlog [req-67c9ecd5-4c3f-41bd-978a-91f992972857 req-d2c05dce-2bdf-4b03-bac9-7504716a72b6 None None] Starting request: 10.222.0.42 "GET /placement/resource_providers/abdf4bf9-892b-4cb6-af5a-0b5ae183abe0/allocations" {{(pid=105871) __call__ /opt/stack/placement/placement/requestlog.py:55}}
Oct 26 05:03:01.483420 n-d-862416-4 devstack@placement-api.service[105871]: INFO placement.requestlog [req-67c9ecd5-4c3f-41bd-978a-91f992972857 req-d2c05dce-2bdf-4b03-bac9-7504716a72b6 service placement] 10.222.0.42 "GET /placement/resource_providers/abdf4bf9-892b-4cb6-af5a-0b5ae183abe0/allocations" status: 200 len: 457 microversion: 1.0
Oct 26 05:03:01.484015 n-d-862416-4 devstack@placement-api.service[105871]: [pid: 105871|app: 0|req: 133/269] 10.222.0.42 () {58 vars in 1390 bytes} [Wed Oct 26 05:03:01 2022] GET /placement/resource_providers/abdf4bf9-892b-4cb6-af5a-0b5ae183abe0/allocations => generated 457 bytes in 28 msecs (HTTP/1.1 200) 6 headers in 224 bytes (2 switches on core 0)
Oct 26 05:03:01.490643 n-d-862416-4 devstack@placement-api.service[105870]: DEBUG placement.requestlog [req-67c9ecd5-4c3f-41bd-978a-91f992972857 req-d226340e-8448-4cf3-84a5-0e37cb1715c2 None None] Starting request: 10.222.0.42 "GET /placement/allocations/253b9285-cec2-40da-ae51-921dff99c46e" {{(pid=105870) __call__ /opt/stack/placement/placement/requestlog.py:55}}
Oct 26 05:03:01.527718 n-d-862416-4 devstack@placement-api.service[105870]: INFO placement.requestlog [req-67c9ecd5-4c3f-41bd-978a-91f992972857 req-d226340e-8448-4cf3-84a5-0e37cb1715c2 service placement] 10.222.0.42 "GET /placement/allocations/253b9285-cec2-40da-ae51-921dff99c46e" status: 200 len: 259 microversion: 1.28
Oct 26 05:03:01.528274 n-d-862416-4 devstack@placement-api.service[105870]: [pid: 105870|app: 0|req: 137/270] 10.222.0.42 () {60 vars in 1377 bytes} [Wed Oct 26 05:03:01 2022] GET /placement/allocations/253b9285-cec2-40da-ae51-921dff99c46e => generated 259 bytes in 38 msecs (HTTP/1.1 200) 8 headers in 296 bytes (1 switches on core 0)
Oct 26 05:03:01.535971 n-d-862416-4 devstack@placement-api.service[105871]: DEBUG placement.requestlog [req-67c9ecd5-4c3f-41bd-978a-91f992972857 req-a6689ad8-fcca-471b-ac1e-1beb86df2238 None None] Starting request: 10.222.0.42 "GET /placement/allocations/aec31ca7-aa42-4ef1-afc1-23ea10eb6ad4" {{(pid=105871) __call__ /opt/stack/placement/placement/requestlog.py:55}}
Oct 26 05:03:01.556505 n-d-862416-4 devstack@placement-api.service[105871]: INFO placement.requestlog [req-67c9ecd5-4c3f-41bd-978a-91f992972857 req-a6689ad8-fcca-471b-ac1e-1beb86df2238 service placement] 10.222.0.42 "GET /placement/allocations/aec31ca7-aa42-4ef1-afc1-23ea10eb6ad4" status: 200 len: 259 microversion: 1.28
Oct 26 05:03:01.558382 n-d-862416-4 devstack@placement-api.service[105871]: [pid: 105871|app: 0|req: 134/271] 10.222.0.42 () {60 vars in 1377 bytes} [Wed Oct 26 05:03:01 2022] GET /placement/allocations/aec31ca7-aa42-4ef1-afc1-23ea10eb6ad4 => generated 259 bytes in 22 msecs (HTTP/1.1 200) 8 headers in 296 bytes (1 switches on core 0)
Oct 26 05:03:01.564596 n-d-862416-4 devstack@placement-api.service[105870]: DEBUG placement.requestlog [req-67c9ecd5-4c3f-41bd-978a-91f992972857 req-a210b05b-6e17-4078-9f91-b038fb695b1c None None] Starting request: 10.222.0.42 "GET /placement/allocations/48012d75-f17e-4292-b384-99a59b70ad9c" {{(pid=105870) __call__ /opt/stack/placement/placement/requestlog.py:55}}
Oct 26 05:03:01.591371 n-d-862416-4 devstack@placement-api.service[105870]: INFO placement.requestlog [req-67c9ecd5-4c3f-41bd-978a-91f992972857 req-a210b05b-6e17-4078-9f91-b038fb695b1c service placement] 10.222.0.42 "GET /placement/allocations/48012d75-f17e-4292-b384-99a59b70ad9c" status: 200 len: 259 microversion: 1.28
Oct 26 05:03:01.592109 n-d-862416-4 devstack@placement-api.service[105870]: [pid: 105870|app: 0|req: 138/272] 10.222.0.42 () {60 vars in 1377 bytes} [Wed Oct 26 05:03:01 2022] GET /placement/allocations/48012d75-f17e-4292-b384-99a59b70ad9c => generated 259 bytes in 28 msecs (HTTP/1.1 200) 8 headers in 296 bytes (1 switches on core 0)
Oct 26 05:03:01.599672 n-d-862416-4 devstack@placement-api.service[105871]: DEBUG placement.requestlog [req-67c9ecd5-4c3f-41bd-978a-91f992972857 req-0cf0b4a0-53b2-4c45-8ca0-31c92aac9382 None None] Starting request: 10.222.0.42 "GET /placement/allocations/31ced283-dea4-4e31-b42c-609fe3c75d6c" {{(pid=105871) __call__ /opt/stack/placement/placement/requestlog.py:55}}
Oct 26 05:03:01.622726 n-d-862416-4 devstack@placement-api.service[105871]: INFO placement.requestlog [req-67c9ecd5-4c3f-41bd-978a-91f992972857 req-0cf0b4a0-53b2-4c45-8ca0-31c92aac9382 service placement] 10.222.0.42 "GET /placement/allocations/31ced283-dea4-4e31-b42c-609fe3c75d6c" status: 200 len: 259 microversion: 1.28
Oct 26 05:03:01.623104 n-d-862416-4 devstack@placement-api.service[105871]: [pid: 105871|app: 0|req: 135/273] 10.222.0.42 () {60 vars in 1377 bytes} [Wed Oct 26 05:03:01 2022] GET /placement/allocations/31ced283-dea4-4e31-b42c-609fe3c75d6c => generated 259 bytes in 24 msecs (HTTP/1.1 200) 8 headers in 296 bytes (2 switches on core 0)
Oct 26 05:03:06.988262 n-d-862416-4 devstack@placement-api.service[105870]: DEBUG placement.requestlog [req-8f5dacb1-f134-40cc-9a30-9adfd536c768 req-12d77945-6c43-492a-b11c-4a9dea203f1c None None] Starting request: 10.222.0.16 "GET /placement/allocations/7463491c-3949-4199-adbb-2436a92672c6" {{(pid=105870) __call__ /opt/stack/placement/placement/requestlog.py:55}}
Oct 26 05:03:07.004692 n-d-862416-4 devstack@placement-api.service[105870]: INFO placement.requestlog [req-8f5dacb1-f134-40cc-9a30-9adfd536c768 req-12d77945-6c43-492a-b11c-4a9dea203f1c service placement] 10.222.0.16 "GET /placement/allocations/7463491c-3949-4199-adbb-2436a92672c6" status: 200 len: 259 microversion: 1.28
Oct 26 05:03:07.005050 n-d-862416-4 devstack@placement-api.service[105870]: [pid: 105870|app: 0|req: 139/274] 10.222.0.16 () {60 vars in 1380 bytes} [Wed Oct 26 05:03:06 2022] GET /placement/allocations/7463491c-3949-4199-adbb-2436a92672c6 => generated 259 bytes in 17 msecs (HTTP/1.1 200) 8 headers in 296 bytes (1 switches on core 0)
Oct 26 05:03:07.011183 n-d-862416-4 devstack@placement-api.service[105871]: DEBUG placement.requestlog [req-8f5dacb1-f134-40cc-9a30-9adfd536c768 req-e2904b5e-3eb2-4ce5-9130-f512b09b3d65 None None] Starting request: 10.222.0.16 "GET /placement/allocations/7463491c-3949-4199-adbb-2436a92672c6" {{(pid=105871) __call__ /opt/stack/placement/placement/requestlog.py:55}}
Oct 26 05:03:07.026055 n-d-862416-4 devstack@placement-api.service[105871]: INFO placement.requestlog [req-8f5dacb1-f134-40cc-9a30-9adfd536c768 req-e2904b5e-3eb2-4ce5-9130-f512b09b3d65 service placement] 10.222.0.16 "GET /placement/allocations/7463491c-3949-4199-adbb-2436a92672c6" status: 200 len: 259 microversion: 1.28
Oct 26 05:03:07.026582 n-d-862416-4 devstack@placement-api.service[105871]: [pid: 105871|app: 0|req: 136/275] 10.222.0.16 () {60 vars in 1380 bytes} [Wed Oct 26 05:03:07 2022] GET /placement/allocations/7463491c-3949-4199-adbb-2436a92672c6 => generated 259 bytes in 15 msecs (HTTP/1.1 200) 8 headers in 296 bytes (2 switches on core 0)
Oct 26 05:03:07.032755 n-d-862416-4 devstack@placement-api.service[105870]: DEBUG placement.requestlog [req-8f5dacb1-f134-40cc-9a30-9adfd536c768 req-c0e1e510-8247-4c9a-ae6c-d51d92b05b36 None None] Starting request: 10.222.0.16 "GET /placement/allocations/2edde99b-d231-4e54-a8d0-a45eb3283561" {{(pid=105870) __call__ /opt/stack/placement/placement/requestlog.py:55}}
Oct 26 05:03:07.046447 n-d-862416-4 devstack@placement-api.service[105870]: INFO placement.requestlog [req-8f5dacb1-f134-40cc-9a30-9adfd536c768 req-c0e1e510-8247-4c9a-ae6c-d51d92b05b36 service placement] 10.222.0.16 "GET /placement/allocations/2edde99b-d231-4e54-a8d0-a45eb3283561" status: 200 len: 19 microversion: 1.28
Oct 26 05:03:07.047263 n-d-862416-4 devstack@placement-api.service[105870]: [pid: 105870|app: 0|req: 140/276] 10.222.0.16 () {60 vars in 1380 bytes} [Wed Oct 26 05:03:07 2022] GET /placement/allocations/2edde99b-d231-4e54-a8d0-a45eb3283561 => generated 19 bytes in 15 msecs (HTTP/1.1 200) 8 headers in 295 bytes (1 switches on core 0)
Oct 26 05:03:07.053699 n-d-862416-4 devstack@placement-api.service[105871]: DEBUG placement.requestlog [req-8f5dacb1-f134-40cc-9a30-9adfd536c768 req-6f1a1bbf-06dd-4be4-a625-0514e75368dc None None] Starting request: 10.222.0.16 "POST /placement/allocations" {{(pid=105871) __call__ /opt/stack/placement/placement/requestlog.py:55}}
Oct 26 05:03:07.144433 n-d-862416-4 devstack@placement-api.service[105871]: DEBUG placement.handlers.allocation [req-8f5dacb1-f134-40cc-9a30-9adfd536c768 req-6f1a1bbf-06dd-4be4-a625-0514e75368dc service placement] Successfully wrote allocations [, , , , , ] {{(pid=105871) _update_consumers_and_create_allocations /opt/stack/placement/placement/handlers/allocation.py:572}}
Oct 26 05:03:07.147449 n-d-862416-4 devstack@placement-api.service[105871]: INFO placement.requestlog [req-8f5dacb1-f134-40cc-9a30-9adfd536c768 req-6f1a1bbf-06dd-4be4-a625-0514e75368dc service placement] 10.222.0.16 "POST /placement/allocations" status: 204 len: 0 microversion: 1.28
Oct 26 05:03:07.147847 n-d-862416-4 devstack@placement-api.service[105871]: [pid: 105871|app: 0|req: 137/277] 10.222.0.16 () {64 vars in 1323 bytes} [Wed Oct 26 05:03:07 2022] POST /placement/allocations => generated 0 bytes in 95 msecs (HTTP/1.1 204) 5 headers in 199 bytes (1 switches on core 0)
Oct 26 05:03:07.192966 n-d-862416-4 devstack@placement-api.service[105870]: DEBUG placement.requestlog [req-8f5dacb1-f134-40cc-9a30-9adfd536c768 req-fdc930e6-0eef-4b25-8e5e-614e9e149c43 None None] Starting request: 10.222.0.16 "GET /placement/allocations/7463491c-3949-4199-adbb-2436a92672c6" {{(pid=105870) __call__ /opt/stack/placement/placement/requestlog.py:55}}
Oct 26 05:03:07.204082 n-d-862416-4 devstack@placement-api.service[105870]: INFO placement.requestlog [req-8f5dacb1-f134-40cc-9a30-9adfd536c768 req-fdc930e6-0eef-4b25-8e5e-614e9e149c43 service placement] 10.222.0.16 "GET /placement/allocations/7463491c-3949-4199-adbb-2436a92672c6" status: 200 len: 19 microversion: 1.28
Oct 26 05:03:07.204420 n-d-862416-4 devstack@placement-api.service[105870]: [pid: 105870|app: 0|req: 141/278] 10.222.0.16 () {60 vars in 1380 bytes} [Wed Oct 26 05:03:07 2022] GET /placement/allocations/7463491c-3949-4199-adbb-2436a92672c6 => generated 19 bytes in 12 msecs (HTTP/1.1 200) 8 headers in 295 bytes (1 switches on core 0)
Oct 26 05:03:07.211887 n-d-862416-4 devstack@placement-api.service[105871]: DEBUG placement.requestlog [req-8f5dacb1-f134-40cc-9a30-9adfd536c768 req-ecfb2cae-4646-4ff1-b9b4-9f7fe29d0292 None None] Starting request: 10.222.0.16 "PUT /placement/allocations/7463491c-3949-4199-adbb-2436a92672c6" {{(pid=105871) __call__ /opt/stack/placement/placement/requestlog.py:55}}
Oct 26 05:03:07.243374 n-d-862416-4 devstack@placement-api.service[105871]: DEBUG dbcounter [-] [105871] Writing DB stats placement:SELECT=80,placement:INSERT=10,placement:DELETE=5,placement:UPDATE=5 {{(pid=105871) stat_writer /usr/local/lib/python3.8/dist-packages/dbcounter.py:114}}
Oct 26 05:03:07.286874 n-d-862416-4 devstack@placement-api.service[105871]: DEBUG placement.handlers.allocation [req-8f5dacb1-f134-40cc-9a30-9adfd536c768 req-ecfb2cae-4646-4ff1-b9b4-9f7fe29d0292 service placement] Successfully wrote allocations [, , ] {{(pid=105871) _update_consumers_and_create_allocations /opt/stack/placement/placement/handlers/allocation.py:462}}
Oct 26 05:03:07.291263 n-d-862416-4 devstack@placement-api.service[105871]: INFO placement.requestlog [req-8f5dacb1-f134-40cc-9a30-9adfd536c768 req-ecfb2cae-4646-4ff1-b9b4-9f7fe29d0292 service placement] 10.222.0.16 "PUT /placement/allocations/7463491c-3949-4199-adbb-2436a92672c6" status: 204 len: 0 microversion: 1.28
Oct 26 05:03:07.292507 n-d-862416-4 devstack@placement-api.service[105871]: [pid: 105871|app: 0|req: 138/279] 10.222.0.16 () {64 vars in 1433 bytes} [Wed Oct 26 05:03:07 2022] PUT /placement/allocations/7463491c-3949-4199-adbb-2436a92672c6 => generated 0 bytes in 81 msecs (HTTP/1.1 204) 5 headers in 199 bytes (1 switches on core 0)
Oct 26 05:03:07.428762 n-d-862416-4 devstack@placement-api.service[105870]: DEBUG placement.requestlog [req-8f5dacb1-f134-40cc-9a30-9adfd536c768 req-3f035d86-32ac-42d3-b7bb-76bbedefc805 None None] Starting request: 10.222.0.42 "GET /placement/allocations/7463491c-3949-4199-adbb-2436a92672c6" {{(pid=105870) __call__ /opt/stack/placement/placement/requestlog.py:55}}
Oct 26 05:03:07.447006 n-d-862416-4 devstack@placement-api.service[105870]: INFO placement.requestlog [req-8f5dacb1-f134-40cc-9a30-9adfd536c768 req-3f035d86-32ac-42d3-b7bb-76bbedefc805 service placement] 10.222.0.42 "GET /placement/allocations/7463491c-3949-4199-adbb-2436a92672c6" status: 200 len: 259 microversion: 1.28
Oct 26 05:03:07.448082 n-d-862416-4 devstack@placement-api.service[105870]: [pid: 105870|app: 0|req: 142/280] 10.222.0.42 () {60 vars in 1377 bytes} [Wed Oct 26 05:03:07 2022] GET /placement/allocations/7463491c-3949-4199-adbb-2436a92672c6 => generated 259 bytes in 20 msecs (HTTP/1.1 200) 8 headers in 296 bytes (1 switches on core 0)
Oct 26 05:03:10.889101 n-d-862416-4 devstack@placement-api.service[105871]: DEBUG placement.requestlog [req-13e1954a-ae1d-45e6-a656-df75a87c1d88 req-fcfbfebf-0b6e-474d-90a0-4b92e57341a3 None None] Starting request: 10.222.0.20 "GET /placement/allocations/799dd620-87a8-4e32-9c1a-772b54ecb883" {{(pid=105871) __call__ /opt/stack/placement/placement/requestlog.py:55}}
Oct 26 05:03:10.906811 n-d-862416-4 devstack@placement-api.service[105871]: INFO placement.requestlog [req-13e1954a-ae1d-45e6-a656-df75a87c1d88 req-fcfbfebf-0b6e-474d-90a0-4b92e57341a3 service placement] 10.222.0.20 "GET /placement/allocations/799dd620-87a8-4e32-9c1a-772b54ecb883" status: 200 len: 259 microversion: 1.28
Oct 26 05:03:10.906811 n-d-862416-4 devstack@placement-api.service[105871]: [pid: 105871|app: 0|req: 139/281] 10.222.0.20 () {60 vars in 1377 bytes} [Wed Oct 26 05:03:10 2022] GET /placement/allocations/799dd620-87a8-4e32-9c1a-772b54ecb883 => generated 259 bytes in 18 msecs (HTTP/1.1 200) 8 headers in 296 bytes (1 switches on core 0)
Oct 26 05:03:16.612468 n-d-862416-4 devstack@placement-api.service[105870]: DEBUG placement.requestlog [req-a73163c7-eeb6-406e-a37e-bca0b34878f4 req-601ae846-09bd-42c8-af2f-c21916222ef8 None None] Starting request: 10.222.0.42 "GET /placement/resource_providers/abdf4bf9-892b-4cb6-af5a-0b5ae183abe0/allocations" {{(pid=105870) __call__ /opt/stack/placement/placement/requestlog.py:55}}
Oct 26 05:03:16.638310 n-d-862416-4 devstack@placement-api.service[105870]: INFO placement.requestlog [req-a73163c7-eeb6-406e-a37e-bca0b34878f4 req-601ae846-09bd-42c8-af2f-c21916222ef8 service placement] 10.222.0.42 "GET /placement/resource_providers/abdf4bf9-892b-4cb6-af5a-0b5ae183abe0/allocations" status: 200 len: 558 microversion: 1.0
Oct 26 05:03:16.639007 n-d-862416-4 devstack@placement-api.service[105870]: [pid: 105870|app: 0|req: 143/282] 10.222.0.42 () {58 vars in 1390 bytes} [Wed Oct 26 05:03:16 2022] GET /placement/resource_providers/abdf4bf9-892b-4cb6-af5a-0b5ae183abe0/allocations => generated 558 bytes in 27 msecs (HTTP/1.1 200) 6 headers in 224 bytes (2 switches on core 0)
Oct 26 05:03:16.646381 n-d-862416-4 devstack@placement-api.service[105871]: DEBUG placement.requestlog [req-a73163c7-eeb6-406e-a37e-bca0b34878f4 req-c9ef53ac-c2fe-4b1a-99df-e5bec6ae4929 None None] Starting request: 10.222.0.42 "GET /placement/allocations/7463491c-3949-4199-adbb-2436a92672c6" {{(pid=105871) __call__ /opt/stack/placement/placement/requestlog.py:55}}
Oct 26 05:03:16.686857 n-d-862416-4 devstack@placement-api.service[105871]: INFO placement.requestlog [req-a73163c7-eeb6-406e-a37e-bca0b34878f4 req-c9ef53ac-c2fe-4b1a-99df-e5bec6ae4929 service placement] 10.222.0.42 "GET /placement/allocations/7463491c-3949-4199-adbb-2436a92672c6" status: 200 len: 259 microversion: 1.28
Oct 26 05:03:16.688224 n-d-862416-4 devstack@placement-api.service[105871]: [pid: 105871|app: 0|req: 140/283] 10.222.0.42 () {60 vars in 1377 bytes} [Wed Oct 26 05:03:16 2022] GET /placement/allocations/7463491c-3949-4199-adbb-2436a92672c6 => generated 259 bytes in 43 msecs (HTTP/1.1 200) 8 headers in 296 bytes (1 switches on core 0)
Oct 26 05:03:16.694611 n-d-862416-4 devstack@placement-api.service[105870]: DEBUG placement.requestlog [req-a73163c7-eeb6-406e-a37e-bca0b34878f4 req-44422e13-6f10-4f26-bfa2-84698a897bb6 None None] Starting request: 10.222.0.42 "GET /placement/allocations/253b9285-cec2-40da-ae51-921dff99c46e" {{(pid=105870) __call__ /opt/stack/placement/placement/requestlog.py:55}}
Oct 26 05:03:16.718350 n-d-862416-4 devstack@placement-api.service[105870]: INFO placement.requestlog [req-a73163c7-eeb6-406e-a37e-bca0b34878f4 req-44422e13-6f10-4f26-bfa2-84698a897bb6 service placement] 10.222.0.42 "GET /placement/allocations/253b9285-cec2-40da-ae51-921dff99c46e" status: 200 len: 259 microversion: 1.28
Oct 26 05:03:16.719064 n-d-862416-4 devstack@placement-api.service[105870]: [pid: 105870|app: 0|req: 144/284] 10.222.0.42 () {60 vars in 1377 bytes} [Wed Oct 26 05:03:16 2022] GET /placement/allocations/253b9285-cec2-40da-ae51-921dff99c46e => generated 259 bytes in 25 msecs (HTTP/1.1 200) 8 headers in 296 bytes (1 switches on core 0)
Oct 26 05:03:16.727051 n-d-862416-4 devstack@placement-api.service[105871]: DEBUG placement.requestlog [req-a73163c7-eeb6-406e-a37e-bca0b34878f4 req-79feab6a-bd11-438c-8fbe-633855d8c01f None None] Starting request: 10.222.0.42 "GET /placement/allocations/aec31ca7-aa42-4ef1-afc1-23ea10eb6ad4" {{(pid=105871) __call__ /opt/stack/placement/placement/requestlog.py:55}}
Oct 26 05:03:16.753406 n-d-862416-4 devstack@placement-api.service[105871]: INFO placement.requestlog [req-a73163c7-eeb6-406e-a37e-bca0b34878f4 req-79feab6a-bd11-438c-8fbe-633855d8c01f service placement] 10.222.0.42 "GET /placement/allocations/aec31ca7-aa42-4ef1-afc1-23ea10eb6ad4" status: 200 len: 259 microversion: 1.28
Oct 26 05:03:16.754134 n-d-862416-4 devstack@placement-api.service[105871]: [pid: 105871|app: 0|req: 141/285] 10.222.0.42 () {60 vars in 1377 bytes} [Wed Oct 26 05:03:16 2022] GET /placement/allocations/aec31ca7-aa42-4ef1-afc1-23ea10eb6ad4 => generated 259 bytes in 27 msecs (HTTP/1.1 200) 8 headers in 296 bytes (1 switches on core 0)
Oct 26 05:03:16.766370 n-d-862416-4 devstack@placement-api.service[105870]: DEBUG placement.requestlog [req-a73163c7-eeb6-406e-a37e-bca0b34878f4 req-85db74d4-58ca-4cb5-85b2-e7b870428c1d None None] Starting request: 10.222.0.42 "GET /placement/allocations/48012d75-f17e-4292-b384-99a59b70ad9c" {{(pid=105870) __call__ /opt/stack/placement/placement/requestlog.py:55}}
Oct 26 05:03:16.787004 n-d-862416-4 devstack@placement-api.service[105870]: INFO placement.requestlog [req-a73163c7-eeb6-406e-a37e-bca0b34878f4 req-85db74d4-58ca-4cb5-85b2-e7b870428c1d service placement] 10.222.0.42 "GET /placement/allocations/48012d75-f17e-4292-b384-99a59b70ad9c" status: 200 len: 259 microversion: 1.28
Oct 26 05:03:16.788407 n-d-862416-4 devstack@placement-api.service[105870]: [pid: 105870|app: 0|req: 145/286] 10.222.0.42 () {60 vars in 1377 bytes} [Wed Oct 26 05:03:16 2022] GET /placement/allocations/48012d75-f17e-4292-b384-99a59b70ad9c => generated 259 bytes in 22 msecs (HTTP/1.1 200) 8 headers in 296 bytes (1 switches on core 0)
Oct 26 05:03:16.806695 n-d-862416-4 devstack@placement-api.service[105871]: DEBUG placement.requestlog [req-a73163c7-eeb6-406e-a37e-bca0b34878f4 req-4266ec00-5e88-4673-bc14-2f70b33d6cac None None] Starting request: 10.222.0.42 "GET /placement/allocations/31ced283-dea4-4e31-b42c-609fe3c75d6c" {{(pid=105871) __call__ /opt/stack/placement/placement/requestlog.py:55}}
Oct 26 05:03:16.839020 n-d-862416-4 devstack@placement-api.service[105871]: INFO placement.requestlog [req-a73163c7-eeb6-406e-a37e-bca0b34878f4 req-4266ec00-5e88-4673-bc14-2f70b33d6cac service placement] 10.222.0.42 "GET /placement/allocations/31ced283-dea4-4e31-b42c-609fe3c75d6c" status: 200 len: 259 microversion: 1.28
Oct 26 05:03:16.840035 n-d-862416-4 devstack@placement-api.service[105871]: [pid: 105871|app: 0|req: 142/287] 10.222.0.42 () {60 vars in 1377 bytes} [Wed Oct 26 05:03:16 2022] GET /placement/allocations/31ced283-dea4-4e31-b42c-609fe3c75d6c => generated 259 bytes in 43 msecs (HTTP/1.1 200) 8 headers in 296 bytes (1 switches on core 0)
Oct 26 05:03:17.240453 n-d-862416-4 devstack@placement-api.service[105870]: DEBUG placement.requestlog [req-a73163c7-eeb6-406e-a37e-bca0b34878f4 req-cf0b2623-7ee7-4fda-8e52-d91d45f57498 None None] Starting request: 10.222.0.42 "DELETE /placement/allocations/48012d75-f17e-4292-b384-99a59b70ad9c" {{(pid=105870) __call__ /opt/stack/placement/placement/requestlog.py:55}}
Oct 26 05:03:17.298369 n-d-862416-4 devstack@placement-api.service[105870]: DEBUG placement.handlers.allocation [req-a73163c7-eeb6-406e-a37e-bca0b34878f4 req-cf0b2623-7ee7-4fda-8e52-d91d45f57498 service placement] Successfully deleted allocations [, , ] {{(pid=105870) delete_allocations /opt/stack/placement/placement/handlers/allocation.py:627}}
Oct 26 05:03:17.299023 n-d-862416-4 devstack@placement-api.service[105870]: INFO placement.requestlog [req-a73163c7-eeb6-406e-a37e-bca0b34878f4 req-cf0b2623-7ee7-4fda-8e52-d91d45f57498 service placement] 10.222.0.42 "DELETE /placement/allocations/48012d75-f17e-4292-b384-99a59b70ad9c" status: 204 len: 0 microversion: 1.0
Oct 26 05:03:17.300441 n-d-862416-4 devstack@placement-api.service[105870]: [pid: 105870|app: 0|req: 146/288] 10.222.0.42 () {60 vars in 1355 bytes} [Wed Oct 26 05:03:17 2022] DELETE /placement/allocations/48012d75-f17e-4292-b384-99a59b70ad9c => generated 0 bytes in 61 msecs (HTTP/1.1 204) 5 headers in 198 bytes (1 switches on core 0)
Oct 26 05:03:17.305753 n-d-862416-4 devstack@placement-api.service[105871]: DEBUG placement.requestlog [req-de919a4a-1816-4e79-b965-7db324026f1a req-14619e95-c899-432a-afb9-d233f74f11c6 None None] Starting request: 10.222.0.42 "GET /placement/resource_providers/abdf4bf9-892b-4cb6-af5a-0b5ae183abe0/allocations" {{(pid=105871) __call__ /opt/stack/placement/placement/requestlog.py:55}}
