Oct 28 18:04:22.049241 n-d-862404-2 devstack@placement-api.service[105925]: INFO placement.requestlog [req-bd422f67-40bd-4196-97d0-51ae832d009d req-f10cf11d-1fc0-41f9-8afe-6a5386652348 service placement] 10.222.0.16 "GET /placement/allocation_candidates?limit=1000&resources=DISK_GB%3A1%2CMEMORY_MB%3A1024%2CVCPU%3A1&root_required=%21COMPUTE_STATUS_DISABLED" status: 200 len: 1309 microversion: 1.36
Oct 28 18:04:22.050286 n-d-862404-2 devstack@placement-api.service[105925]: [pid: 105925|app: 0|req: 65/132] 10.222.0.16 () {60 vars in 1506 bytes} [Fri Oct 28 18:04:21 2022] GET /placement/allocation_candidates?limit=1000&resources=DISK_GB%3A1%2CMEMORY_MB%3A1024%2CVCPU%3A1&root_required=%21COMPUTE_STATUS_DISABLED => generated 1309 bytes in 162 msecs (HTTP/1.1 200) 8 headers in 297 bytes (1 switches on core 0)
Oct 28 18:04:22.258828 n-d-862404-2 devstack@placement-api.service[105924]: DEBUG placement.requestlog [req-bd422f67-40bd-4196-97d0-51ae832d009d req-9b179157-e7a3-48b4-9b62-7ff918f18d9f None None] Starting request: 10.222.0.16 "GET /placement/allocations/59b3563e-22f8-45f6-88b2-49ead221357d" {{(pid=105924) __call__ /opt/stack/placement/placement/requestlog.py:55}}
Oct 28 18:04:22.270736 n-d-862404-2 devstack@placement-api.service[105924]: DEBUG dbcounter [-] [105924] Writing DB stats placement:SELECT=80,placement:INSERT=6,placement:DELETE=2,placement:UPDATE=2 {{(pid=105924) stat_writer /usr/local/lib/python3.8/dist-packages/dbcounter.py:114}}
Oct 28 18:04:22.282310 n-d-862404-2 devstack@placement-api.service[105924]: INFO placement.requestlog [req-bd422f67-40bd-4196-97d0-51ae832d009d req-9b179157-e7a3-48b4-9b62-7ff918f18d9f service placement] 10.222.0.16 "GET /placement/allocations/59b3563e-22f8-45f6-88b2-49ead221357d" status: 200 len: 19 microversion: 1.28
Oct 28 18:04:22.284460 n-d-862404-2 devstack@placement-api.service[105924]: [pid: 105924|app: 0|req: 68/133] 10.222.0.16 () {60 vars in 1380 bytes} [Fri Oct 28 18:04:22 2022] GET /placement/allocations/59b3563e-22f8-45f6-88b2-49ead221357d => generated 19 bytes in 26 msecs (HTTP/1.1 200) 8 headers in 295 bytes (1 switches on core 0)
Oct 28 18:04:22.292220 n-d-862404-2 devstack@placement-api.service[105925]: DEBUG placement.requestlog [req-bd422f67-40bd-4196-97d0-51ae832d009d req-0623d8b7-5269-4bed-99ff-6bdf29c60ca4 None None] Starting request: 10.222.0.16 "PUT /placement/allocations/59b3563e-22f8-45f6-88b2-49ead221357d" {{(pid=105925) __call__ /opt/stack/placement/placement/requestlog.py:55}}
Oct 28 18:04:22.471550 n-d-862404-2 devstack@placement-api.service[105925]: DEBUG placement.handlers.allocation [req-bd422f67-40bd-4196-97d0-51ae832d009d req-0623d8b7-5269-4bed-99ff-6bdf29c60ca4 service placement] Successfully wrote allocations [, , ] {{(pid=105925) _update_consumers_and_create_allocations /opt/stack/placement/placement/handlers/allocation.py:462}}
Oct 28 18:04:22.477167 n-d-862404-2 devstack@placement-api.service[105925]: INFO placement.requestlog [req-bd422f67-40bd-4196-97d0-51ae832d009d req-0623d8b7-5269-4bed-99ff-6bdf29c60ca4 service placement] 10.222.0.16 "PUT /placement/allocations/59b3563e-22f8-45f6-88b2-49ead221357d" status: 204 len: 0 microversion: 1.36
Oct 28 18:04:22.477994 n-d-862404-2 devstack@placement-api.service[105925]: [pid: 105925|app: 0|req: 66/134] 10.222.0.16 () {64 vars in 1433 bytes} [Fri Oct 28 18:04:22 2022] PUT /placement/allocations/59b3563e-22f8-45f6-88b2-49ead221357d => generated 0 bytes in 186 msecs (HTTP/1.1 204) 5 headers in 199 bytes (2 switches on core 0)
Oct 28 18:04:23.061975 n-d-862404-2 devstack@placement-api.service[105924]: DEBUG placement.requestlog [req-bd422f67-40bd-4196-97d0-51ae832d009d req-ebff43fe-34ac-4d38-b855-ee580492f640 None None] Starting request: 10.222.0.25 "GET /placement/allocations/59b3563e-22f8-45f6-88b2-49ead221357d" {{(pid=105924) __call__ /opt/stack/placement/placement/requestlog.py:55}}
Oct 28 18:04:23.097942 n-d-862404-2 devstack@placement-api.service[105924]: INFO placement.requestlog [req-bd422f67-40bd-4196-97d0-51ae832d009d req-ebff43fe-34ac-4d38-b855-ee580492f640 service placement] 10.222.0.25 "GET /placement/allocations/59b3563e-22f8-45f6-88b2-49ead221357d" status: 200 len: 259 microversion: 1.28
Oct 28 18:04:23.098822 n-d-862404-2 devstack@placement-api.service[105924]: [pid: 105924|app: 0|req: 69/135] 10.222.0.25 () {60 vars in 1377 bytes} [Fri Oct 28 18:04:23 2022] GET /placement/allocations/59b3563e-22f8-45f6-88b2-49ead221357d => generated 259 bytes in 37 msecs (HTTP/1.1 200) 8 headers in 296 bytes (1 switches on core 0)
Oct 28 18:04:23.290862 n-d-862404-2 devstack@placement-api.service[105925]: DEBUG placement.requestlog [req-bd422f67-40bd-4196-97d0-51ae832d009d req-1f1988b9-2119-41ba-b25a-c97a1c9694ec None None] Starting request: 10.222.0.25 "GET /placement/resource_providers/326e7b5a-5c3f-4f90-8aeb-a1be635c0c68/allocations" {{(pid=105925) __call__ /opt/stack/placement/placement/requestlog.py:55}}
Oct 28 18:04:23.339703 n-d-862404-2 devstack@placement-api.service[105925]: INFO placement.requestlog [req-bd422f67-40bd-4196-97d0-51ae832d009d req-1f1988b9-2119-41ba-b25a-c97a1c9694ec service placement] 10.222.0.25 "GET /placement/resource_providers/326e7b5a-5c3f-4f90-8aeb-a1be635c0c68/allocations" status: 200 len: 457 microversion: 1.0
Oct 28 18:04:23.341265 n-d-862404-2 devstack@placement-api.service[105925]: [pid: 105925|app: 0|req: 67/136] 10.222.0.25 () {58 vars in 1390 bytes} [Fri Oct 28 18:04:23 2022] GET /placement/resource_providers/326e7b5a-5c3f-4f90-8aeb-a1be635c0c68/allocations => generated 457 bytes in 50 msecs (HTTP/1.1 200) 6 headers in 224 bytes (1 switches on core 0)
Oct 28 18:04:23.348131 n-d-862404-2 devstack@placement-api.service[105924]: DEBUG placement.requestlog [req-bd422f67-40bd-4196-97d0-51ae832d009d req-923f3d92-335d-4ffa-8308-d47b889d1bb2 None None] Starting request: 10.222.0.25 "GET /placement/allocations/9d5060e3-1d73-4594-a7f6-7369dba3c88a" {{(pid=105924) __call__ /opt/stack/placement/placement/requestlog.py:55}}
Oct 28 18:04:23.378599 n-d-862404-2 devstack@placement-api.service[105924]: INFO placement.requestlog [req-bd422f67-40bd-4196-97d0-51ae832d009d req-923f3d92-335d-4ffa-8308-d47b889d1bb2 service placement] 10.222.0.25 "GET /placement/allocations/9d5060e3-1d73-4594-a7f6-7369dba3c88a" status: 200 len: 259 microversion: 1.28
Oct 28 18:04:23.380737 n-d-862404-2 devstack@placement-api.service[105924]: [pid: 105924|app: 0|req: 70/137] 10.222.0.25 () {60 vars in 1377 bytes} [Fri Oct 28 18:04:23 2022] GET /placement/allocations/9d5060e3-1d73-4594-a7f6-7369dba3c88a => generated 259 bytes in 33 msecs (HTTP/1.1 200) 8 headers in 296 bytes (1 switches on core 0)
Oct 28 18:04:23.391937 n-d-862404-2 devstack@placement-api.service[105925]: DEBUG placement.requestlog [req-bd422f67-40bd-4196-97d0-51ae832d009d req-ff75dbac-46ef-4e91-a02d-5d3aa4161594 None None] Starting request: 10.222.0.25 "GET /placement/allocations/79903379-95d0-4ccc-80bc-92db11a67d3c" {{(pid=105925) __call__ /opt/stack/placement/placement/requestlog.py:55}}
Oct 28 18:04:23.443744 n-d-862404-2 devstack@placement-api.service[105925]: INFO placement.requestlog [req-bd422f67-40bd-4196-97d0-51ae832d009d req-ff75dbac-46ef-4e91-a02d-5d3aa4161594 service placement] 10.222.0.25 "GET /placement/allocations/79903379-95d0-4ccc-80bc-92db11a67d3c" status: 200 len: 259 microversion: 1.28
Oct 28 18:04:23.444159 n-d-862404-2 devstack@placement-api.service[105925]: [pid: 105925|app: 0|req: 68/138] 10.222.0.25 () {60 vars in 1377 bytes} [Fri Oct 28 18:04:23 2022] GET /placement/allocations/79903379-95d0-4ccc-80bc-92db11a67d3c => generated 259 bytes in 55 msecs (HTTP/1.1 200) 8 headers in 296 bytes (1 switches on core 0)
Oct 28 18:04:23.452628 n-d-862404-2 devstack@placement-api.service[105924]: DEBUG placement.requestlog [req-bd422f67-40bd-4196-97d0-51ae832d009d req-0cae76dd-9c28-4cef-b22a-1ef22860abb1 None None] Starting request: 10.222.0.25 "GET /placement/allocations/59b3563e-22f8-45f6-88b2-49ead221357d" {{(pid=105924) __call__ /opt/stack/placement/placement/requestlog.py:55}}
Oct 28 18:04:23.498859 n-d-862404-2 devstack@placement-api.service[105924]: INFO placement.requestlog [req-bd422f67-40bd-4196-97d0-51ae832d009d req-0cae76dd-9c28-4cef-b22a-1ef22860abb1 service placement] 10.222.0.25 "GET /placement/allocations/59b3563e-22f8-45f6-88b2-49ead221357d" status: 200 len: 259 microversion: 1.28
Oct 28 18:04:23.500027 n-d-862404-2 devstack@placement-api.service[105924]: [pid: 105924|app: 0|req: 71/139] 10.222.0.25 () {60 vars in 1377 bytes} [Fri Oct 28 18:04:23 2022] GET /placement/allocations/59b3563e-22f8-45f6-88b2-49ead221357d => generated 259 bytes in 47 msecs (HTTP/1.1 200) 8 headers in 296 bytes (1 switches on core 0)
Oct 28 18:04:23.509756 n-d-862404-2 devstack@placement-api.service[105925]: DEBUG placement.requestlog [req-bd422f67-40bd-4196-97d0-51ae832d009d req-820bc514-503f-4cc9-a0b6-35c541a581dc None None] Starting request: 10.222.0.25 "GET /placement/allocations/2e8a4193-8c20-48d7-830c-11d97b58e409" {{(pid=105925) __call__ /opt/stack/placement/placement/requestlog.py:55}}
Oct 28 18:04:23.539107 n-d-862404-2 devstack@placement-api.service[105925]: INFO placement.requestlog [req-bd422f67-40bd-4196-97d0-51ae832d009d req-820bc514-503f-4cc9-a0b6-35c541a581dc service placement] 10.222.0.25 "GET /placement/allocations/2e8a4193-8c20-48d7-830c-11d97b58e409" status: 200 len: 259 microversion: 1.28
Oct 28 18:04:23.540751 n-d-862404-2 devstack@placement-api.service[105925]: [pid: 105925|app: 0|req: 69/140] 10.222.0.25 () {60 vars in 1377 bytes} [Fri Oct 28 18:04:23 2022] GET /placement/allocations/2e8a4193-8c20-48d7-830c-11d97b58e409 => generated 259 bytes in 32 msecs (HTTP/1.1 200) 8 headers in 296 bytes (1 switches on core 0)
Oct 28 18:04:26.650389 n-d-862404-2 devstack@placement-api.service[105924]: DEBUG placement.requestlog [req-f40613ea-981a-4da8-bedc-e757908f1992 req-a3d1f8b3-874b-40b4-ae0d-911992a6ef0b None None] Starting request: 10.222.0.46 "GET /placement/resource_providers/3f2750b8-def8-409d-8f5d-aa2bbdba8263/allocations" {{(pid=105924) __call__ /opt/stack/placement/placement/requestlog.py:55}}
Oct 28 18:04:26.699464 n-d-862404-2 devstack@placement-api.service[105924]: INFO placement.requestlog [req-f40613ea-981a-4da8-bedc-e757908f1992 req-a3d1f8b3-874b-40b4-ae0d-911992a6ef0b service placement] 10.222.0.46 "GET /placement/resource_providers/3f2750b8-def8-409d-8f5d-aa2bbdba8263/allocations" status: 200 len: 355 microversion: 1.0
Oct 28 18:04:26.700892 n-d-862404-2 devstack@placement-api.service[105924]: [pid: 105924|app: 0|req: 72/141] 10.222.0.46 () {58 vars in 1390 bytes} [Fri Oct 28 18:04:26 2022] GET /placement/resource_providers/3f2750b8-def8-409d-8f5d-aa2bbdba8263/allocations => generated 355 bytes in 51 msecs (HTTP/1.1 200) 6 headers in 224 bytes (1 switches on core 0)
Oct 28 18:04:26.815118 n-d-862404-2 devstack@placement-api.service[105925]: DEBUG placement.requestlog [req-f40613ea-981a-4da8-bedc-e757908f1992 req-c24f5f65-8bce-4beb-ada1-707f9db70f05 None None] Starting request: 10.222.0.46 "GET /placement/resource_providers/3f2750b8-def8-409d-8f5d-aa2bbdba8263/allocations" {{(pid=105925) __call__ /opt/stack/placement/placement/requestlog.py:55}}
Oct 28 18:04:26.855136 n-d-862404-2 devstack@placement-api.service[105925]: INFO placement.requestlog [req-f40613ea-981a-4da8-bedc-e757908f1992 req-c24f5f65-8bce-4beb-ada1-707f9db70f05 service placement] 10.222.0.46 "GET /placement/resource_providers/3f2750b8-def8-409d-8f5d-aa2bbdba8263/allocations" status: 200 len: 355 microversion: 1.0
Oct 28 18:04:26.856044 n-d-862404-2 devstack@placement-api.service[105925]: [pid: 105925|app: 0|req: 70/142] 10.222.0.46 () {58 vars in 1390 bytes} [Fri Oct 28 18:04:26 2022] GET /placement/resource_providers/3f2750b8-def8-409d-8f5d-aa2bbdba8263/allocations => generated 355 bytes in 41 msecs (HTTP/1.1 200) 6 headers in 224 bytes (1 switches on core 0)
Oct 28 18:04:26.879582 n-d-862404-2 devstack@placement-api.service[105924]: DEBUG placement.requestlog [req-f40613ea-981a-4da8-bedc-e757908f1992 req-3343d525-11ed-4c31-a4c3-e377e7cd0f50 None None] Starting request: 10.222.0.46 "GET /placement/allocations/9f0df6bd-0498-41c4-9fa3-f278edf1ee88" {{(pid=105924) __call__ /opt/stack/placement/placement/requestlog.py:55}}
Oct 28 18:04:26.917519 n-d-862404-2 devstack@placement-api.service[105924]: INFO placement.requestlog [req-f40613ea-981a-4da8-bedc-e757908f1992 req-3343d525-11ed-4c31-a4c3-e377e7cd0f50 service placement] 10.222.0.46 "GET /placement/allocations/9f0df6bd-0498-41c4-9fa3-f278edf1ee88" status: 200 len: 258 microversion: 1.28
Oct 28 18:04:26.918153 n-d-862404-2 devstack@placement-api.service[105924]: [pid: 105924|app: 0|req: 73/143] 10.222.0.46 () {60 vars in 1377 bytes} [Fri Oct 28 18:04:26 2022] GET /placement/allocations/9f0df6bd-0498-41c4-9fa3-f278edf1ee88 => generated 258 bytes in 39 msecs (HTTP/1.1 200) 8 headers in 296 bytes (1 switches on core 0)
Oct 28 18:04:26.937394 n-d-862404-2 devstack@placement-api.service[105925]: DEBUG placement.requestlog [req-f40613ea-981a-4da8-bedc-e757908f1992 req-ed648011-c2ef-4c5a-a873-bfd93d94787c None None] Starting request: 10.222.0.46 "GET /placement/allocations/4903a6b7-6be5-4773-8a04-4ba37da9f892" {{(pid=105925) __call__ /opt/stack/placement/placement/requestlog.py:55}}
Oct 28 18:04:26.969311 n-d-862404-2 devstack@placement-api.service[105925]: INFO placement.requestlog [req-f40613ea-981a-4da8-bedc-e757908f1992 req-ed648011-c2ef-4c5a-a873-bfd93d94787c service placement] 10.222.0.46 "GET /placement/allocations/4903a6b7-6be5-4773-8a04-4ba37da9f892" status: 200 len: 258 microversion: 1.28
Oct 28 18:04:26.969957 n-d-862404-2 devstack@placement-api.service[105925]: [pid: 105925|app: 0|req: 71/144] 10.222.0.46 () {60 vars in 1377 bytes} [Fri Oct 28 18:04:26 2022] GET /placement/allocations/4903a6b7-6be5-4773-8a04-4ba37da9f892 => generated 258 bytes in 33 msecs (HTTP/1.1 200) 8 headers in 296 bytes (1 switches on core 0)
Oct 28 18:04:26.987628 n-d-862404-2 devstack@placement-api.service[105924]: DEBUG placement.requestlog [req-f40613ea-981a-4da8-bedc-e757908f1992 req-21009ce5-8098-4804-9686-38c9ba12f3e2 None None] Starting request: 10.222.0.46 "GET /placement/allocations/277382da-05c5-4e3a-97a3-002b1b6b01b2" {{(pid=105924) __call__ /opt/stack/placement/placement/requestlog.py:55}}
Oct 28 18:04:27.007482 n-d-862404-2 devstack@placement-api.service[105924]: INFO placement.requestlog [req-f40613ea-981a-4da8-bedc-e757908f1992 req-21009ce5-8098-4804-9686-38c9ba12f3e2 service placement] 10.222.0.46 "GET /placement/allocations/277382da-05c5-4e3a-97a3-002b1b6b01b2" status: 200 len: 258 microversion: 1.28
Oct 28 18:04:27.008492 n-d-862404-2 devstack@placement-api.service[105924]: [pid: 105924|app: 0|req: 74/145] 10.222.0.46 () {60 vars in 1377 bytes} [Fri Oct 28 18:04:26 2022] GET /placement/allocations/277382da-05c5-4e3a-97a3-002b1b6b01b2 => generated 258 bytes in 21 msecs (HTTP/1.1 200) 8 headers in 296 bytes (1 switches on core 0)
Oct 28 18:04:27.526120 n-d-862404-2 devstack@placement-api.service[105925]: DEBUG placement.requestlog [req-658b211c-6c4d-490c-8502-dff7997b97fe req-5717a130-1fee-4c98-8efe-11f6429a4cd4 None None] Starting request: 10.222.0.16 "GET /placement/allocation_candidates?limit=1000&resources=DISK_GB%3A1%2CMEMORY_MB%3A1024%2CVCPU%3A1&root_required=%21COMPUTE_STATUS_DISABLED" {{(pid=105925) __call__ /opt/stack/placement/placement/requestlog.py:55}}
Oct 28 18:04:27.622865 n-d-862404-2 devstack@placement-api.service[105925]: DEBUG placement.objects.research_context [req-658b211c-6c4d-490c-8502-dff7997b97fe req-5717a130-1fee-4c98-8efe-11f6429a4cd4 service placement] getting providers with 1 DISK_GB {{(pid=105925) __init__ /opt/stack/placement/placement/objects/research_context.py:136}}
Oct 28 18:04:27.630223 n-d-862404-2 devstack@placement-api.service[105925]: DEBUG placement.objects.research_context [req-658b211c-6c4d-490c-8502-dff7997b97fe req-5717a130-1fee-4c98-8efe-11f6429a4cd4 service placement] getting providers with 1024 MEMORY_MB {{(pid=105925) __init__ /opt/stack/placement/placement/objects/research_context.py:136}}
Oct 28 18:04:27.639527 n-d-862404-2 devstack@placement-api.service[105925]: DEBUG placement.objects.research_context [req-658b211c-6c4d-490c-8502-dff7997b97fe req-5717a130-1fee-4c98-8efe-11f6429a4cd4 service placement] getting providers with 1 VCPU {{(pid=105925) __init__ /opt/stack/placement/placement/objects/research_context.py:136}}
Oct 28 18:04:27.646423 n-d-862404-2 devstack@placement-api.service[105925]: DEBUG placement.objects.research_context [req-658b211c-6c4d-490c-8502-dff7997b97fe req-5717a130-1fee-4c98-8efe-11f6429a4cd4 service placement] found 2 providers with available 1 DISK_GB {{(pid=105925) get_provider_ids_matching /opt/stack/placement/placement/objects/research_context.py:563}}
Oct 28 18:04:27.647398 n-d-862404-2 devstack@placement-api.service[105925]: DEBUG placement.objects.research_context [req-658b211c-6c4d-490c-8502-dff7997b97fe req-5717a130-1fee-4c98-8efe-11f6429a4cd4 service placement] found 2 providers with available 1024 MEMORY_MB {{(pid=105925) get_provider_ids_matching /opt/stack/placement/placement/objects/research_context.py:563}}
Oct 28 18:04:27.647862 n-d-862404-2 devstack@placement-api.service[105925]: DEBUG placement.objects.research_context [req-658b211c-6c4d-490c-8502-dff7997b97fe req-5717a130-1fee-4c98-8efe-11f6429a4cd4 service placement] found 2 providers after filtering by previous result {{(pid=105925) get_provider_ids_matching /opt/stack/placement/placement/objects/research_context.py:594}}
Oct 28 18:04:27.648489 n-d-862404-2 devstack@placement-api.service[105925]: DEBUG placement.objects.research_context [req-658b211c-6c4d-490c-8502-dff7997b97fe req-5717a130-1fee-4c98-8efe-11f6429a4cd4 service placement] found 2 providers with available 1 VCPU {{(pid=105925) get_provider_ids_matching /opt/stack/placement/placement/objects/research_context.py:563}}
Oct 28 18:04:27.648914 n-d-862404-2 devstack@placement-api.service[105925]: DEBUG placement.objects.research_context [req-658b211c-6c4d-490c-8502-dff7997b97fe req-5717a130-1fee-4c98-8efe-11f6429a4cd4 service placement] found 2 providers after filtering by previous result {{(pid=105925) get_provider_ids_matching /opt/stack/placement/placement/objects/research_context.py:594}}
Oct 28 18:04:27.664062 n-d-862404-2 devstack@placement-api.service[105925]: DEBUG placement.objects.allocation_candidate [req-658b211c-6c4d-490c-8502-dff7997b97fe req-5717a130-1fee-4c98-8efe-11f6429a4cd4 service placement] RequestGroup(use_same_provider=False, resources={DISK_GB:1, MEMORY_MB:1024, VCPU:1}, traits=(), aggregates=[]) (suffix '') returned 2 matches {{(pid=105925) _get_by_requests /opt/stack/placement/placement/objects/allocation_candidate.py:156}}
Oct 28 18:04:27.664738 n-d-862404-2 devstack@placement-api.service[105925]: DEBUG placement.objects.allocation_candidate [req-658b211c-6c4d-490c-8502-dff7997b97fe req-5717a130-1fee-4c98-8efe-11f6429a4cd4 service placement] Merging candidates yields 2 allocation requests and 2 provider summaries {{(pid=105925) _merge_candidates /opt/stack/placement/placement/objects/allocation_candidate.py:809}}
Oct 28 18:04:27.666592 n-d-862404-2 devstack@placement-api.service[105925]: INFO placement.requestlog [req-658b211c-6c4d-490c-8502-dff7997b97fe req-5717a130-1fee-4c98-8efe-11f6429a4cd4 service placement] 10.222.0.16 "GET /placement/allocation_candidates?limit=1000&resources=DISK_GB%3A1%2CMEMORY_MB%3A1024%2CVCPU%3A1&root_required=%21COMPUTE_STATUS_DISABLED" status: 200 len: 1309 microversion: 1.36
Oct 28 18:04:27.667888 n-d-862404-2 devstack@placement-api.service[105925]: [pid: 105925|app: 0|req: 72/146] 10.222.0.16 () {60 vars in 1506 bytes} [Fri Oct 28 18:04:27 2022] GET /placement/allocation_candidates?limit=1000&resources=DISK_GB%3A1%2CMEMORY_MB%3A1024%2CVCPU%3A1&root_required=%21COMPUTE_STATUS_DISABLED => generated 1309 bytes in 141 msecs (HTTP/1.1 200) 8 headers in 297 bytes (1 switches on core 0)
Oct 28 18:04:27.707626 n-d-862404-2 devstack@placement-api.service[105924]: DEBUG placement.requestlog [req-f40613ea-981a-4da8-bedc-e757908f1992 req-01dfb063-b03a-4dcc-9d34-9b278c1fe2e0 None None] Starting request: 10.222.0.46 "GET /placement/allocations/277382da-05c5-4e3a-97a3-002b1b6b01b2" {{(pid=105924) __call__ /opt/stack/placement/placement/requestlog.py:55}}
Oct 28 18:04:27.748637 n-d-862404-2 devstack@placement-api.service[105924]: INFO placement.requestlog [req-f40613ea-981a-4da8-bedc-e757908f1992 req-01dfb063-b03a-4dcc-9d34-9b278c1fe2e0 service placement] 10.222.0.46 "GET /placement/allocations/277382da-05c5-4e3a-97a3-002b1b6b01b2" status: 200 len: 258 microversion: 1.28
Oct 28 18:04:27.749289 n-d-862404-2 devstack@placement-api.service[105924]: [pid: 105924|app: 0|req: 75/147] 10.222.0.46 () {60 vars in 1377 bytes} [Fri Oct 28 18:04:27 2022] GET /placement/allocations/277382da-05c5-4e3a-97a3-002b1b6b01b2 => generated 258 bytes in 42 msecs (HTTP/1.1 200) 8 headers in 296 bytes (2 switches on core 0)
Oct 28 18:04:27.812279 n-d-862404-2 devstack@placement-api.service[105925]: DEBUG placement.requestlog [req-f40613ea-981a-4da8-bedc-e757908f1992 req-27563b46-67ab-42bd-8640-f9fe3478da5c None None] Starting request: 10.222.0.46 "PUT /placement/allocations/277382da-05c5-4e3a-97a3-002b1b6b01b2" {{(pid=105925) __call__ /opt/stack/placement/placement/requestlog.py:55}}
Oct 28 18:04:27.884882 n-d-862404-2 devstack@placement-api.service[105924]: DEBUG placement.requestlog [req-658b211c-6c4d-490c-8502-dff7997b97fe req-5e8901d3-ec06-4d9e-ad96-8a6e78cb3192 None None] Starting request: 10.222.0.16 "GET /placement/allocations/9053ad37-860b-4069-80b5-9657ddb3e53d" {{(pid=105924) __call__ /opt/stack/placement/placement/requestlog.py:55}}
Oct 28 18:04:27.905265 n-d-862404-2 devstack@placement-api.service[105924]: INFO placement.requestlog [req-658b211c-6c4d-490c-8502-dff7997b97fe req-5e8901d3-ec06-4d9e-ad96-8a6e78cb3192 service placement] 10.222.0.16 "GET /placement/allocations/9053ad37-860b-4069-80b5-9657ddb3e53d" status: 200 len: 19 microversion: 1.28
Oct 28 18:04:27.926401 n-d-862404-2 devstack@placement-api.service[105924]: [pid: 105924|app: 0|req: 76/148] 10.222.0.16 () {60 vars in 1380 bytes} [Fri Oct 28 18:04:27 2022] GET /placement/allocations/9053ad37-860b-4069-80b5-9657ddb3e53d => generated 19 bytes in 41 msecs (HTTP/1.1 200) 8 headers in 295 bytes (1 switches on core 0)
Oct 28 18:04:27.932807 n-d-862404-2 devstack@placement-api.service[105924]: DEBUG placement.requestlog [req-658b211c-6c4d-490c-8502-dff7997b97fe req-2c9b99df-4310-4586-9eb7-5eaa2e3f13e8 None None] Starting request: 10.222.0.16 "PUT /placement/allocations/9053ad37-860b-4069-80b5-9657ddb3e53d" {{(pid=105924) __call__ /opt/stack/placement/placement/requestlog.py:55}}
Oct 28 18:04:27.973101 n-d-862404-2 devstack@placement-api.service[105925]: DEBUG placement.handlers.allocation [req-f40613ea-981a-4da8-bedc-e757908f1992 req-27563b46-67ab-42bd-8640-f9fe3478da5c service placement] Successfully wrote allocations [, , ] {{(pid=105925) _update_consumers_and_create_allocations /opt/stack/placement/placement/handlers/allocation.py:462}}
Oct 28 18:04:27.981815 n-d-862404-2 devstack@placement-api.service[105925]: INFO placement.requestlog [req-f40613ea-981a-4da8-bedc-e757908f1992 req-27563b46-67ab-42bd-8640-f9fe3478da5c service placement] 10.222.0.46 "PUT /placement/allocations/277382da-05c5-4e3a-97a3-002b1b6b01b2" status: 204 len: 0 microversion: 1.28
Oct 28 18:04:27.982629 n-d-862404-2 devstack@placement-api.service[105925]: [pid: 105925|app: 0|req: 73/149] 10.222.0.46 () {64 vars in 1430 bytes} [Fri Oct 28 18:04:27 2022] PUT /placement/allocations/277382da-05c5-4e3a-97a3-002b1b6b01b2 => generated 0 bytes in 173 msecs (HTTP/1.1 204) 5 headers in 199 bytes (2 switches on core 0)
Oct 28 18:04:28.142980 n-d-862404-2 devstack@placement-api.service[105924]: DEBUG placement.handlers.allocation [req-658b211c-6c4d-490c-8502-dff7997b97fe req-2c9b99df-4310-4586-9eb7-5eaa2e3f13e8 service placement] Successfully wrote allocations [, , ] {{(pid=105924) _update_consumers_and_create_allocations /opt/stack/placement/placement/handlers/allocation.py:462}}
Oct 28 18:04:28.148157 n-d-862404-2 devstack@placement-api.service[105924]: INFO placement.requestlog [req-658b211c-6c4d-490c-8502-dff7997b97fe req-2c9b99df-4310-4586-9eb7-5eaa2e3f13e8 service placement] 10.222.0.16 "PUT /placement/allocations/9053ad37-860b-4069-80b5-9657ddb3e53d" status: 204 len: 0 microversion: 1.36
Oct 28 18:04:28.149367 n-d-862404-2 devstack@placement-api.service[105924]: [pid: 105924|app: 0|req: 77/150] 10.222.0.16 () {64 vars in 1433 bytes} [Fri Oct 28 18:04:27 2022] PUT /placement/allocations/9053ad37-860b-4069-80b5-9657ddb3e53d => generated 0 bytes in 221 msecs (HTTP/1.1 204) 5 headers in 199 bytes (1 switches on core 0)
Oct 28 18:04:28.766195 n-d-862404-2 devstack@placement-api.service[105925]: DEBUG placement.requestlog [req-658b211c-6c4d-490c-8502-dff7997b97fe req-0e805f03-80c7-473c-909f-3cc8895d6842 None None] Starting request: 10.222.0.46 "GET /placement/allocations/9053ad37-860b-4069-80b5-9657ddb3e53d" {{(pid=105925) __call__ /opt/stack/placement/placement/requestlog.py:55}}
Oct 28 18:04:28.788275 n-d-862404-2 devstack@placement-api.service[105925]: DEBUG dbcounter [-] [105925] Writing DB stats placement:SELECT=86,placement:INSERT=6,placement:DELETE=4,placement:UPDATE=4 {{(pid=105925) stat_writer /usr/local/lib/python3.8/dist-packages/dbcounter.py:114}}
Oct 28 18:04:28.813335 n-d-862404-2 devstack@placement-api.service[105925]: INFO placement.requestlog [req-658b211c-6c4d-490c-8502-dff7997b97fe req-0e805f03-80c7-473c-909f-3cc8895d6842 service placement] 10.222.0.46 "GET /placement/allocations/9053ad37-860b-4069-80b5-9657ddb3e53d" status: 200 len: 258 microversion: 1.28
Oct 28 18:04:28.814485 n-d-862404-2 devstack@placement-api.service[105925]: [pid: 105925|app: 0|req: 74/151] 10.222.0.46 () {60 vars in 1377 bytes} [Fri Oct 28 18:04:28 2022] GET /placement/allocations/9053ad37-860b-4069-80b5-9657ddb3e53d => generated 258 bytes in 49 msecs (HTTP/1.1 200) 8 headers in 296 bytes (1 switches on core 0)
Oct 28 18:04:29.096184 n-d-862404-2 devstack@placement-api.service[105924]: DEBUG placement.requestlog [req-658b211c-6c4d-490c-8502-dff7997b97fe req-01075ba7-bd03-494c-bd9b-eb0d97d806b2 None None] Starting request: 10.222.0.46 "GET /placement/resource_providers/3f2750b8-def8-409d-8f5d-aa2bbdba8263/allocations" {{(pid=105924) __call__ /opt/stack/placement/placement/requestlog.py:55}}
Oct 28 18:04:29.144499 n-d-862404-2 devstack@placement-api.service[105924]: INFO placement.requestlog [req-658b211c-6c4d-490c-8502-dff7997b97fe req-01075ba7-bd03-494c-bd9b-eb0d97d806b2 service placement] 10.222.0.46 "GET /placement/resource_providers/3f2750b8-def8-409d-8f5d-aa2bbdba8263/allocations" status: 200 len: 355 microversion: 1.0
Oct 28 18:04:29.146633 n-d-862404-2 devstack@placement-api.service[105924]: [pid: 105924|app: 0|req: 78/152] 10.222.0.46 () {58 vars in 1390 bytes} [Fri Oct 28 18:04:29 2022] GET /placement/resource_providers/3f2750b8-def8-409d-8f5d-aa2bbdba8263/allocations => generated 355 bytes in 50 msecs (HTTP/1.1 200) 6 headers in 224 bytes (1 switches on core 0)
Oct 28 18:04:29.160768 n-d-862404-2 devstack@placement-api.service[105925]: DEBUG placement.requestlog [req-658b211c-6c4d-490c-8502-dff7997b97fe req-d9f14726-6aa6-4b34-a9f9-8a5ecfd12992 None None] Starting request: 10.222.0.46 "GET /placement/allocations/9f0df6bd-0498-41c4-9fa3-f278edf1ee88" {{(pid=105925) __call__ /opt/stack/placement/placement/requestlog.py:55}}
Oct 28 18:04:29.196499 n-d-862404-2 devstack@placement-api.service[105925]: INFO placement.requestlog [req-658b211c-6c4d-490c-8502-dff7997b97fe req-d9f14726-6aa6-4b34-a9f9-8a5ecfd12992 service placement] 10.222.0.46 "GET /placement/allocations/9f0df6bd-0498-41c4-9fa3-f278edf1ee88" status: 200 len: 258 microversion: 1.28
Oct 28 18:04:29.197546 n-d-862404-2 devstack@placement-api.service[105925]: [pid: 105925|app: 0|req: 75/153] 10.222.0.46 () {60 vars in 1377 bytes} [Fri Oct 28 18:04:29 2022] GET /placement/allocations/9f0df6bd-0498-41c4-9fa3-f278edf1ee88 => generated 258 bytes in 37 msecs (HTTP/1.1 200) 8 headers in 296 bytes (1 switches on core 0)
Oct 28 18:04:29.211450 n-d-862404-2 devstack@placement-api.service[105924]: DEBUG placement.requestlog [req-658b211c-6c4d-490c-8502-dff7997b97fe req-da5fa632-5b34-4d93-a127-25d80291ad31 None None] Starting request: 10.222.0.46 "GET /placement/allocations/4903a6b7-6be5-4773-8a04-4ba37da9f892" {{(pid=105924) __call__ /opt/stack/placement/placement/requestlog.py:55}}
Oct 28 18:04:29.271261 n-d-862404-2 devstack@placement-api.service[105924]: INFO placement.requestlog [req-658b211c-6c4d-490c-8502-dff7997b97fe req-da5fa632-5b34-4d93-a127-25d80291ad31 service placement] 10.222.0.46 "GET /placement/allocations/4903a6b7-6be5-4773-8a04-4ba37da9f892" status: 200 len: 258 microversion: 1.28
Oct 28 18:04:29.271667 n-d-862404-2 devstack@placement-api.service[105924]: [pid: 105924|app: 0|req: 79/154] 10.222.0.46 () {60 vars in 1377 bytes} [Fri Oct 28 18:04:29 2022] GET /placement/allocations/4903a6b7-6be5-4773-8a04-4ba37da9f892 => generated 258 bytes in 61 msecs (HTTP/1.1 200) 8 headers in 296 bytes (1 switches on core 0)
Oct 28 18:04:29.289791 n-d-862404-2 devstack@placement-api.service[105925]: DEBUG placement.requestlog [req-658b211c-6c4d-490c-8502-dff7997b97fe req-a64971f5-a229-432d-ad3d-ae32f45791d4 None None] Starting request: 10.222.0.46 "GET /placement/allocations/9053ad37-860b-4069-80b5-9657ddb3e53d" {{(pid=105925) __call__ /opt/stack/placement/placement/requestlog.py:55}}
Oct 28 18:04:29.320736 n-d-862404-2 devstack@placement-api.service[105925]: INFO placement.requestlog [req-658b211c-6c4d-490c-8502-dff7997b97fe req-a64971f5-a229-432d-ad3d-ae32f45791d4 service placement] 10.222.0.46 "GET /placement/allocations/9053ad37-860b-4069-80b5-9657ddb3e53d" status: 200 len: 258 microversion: 1.28
Oct 28 18:04:29.334713 n-d-862404-2 devstack@placement-api.service[105925]: [pid: 105925|app: 0|req: 76/155] 10.222.0.46 () {60 vars in 1377 bytes} [Fri Oct 28 18:04:29 2022] GET /placement/allocations/9053ad37-860b-4069-80b5-9657ddb3e53d => generated 258 bytes in 45 msecs (HTTP/1.1 200) 8 headers in 296 bytes (1 switches on core 0)
Oct 28 18:04:30.395099 n-d-862404-2 devstack@placement-api.service[105924]: DEBUG placement.requestlog [req-185bb9a8-7a76-40ea-9b33-17402a66a04d req-0f1c57a1-3b68-42ed-bb0c-78ebd584779c None None] Starting request: 10.222.0.46 "GET /placement/resource_providers/3f2750b8-def8-409d-8f5d-aa2bbdba8263/allocations" {{(pid=105924) __call__ /opt/stack/placement/placement/requestlog.py:55}}
Oct 28 18:04:30.476890 n-d-862404-2 devstack@placement-api.service[105924]: INFO placement.requestlog [req-185bb9a8-7a76-40ea-9b33-17402a66a04d req-0f1c57a1-3b68-42ed-bb0c-78ebd584779c service placement] 10.222.0.46 "GET /placement/resource_providers/3f2750b8-def8-409d-8f5d-aa2bbdba8263/allocations" status: 200 len: 355 microversion: 1.0
Oct 28 18:04:30.477293 n-d-862404-2 devstack@placement-api.service[105924]: [pid: 105924|app: 0|req: 80/156] 10.222.0.46 () {58 vars in 1390 bytes} [Fri Oct 28 18:04:30 2022] GET /placement/resource_providers/3f2750b8-def8-409d-8f5d-aa2bbdba8263/allocations => generated 355 bytes in 83 msecs (HTTP/1.1 200) 6 headers in 224 bytes (2 switches on core 0)
Oct 28 18:04:30.498888 n-d-862404-2 devstack@placement-api.service[105925]: DEBUG placement.requestlog [req-185bb9a8-7a76-40ea-9b33-17402a66a04d req-3e6d80b8-d668-4167-a00d-0e69bb5060d0 None None] Starting request: 10.222.0.46 "GET /placement/allocations/9f0df6bd-0498-41c4-9fa3-f278edf1ee88" {{(pid=105925) __call__ /opt/stack/placement/placement/requestlog.py:55}}
Oct 28 18:04:30.580942 n-d-862404-2 devstack@placement-api.service[105925]: INFO placement.requestlog [req-185bb9a8-7a76-40ea-9b33-17402a66a04d req-3e6d80b8-d668-4167-a00d-0e69bb5060d0 service placement] 10.222.0.46 "GET /placement/allocations/9f0df6bd-0498-41c4-9fa3-f278edf1ee88" status: 200 len: 258 microversion: 1.28
Oct 28 18:04:30.584743 n-d-862404-2 devstack@placement-api.service[105925]: [pid: 105925|app: 0|req: 77/157] 10.222.0.46 () {60 vars in 1377 bytes} [Fri Oct 28 18:04:30 2022] GET /placement/allocations/9f0df6bd-0498-41c4-9fa3-f278edf1ee88 => generated 258 bytes in 86 msecs (HTTP/1.1 200) 8 headers in 296 bytes (2 switches on core 0)
Oct 28 18:04:30.608214 n-d-862404-2 devstack@placement-api.service[105924]: DEBUG placement.requestlog [req-185bb9a8-7a76-40ea-9b33-17402a66a04d req-e74a3365-b0e3-4eec-8e75-af1bf3cb165a None None] Starting request: 10.222.0.46 "GET /placement/allocations/4903a6b7-6be5-4773-8a04-4ba37da9f892" {{(pid=105924) __call__ /opt/stack/placement/placement/requestlog.py:55}}
Oct 28 18:04:30.654273 n-d-862404-2 devstack@placement-api.service[105924]: INFO placement.requestlog [req-185bb9a8-7a76-40ea-9b33-17402a66a04d req-e74a3365-b0e3-4eec-8e75-af1bf3cb165a service placement] 10.222.0.46 "GET /placement/allocations/4903a6b7-6be5-4773-8a04-4ba37da9f892" status: 200 len: 258 microversion: 1.28
Oct 28 18:04:30.656545 n-d-862404-2 devstack@placement-api.service[105924]: [pid: 105924|app: 0|req: 81/158] 10.222.0.46 () {60 vars in 1377 bytes} [Fri Oct 28 18:04:30 2022] GET /placement/allocations/4903a6b7-6be5-4773-8a04-4ba37da9f892 => generated 258 bytes in 52 msecs (HTTP/1.1 200) 8 headers in 296 bytes (1 switches on core 0)
Oct 28 18:04:30.678323 n-d-862404-2 devstack@placement-api.service[105925]: DEBUG placement.requestlog [req-185bb9a8-7a76-40ea-9b33-17402a66a04d req-2f58d657-16f6-47f0-a04c-b7204ec8bb9b None None] Starting request: 10.222.0.46 "GET /placement/allocations/9053ad37-860b-4069-80b5-9657ddb3e53d" {{(pid=105925) __call__ /opt/stack/placement/placement/requestlog.py:55}}
Oct 28 18:04:30.728132 n-d-862404-2 devstack@placement-api.service[105925]: INFO placement.requestlog [req-185bb9a8-7a76-40ea-9b33-17402a66a04d req-2f58d657-16f6-47f0-a04c-b7204ec8bb9b service placement] 10.222.0.46 "GET /placement/allocations/9053ad37-860b-4069-80b5-9657ddb3e53d" status: 200 len: 258 microversion: 1.28
Oct 28 18:04:30.732171 n-d-862404-2 devstack@placement-api.service[105925]: [pid: 105925|app: 0|req: 78/159] 10.222.0.46 () {60 vars in 1377 bytes} [Fri Oct 28 18:04:30 2022] GET /placement/allocations/9053ad37-860b-4069-80b5-9657ddb3e53d => generated 258 bytes in 54 msecs (HTTP/1.1 200) 8 headers in 296 bytes (1 switches on core 0)
Oct 28 18:04:31.415177 n-d-862404-2 devstack@placement-api.service[105924]: DEBUG placement.requestlog [req-185bb9a8-7a76-40ea-9b33-17402a66a04d req-8e4f5e4d-b5c6-4a64-9f23-22ef4c1b6a5e None None] Starting request: 10.222.0.46 "DELETE /placement/allocations/9f0df6bd-0498-41c4-9fa3-f278edf1ee88" {{(pid=105924) __call__ /opt/stack/placement/placement/requestlog.py:55}}
Oct 28 18:04:31.497685 n-d-862404-2 devstack@placement-api.service[105924]: DEBUG placement.handlers.allocation [req-185bb9a8-7a76-40ea-9b33-17402a66a04d req-8e4f5e4d-b5c6-4a64-9f23-22ef4c1b6a5e service placement] Successfully deleted allocations [, , ] {{(pid=105924) delete_allocations /opt/stack/placement/placement/handlers/allocation.py:627}}
Oct 28 18:04:31.498341 n-d-862404-2 devstack@placement-api.service[105924]: INFO placement.requestlog [req-185bb9a8-7a76-40ea-9b33-17402a66a04d req-8e4f5e4d-b5c6-4a64-9f23-22ef4c1b6a5e service placement] 10.222.0.46 "DELETE /placement/allocations/9f0df6bd-0498-41c4-9fa3-f278edf1ee88" status: 204 len: 0 microversion: 1.0
Oct 28 18:04:31.499044 n-d-862404-2 devstack@placement-api.service[105924]: [pid: 105924|app: 0|req: 82/160] 10.222.0.46 () {60 vars in 1355 bytes} [Fri Oct 28 18:04:31 2022] DELETE /placement/allocations/9f0df6bd-0498-41c4-9fa3-f278edf1ee88 => generated 0 bytes in 84 msecs (HTTP/1.1 204) 5 headers in 198 bytes (1 switches on core 0)
Oct 28 18:04:32.366842 n-d-862404-2 devstack@placement-api.service[105925]: DEBUG placement.requestlog [req-6fae362b-027f-4d28-beb8-7a598f64f97c req-9e4315e9-ef1e-4278-b3ea-24907dca6bc0 None None] Starting request: 10.222.0.16 "GET /placement/allocation_candidates?limit=1000&resources=DISK_GB%3A1%2CMEMORY_MB%3A1024%2CVCPU%3A1&root_required=%21COMPUTE_STATUS_DISABLED" {{(pid=105925) __call__ /opt/stack/placement/placement/requestlog.py:55}}
Oct 28 18:04:32.429110 n-d-862404-2 devstack@placement-api.service[105925]: DEBUG placement.objects.research_context [req-6fae362b-027f-4d28-beb8-7a598f64f97c req-9e4315e9-ef1e-4278-b3ea-24907dca6bc0 service placement] getting providers with 1 DISK_GB {{(pid=105925) __init__ /opt/stack/placement/placement/objects/research_context.py:136}}
Oct 28 18:04:32.436514 n-d-862404-2 devstack@placement-api.service[105925]: DEBUG placement.objects.research_context [req-6fae362b-027f-4d28-beb8-7a598f64f97c req-9e4315e9-ef1e-4278-b3ea-24907dca6bc0 service placement] getting providers with 1024 MEMORY_MB {{(pid=105925) __init__ /opt/stack/placement/placement/objects/research_context.py:136}}
Oct 28 18:04:32.443741 n-d-862404-2 devstack@placement-api.service[105925]: DEBUG placement.objects.research_context [req-6fae362b-027f-4d28-beb8-7a598f64f97c req-9e4315e9-ef1e-4278-b3ea-24907dca6bc0 service placement] getting providers with 1 VCPU {{(pid=105925) __init__ /opt/stack/placement/placement/objects/research_context.py:136}}
Oct 28 18:04:32.454236 n-d-862404-2 devstack@placement-api.service[105925]: DEBUG placement.objects.research_context [req-6fae362b-027f-4d28-beb8-7a598f64f97c req-9e4315e9-ef1e-4278-b3ea-24907dca6bc0 service placement] found 2 providers with available 1 DISK_GB {{(pid=105925) get_provider_ids_matching /opt/stack/placement/placement/objects/research_context.py:563}}
Oct 28 18:04:32.454574 n-d-862404-2 devstack@placement-api.service[105925]: DEBUG placement.objects.research_context [req-6fae362b-027f-4d28-beb8-7a598f64f97c req-9e4315e9-ef1e-4278-b3ea-24907dca6bc0 service placement] found 2 providers with available 1024 MEMORY_MB {{(pid=105925) get_provider_ids_matching /opt/stack/placement/placement/objects/research_context.py:563}}
Oct 28 18:04:32.454914 n-d-862404-2 devstack@placement-api.service[105925]: DEBUG placement.objects.research_context [req-6fae362b-027f-4d28-beb8-7a598f64f97c req-9e4315e9-ef1e-4278-b3ea-24907dca6bc0 service placement] found 2 providers after filtering by previous result {{(pid=105925) get_provider_ids_matching /opt/stack/placement/placement/objects/research_context.py:594}}
Oct 28 18:04:32.455257 n-d-862404-2 devstack@placement-api.service[105925]: DEBUG placement.objects.research_context [req-6fae362b-027f-4d28-beb8-7a598f64f97c req-9e4315e9-ef1e-4278-b3ea-24907dca6bc0 service placement] found 2 providers with available 1 VCPU {{(pid=105925) get_provider_ids_matching /opt/stack/placement/placement/objects/research_context.py:563}}
Oct 28 18:04:32.455720 n-d-862404-2 devstack@placement-api.service[105925]: DEBUG placement.objects.research_context [req-6fae362b-027f-4d28-beb8-7a598f64f97c req-9e4315e9-ef1e-4278-b3ea-24907dca6bc0 service placement] found 2 providers after filtering by previous result {{(pid=105925) get_provider_ids_matching /opt/stack/placement/placement/objects/research_context.py:594}}
Oct 28 18:04:32.470812 n-d-862404-2 devstack@placement-api.service[105925]: DEBUG placement.objects.allocation_candidate [req-6fae362b-027f-4d28-beb8-7a598f64f97c req-9e4315e9-ef1e-4278-b3ea-24907dca6bc0 service placement] RequestGroup(use_same_provider=False, resources={DISK_GB:1, MEMORY_MB:1024, VCPU:1}, traits=(), aggregates=[]) (suffix '') returned 2 matches {{(pid=105925) _get_by_requests /opt/stack/placement/placement/objects/allocation_candidate.py:156}}
Oct 28 18:04:32.471320 n-d-862404-2 devstack@placement-api.service[105925]: DEBUG placement.objects.allocation_candidate [req-6fae362b-027f-4d28-beb8-7a598f64f97c req-9e4315e9-ef1e-4278-b3ea-24907dca6bc0 service placement] Merging candidates yields 2 allocation requests and 2 provider summaries {{(pid=105925) _merge_candidates /opt/stack/placement/placement/objects/allocation_candidate.py:809}}
Oct 28 18:04:32.473547 n-d-862404-2 devstack@placement-api.service[105925]: INFO placement.requestlog [req-6fae362b-027f-4d28-beb8-7a598f64f97c req-9e4315e9-ef1e-4278-b3ea-24907dca6bc0 service placement] 10.222.0.16 "GET /placement/allocation_candidates?limit=1000&resources=DISK_GB%3A1%2CMEMORY_MB%3A1024%2CVCPU%3A1&root_required=%21COMPUTE_STATUS_DISABLED" status: 200 len: 1309 microversion: 1.36
Oct 28 18:04:32.474435 n-d-862404-2 devstack@placement-api.service[105925]: [pid: 105925|app: 0|req: 79/161] 10.222.0.16 () {60 vars in 1506 bytes} [Fri Oct 28 18:04:32 2022] GET /placement/allocation_candidates?limit=1000&resources=DISK_GB%3A1%2CMEMORY_MB%3A1024%2CVCPU%3A1&root_required=%21COMPUTE_STATUS_DISABLED => generated 1309 bytes in 108 msecs (HTTP/1.1 200) 8 headers in 297 bytes (1 switches on core 0)
Oct 28 18:04:32.583699 n-d-862404-2 devstack@placement-api.service[105924]: DEBUG placement.requestlog [req-6fae362b-027f-4d28-beb8-7a598f64f97c req-21239682-84a6-4aee-9c66-2aa84c125f30 None None] Starting request: 10.222.0.16 "GET /placement/allocations/f930e848-f660-4a13-a2a2-a979ccbcbe7e" {{(pid=105924) __call__ /opt/stack/placement/placement/requestlog.py:55}}
Oct 28 18:04:32.596869 n-d-862404-2 devstack@placement-api.service[105924]: INFO placement.requestlog [req-6fae362b-027f-4d28-beb8-7a598f64f97c req-21239682-84a6-4aee-9c66-2aa84c125f30 service placement] 10.222.0.16 "GET /placement/allocations/f930e848-f660-4a13-a2a2-a979ccbcbe7e" status: 200 len: 19 microversion: 1.28
Oct 28 18:04:32.597461 n-d-862404-2 devstack@placement-api.service[105924]: [pid: 105924|app: 0|req: 83/162] 10.222.0.16 () {60 vars in 1380 bytes} [Fri Oct 28 18:04:32 2022] GET /placement/allocations/f930e848-f660-4a13-a2a2-a979ccbcbe7e => generated 19 bytes in 14 msecs (HTTP/1.1 200) 8 headers in 295 bytes (1 switches on core 0)
Oct 28 18:04:32.603672 n-d-862404-2 devstack@placement-api.service[105925]: DEBUG placement.requestlog [req-6fae362b-027f-4d28-beb8-7a598f64f97c req-2cb56e7c-3acc-4cee-99d8-c83142be22f6 None None] Starting request: 10.222.0.16 "PUT /placement/allocations/f930e848-f660-4a13-a2a2-a979ccbcbe7e" {{(pid=105925) __call__ /opt/stack/placement/placement/requestlog.py:55}}
Oct 28 18:04:32.690453 n-d-862404-2 devstack@placement-api.service[105925]: DEBUG placement.handlers.allocation [req-6fae362b-027f-4d28-beb8-7a598f64f97c req-2cb56e7c-3acc-4cee-99d8-c83142be22f6 service placement] Successfully wrote allocations [, , ] {{(pid=105925) _update_consumers_and_create_allocations /opt/stack/placement/placement/handlers/allocation.py:462}}
Oct 28 18:04:32.694693 n-d-862404-2 devstack@placement-api.service[105925]: INFO placement.requestlog [req-6fae362b-027f-4d28-beb8-7a598f64f97c req-2cb56e7c-3acc-4cee-99d8-c83142be22f6 service placement] 10.222.0.16 "PUT /placement/allocations/f930e848-f660-4a13-a2a2-a979ccbcbe7e" status: 204 len: 0 microversion: 1.36
Oct 28 18:04:32.695721 n-d-862404-2 devstack@placement-api.service[105925]: [pid: 105925|app: 0|req: 80/163] 10.222.0.16 () {64 vars in 1433 bytes} [Fri Oct 28 18:04:32 2022] PUT /placement/allocations/f930e848-f660-4a13-a2a2-a979ccbcbe7e => generated 0 bytes in 92 msecs (HTTP/1.1 204) 5 headers in 199 bytes (2 switches on core 0)
Oct 28 18:04:33.573406 n-d-862404-2 devstack@placement-api.service[105924]: DEBUG placement.requestlog [req-6fae362b-027f-4d28-beb8-7a598f64f97c req-7742e613-c1ad-4362-983b-df10ecb473c2 None None] Starting request: 10.222.0.46 "GET /placement/allocations/f930e848-f660-4a13-a2a2-a979ccbcbe7e" {{(pid=105924) __call__ /opt/stack/placement/placement/requestlog.py:55}}
Oct 28 18:04:33.620144 n-d-862404-2 devstack@placement-api.service[105924]: INFO placement.requestlog [req-6fae362b-027f-4d28-beb8-7a598f64f97c req-7742e613-c1ad-4362-983b-df10ecb473c2 service placement] 10.222.0.46 "GET /placement/allocations/f930e848-f660-4a13-a2a2-a979ccbcbe7e" status: 200 len: 258 microversion: 1.28
Oct 28 18:04:33.621749 n-d-862404-2 devstack@placement-api.service[105924]: [pid: 105924|app: 0|req: 84/164] 10.222.0.46 () {60 vars in 1377 bytes} [Fri Oct 28 18:04:33 2022] GET /placement/allocations/f930e848-f660-4a13-a2a2-a979ccbcbe7e => generated 258 bytes in 48 msecs (HTTP/1.1 200) 8 headers in 296 bytes (1 switches on core 0)
Oct 28 18:04:33.706712 n-d-862404-2 devstack@placement-api.service[105925]: DEBUG placement.requestlog [req-a2c3705a-dfb1-4719-b070-d8bf85123e9e req-ff6ca120-0cad-4421-adf1-27e29fe2c111 None None] Starting request: 10.222.0.16 "GET /placement/allocation_candidates?limit=1000&resources=DISK_GB%3A1%2CMEMORY_MB%3A1024%2CVCPU%3A1&root_required=%21COMPUTE_STATUS_DISABLED" {{(pid=105925) __call__ /opt/stack/placement/placement/requestlog.py:55}}
Oct 28 18:04:33.845163 n-d-862404-2 devstack@placement-api.service[105925]: DEBUG placement.objects.research_context [req-a2c3705a-dfb1-4719-b070-d8bf85123e9e req-ff6ca120-0cad-4421-adf1-27e29fe2c111 service placement] getting providers with 1 DISK_GB {{(pid=105925) __init__ /opt/stack/placement/placement/objects/research_context.py:136}}
Oct 28 18:04:33.852271 n-d-862404-2 devstack@placement-api.service[105925]: DEBUG placement.objects.research_context [req-a2c3705a-dfb1-4719-b070-d8bf85123e9e req-ff6ca120-0cad-4421-adf1-27e29fe2c111 service placement] getting providers with 1024 MEMORY_MB {{(pid=105925) __init__ /opt/stack/placement/placement/objects/research_context.py:136}}
Oct 28 18:04:33.859324 n-d-862404-2 devstack@placement-api.service[105925]: DEBUG placement.objects.research_context [req-a2c3705a-dfb1-4719-b070-d8bf85123e9e req-ff6ca120-0cad-4421-adf1-27e29fe2c111 service placement] getting providers with 1 VCPU {{(pid=105925) __init__ /opt/stack/placement/placement/objects/research_context.py:136}}
Oct 28 18:04:33.891289 n-d-862404-2 devstack@placement-api.service[105925]: DEBUG placement.objects.research_context [req-a2c3705a-dfb1-4719-b070-d8bf85123e9e req-ff6ca120-0cad-4421-adf1-27e29fe2c111 service placement] found 2 providers with available 1 DISK_GB {{(pid=105925) get_provider_ids_matching /opt/stack/placement/placement/objects/research_context.py:563}}
Oct 28 18:04:33.891567 n-d-862404-2 devstack@placement-api.service[105925]: DEBUG placement.objects.research_context [req-a2c3705a-dfb1-4719-b070-d8bf85123e9e req-ff6ca120-0cad-4421-adf1-27e29fe2c111 service placement] found 2 providers with available 1024 MEMORY_MB {{(pid=105925) get_provider_ids_matching /opt/stack/placement/placement/objects/research_context.py:563}}
Oct 28 18:04:33.892934 n-d-862404-2 devstack@placement-api.service[105925]: DEBUG placement.objects.research_context [req-a2c3705a-dfb1-4719-b070-d8bf85123e9e req-ff6ca120-0cad-4421-adf1-27e29fe2c111 service placement] found 2 providers after filtering by previous result {{(pid=105925) get_provider_ids_matching /opt/stack/placement/placement/objects/research_context.py:594}}
Oct 28 18:04:33.893686 n-d-862404-2 devstack@placement-api.service[105925]: DEBUG placement.objects.research_context [req-a2c3705a-dfb1-4719-b070-d8bf85123e9e req-ff6ca120-0cad-4421-adf1-27e29fe2c111 service placement] found 2 providers with available 1 VCPU {{(pid=105925) get_provider_ids_matching /opt/stack/placement/placement/objects/research_context.py:563}}
Oct 28 18:04:33.898519 n-d-862404-2 devstack@placement-api.service[105925]: DEBUG placement.objects.research_context [req-a2c3705a-dfb1-4719-b070-d8bf85123e9e req-ff6ca120-0cad-4421-adf1-27e29fe2c111 service placement] found 2 providers after filtering by previous result {{(pid=105925) get_provider_ids_matching /opt/stack/placement/placement/objects/research_context.py:594}}
Oct 28 18:04:33.932712 n-d-862404-2 devstack@placement-api.service[105924]: DEBUG placement.requestlog [req-6fae362b-027f-4d28-beb8-7a598f64f97c req-1ff545c1-3ac7-4266-a30c-5c8013884020 None None] Starting request: 10.222.0.46 "GET /placement/resource_providers/3f2750b8-def8-409d-8f5d-aa2bbdba8263/allocations" {{(pid=105924) __call__ /opt/stack/placement/placement/requestlog.py:55}}
Oct 28 18:04:33.943478 n-d-862404-2 devstack@placement-api.service[105925]: DEBUG placement.objects.allocation_candidate [req-a2c3705a-dfb1-4719-b070-d8bf85123e9e req-ff6ca120-0cad-4421-adf1-27e29fe2c111 service placement] RequestGroup(use_same_provider=False, resources={DISK_GB:1, MEMORY_MB:1024, VCPU:1}, traits=(), aggregates=[]) (suffix '') returned 2 matches {{(pid=105925) _get_by_requests /opt/stack/placement/placement/objects/allocation_candidate.py:156}}
Oct 28 18:04:33.946486 n-d-862404-2 devstack@placement-api.service[105925]: DEBUG placement.objects.allocation_candidate [req-a2c3705a-dfb1-4719-b070-d8bf85123e9e req-ff6ca120-0cad-4421-adf1-27e29fe2c111 service placement] Merging candidates yields 2 allocation requests and 2 provider summaries {{(pid=105925) _merge_candidates /opt/stack/placement/placement/objects/allocation_candidate.py:809}}
Oct 28 18:04:33.955652 n-d-862404-2 devstack@placement-api.service[105925]: INFO placement.requestlog [req-a2c3705a-dfb1-4719-b070-d8bf85123e9e req-ff6ca120-0cad-4421-adf1-27e29fe2c111 service placement] 10.222.0.16 "GET /placement/allocation_candidates?limit=1000&resources=DISK_GB%3A1%2CMEMORY_MB%3A1024%2CVCPU%3A1&root_required=%21COMPUTE_STATUS_DISABLED" status: 200 len: 1309 microversion: 1.36
Oct 28 18:04:33.956914 n-d-862404-2 devstack@placement-api.service[105925]: [pid: 105925|app: 0|req: 81/165] 10.222.0.16 () {60 vars in 1506 bytes} [Fri Oct 28 18:04:33 2022] GET /placement/allocation_candidates?limit=1000&resources=DISK_GB%3A1%2CMEMORY_MB%3A1024%2CVCPU%3A1&root_required=%21COMPUTE_STATUS_DISABLED => generated 1309 bytes in 251 msecs (HTTP/1.1 200) 8 headers in 297 bytes (2 switches on core 0)
Oct 28 18:04:33.981261 n-d-862404-2 devstack@placement-api.service[105924]: INFO placement.requestlog [req-6fae362b-027f-4d28-beb8-7a598f64f97c req-1ff545c1-3ac7-4266-a30c-5c8013884020 service placement] 10.222.0.46 "GET /placement/resource_providers/3f2750b8-def8-409d-8f5d-aa2bbdba8263/allocations" status: 200 len: 355 microversion: 1.0
