Oct 21 13:49:53.337990 n-d-861872-3 devstack@n-api.service[126104]: DEBUG oslo_concurrency.lockutils [None req-929e0c2c-2367-4fc6-bec4-dfe4029741b7 tempest-AggregatesAdminTestJSON-140644516 tempest-AggregatesAdminTestJSON-140644516-project] Lock "b7ac8109-dd58-4f94-bb5f-d39df6863df0" "released" by "nova.context.set_target_cell..get_or_set_cached_cell_and_set_connections" :: held 0.001s {{(pid=126104) inner /usr/local/lib/python3.8/dist-packages/oslo_concurrency/lockutils.py:400}}
Oct 21 13:49:53.341478 n-d-861872-3 devstack@n-api.service[126104]: DEBUG oslo_concurrency.lockutils [None req-929e0c2c-2367-4fc6-bec4-dfe4029741b7 tempest-AggregatesAdminTestJSON-140644516 tempest-AggregatesAdminTestJSON-140644516-project] Lock "b7ac8109-dd58-4f94-bb5f-d39df6863df0" acquired by "nova.context.set_target_cell..get_or_set_cached_cell_and_set_connections" :: waited 0.000s {{(pid=126104) inner /usr/local/lib/python3.8/dist-packages/oslo_concurrency/lockutils.py:386}}
Oct 21 13:49:53.342467 n-d-861872-3 devstack@n-api.service[126104]: DEBUG oslo_concurrency.lockutils [None req-929e0c2c-2367-4fc6-bec4-dfe4029741b7 tempest-AggregatesAdminTestJSON-140644516 tempest-AggregatesAdminTestJSON-140644516-project] Lock "b7ac8109-dd58-4f94-bb5f-d39df6863df0" "released" by "nova.context.set_target_cell..get_or_set_cached_cell_and_set_connections" :: held 0.003s {{(pid=126104) inner /usr/local/lib/python3.8/dist-packages/oslo_concurrency/lockutils.py:400}}
Oct 21 13:49:53.379032 n-d-861872-3 devstack@n-api.service[126104]: INFO nova.api.openstack.wsgi [None req-929e0c2c-2367-4fc6-bec4-dfe4029741b7 tempest-AggregatesAdminTestJSON-140644516 tempest-AggregatesAdminTestJSON-140644516-project] HTTP exception thrown: Instance 2ee22115-84c5-4db6-9810-f23fa4ba3e8b could not be found.
Oct 21 13:49:53.381382 n-d-861872-3 devstack@n-api.service[126104]: DEBUG nova.api.openstack.wsgi [None req-929e0c2c-2367-4fc6-bec4-dfe4029741b7 tempest-AggregatesAdminTestJSON-140644516 tempest-AggregatesAdminTestJSON-140644516-project] Returning 404 to user: Instance 2ee22115-84c5-4db6-9810-f23fa4ba3e8b could not be found. {{(pid=126104) __call__ /opt/stack/nova/nova/api/openstack/wsgi.py:936}}
Oct 21 13:49:53.382591 n-d-861872-3 devstack@n-api.service[126104]: INFO nova.api.openstack.requestlog [None req-929e0c2c-2367-4fc6-bec4-dfe4029741b7 tempest-AggregatesAdminTestJSON-140644516 tempest-AggregatesAdminTestJSON-140644516-project] 10.222.0.18 "GET /compute/v2.1/servers/2ee22115-84c5-4db6-9810-f23fa4ba3e8b" status: 404 len: 111 microversion: 2.1 time: 0.078387
Oct 21 13:49:53.387427 n-d-861872-3 devstack@n-api.service[126104]: [pid: 126104|app: 0|req: 173/335] 10.222.0.18 () {58 vars in 1236 bytes} [Fri Oct 21 13:49:53 2022] GET /compute/v2.1/servers/2ee22115-84c5-4db6-9810-f23fa4ba3e8b => generated 111 bytes in 83 msecs (HTTP/1.1 404) 9 headers in 379 bytes (1 switches on core 0)
Oct 21 13:49:53.577298 n-d-861872-3 devstack@n-api.service[126104]: DEBUG nova.api.openstack.wsgi [None req-afeda4bc-8249-4339-84d0-b1fcef7dcd59 tempest-ImagesOneServerTestJSON-575469325 tempest-ImagesOneServerTestJSON-575469325-project] Calling method '.version_select at 0x7fd44809ed30>' {{(pid=126104) _process_stack /opt/stack/nova/nova/api/openstack/wsgi.py:513}}
Oct 21 13:49:53.636192 n-d-861872-3 devstack@n-api.service[126105]: DEBUG nova.policy [None req-4a4b4235-51f7-417f-858e-fa604b367e9e tempest-LiveMigrationNegativeTest-2102716483 tempest-LiveMigrationNegativeTest-2102716483-project] Policy check for os_compute_api:os-extended-server-attributes failed with credentials {'is_admin': False, 'user_id': '52be012b86a94a788a5aae2ee37a8d75', 'user_domain_id': 'default', 'system_scope': None, 'domain_id': None, 'project_id': '8f4786bf499c4d8c93d0df0ed56b34b9', 'project_domain_id': 'default', 'roles': ['member', 'reader'], 'is_admin_project': True, 'service_user_id': None, 'service_user_domain_id': None, 'service_project_id': None, 'service_project_domain_id': None, 'service_roles': []} {{(pid=126105) authorize /opt/stack/nova/nova/policy.py:199}}
Oct 21 13:49:53.647775 n-d-861872-3 devstack@n-api.service[126105]: INFO nova.api.openstack.requestlog [None req-4a4b4235-51f7-417f-858e-fa604b367e9e tempest-LiveMigrationNegativeTest-2102716483 tempest-LiveMigrationNegativeTest-2102716483-project] 10.222.0.18 "GET /compute/v2.1/servers/153515b1-f950-4cfe-a3d7-ab58d7b94efe" status: 200 len: 1319 microversion: 2.1 time: 0.540272
Oct 21 13:49:53.652399 n-d-861872-3 devstack@n-api.service[126105]: [pid: 126105|app: 0|req: 163/336] 10.222.0.18 () {58 vars in 1236 bytes} [Fri Oct 21 13:49:53 2022] GET /compute/v2.1/servers/153515b1-f950-4cfe-a3d7-ab58d7b94efe => generated 1319 bytes in 548 msecs (HTTP/1.1 200) 9 headers in 358 bytes (1 switches on core 0)
Oct 21 13:49:53.692657 n-d-861872-3 devstack@n-api.service[126104]: INFO nova.api.openstack.requestlog [None req-afeda4bc-8249-4339-84d0-b1fcef7dcd59 tempest-ImagesOneServerTestJSON-575469325 tempest-ImagesOneServerTestJSON-575469325-project] 10.222.0.18 "GET /compute/v2.1/images/511ea0cb-c823-4495-9904-a1faa49feca3" status: 200 len: 1422 microversion: 2.1 time: 0.119545
Oct 21 13:49:53.706049 n-d-861872-3 devstack@n-api.service[126104]: [pid: 126104|app: 0|req: 174/337] 10.222.0.18 () {58 vars in 1233 bytes} [Fri Oct 21 13:49:53 2022] GET /compute/v2.1/images/511ea0cb-c823-4495-9904-a1faa49feca3 => generated 1422 bytes in 132 msecs (HTTP/1.1 200) 9 headers in 358 bytes (2 switches on core 0)
Oct 21 13:49:53.842765 n-d-861872-3 devstack@n-api.service[126105]: DEBUG nova.api.openstack.wsgi [None req-3a013e5b-95a1-4a7d-b52d-9e77d28c7935 tempest-ServersAdminTestJSON-1594269925 tempest-ServersAdminTestJSON-1594269925-project] Calling method '>' {{(pid=126105) _process_stack /opt/stack/nova/nova/api/openstack/wsgi.py:513}}
Oct 21 13:49:53.844752 n-d-861872-3 devstack@n-api.service[126105]: DEBUG nova.compute.api [None req-3a013e5b-95a1-4a7d-b52d-9e77d28c7935 tempest-ServersAdminTestJSON-1594269925 tempest-ServersAdminTestJSON-1594269925-project] [instance: 01f2a030-168c-41a7-9e9f-2df7f2376fba] Fetching instance by UUID {{(pid=126105) get /opt/stack/nova/nova/compute/api.py:2918}}
Oct 21 13:49:53.866020 n-d-861872-3 devstack@n-api.service[126105]: DEBUG oslo_concurrency.lockutils [None req-3a013e5b-95a1-4a7d-b52d-9e77d28c7935 tempest-ServersAdminTestJSON-1594269925 tempest-ServersAdminTestJSON-1594269925-project] Lock "b7ac8109-dd58-4f94-bb5f-d39df6863df0" acquired by "nova.context.set_target_cell..get_or_set_cached_cell_and_set_connections" :: waited 0.000s {{(pid=126105) inner /usr/local/lib/python3.8/dist-packages/oslo_concurrency/lockutils.py:386}}
Oct 21 13:49:53.867606 n-d-861872-3 devstack@n-api.service[126105]: DEBUG oslo_concurrency.lockutils [None req-3a013e5b-95a1-4a7d-b52d-9e77d28c7935 tempest-ServersAdminTestJSON-1594269925 tempest-ServersAdminTestJSON-1594269925-project] Lock "b7ac8109-dd58-4f94-bb5f-d39df6863df0" "released" by "nova.context.set_target_cell..get_or_set_cached_cell_and_set_connections" :: held 0.002s {{(pid=126105) inner /usr/local/lib/python3.8/dist-packages/oslo_concurrency/lockutils.py:400}}
Oct 21 13:49:53.869824 n-d-861872-3 devstack@n-api.service[126105]: DEBUG oslo_concurrency.lockutils [None req-3a013e5b-95a1-4a7d-b52d-9e77d28c7935 tempest-ServersAdminTestJSON-1594269925 tempest-ServersAdminTestJSON-1594269925-project] Lock "b7ac8109-dd58-4f94-bb5f-d39df6863df0" acquired by "nova.context.set_target_cell..get_or_set_cached_cell_and_set_connections" :: waited 0.000s {{(pid=126105) inner /usr/local/lib/python3.8/dist-packages/oslo_concurrency/lockutils.py:386}}
Oct 21 13:49:53.872657 n-d-861872-3 devstack@n-api.service[126105]: DEBUG oslo_concurrency.lockutils [None req-3a013e5b-95a1-4a7d-b52d-9e77d28c7935 tempest-ServersAdminTestJSON-1594269925 tempest-ServersAdminTestJSON-1594269925-project] Lock "b7ac8109-dd58-4f94-bb5f-d39df6863df0" "released" by "nova.context.set_target_cell..get_or_set_cached_cell_and_set_connections" :: held 0.002s {{(pid=126105) inner /usr/local/lib/python3.8/dist-packages/oslo_concurrency/lockutils.py:400}}
Oct 21 13:49:54.199533 n-d-861872-3 devstack@n-api.service[126105]: DEBUG nova.policy [None req-3a013e5b-95a1-4a7d-b52d-9e77d28c7935 tempest-ServersAdminTestJSON-1594269925 tempest-ServersAdminTestJSON-1594269925-project] Policy check for os_compute_api:os-extended-server-attributes failed with credentials {'is_admin': False, 'user_id': '11a289ca740f450697682ca1195b0b5a', 'user_domain_id': 'default', 'system_scope': None, 'domain_id': None, 'project_id': '983bfe499c464681b50466c3411c9b03', 'project_domain_id': 'default', 'roles': ['member', 'reader'], 'is_admin_project': True, 'service_user_id': None, 'service_user_domain_id': None, 'service_project_id': None, 'service_project_domain_id': None, 'service_roles': []} {{(pid=126105) authorize /opt/stack/nova/nova/policy.py:199}}
Oct 21 13:49:54.212422 n-d-861872-3 devstack@n-api.service[126105]: INFO nova.api.openstack.requestlog [None req-3a013e5b-95a1-4a7d-b52d-9e77d28c7935 tempest-ServersAdminTestJSON-1594269925 tempest-ServersAdminTestJSON-1594269925-project] 10.222.0.18 "GET /compute/v2.1/servers/01f2a030-168c-41a7-9e9f-2df7f2376fba" status: 200 len: 1463 microversion: 2.1 time: 0.375309
Oct 21 13:49:54.217027 n-d-861872-3 devstack@n-api.service[126105]: [pid: 126105|app: 0|req: 164/338] 10.222.0.18 () {58 vars in 1236 bytes} [Fri Oct 21 13:49:53 2022] GET /compute/v2.1/servers/01f2a030-168c-41a7-9e9f-2df7f2376fba => generated 1463 bytes in 381 msecs (HTTP/1.1 200) 9 headers in 358 bytes (1 switches on core 0)
Oct 21 13:49:54.420440 n-d-861872-3 devstack@n-api.service[126104]: DEBUG nova.api.openstack.wsgi [req-376cdd4e-3497-4054-80d6-0d8f008ac0aa req-b2beb482-8d6c-41e4-ace0-9a43b75fecec service nova] Action: 'create', calling method: >, body: {"events": [{"server_uuid": "9fa265a3-1e81-4876-82ec-5bb02d62e59d", "name": "network-vif-plugged", "status": "completed", "tag": "6b58667f-f239-4344-b94b-4ddb5dc31f5d"}]} {{(pid=126104) _process_stack /opt/stack/nova/nova/api/openstack/wsgi.py:511}}
Oct 21 13:49:54.434501 n-d-861872-3 devstack@n-api.service[126104]: DEBUG oslo_concurrency.lockutils [req-376cdd4e-3497-4054-80d6-0d8f008ac0aa req-b2beb482-8d6c-41e4-ace0-9a43b75fecec service nova] Lock "b7ac8109-dd58-4f94-bb5f-d39df6863df0" acquired by "nova.context.set_target_cell..get_or_set_cached_cell_and_set_connections" :: waited 0.000s {{(pid=126104) inner /usr/local/lib/python3.8/dist-packages/oslo_concurrency/lockutils.py:386}}
Oct 21 13:49:54.437694 n-d-861872-3 devstack@n-api.service[126104]: DEBUG oslo_concurrency.lockutils [req-376cdd4e-3497-4054-80d6-0d8f008ac0aa req-b2beb482-8d6c-41e4-ace0-9a43b75fecec service nova] Lock "b7ac8109-dd58-4f94-bb5f-d39df6863df0" "released" by "nova.context.set_target_cell..get_or_set_cached_cell_and_set_connections" :: held 0.004s {{(pid=126104) inner /usr/local/lib/python3.8/dist-packages/oslo_concurrency/lockutils.py:400}}
Oct 21 13:49:54.463399 n-d-861872-3 devstack@n-api.service[126104]: INFO nova.api.openstack.compute.server_external_events [req-376cdd4e-3497-4054-80d6-0d8f008ac0aa req-b2beb482-8d6c-41e4-ace0-9a43b75fecec service nova] Creating event network-vif-plugged:6b58667f-f239-4344-b94b-4ddb5dc31f5d for instance 9fa265a3-1e81-4876-82ec-5bb02d62e59d on n-h1-861872-3
Oct 21 13:49:54.469518 n-d-861872-3 devstack@n-api.service[126104]: INFO nova.api.openstack.requestlog [req-376cdd4e-3497-4054-80d6-0d8f008ac0aa req-b2beb482-8d6c-41e4-ace0-9a43b75fecec service nova] 10.222.0.18 "POST /compute/v2.1/os-server-external-events" status: 200 len: 183 microversion: 2.1 time: 0.057469
Oct 21 13:49:54.470809 n-d-861872-3 devstack@n-api.service[126104]: [pid: 126104|app: 0|req: 175/339] 10.222.0.18 () {64 vars in 1317 bytes} [Fri Oct 21 13:49:54 2022] POST /compute/v2.1/os-server-external-events => generated 183 bytes in 59 msecs (HTTP/1.1 200) 9 headers in 357 bytes (1 switches on core 0)
Oct 21 13:49:54.520457 n-d-861872-3 devstack@n-api.service[126105]: DEBUG nova.api.openstack.wsgi [None req-edb074e4-6b2f-4584-b5da-8d47b5fef10e tempest-ServersAdminTestJSON-1594269925 tempest-ServersAdminTestJSON-1594269925-project] Action: 'create', calling method: >, body: {"server": {"name": "tempest-ServersAdminTestJSON-server-1034872643", "imageRef": "baf6648a-76d8-408c-9620-7494fac3ff0f", "flavorRef": "452"}, "os:scheduler_hints": {"same_host": "01f2a030-168c-41a7-9e9f-2df7f2376fba"}} {{(pid=126105) _process_stack /opt/stack/nova/nova/api/openstack/wsgi.py:511}}
Oct 21 13:49:54.668971 n-d-861872-3 devstack@n-api.service[126105]: DEBUG nova.network.neutron [None req-edb074e4-6b2f-4584-b5da-8d47b5fef10e tempest-ServersAdminTestJSON-1594269925 tempest-ServersAdminTestJSON-1594269925-project] validate_networks() for None {{(pid=126105) validate_networks /opt/stack/nova/nova/network/neutron.py:2633}}
Oct 21 13:49:54.687532 n-d-861872-3 devstack@n-api.service[126104]: DEBUG nova.api.openstack.wsgi [None req-3fce86e4-22b9-482b-97ee-c75c493ee917 tempest-LiveMigrationNegativeTest-2102716483 tempest-LiveMigrationNegativeTest-2102716483-project] Calling method '>' {{(pid=126104) _process_stack /opt/stack/nova/nova/api/openstack/wsgi.py:513}}
Oct 21 13:49:54.688993 n-d-861872-3 devstack@n-api.service[126104]: DEBUG nova.compute.api [None req-3fce86e4-22b9-482b-97ee-c75c493ee917 tempest-LiveMigrationNegativeTest-2102716483 tempest-LiveMigrationNegativeTest-2102716483-project] [instance: 153515b1-f950-4cfe-a3d7-ab58d7b94efe] Fetching instance by UUID {{(pid=126104) get /opt/stack/nova/nova/compute/api.py:2918}}
Oct 21 13:49:54.705785 n-d-861872-3 devstack@n-api.service[126104]: DEBUG oslo_concurrency.lockutils [None req-3fce86e4-22b9-482b-97ee-c75c493ee917 tempest-LiveMigrationNegativeTest-2102716483 tempest-LiveMigrationNegativeTest-2102716483-project] Lock "b7ac8109-dd58-4f94-bb5f-d39df6863df0" acquired by "nova.context.set_target_cell..get_or_set_cached_cell_and_set_connections" :: waited 0.000s {{(pid=126104) inner /usr/local/lib/python3.8/dist-packages/oslo_concurrency/lockutils.py:386}}
Oct 21 13:49:54.706555 n-d-861872-3 devstack@n-api.service[126104]: DEBUG oslo_concurrency.lockutils [None req-3fce86e4-22b9-482b-97ee-c75c493ee917 tempest-LiveMigrationNegativeTest-2102716483 tempest-LiveMigrationNegativeTest-2102716483-project] Lock "b7ac8109-dd58-4f94-bb5f-d39df6863df0" "released" by "nova.context.set_target_cell..get_or_set_cached_cell_and_set_connections" :: held 0.004s {{(pid=126104) inner /usr/local/lib/python3.8/dist-packages/oslo_concurrency/lockutils.py:400}}
Oct 21 13:49:54.717382 n-d-861872-3 devstack@n-api.service[126104]: DEBUG oslo_concurrency.lockutils [None req-3fce86e4-22b9-482b-97ee-c75c493ee917 tempest-LiveMigrationNegativeTest-2102716483 tempest-LiveMigrationNegativeTest-2102716483-project] Lock "b7ac8109-dd58-4f94-bb5f-d39df6863df0" acquired by "nova.context.set_target_cell..get_or_set_cached_cell_and_set_connections" :: waited 0.000s {{(pid=126104) inner /usr/local/lib/python3.8/dist-packages/oslo_concurrency/lockutils.py:386}}
Oct 21 13:49:54.720616 n-d-861872-3 devstack@n-api.service[126104]: DEBUG oslo_concurrency.lockutils [None req-3fce86e4-22b9-482b-97ee-c75c493ee917 tempest-LiveMigrationNegativeTest-2102716483 tempest-LiveMigrationNegativeTest-2102716483-project] Lock "b7ac8109-dd58-4f94-bb5f-d39df6863df0" "released" by "nova.context.set_target_cell..get_or_set_cached_cell_and_set_connections" :: held 0.003s {{(pid=126104) inner /usr/local/lib/python3.8/dist-packages/oslo_concurrency/lockutils.py:400}}
Oct 21 13:49:55.336409 n-d-861872-3 devstack@n-api.service[126105]: DEBUG nova.virt.hardware [None req-edb074e4-6b2f-4584-b5da-8d47b5fef10e tempest-ServersAdminTestJSON-1594269925 tempest-ServersAdminTestJSON-1594269925-project] Flavor limits 0:0:0 {{(pid=126105) get_cpu_topology_constraints /opt/stack/nova/nova/virt/hardware.py:343}}
Oct 21 13:49:55.336833 n-d-861872-3 devstack@n-api.service[126105]: DEBUG nova.virt.hardware [None req-edb074e4-6b2f-4584-b5da-8d47b5fef10e tempest-ServersAdminTestJSON-1594269925 tempest-ServersAdminTestJSON-1594269925-project] Image limits 0:0:0 {{(pid=126105) get_cpu_topology_constraints /opt/stack/nova/nova/virt/hardware.py:347}}
Oct 21 13:49:55.337301 n-d-861872-3 devstack@n-api.service[126105]: DEBUG nova.virt.hardware [None req-edb074e4-6b2f-4584-b5da-8d47b5fef10e tempest-ServersAdminTestJSON-1594269925 tempest-ServersAdminTestJSON-1594269925-project] Flavor pref 0:0:0 {{(pid=126105) get_cpu_topology_constraints /opt/stack/nova/nova/virt/hardware.py:383}}
Oct 21 13:49:55.337918 n-d-861872-3 devstack@n-api.service[126105]: DEBUG nova.virt.hardware [None req-edb074e4-6b2f-4584-b5da-8d47b5fef10e tempest-ServersAdminTestJSON-1594269925 tempest-ServersAdminTestJSON-1594269925-project] Image pref 0:0:0 {{(pid=126105) get_cpu_topology_constraints /opt/stack/nova/nova/virt/hardware.py:387}}
Oct 21 13:49:55.338329 n-d-861872-3 devstack@n-api.service[126105]: DEBUG nova.virt.hardware [None req-edb074e4-6b2f-4584-b5da-8d47b5fef10e tempest-ServersAdminTestJSON-1594269925 tempest-ServersAdminTestJSON-1594269925-project] Chose sockets=0, cores=0, threads=0; limits were sockets=65536, cores=65536, threads=65536 {{(pid=126105) get_cpu_topology_constraints /opt/stack/nova/nova/virt/hardware.py:425}}
Oct 21 13:49:55.361000 n-d-861872-3 devstack@n-api.service[126105]: DEBUG oslo_concurrency.lockutils [None req-edb074e4-6b2f-4584-b5da-8d47b5fef10e tempest-ServersAdminTestJSON-1594269925 tempest-ServersAdminTestJSON-1594269925-project] Lock "00000000-0000-0000-0000-000000000000" acquired by "nova.context.set_target_cell..get_or_set_cached_cell_and_set_connections" :: waited 0.000s {{(pid=126105) inner /usr/local/lib/python3.8/dist-packages/oslo_concurrency/lockutils.py:386}}
Oct 21 13:49:55.362476 n-d-861872-3 devstack@n-api.service[126105]: DEBUG oslo_concurrency.lockutils [None req-edb074e4-6b2f-4584-b5da-8d47b5fef10e tempest-ServersAdminTestJSON-1594269925 tempest-ServersAdminTestJSON-1594269925-project] Lock "00000000-0000-0000-0000-000000000000" "released" by "nova.context.set_target_cell..get_or_set_cached_cell_and_set_connections" :: held 0.004s {{(pid=126105) inner /usr/local/lib/python3.8/dist-packages/oslo_concurrency/lockutils.py:400}}
Oct 21 13:49:55.366497 n-d-861872-3 devstack@n-api.service[126105]: DEBUG oslo_concurrency.lockutils [None req-edb074e4-6b2f-4584-b5da-8d47b5fef10e tempest-ServersAdminTestJSON-1594269925 tempest-ServersAdminTestJSON-1594269925-project] Lock "b7ac8109-dd58-4f94-bb5f-d39df6863df0" acquired by "nova.context.set_target_cell..get_or_set_cached_cell_and_set_connections" :: waited 0.000s {{(pid=126105) inner /usr/local/lib/python3.8/dist-packages/oslo_concurrency/lockutils.py:386}}
Oct 21 13:49:55.367128 n-d-861872-3 devstack@n-api.service[126105]: DEBUG oslo_concurrency.lockutils [None req-edb074e4-6b2f-4584-b5da-8d47b5fef10e tempest-ServersAdminTestJSON-1594269925 tempest-ServersAdminTestJSON-1594269925-project] Lock "b7ac8109-dd58-4f94-bb5f-d39df6863df0" "released" by "nova.context.set_target_cell..get_or_set_cached_cell_and_set_connections" :: held 0.001s {{(pid=126105) inner /usr/local/lib/python3.8/dist-packages/oslo_concurrency/lockutils.py:400}}
Oct 21 13:49:55.413470 n-d-861872-3 devstack@n-api.service[126105]: DEBUG nova.quota [None req-edb074e4-6b2f-4584-b5da-8d47b5fef10e tempest-ServersAdminTestJSON-1594269925 tempest-ServersAdminTestJSON-1594269925-project] Getting quotas for project 983bfe499c464681b50466c3411c9b03. Resources: {'ram', 'instances', 'cores'} {{(pid=126105) _get_quotas /opt/stack/nova/nova/quota.py:393}}
Oct 21 13:49:55.423386 n-d-861872-3 devstack@n-api.service[126105]: DEBUG nova.quota [None req-edb074e4-6b2f-4584-b5da-8d47b5fef10e tempest-ServersAdminTestJSON-1594269925 tempest-ServersAdminTestJSON-1594269925-project] Getting quotas for user 11a289ca740f450697682ca1195b0b5a and project 983bfe499c464681b50466c3411c9b03. Resources: {'ram', 'instances', 'cores'} {{(pid=126105) _get_quotas /opt/stack/nova/nova/quota.py:383}}
Oct 21 13:49:55.453140 n-d-861872-3 devstack@n-api.service[126105]: DEBUG nova.compute.api [None req-edb074e4-6b2f-4584-b5da-8d47b5fef10e tempest-ServersAdminTestJSON-1594269925 tempest-ServersAdminTestJSON-1594269925-project] Going to run 1 instances... {{(pid=126105) _provision_instances /opt/stack/nova/nova/compute/api.py:1389}}
Oct 21 13:49:55.455817 n-d-861872-3 devstack@n-api.service[126105]: DEBUG nova.compute.api [None req-edb074e4-6b2f-4584-b5da-8d47b5fef10e tempest-ServersAdminTestJSON-1594269925 tempest-ServersAdminTestJSON-1594269925-project] [instance: 65af5310-2965-48ac-9721-41584870e6e5] block_device_mapping [BlockDeviceMapping(attachment_id=,boot_index=0,connection_info=None,created_at=,delete_on_termination=True,deleted=,deleted_at=,destination_type='local',device_name=None,device_type='disk',disk_bus=None,guest_format=None,id=,image_id='baf6648a-76d8-408c-9620-7494fac3ff0f',instance=,instance_uuid=,no_device=False,snapshot_id=None,source_type='image',tag=None,updated_at=,uuid=,volume_id=None,volume_size=None,volume_type=None)] {{(pid=126105) _bdm_validate_set_size_and_instance /opt/stack/nova/nova/compute/api.py:1807}}
Oct 21 13:49:55.636975 n-d-861872-3 devstack@n-api.service[126104]: DEBUG nova.policy [None req-3fce86e4-22b9-482b-97ee-c75c493ee917 tempest-LiveMigrationNegativeTest-2102716483 tempest-LiveMigrationNegativeTest-2102716483-project] Policy check for os_compute_api:os-extended-server-attributes failed with credentials {'is_admin': False, 'user_id': '52be012b86a94a788a5aae2ee37a8d75', 'user_domain_id': 'default', 'system_scope': None, 'domain_id': None, 'project_id': '8f4786bf499c4d8c93d0df0ed56b34b9', 'project_domain_id': 'default', 'roles': ['member', 'reader'], 'is_admin_project': True, 'service_user_id': None, 'service_user_domain_id': None, 'service_project_id': None, 'service_project_domain_id': None, 'service_roles': []} {{(pid=126104) authorize /opt/stack/nova/nova/policy.py:199}}
Oct 21 13:49:55.646481 n-d-861872-3 devstack@n-api.service[126104]: INFO nova.api.openstack.requestlog [None req-3fce86e4-22b9-482b-97ee-c75c493ee917 tempest-LiveMigrationNegativeTest-2102716483 tempest-LiveMigrationNegativeTest-2102716483-project] 10.222.0.18 "GET /compute/v2.1/servers/153515b1-f950-4cfe-a3d7-ab58d7b94efe" status: 200 len: 1319 microversion: 2.1 time: 0.970848
Oct 21 13:49:55.652458 n-d-861872-3 devstack@n-api.service[126104]: [pid: 126104|app: 0|req: 176/340] 10.222.0.18 () {58 vars in 1236 bytes} [Fri Oct 21 13:49:54 2022] GET /compute/v2.1/servers/153515b1-f950-4cfe-a3d7-ab58d7b94efe => generated 1319 bytes in 977 msecs (HTTP/1.1 200) 9 headers in 358 bytes (1 switches on core 0)
Oct 21 13:49:55.674210 n-d-861872-3 devstack@n-api.service[126104]: DEBUG nova.api.openstack.wsgi [None req-4b01e651-ae32-4a1a-9a19-f54120b69b31 tempest-ImagesOneServerTestJSON-575469325 tempest-ImagesOneServerTestJSON-575469325-project] Calling method '.version_select at 0x7fd43bf31af0>' {{(pid=126104) _process_stack /opt/stack/nova/nova/api/openstack/wsgi.py:513}}
Oct 21 13:49:55.691872 n-d-861872-3 devstack@n-api.service[126105]: INFO nova.api.openstack.requestlog [None req-edb074e4-6b2f-4584-b5da-8d47b5fef10e tempest-ServersAdminTestJSON-1594269925 tempest-ServersAdminTestJSON-1594269925-project] 10.222.0.18 "POST /compute/v2.1/servers" status: 202 len: 380 microversion: 2.1 time: 1.174539
Oct 21 13:49:55.700319 n-d-861872-3 devstack@n-api.service[126105]: [pid: 126105|app: 0|req: 165/341] 10.222.0.18 () {60 vars in 1147 bytes} [Fri Oct 21 13:49:54 2022] POST /compute/v2.1/servers => generated 380 bytes in 1181 msecs (HTTP/1.1 202) 10 headers in 451 bytes (1 switches on core 0)
Oct 21 13:49:55.765979 n-d-861872-3 devstack@n-api.service[126104]: INFO nova.api.openstack.requestlog [None req-4b01e651-ae32-4a1a-9a19-f54120b69b31 tempest-ImagesOneServerTestJSON-575469325 tempest-ImagesOneServerTestJSON-575469325-project] 10.222.0.18 "GET /compute/v2.1/images/511ea0cb-c823-4495-9904-a1faa49feca3" status: 200 len: 1422 microversion: 2.1 time: 0.112072
Oct 21 13:49:55.767247 n-d-861872-3 devstack@n-api.service[126104]: [pid: 126104|app: 0|req: 177/342] 10.222.0.18 () {58 vars in 1233 bytes} [Fri Oct 21 13:49:55 2022] GET /compute/v2.1/images/511ea0cb-c823-4495-9904-a1faa49feca3 => generated 1422 bytes in 114 msecs (HTTP/1.1 200) 9 headers in 358 bytes (1 switches on core 0)
Oct 21 13:49:55.772464 n-d-861872-3 devstack@n-api.service[126104]: DEBUG nova.api.openstack.wsgi [None req-6060e753-a076-40ef-a327-57d52bc00e21 tempest-ServersAdminTestJSON-1594269925 tempest-ServersAdminTestJSON-1594269925-project] Calling method '>' {{(pid=126104) _process_stack /opt/stack/nova/nova/api/openstack/wsgi.py:513}}
Oct 21 13:49:55.773751 n-d-861872-3 devstack@n-api.service[126104]: DEBUG nova.compute.api [None req-6060e753-a076-40ef-a327-57d52bc00e21 tempest-ServersAdminTestJSON-1594269925 tempest-ServersAdminTestJSON-1594269925-project] [instance: 65af5310-2965-48ac-9721-41584870e6e5] Fetching instance by UUID {{(pid=126104) get /opt/stack/nova/nova/compute/api.py:2918}}
Oct 21 13:49:56.010474 n-d-861872-3 devstack@n-api.service[126104]: DEBUG nova.policy [None req-6060e753-a076-40ef-a327-57d52bc00e21 tempest-ServersAdminTestJSON-1594269925 tempest-ServersAdminTestJSON-1594269925-project] Policy check for os_compute_api:os-extended-server-attributes failed with credentials {'is_admin': False, 'user_id': '11a289ca740f450697682ca1195b0b5a', 'user_domain_id': 'default', 'system_scope': None, 'domain_id': None, 'project_id': '983bfe499c464681b50466c3411c9b03', 'project_domain_id': 'default', 'roles': ['member', 'reader'], 'is_admin_project': True, 'service_user_id': None, 'service_user_domain_id': None, 'service_project_id': None, 'service_project_domain_id': None, 'service_roles': []} {{(pid=126104) authorize /opt/stack/nova/nova/policy.py:199}}
Oct 21 13:49:56.018878 n-d-861872-3 devstack@n-api.service[126104]: INFO nova.api.openstack.requestlog [None req-6060e753-a076-40ef-a327-57d52bc00e21 tempest-ServersAdminTestJSON-1594269925 tempest-ServersAdminTestJSON-1594269925-project] 10.222.0.18 "GET /compute/v2.1/servers/65af5310-2965-48ac-9721-41584870e6e5" status: 200 len: 1214 microversion: 2.1 time: 0.249891
Oct 21 13:49:56.027243 n-d-861872-3 devstack@n-api.service[126104]: [pid: 126104|app: 0|req: 178/343] 10.222.0.18 () {58 vars in 1236 bytes} [Fri Oct 21 13:49:55 2022] GET /compute/v2.1/servers/65af5310-2965-48ac-9721-41584870e6e5 => generated 1214 bytes in 259 msecs (HTTP/1.1 200) 9 headers in 358 bytes (1 switches on core 0)
Oct 21 13:49:56.334696 n-d-861872-3 devstack@n-api.service[126105]: DEBUG nova.api.openstack.wsgi [None req-8879caaf-0a87-4318-9c98-b258bb737037 tempest-DeleteServersAdminTestJSON-404669598 tempest-DeleteServersAdminTestJSON-404669598-project] Action: 'create', calling method: >, body: {"server": {"name": "tempest-DeleteServersAdminTestJSON-server-1892789966", "imageRef": "baf6648a-76d8-408c-9620-7494fac3ff0f", "flavorRef": "452"}} {{(pid=126105) _process_stack /opt/stack/nova/nova/api/openstack/wsgi.py:511}}
Oct 21 13:49:56.451877 n-d-861872-3 devstack@n-api.service[126105]: DEBUG nova.network.neutron [None req-8879caaf-0a87-4318-9c98-b258bb737037 tempest-DeleteServersAdminTestJSON-404669598 tempest-DeleteServersAdminTestJSON-404669598-project] validate_networks() for None {{(pid=126105) validate_networks /opt/stack/nova/nova/network/neutron.py:2633}}
Oct 21 13:49:56.764006 n-d-861872-3 devstack@n-api.service[126104]: DEBUG nova.api.openstack.wsgi [None req-99673a24-3b28-4130-86a0-b0f06b5cd733 tempest-HostsAdminNegativeTestJSON-1723524220 tempest-HostsAdminNegativeTestJSON-1723524220-project-admin] Calling method '.version_select at 0x7fd43bf319d0>' {{(pid=126104) _process_stack /opt/stack/nova/nova/api/openstack/wsgi.py:513}}
Oct 21 13:49:56.765570 n-d-861872-3 devstack@n-api.service[126104]: /usr/local/lib/python3.8/dist-packages/oslo_policy/policy.py:1119: UserWarning: Policy "os_compute_api:os-hosts:list": "rule:context_is_admin" failed scope check. The token used to make the request was project scoped but the policy requires ['system'] scope. This behavior may change in the future where using the intended scope is required
Oct 21 13:49:56.765570 n-d-861872-3 devstack@n-api.service[126104]: warnings.warn(msg)
Oct 21 13:49:56.767081 n-d-861872-3 devstack@n-api.service[126104]: DEBUG oslo_concurrency.lockutils [None req-99673a24-3b28-4130-86a0-b0f06b5cd733 tempest-HostsAdminNegativeTestJSON-1723524220 tempest-HostsAdminNegativeTestJSON-1723524220-project-admin] Lock "00000000-0000-0000-0000-000000000000" acquired by "nova.context.set_target_cell..get_or_set_cached_cell_and_set_connections" :: waited 0.000s {{(pid=126104) inner /usr/local/lib/python3.8/dist-packages/oslo_concurrency/lockutils.py:386}}
Oct 21 13:49:56.768396 n-d-861872-3 devstack@n-api.service[126104]: DEBUG oslo_concurrency.lockutils [None req-99673a24-3b28-4130-86a0-b0f06b5cd733 tempest-HostsAdminNegativeTestJSON-1723524220 tempest-HostsAdminNegativeTestJSON-1723524220-project-admin] Lock "00000000-0000-0000-0000-000000000000" "released" by "nova.context.set_target_cell..get_or_set_cached_cell_and_set_connections" :: held 0.001s {{(pid=126104) inner /usr/local/lib/python3.8/dist-packages/oslo_concurrency/lockutils.py:400}}
Oct 21 13:49:56.769477 n-d-861872-3 devstack@n-api.service[126104]: DEBUG oslo_concurrency.lockutils [None req-99673a24-3b28-4130-86a0-b0f06b5cd733 tempest-HostsAdminNegativeTestJSON-1723524220 tempest-HostsAdminNegativeTestJSON-1723524220-project-admin] Lock "b7ac8109-dd58-4f94-bb5f-d39df6863df0" acquired by "nova.context.set_target_cell..get_or_set_cached_cell_and_set_connections" :: waited 0.000s {{(pid=126104) inner /usr/local/lib/python3.8/dist-packages/oslo_concurrency/lockutils.py:386}}
Oct 21 13:49:56.771720 n-d-861872-3 devstack@n-api.service[126104]: DEBUG oslo_concurrency.lockutils [None req-99673a24-3b28-4130-86a0-b0f06b5cd733 tempest-HostsAdminNegativeTestJSON-1723524220 tempest-HostsAdminNegativeTestJSON-1723524220-project-admin] Lock "b7ac8109-dd58-4f94-bb5f-d39df6863df0" "released" by "nova.context.set_target_cell..get_or_set_cached_cell_and_set_connections" :: held 0.002s {{(pid=126104) inner /usr/local/lib/python3.8/dist-packages/oslo_concurrency/lockutils.py:400}}
Oct 21 13:49:56.806562 n-d-861872-3 devstack@n-api.service[126105]: DEBUG nova.virt.hardware [None req-8879caaf-0a87-4318-9c98-b258bb737037 tempest-DeleteServersAdminTestJSON-404669598 tempest-DeleteServersAdminTestJSON-404669598-project] Flavor limits 0:0:0 {{(pid=126105) get_cpu_topology_constraints /opt/stack/nova/nova/virt/hardware.py:343}}
Oct 21 13:49:56.807574 n-d-861872-3 devstack@n-api.service[126105]: DEBUG nova.virt.hardware [None req-8879caaf-0a87-4318-9c98-b258bb737037 tempest-DeleteServersAdminTestJSON-404669598 tempest-DeleteServersAdminTestJSON-404669598-project] Image limits 0:0:0 {{(pid=126105) get_cpu_topology_constraints /opt/stack/nova/nova/virt/hardware.py:347}}
Oct 21 13:49:56.811481 n-d-861872-3 devstack@n-api.service[126105]: DEBUG nova.virt.hardware [None req-8879caaf-0a87-4318-9c98-b258bb737037 tempest-DeleteServersAdminTestJSON-404669598 tempest-DeleteServersAdminTestJSON-404669598-project] Flavor pref 0:0:0 {{(pid=126105) get_cpu_topology_constraints /opt/stack/nova/nova/virt/hardware.py:383}}
Oct 21 13:49:56.812595 n-d-861872-3 devstack@n-api.service[126105]: DEBUG nova.virt.hardware [None req-8879caaf-0a87-4318-9c98-b258bb737037 tempest-DeleteServersAdminTestJSON-404669598 tempest-DeleteServersAdminTestJSON-404669598-project] Image pref 0:0:0 {{(pid=126105) get_cpu_topology_constraints /opt/stack/nova/nova/virt/hardware.py:387}}
Oct 21 13:49:56.813154 n-d-861872-3 devstack@n-api.service[126105]: DEBUG nova.virt.hardware [None req-8879caaf-0a87-4318-9c98-b258bb737037 tempest-DeleteServersAdminTestJSON-404669598 tempest-DeleteServersAdminTestJSON-404669598-project] Chose sockets=0, cores=0, threads=0; limits were sockets=65536, cores=65536, threads=65536 {{(pid=126105) get_cpu_topology_constraints /opt/stack/nova/nova/virt/hardware.py:425}}
Oct 21 13:49:56.831108 n-d-861872-3 devstack@n-api.service[126104]: INFO nova.api.openstack.requestlog [None req-99673a24-3b28-4130-86a0-b0f06b5cd733 tempest-HostsAdminNegativeTestJSON-1723524220 tempest-HostsAdminNegativeTestJSON-1723524220-project-admin] 10.222.0.18 "GET /compute/v2.1/os-hosts" status: 200 len: 376 microversion: 2.1 time: 0.802323
Oct 21 13:49:56.834052 n-d-861872-3 devstack@n-api.service[126105]: DEBUG oslo_concurrency.lockutils [None req-8879caaf-0a87-4318-9c98-b258bb737037 tempest-DeleteServersAdminTestJSON-404669598 tempest-DeleteServersAdminTestJSON-404669598-project] Lock "00000000-0000-0000-0000-000000000000" acquired by "nova.context.set_target_cell..get_or_set_cached_cell_and_set_connections" :: waited 0.000s {{(pid=126105) inner /usr/local/lib/python3.8/dist-packages/oslo_concurrency/lockutils.py:386}}
Oct 21 13:49:56.836201 n-d-861872-3 devstack@n-api.service[126105]: DEBUG oslo_concurrency.lockutils [None req-8879caaf-0a87-4318-9c98-b258bb737037 tempest-DeleteServersAdminTestJSON-404669598 tempest-DeleteServersAdminTestJSON-404669598-project] Lock "00000000-0000-0000-0000-000000000000" "released" by "nova.context.set_target_cell..get_or_set_cached_cell_and_set_connections" :: held 0.002s {{(pid=126105) inner /usr/local/lib/python3.8/dist-packages/oslo_concurrency/lockutils.py:400}}
Oct 21 13:49:56.839037 n-d-861872-3 devstack@n-api.service[126105]: DEBUG oslo_concurrency.lockutils [None req-8879caaf-0a87-4318-9c98-b258bb737037 tempest-DeleteServersAdminTestJSON-404669598 tempest-DeleteServersAdminTestJSON-404669598-project] Lock "b7ac8109-dd58-4f94-bb5f-d39df6863df0" acquired by "nova.context.set_target_cell..get_or_set_cached_cell_and_set_connections" :: waited 0.000s {{(pid=126105) inner /usr/local/lib/python3.8/dist-packages/oslo_concurrency/lockutils.py:386}}
Oct 21 13:49:56.839174 n-d-861872-3 devstack@n-api.service[126104]: [pid: 126104|app: 0|req: 179/344] 10.222.0.18 () {58 vars in 1128 bytes} [Fri Oct 21 13:49:56 2022] GET /compute/v2.1/os-hosts => generated 376 bytes in 811 msecs (HTTP/1.1 200) 9 headers in 357 bytes (1 switches on core 0)
Oct 21 13:49:56.839851 n-d-861872-3 devstack@n-api.service[126105]: DEBUG oslo_concurrency.lockutils [None req-8879caaf-0a87-4318-9c98-b258bb737037 tempest-DeleteServersAdminTestJSON-404669598 tempest-DeleteServersAdminTestJSON-404669598-project] Lock "b7ac8109-dd58-4f94-bb5f-d39df6863df0" "released" by "nova.context.set_target_cell..get_or_set_cached_cell_and_set_connections" :: held 0.003s {{(pid=126105) inner /usr/local/lib/python3.8/dist-packages/oslo_concurrency/lockutils.py:400}}
Oct 21 13:49:56.844574 n-d-861872-3 devstack@n-api.service[126104]: DEBUG nova.api.openstack.wsgi [req-fb8f9742-51e2-4048-a0bb-a4676830856b req-58f42868-340a-4fe0-8412-87e2b396b764 service nova] Action: 'create', calling method: >, body: {"events": [{"server_uuid": "153515b1-f950-4cfe-a3d7-ab58d7b94efe", "name": "network-vif-plugged", "status": "completed", "tag": "f9f816e8-19b3-4c83-acd3-f074726bdb6b"}]} {{(pid=126104) _process_stack /opt/stack/nova/nova/api/openstack/wsgi.py:511}}
Oct 21 13:49:56.861124 n-d-861872-3 devstack@n-api.service[126104]: DEBUG oslo_concurrency.lockutils [req-fb8f9742-51e2-4048-a0bb-a4676830856b req-58f42868-340a-4fe0-8412-87e2b396b764 service nova] Lock "b7ac8109-dd58-4f94-bb5f-d39df6863df0" acquired by "nova.context.set_target_cell..get_or_set_cached_cell_and_set_connections" :: waited 0.000s {{(pid=126104) inner /usr/local/lib/python3.8/dist-packages/oslo_concurrency/lockutils.py:386}}
Oct 21 13:49:56.874665 n-d-861872-3 devstack@n-api.service[126104]: DEBUG oslo_concurrency.lockutils [req-fb8f9742-51e2-4048-a0bb-a4676830856b req-58f42868-340a-4fe0-8412-87e2b396b764 service nova] Lock "b7ac8109-dd58-4f94-bb5f-d39df6863df0" "released" by "nova.context.set_target_cell..get_or_set_cached_cell_and_set_connections" :: held 0.002s {{(pid=126104) inner /usr/local/lib/python3.8/dist-packages/oslo_concurrency/lockutils.py:400}}
Oct 21 13:49:56.882617 n-d-861872-3 devstack@n-api.service[126105]: DEBUG nova.quota [None req-8879caaf-0a87-4318-9c98-b258bb737037 tempest-DeleteServersAdminTestJSON-404669598 tempest-DeleteServersAdminTestJSON-404669598-project] Getting quotas for project fd7ee78bb70741e48ee0c22ec231eccf. Resources: {'ram', 'instances', 'cores'} {{(pid=126105) _get_quotas /opt/stack/nova/nova/quota.py:393}}
Oct 21 13:49:56.884528 n-d-861872-3 devstack@n-api.service[126104]: INFO nova.api.openstack.compute.server_external_events [req-fb8f9742-51e2-4048-a0bb-a4676830856b req-58f42868-340a-4fe0-8412-87e2b396b764 service nova] Creating event network-vif-plugged:f9f816e8-19b3-4c83-acd3-f074726bdb6b for instance 153515b1-f950-4cfe-a3d7-ab58d7b94efe on n-h1-861872-3
Oct 21 13:49:56.897137 n-d-861872-3 devstack@n-api.service[126105]: DEBUG nova.quota [None req-8879caaf-0a87-4318-9c98-b258bb737037 tempest-DeleteServersAdminTestJSON-404669598 tempest-DeleteServersAdminTestJSON-404669598-project] Getting quotas for user af76379dd72e454abcbbdf77992d9156 and project fd7ee78bb70741e48ee0c22ec231eccf. Resources: {'ram', 'instances', 'cores'} {{(pid=126105) _get_quotas /opt/stack/nova/nova/quota.py:383}}
Oct 21 13:49:56.905282 n-d-861872-3 devstack@n-api.service[126104]: INFO nova.api.openstack.requestlog [req-fb8f9742-51e2-4048-a0bb-a4676830856b req-58f42868-340a-4fe0-8412-87e2b396b764 service nova] 10.222.0.18 "POST /compute/v2.1/os-server-external-events" status: 200 len: 183 microversion: 2.1 time: 0.052221
Oct 21 13:49:56.907402 n-d-861872-3 devstack@n-api.service[126104]: [pid: 126104|app: 0|req: 180/345] 10.222.0.18 () {64 vars in 1317 bytes} [Fri Oct 21 13:49:56 2022] POST /compute/v2.1/os-server-external-events => generated 183 bytes in 68 msecs (HTTP/1.1 200) 9 headers in 357 bytes (1 switches on core 0)
Oct 21 13:49:56.921437 n-d-861872-3 devstack@n-api.service[126105]: DEBUG nova.compute.api [None req-8879caaf-0a87-4318-9c98-b258bb737037 tempest-DeleteServersAdminTestJSON-404669598 tempest-DeleteServersAdminTestJSON-404669598-project] Going to run 1 instances... {{(pid=126105) _provision_instances /opt/stack/nova/nova/compute/api.py:1389}}
Oct 21 13:49:56.928213 n-d-861872-3 devstack@n-api.service[126105]: DEBUG nova.compute.api [None req-8879caaf-0a87-4318-9c98-b258bb737037 tempest-DeleteServersAdminTestJSON-404669598 tempest-DeleteServersAdminTestJSON-404669598-project] [instance: ab85de1a-cebc-481d-ad90-aa1157fec947] block_device_mapping [BlockDeviceMapping(attachment_id=,boot_index=0,connection_info=None,created_at=,delete_on_termination=True,deleted=,deleted_at=,destination_type='local',device_name=None,device_type='disk',disk_bus=None,guest_format=None,id=,image_id='baf6648a-76d8-408c-9620-7494fac3ff0f',instance=,instance_uuid=,no_device=False,snapshot_id=None,source_type='image',tag=None,updated_at=,uuid=,volume_id=None,volume_size=None,volume_type=None)] {{(pid=126105) _bdm_validate_set_size_and_instance /opt/stack/nova/nova/compute/api.py:1807}}
Oct 21 13:49:56.930195 n-d-861872-3 devstack@n-api.service[126104]: DEBUG nova.api.openstack.wsgi [None req-355a7d37-12d7-45c5-b0e0-84e334aaa4a6 tempest-LiveMigrationNegativeTest-2102716483 tempest-LiveMigrationNegativeTest-2102716483-project] Calling method '>' {{(pid=126104) _process_stack /opt/stack/nova/nova/api/openstack/wsgi.py:513}}
Oct 21 13:49:56.937838 n-d-861872-3 devstack@n-api.service[126104]: DEBUG nova.compute.api [None req-355a7d37-12d7-45c5-b0e0-84e334aaa4a6 tempest-LiveMigrationNegativeTest-2102716483 tempest-LiveMigrationNegativeTest-2102716483-project] [instance: 153515b1-f950-4cfe-a3d7-ab58d7b94efe] Fetching instance by UUID {{(pid=126104) get /opt/stack/nova/nova/compute/api.py:2918}}
Oct 21 13:49:56.958689 n-d-861872-3 devstack@n-api.service[126104]: DEBUG oslo_concurrency.lockutils [None req-355a7d37-12d7-45c5-b0e0-84e334aaa4a6 tempest-LiveMigrationNegativeTest-2102716483 tempest-LiveMigrationNegativeTest-2102716483-project] Lock "b7ac8109-dd58-4f94-bb5f-d39df6863df0" acquired by "nova.context.set_target_cell..get_or_set_cached_cell_and_set_connections" :: waited 0.000s {{(pid=126104) inner /usr/local/lib/python3.8/dist-packages/oslo_concurrency/lockutils.py:386}}
Oct 21 13:49:56.959418 n-d-861872-3 devstack@n-api.service[126104]: DEBUG oslo_concurrency.lockutils [None req-355a7d37-12d7-45c5-b0e0-84e334aaa4a6 tempest-LiveMigrationNegativeTest-2102716483 tempest-LiveMigrationNegativeTest-2102716483-project] Lock "b7ac8109-dd58-4f94-bb5f-d39df6863df0" "released" by "nova.context.set_target_cell..get_or_set_cached_cell_and_set_connections" :: held 0.001s {{(pid=126104) inner /usr/local/lib/python3.8/dist-packages/oslo_concurrency/lockutils.py:400}}
Oct 21 13:49:56.960209 n-d-861872-3 devstack@n-api.service[126104]: DEBUG oslo_concurrency.lockutils [None req-355a7d37-12d7-45c5-b0e0-84e334aaa4a6 tempest-LiveMigrationNegativeTest-2102716483 tempest-LiveMigrationNegativeTest-2102716483-project] Lock "b7ac8109-dd58-4f94-bb5f-d39df6863df0" acquired by "nova.context.set_target_cell..get_or_set_cached_cell_and_set_connections" :: waited 0.000s {{(pid=126104) inner /usr/local/lib/python3.8/dist-packages/oslo_concurrency/lockutils.py:386}}
Oct 21 13:49:56.960646 n-d-861872-3 devstack@n-api.service[126104]: DEBUG oslo_concurrency.lockutils [None req-355a7d37-12d7-45c5-b0e0-84e334aaa4a6 tempest-LiveMigrationNegativeTest-2102716483 tempest-LiveMigrationNegativeTest-2102716483-project] Lock "b7ac8109-dd58-4f94-bb5f-d39df6863df0" "released" by "nova.context.set_target_cell..get_or_set_cached_cell_and_set_connections" :: held 0.000s {{(pid=126104) inner /usr/local/lib/python3.8/dist-packages/oslo_concurrency/lockutils.py:400}}
Oct 21 13:49:57.126588 n-d-861872-3 devstack@n-api.service[126105]: INFO nova.api.openstack.requestlog [None req-8879caaf-0a87-4318-9c98-b258bb737037 tempest-DeleteServersAdminTestJSON-404669598 tempest-DeleteServersAdminTestJSON-404669598-project] 10.222.0.18 "POST /compute/v2.1/servers" status: 202 len: 380 microversion: 2.1 time: 1.426988
Oct 21 13:49:57.127678 n-d-861872-3 devstack@n-api.service[126105]: [pid: 126105|app: 0|req: 166/346] 10.222.0.18 () {60 vars in 1147 bytes} [Fri Oct 21 13:49:55 2022] POST /compute/v2.1/servers => generated 380 bytes in 1430 msecs (HTTP/1.1 202) 10 headers in 451 bytes (1 switches on core 0)
Oct 21 13:49:57.142274 n-d-861872-3 devstack@n-api.service[126105]: DEBUG nova.api.openstack.wsgi [None req-7c802425-d39f-468f-908a-7e8594c68a4e tempest-ImagesOneServerTestJSON-575469325 tempest-ImagesOneServerTestJSON-575469325-project] Calling method '.version_select at 0x7fd43be848b0>' {{(pid=126105) _process_stack /opt/stack/nova/nova/api/openstack/wsgi.py:513}}
Oct 21 13:49:57.278125 n-d-861872-3 devstack@n-api.service[126105]: INFO nova.api.openstack.requestlog [None req-7c802425-d39f-468f-908a-7e8594c68a4e tempest-ImagesOneServerTestJSON-575469325 tempest-ImagesOneServerTestJSON-575469325-project] 10.222.0.18 "GET /compute/v2.1/images/511ea0cb-c823-4495-9904-a1faa49feca3" status: 200 len: 1422 microversion: 2.1 time: 0.146973
Oct 21 13:49:57.279716 n-d-861872-3 devstack@n-api.service[126105]: [pid: 126105|app: 0|req: 167/347] 10.222.0.18 () {58 vars in 1233 bytes} [Fri Oct 21 13:49:57 2022] GET /compute/v2.1/images/511ea0cb-c823-4495-9904-a1faa49feca3 => generated 1422 bytes in 151 msecs (HTTP/1.1 200) 9 headers in 358 bytes (1 switches on core 0)
Oct 21 13:49:57.524175 n-d-861872-3 devstack@n-api.service[126104]: DEBUG nova.policy [None req-355a7d37-12d7-45c5-b0e0-84e334aaa4a6 tempest-LiveMigrationNegativeTest-2102716483 tempest-LiveMigrationNegativeTest-2102716483-project] Policy check for os_compute_api:os-extended-server-attributes failed with credentials {'is_admin': False, 'user_id': '52be012b86a94a788a5aae2ee37a8d75', 'user_domain_id': 'default', 'system_scope': None, 'domain_id': None, 'project_id': '8f4786bf499c4d8c93d0df0ed56b34b9', 'project_domain_id': 'default', 'roles': ['member', 'reader'], 'is_admin_project': True, 'service_user_id': None, 'service_user_domain_id': None, 'service_project_id': None, 'service_project_domain_id': None, 'service_roles': []} {{(pid=126104) authorize /opt/stack/nova/nova/policy.py:199}}
Oct 21 13:49:57.537554 n-d-861872-3 devstack@n-api.service[126104]: INFO nova.api.openstack.requestlog [None req-355a7d37-12d7-45c5-b0e0-84e334aaa4a6 tempest-LiveMigrationNegativeTest-2102716483 tempest-LiveMigrationNegativeTest-2102716483-project] 10.222.0.18 "GET /compute/v2.1/servers/153515b1-f950-4cfe-a3d7-ab58d7b94efe" status: 200 len: 1319 microversion: 2.1 time: 0.627458
Oct 21 13:49:57.538184 n-d-861872-3 devstack@n-api.service[126104]: [pid: 126104|app: 0|req: 181/348] 10.222.0.18 () {58 vars in 1236 bytes} [Fri Oct 21 13:49:56 2022] GET /compute/v2.1/servers/153515b1-f950-4cfe-a3d7-ab58d7b94efe => generated 1319 bytes in 629 msecs (HTTP/1.1 200) 9 headers in 358 bytes (1 switches on core 0)
Oct 21 13:49:57.555891 n-d-861872-3 devstack@n-api.service[126104]: DEBUG nova.api.openstack.wsgi [None req-49b5990b-14d2-498a-899b-dfdb9690e2fa tempest-ServersAdminTestJSON-1594269925 tempest-ServersAdminTestJSON-1594269925-project] Calling method '>' {{(pid=126104) _process_stack /opt/stack/nova/nova/api/openstack/wsgi.py:513}}
Oct 21 13:49:57.555891 n-d-861872-3 devstack@n-api.service[126104]: DEBUG nova.compute.api [None req-49b5990b-14d2-498a-899b-dfdb9690e2fa tempest-ServersAdminTestJSON-1594269925 tempest-ServersAdminTestJSON-1594269925-project] [instance: 65af5310-2965-48ac-9721-41584870e6e5] Fetching instance by UUID {{(pid=126104) get /opt/stack/nova/nova/compute/api.py:2918}}
Oct 21 13:49:57.589052 n-d-861872-3 devstack@n-api.service[126104]: DEBUG oslo_concurrency.lockutils [None req-49b5990b-14d2-498a-899b-dfdb9690e2fa tempest-ServersAdminTestJSON-1594269925 tempest-ServersAdminTestJSON-1594269925-project] Lock "b7ac8109-dd58-4f94-bb5f-d39df6863df0" acquired by "nova.context.set_target_cell..get_or_set_cached_cell_and_set_connections" :: waited 0.000s {{(pid=126104) inner /usr/local/lib/python3.8/dist-packages/oslo_concurrency/lockutils.py:386}}
Oct 21 13:49:57.589052 n-d-861872-3 devstack@n-api.service[126104]: DEBUG oslo_concurrency.lockutils [None req-49b5990b-14d2-498a-899b-dfdb9690e2fa tempest-ServersAdminTestJSON-1594269925 tempest-ServersAdminTestJSON-1594269925-project] Lock "b7ac8109-dd58-4f94-bb5f-d39df6863df0" "released" by "nova.context.set_target_cell..get_or_set_cached_cell_and_set_connections" :: held 0.001s {{(pid=126104) inner /usr/local/lib/python3.8/dist-packages/oslo_concurrency/lockutils.py:400}}
Oct 21 13:49:57.589052 n-d-861872-3 devstack@n-api.service[126104]: DEBUG oslo_concurrency.lockutils [None req-49b5990b-14d2-498a-899b-dfdb9690e2fa tempest-ServersAdminTestJSON-1594269925 tempest-ServersAdminTestJSON-1594269925-project] Lock "b7ac8109-dd58-4f94-bb5f-d39df6863df0" acquired by "nova.context.set_target_cell..get_or_set_cached_cell_and_set_connections" :: waited 0.000s {{(pid=126104) inner /usr/local/lib/python3.8/dist-packages/oslo_concurrency/lockutils.py:386}}
Oct 21 13:49:57.589052 n-d-861872-3 devstack@n-api.service[126104]: DEBUG oslo_concurrency.lockutils [None req-49b5990b-14d2-498a-899b-dfdb9690e2fa tempest-ServersAdminTestJSON-1594269925 tempest-ServersAdminTestJSON-1594269925-project] Lock "b7ac8109-dd58-4f94-bb5f-d39df6863df0" "released" by "nova.context.set_target_cell..get_or_set_cached_cell_and_set_connections" :: held 0.001s {{(pid=126104) inner /usr/local/lib/python3.8/dist-packages/oslo_concurrency/lockutils.py:400}}
Oct 21 13:49:57.791903 n-d-861872-3 devstack@n-api.service[126104]: DEBUG nova.policy [None req-49b5990b-14d2-498a-899b-dfdb9690e2fa tempest-ServersAdminTestJSON-1594269925 tempest-ServersAdminTestJSON-1594269925-project] Policy check for os_compute_api:os-extended-server-attributes failed with credentials {'is_admin': False, 'user_id': '11a289ca740f450697682ca1195b0b5a', 'user_domain_id': 'default', 'system_scope': None, 'domain_id': None, 'project_id': '983bfe499c464681b50466c3411c9b03', 'project_domain_id': 'default', 'roles': ['member', 'reader'], 'is_admin_project': True, 'service_user_id': None, 'service_user_domain_id': None, 'service_project_id': None, 'service_project_domain_id': None, 'service_roles': []} {{(pid=126104) authorize /opt/stack/nova/nova/policy.py:199}}
Oct 21 13:49:57.802900 n-d-861872-3 devstack@n-api.service[126104]: INFO nova.api.openstack.requestlog [None req-49b5990b-14d2-498a-899b-dfdb9690e2fa tempest-ServersAdminTestJSON-1594269925 tempest-ServersAdminTestJSON-1594269925-project] 10.222.0.18 "GET /compute/v2.1/servers/65af5310-2965-48ac-9721-41584870e6e5" status: 200 len: 1210 microversion: 2.1 time: 0.256269
Oct 21 13:49:57.805160 n-d-861872-3 devstack@n-api.service[126104]: [pid: 126104|app: 0|req: 182/349] 10.222.0.18 () {58 vars in 1236 bytes} [Fri Oct 21 13:49:57 2022] GET /compute/v2.1/servers/65af5310-2965-48ac-9721-41584870e6e5 => generated 1210 bytes in 259 msecs (HTTP/1.1 200) 9 headers in 358 bytes (1 switches on core 0)
Oct 21 13:49:57.813205 n-d-861872-3 devstack@n-api.service[126104]: DEBUG nova.api.openstack.wsgi [None req-08648364-87f5-4e18-a480-33f802dc37a0 tempest-DeleteServersAdminTestJSON-404669598 tempest-DeleteServersAdminTestJSON-404669598-project] Calling method '>' {{(pid=126104) _process_stack /opt/stack/nova/nova/api/openstack/wsgi.py:513}}
Oct 21 13:49:57.817614 n-d-861872-3 devstack@n-api.service[126104]: DEBUG nova.compute.api [None req-08648364-87f5-4e18-a480-33f802dc37a0 tempest-DeleteServersAdminTestJSON-404669598 tempest-DeleteServersAdminTestJSON-404669598-project] [instance: ab85de1a-cebc-481d-ad90-aa1157fec947] Fetching instance by UUID {{(pid=126104) get /opt/stack/nova/nova/compute/api.py:2918}}
