Oct 21 10:45:35.925889 n-d-861871-3 devstack@n-api.service[126101]: DEBUG nova.objects.aggregate [None req-29fde426-acdf-4fd0-ace3-a801733daf69 tempest-AggregatesAdminTestJSON-2077463621 tempest-AggregatesAdminTestJSON-2077463621-project-admin] Generated uuid ce90d7e2-e9c4-4a60-8563-3f0947d97d03 for aggregate {{(pid=126101) create /opt/stack/nova/nova/objects/aggregate.py:298}}
Oct 21 10:45:36.017919 n-d-861871-3 devstack@n-api.service[126101]: INFO nova.api.openstack.requestlog [None req-29fde426-acdf-4fd0-ace3-a801733daf69 tempest-AggregatesAdminTestJSON-2077463621 tempest-AggregatesAdminTestJSON-2077463621-project-admin] 10.222.0.26 "POST /compute/v2.1/os-aggregates" status: 200 len: 222 microversion: 2.1 time: 0.098753
Oct 21 10:45:36.019439 n-d-861871-3 devstack@n-api.service[126101]: [pid: 126101|app: 0|req: 162/330] 10.222.0.26 () {60 vars in 1165 bytes} [Fri Oct 21 10:45:35 2022] POST /compute/v2.1/os-aggregates => generated 222 bytes in 100 msecs (HTTP/1.1 200) 9 headers in 357 bytes (1 switches on core 0)
Oct 21 10:45:36.030583 n-d-861871-3 devstack@n-api.service[126100]: DEBUG nova.api.openstack.wsgi [None req-827e86c8-c6a9-4a50-9969-4cd4496d5e15 tempest-MigrationsAdminTest-1320684963 tempest-MigrationsAdminTest-1320684963-project] Calling method '>' {{(pid=126100) _process_stack /opt/stack/nova/nova/api/openstack/wsgi.py:513}}
Oct 21 10:45:36.032028 n-d-861871-3 devstack@n-api.service[126100]: DEBUG nova.compute.api [None req-827e86c8-c6a9-4a50-9969-4cd4496d5e15 tempest-MigrationsAdminTest-1320684963 tempest-MigrationsAdminTest-1320684963-project] [instance: 03677b29-af64-4fb2-aaa7-c9bc8408bacc] Fetching instance by UUID {{(pid=126100) get /opt/stack/nova/nova/compute/api.py:2918}}
Oct 21 10:45:36.043657 n-d-861871-3 devstack@n-api.service[126100]: DEBUG oslo_concurrency.lockutils [None req-827e86c8-c6a9-4a50-9969-4cd4496d5e15 tempest-MigrationsAdminTest-1320684963 tempest-MigrationsAdminTest-1320684963-project] Lock "796994b1-e134-4773-b03b-91e59b8a4be4" acquired by "nova.context.set_target_cell..get_or_set_cached_cell_and_set_connections" :: waited 0.000s {{(pid=126100) inner /usr/local/lib/python3.8/dist-packages/oslo_concurrency/lockutils.py:386}}
Oct 21 10:45:36.045237 n-d-861871-3 devstack@n-api.service[126101]: DEBUG nova.api.openstack.wsgi [None req-f2a16491-85de-4a4a-8c36-80ae699898a8 tempest-AggregatesAdminTestJSON-2077463621 tempest-AggregatesAdminTestJSON-2077463621-project-admin] Action: 'update', calling method: >, body: {"aggregate": {"name": "tempest-test_aggregate-942740325_new", "availability_zone": "tempest-test_az-1012470082_new"}} {{(pid=126101) _process_stack /opt/stack/nova/nova/api/openstack/wsgi.py:511}}
Oct 21 10:45:36.048090 n-d-861871-3 devstack@n-api.service[126100]: DEBUG oslo_concurrency.lockutils [None req-827e86c8-c6a9-4a50-9969-4cd4496d5e15 tempest-MigrationsAdminTest-1320684963 tempest-MigrationsAdminTest-1320684963-project] Lock "796994b1-e134-4773-b03b-91e59b8a4be4" "released" by "nova.context.set_target_cell..get_or_set_cached_cell_and_set_connections" :: held 0.003s {{(pid=126100) inner /usr/local/lib/python3.8/dist-packages/oslo_concurrency/lockutils.py:400}}
Oct 21 10:45:36.051457 n-d-861871-3 devstack@n-api.service[126100]: DEBUG oslo_concurrency.lockutils [None req-827e86c8-c6a9-4a50-9969-4cd4496d5e15 tempest-MigrationsAdminTest-1320684963 tempest-MigrationsAdminTest-1320684963-project] Lock "796994b1-e134-4773-b03b-91e59b8a4be4" acquired by "nova.context.set_target_cell..get_or_set_cached_cell_and_set_connections" :: waited 0.000s {{(pid=126100) inner /usr/local/lib/python3.8/dist-packages/oslo_concurrency/lockutils.py:386}}
Oct 21 10:45:36.052151 n-d-861871-3 devstack@n-api.service[126100]: DEBUG oslo_concurrency.lockutils [None req-827e86c8-c6a9-4a50-9969-4cd4496d5e15 tempest-MigrationsAdminTest-1320684963 tempest-MigrationsAdminTest-1320684963-project] Lock "796994b1-e134-4773-b03b-91e59b8a4be4" "released" by "nova.context.set_target_cell..get_or_set_cached_cell_and_set_connections" :: held 0.004s {{(pid=126100) inner /usr/local/lib/python3.8/dist-packages/oslo_concurrency/lockutils.py:400}}
Oct 21 10:45:36.157178 n-d-861871-3 devstack@n-api.service[126101]: /usr/local/lib/python3.8/dist-packages/oslo_policy/policy.py:1119: UserWarning: Policy "os_compute_api:os-aggregates:update": "rule:context_is_admin" failed scope check. The token used to make the request was project scoped but the policy requires ['system'] scope. This behavior may change in the future where using the intended scope is required
Oct 21 10:45:36.157178 n-d-861871-3 devstack@n-api.service[126101]: warnings.warn(msg)
Oct 21 10:45:36.260421 n-d-861871-3 devstack@n-api.service[126101]: DEBUG oslo_concurrency.lockutils [None req-f2a16491-85de-4a4a-8c36-80ae699898a8 tempest-AggregatesAdminTestJSON-2077463621 tempest-AggregatesAdminTestJSON-2077463621-project-admin] Lock "796994b1-e134-4773-b03b-91e59b8a4be4" acquired by "nova.context.set_target_cell..get_or_set_cached_cell_and_set_connections" :: waited 0.000s {{(pid=126101) inner /usr/local/lib/python3.8/dist-packages/oslo_concurrency/lockutils.py:386}}
Oct 21 10:45:36.261610 n-d-861871-3 devstack@n-api.service[126101]: DEBUG oslo_concurrency.lockutils [None req-f2a16491-85de-4a4a-8c36-80ae699898a8 tempest-AggregatesAdminTestJSON-2077463621 tempest-AggregatesAdminTestJSON-2077463621-project-admin] Lock "796994b1-e134-4773-b03b-91e59b8a4be4" "released" by "nova.context.set_target_cell..get_or_set_cached_cell_and_set_connections" :: held 0.001s {{(pid=126101) inner /usr/local/lib/python3.8/dist-packages/oslo_concurrency/lockutils.py:400}}
Oct 21 10:45:36.385000 n-d-861871-3 devstack@n-api.service[126101]: INFO nova.api.openstack.requestlog [None req-f2a16491-85de-4a4a-8c36-80ae699898a8 tempest-AggregatesAdminTestJSON-2077463621 tempest-AggregatesAdminTestJSON-2077463621-project-admin] 10.222.0.26 "PUT /compute/v2.1/os-aggregates/16" status: 200 len: 336 microversion: 2.1 time: 0.349987
Oct 21 10:45:36.392530 n-d-861871-3 devstack@n-api.service[126101]: [pid: 126101|app: 0|req: 163/331] 10.222.0.26 () {60 vars in 1173 bytes} [Fri Oct 21 10:45:36 2022] PUT /compute/v2.1/os-aggregates/16 => generated 336 bytes in 351 msecs (HTTP/1.1 200) 9 headers in 357 bytes (1 switches on core 0)
Oct 21 10:45:36.392530 n-d-861871-3 devstack@n-api.service[126101]: DEBUG nova.api.openstack.wsgi [None req-a3839299-7cd2-4455-b0a6-27d227f10fd3 tempest-ServerDiagnosticsNegativeTest-93828453 tempest-ServerDiagnosticsNegativeTest-93828453-project] Calling method '>' {{(pid=126101) _process_stack /opt/stack/nova/nova/api/openstack/wsgi.py:513}}
Oct 21 10:45:36.392530 n-d-861871-3 devstack@n-api.service[126101]: DEBUG nova.compute.api [None req-a3839299-7cd2-4455-b0a6-27d227f10fd3 tempest-ServerDiagnosticsNegativeTest-93828453 tempest-ServerDiagnosticsNegativeTest-93828453-project] [instance: d812a37b-53ef-4e7b-9aeb-be2e208ea6ca] Fetching instance by UUID {{(pid=126101) get /opt/stack/nova/nova/compute/api.py:2918}}
Oct 21 10:45:36.398593 n-d-861871-3 devstack@n-api.service[126101]: DEBUG oslo_concurrency.lockutils [None req-a3839299-7cd2-4455-b0a6-27d227f10fd3 tempest-ServerDiagnosticsNegativeTest-93828453 tempest-ServerDiagnosticsNegativeTest-93828453-project] Lock "796994b1-e134-4773-b03b-91e59b8a4be4" acquired by "nova.context.set_target_cell..get_or_set_cached_cell_and_set_connections" :: waited 0.000s {{(pid=126101) inner /usr/local/lib/python3.8/dist-packages/oslo_concurrency/lockutils.py:386}}
Oct 21 10:45:36.399042 n-d-861871-3 devstack@n-api.service[126101]: DEBUG oslo_concurrency.lockutils [None req-a3839299-7cd2-4455-b0a6-27d227f10fd3 tempest-ServerDiagnosticsNegativeTest-93828453 tempest-ServerDiagnosticsNegativeTest-93828453-project] Lock "796994b1-e134-4773-b03b-91e59b8a4be4" "released" by "nova.context.set_target_cell..get_or_set_cached_cell_and_set_connections" :: held 0.001s {{(pid=126101) inner /usr/local/lib/python3.8/dist-packages/oslo_concurrency/lockutils.py:400}}
Oct 21 10:45:36.399841 n-d-861871-3 devstack@n-api.service[126101]: DEBUG oslo_concurrency.lockutils [None req-a3839299-7cd2-4455-b0a6-27d227f10fd3 tempest-ServerDiagnosticsNegativeTest-93828453 tempest-ServerDiagnosticsNegativeTest-93828453-project] Lock "796994b1-e134-4773-b03b-91e59b8a4be4" acquired by "nova.context.set_target_cell..get_or_set_cached_cell_and_set_connections" :: waited 0.000s {{(pid=126101) inner /usr/local/lib/python3.8/dist-packages/oslo_concurrency/lockutils.py:386}}
Oct 21 10:45:36.400300 n-d-861871-3 devstack@n-api.service[126101]: DEBUG oslo_concurrency.lockutils [None req-a3839299-7cd2-4455-b0a6-27d227f10fd3 tempest-ServerDiagnosticsNegativeTest-93828453 tempest-ServerDiagnosticsNegativeTest-93828453-project] Lock "796994b1-e134-4773-b03b-91e59b8a4be4" "released" by "nova.context.set_target_cell..get_or_set_cached_cell_and_set_connections" :: held 0.000s {{(pid=126101) inner /usr/local/lib/python3.8/dist-packages/oslo_concurrency/lockutils.py:400}}
Oct 21 10:45:36.445436 n-d-861871-3 devstack@n-api.service[126100]: DEBUG nova.policy [None req-827e86c8-c6a9-4a50-9969-4cd4496d5e15 tempest-MigrationsAdminTest-1320684963 tempest-MigrationsAdminTest-1320684963-project] Policy check for os_compute_api:os-extended-server-attributes failed with credentials {'is_admin': False, 'user_id': '15b970c6cb2a40d5b0a53a249f1e8e93', 'user_domain_id': 'default', 'system_scope': None, 'domain_id': None, 'project_id': 'b6b40dbb360f46e4ad419314d25f5f59', 'project_domain_id': 'default', 'roles': ['member', 'reader'], 'is_admin_project': True, 'service_user_id': None, 'service_user_domain_id': None, 'service_project_id': None, 'service_project_domain_id': None, 'service_roles': []} {{(pid=126100) authorize /opt/stack/nova/nova/policy.py:199}}
Oct 21 10:45:36.459869 n-d-861871-3 devstack@n-api.service[126100]: INFO nova.api.openstack.requestlog [None req-827e86c8-c6a9-4a50-9969-4cd4496d5e15 tempest-MigrationsAdminTest-1320684963 tempest-MigrationsAdminTest-1320684963-project] 10.222.0.26 "GET /compute/v2.1/servers/03677b29-af64-4fb2-aaa7-c9bc8408bacc" status: 200 len: 1313 microversion: 2.1 time: 0.431891
Oct 21 10:45:36.460651 n-d-861871-3 devstack@n-api.service[126100]: [pid: 126100|app: 0|req: 169/332] 10.222.0.26 () {58 vars in 1236 bytes} [Fri Oct 21 10:45:36 2022] GET /compute/v2.1/servers/03677b29-af64-4fb2-aaa7-c9bc8408bacc => generated 1313 bytes in 434 msecs (HTTP/1.1 200) 9 headers in 358 bytes (1 switches on core 0)
Oct 21 10:45:36.468186 n-d-861871-3 devstack@n-api.service[126100]: DEBUG nova.api.openstack.wsgi [None req-adc328fd-4bdf-48b1-b2aa-ea0c64e2db4d tempest-DeleteServersAdminTestJSON-1642563505 tempest-DeleteServersAdminTestJSON-1642563505-project] Calling method '>' {{(pid=126100) _process_stack /opt/stack/nova/nova/api/openstack/wsgi.py:513}}
Oct 21 10:45:36.471464 n-d-861871-3 devstack@n-api.service[126100]: DEBUG nova.compute.api [None req-adc328fd-4bdf-48b1-b2aa-ea0c64e2db4d tempest-DeleteServersAdminTestJSON-1642563505 tempest-DeleteServersAdminTestJSON-1642563505-project] [instance: c6f76bf3-f527-4567-a6e4-64d546c17631] Fetching instance by UUID {{(pid=126100) get /opt/stack/nova/nova/compute/api.py:2918}}
Oct 21 10:45:36.481152 n-d-861871-3 devstack@n-api.service[126100]: DEBUG oslo_concurrency.lockutils [None req-adc328fd-4bdf-48b1-b2aa-ea0c64e2db4d tempest-DeleteServersAdminTestJSON-1642563505 tempest-DeleteServersAdminTestJSON-1642563505-project] Lock "796994b1-e134-4773-b03b-91e59b8a4be4" acquired by "nova.context.set_target_cell..get_or_set_cached_cell_and_set_connections" :: waited 0.000s {{(pid=126100) inner /usr/local/lib/python3.8/dist-packages/oslo_concurrency/lockutils.py:386}}
Oct 21 10:45:36.481928 n-d-861871-3 devstack@n-api.service[126100]: DEBUG oslo_concurrency.lockutils [None req-adc328fd-4bdf-48b1-b2aa-ea0c64e2db4d tempest-DeleteServersAdminTestJSON-1642563505 tempest-DeleteServersAdminTestJSON-1642563505-project] Lock "796994b1-e134-4773-b03b-91e59b8a4be4" "released" by "nova.context.set_target_cell..get_or_set_cached_cell_and_set_connections" :: held 0.001s {{(pid=126100) inner /usr/local/lib/python3.8/dist-packages/oslo_concurrency/lockutils.py:400}}
Oct 21 10:45:36.482825 n-d-861871-3 devstack@n-api.service[126100]: DEBUG oslo_concurrency.lockutils [None req-adc328fd-4bdf-48b1-b2aa-ea0c64e2db4d tempest-DeleteServersAdminTestJSON-1642563505 tempest-DeleteServersAdminTestJSON-1642563505-project] Lock "796994b1-e134-4773-b03b-91e59b8a4be4" acquired by "nova.context.set_target_cell..get_or_set_cached_cell_and_set_connections" :: waited 0.000s {{(pid=126100) inner /usr/local/lib/python3.8/dist-packages/oslo_concurrency/lockutils.py:386}}
Oct 21 10:45:36.483452 n-d-861871-3 devstack@n-api.service[126100]: DEBUG oslo_concurrency.lockutils [None req-adc328fd-4bdf-48b1-b2aa-ea0c64e2db4d tempest-DeleteServersAdminTestJSON-1642563505 tempest-DeleteServersAdminTestJSON-1642563505-project] Lock "796994b1-e134-4773-b03b-91e59b8a4be4" "released" by "nova.context.set_target_cell..get_or_set_cached_cell_and_set_connections" :: held 0.001s {{(pid=126100) inner /usr/local/lib/python3.8/dist-packages/oslo_concurrency/lockutils.py:400}}
Oct 21 10:45:37.176075 n-d-861871-3 devstack@n-api.service[126101]: DEBUG nova.policy [None req-a3839299-7cd2-4455-b0a6-27d227f10fd3 tempest-ServerDiagnosticsNegativeTest-93828453 tempest-ServerDiagnosticsNegativeTest-93828453-project] Policy check for os_compute_api:os-extended-server-attributes failed with credentials {'is_admin': False, 'user_id': 'df51830480204d90b5ebdd883734dabb', 'user_domain_id': 'default', 'system_scope': None, 'domain_id': None, 'project_id': 'b5996c8409e346f2a3e90953659ba5fb', 'project_domain_id': 'default', 'roles': ['member', 'reader'], 'is_admin_project': True, 'service_user_id': None, 'service_user_domain_id': None, 'service_project_id': None, 'service_project_domain_id': None, 'service_roles': []} {{(pid=126101) authorize /opt/stack/nova/nova/policy.py:199}}
Oct 21 10:45:37.184271 n-d-861871-3 devstack@n-api.service[126101]: INFO nova.api.openstack.requestlog [None req-a3839299-7cd2-4455-b0a6-27d227f10fd3 tempest-ServerDiagnosticsNegativeTest-93828453 tempest-ServerDiagnosticsNegativeTest-93828453-project] 10.222.0.26 "GET /compute/v2.1/servers/d812a37b-53ef-4e7b-9aeb-be2e208ea6ca" status: 200 len: 1323 microversion: 2.1 time: 0.797256
Oct 21 10:45:37.184853 n-d-861871-3 devstack@n-api.service[126101]: [pid: 126101|app: 0|req: 164/333] 10.222.0.26 () {58 vars in 1236 bytes} [Fri Oct 21 10:45:36 2022] GET /compute/v2.1/servers/d812a37b-53ef-4e7b-9aeb-be2e208ea6ca => generated 1323 bytes in 799 msecs (HTTP/1.1 200) 9 headers in 358 bytes (1 switches on core 0)
Oct 21 10:45:37.189469 n-d-861871-3 devstack@n-api.service[126100]: DEBUG nova.policy [None req-adc328fd-4bdf-48b1-b2aa-ea0c64e2db4d tempest-DeleteServersAdminTestJSON-1642563505 tempest-DeleteServersAdminTestJSON-1642563505-project] Policy check for os_compute_api:os-extended-server-attributes failed with credentials {'is_admin': False, 'user_id': '9f808290a72d47ea8e43e3ec1a616fde', 'user_domain_id': 'default', 'system_scope': None, 'domain_id': None, 'project_id': 'b45e731bd904421ba50a4fe78b956ae6', 'project_domain_id': 'default', 'roles': ['member', 'reader'], 'is_admin_project': True, 'service_user_id': None, 'service_user_domain_id': None, 'service_project_id': None, 'service_project_domain_id': None, 'service_roles': []} {{(pid=126100) authorize /opt/stack/nova/nova/policy.py:199}}
Oct 21 10:45:37.197218 n-d-861871-3 devstack@n-api.service[126100]: INFO nova.api.openstack.requestlog [None req-adc328fd-4bdf-48b1-b2aa-ea0c64e2db4d tempest-DeleteServersAdminTestJSON-1642563505 tempest-DeleteServersAdminTestJSON-1642563505-project] 10.222.0.26 "GET /compute/v2.1/servers/c6f76bf3-f527-4567-a6e4-64d546c17631" status: 200 len: 1320 microversion: 2.1 time: 0.733950
Oct 21 10:45:37.198400 n-d-861871-3 devstack@n-api.service[126100]: [pid: 126100|app: 0|req: 170/334] 10.222.0.26 () {58 vars in 1236 bytes} [Fri Oct 21 10:45:36 2022] GET /compute/v2.1/servers/c6f76bf3-f527-4567-a6e4-64d546c17631 => generated 1320 bytes in 736 msecs (HTTP/1.1 200) 9 headers in 358 bytes (1 switches on core 0)
Oct 21 10:45:37.202899 n-d-861871-3 devstack@n-api.service[126101]: DEBUG nova.api.openstack.wsgi [None req-93e8b906-de31-4bbc-87a8-c6c01a669966 tempest-AggregatesAdminTestJSON-2077463621 tempest-AggregatesAdminTestJSON-2077463621-project-admin] Calling method '>' {{(pid=126101) _process_stack /opt/stack/nova/nova/api/openstack/wsgi.py:513}}
Oct 21 10:45:37.206805 n-d-861871-3 devstack@n-api.service[126101]: /usr/local/lib/python3.8/dist-packages/oslo_policy/policy.py:1119: UserWarning: Policy "os_compute_api:os-aggregates:index": "rule:context_is_admin" failed scope check. The token used to make the request was project scoped but the policy requires ['system'] scope. This behavior may change in the future where using the intended scope is required
Oct 21 10:45:37.206805 n-d-861871-3 devstack@n-api.service[126101]: warnings.warn(msg)
Oct 21 10:45:37.209693 n-d-861871-3 devstack@n-api.service[126100]: DEBUG nova.api.openstack.wsgi [None req-52b20377-5eaa-4481-b5b7-8da21e8b9720 tempest-ServersAdminTestJSON-1682975252 tempest-ServersAdminTestJSON-1682975252-project] Calling method '>' {{(pid=126100) _process_stack /opt/stack/nova/nova/api/openstack/wsgi.py:513}}
Oct 21 10:45:37.213699 n-d-861871-3 devstack@n-api.service[126100]: DEBUG nova.compute.api [None req-52b20377-5eaa-4481-b5b7-8da21e8b9720 tempest-ServersAdminTestJSON-1682975252 tempest-ServersAdminTestJSON-1682975252-project] [instance: 0cf032e3-2aed-43f2-bbc7-824687b34ee7] Fetching instance by UUID {{(pid=126100) get /opt/stack/nova/nova/compute/api.py:2918}}
Oct 21 10:45:37.217863 n-d-861871-3 devstack@n-api.service[126101]: INFO nova.api.openstack.requestlog [None req-93e8b906-de31-4bbc-87a8-c6c01a669966 tempest-AggregatesAdminTestJSON-2077463621 tempest-AggregatesAdminTestJSON-2077463621-project-admin] 10.222.0.26 "GET /compute/v2.1/os-aggregates" status: 200 len: 339 microversion: 2.1 time: 0.031562
Oct 21 10:45:37.218438 n-d-861871-3 devstack@n-api.service[126101]: [pid: 126101|app: 0|req: 165/335] 10.222.0.26 () {58 vars in 1143 bytes} [Fri Oct 21 10:45:37 2022] GET /compute/v2.1/os-aggregates => generated 339 bytes in 33 msecs (HTTP/1.1 200) 9 headers in 357 bytes (1 switches on core 0)
Oct 21 10:45:37.228893 n-d-861871-3 devstack@n-api.service[126100]: DEBUG oslo_concurrency.lockutils [None req-52b20377-5eaa-4481-b5b7-8da21e8b9720 tempest-ServersAdminTestJSON-1682975252 tempest-ServersAdminTestJSON-1682975252-project] Lock "796994b1-e134-4773-b03b-91e59b8a4be4" acquired by "nova.context.set_target_cell..get_or_set_cached_cell_and_set_connections" :: waited 0.000s {{(pid=126100) inner /usr/local/lib/python3.8/dist-packages/oslo_concurrency/lockutils.py:386}}
Oct 21 10:45:37.230872 n-d-861871-3 devstack@n-api.service[126100]: DEBUG oslo_concurrency.lockutils [None req-52b20377-5eaa-4481-b5b7-8da21e8b9720 tempest-ServersAdminTestJSON-1682975252 tempest-ServersAdminTestJSON-1682975252-project] Lock "796994b1-e134-4773-b03b-91e59b8a4be4" "released" by "nova.context.set_target_cell..get_or_set_cached_cell_and_set_connections" :: held 0.001s {{(pid=126100) inner /usr/local/lib/python3.8/dist-packages/oslo_concurrency/lockutils.py:400}}
Oct 21 10:45:37.231946 n-d-861871-3 devstack@n-api.service[126100]: DEBUG oslo_concurrency.lockutils [None req-52b20377-5eaa-4481-b5b7-8da21e8b9720 tempest-ServersAdminTestJSON-1682975252 tempest-ServersAdminTestJSON-1682975252-project] Lock "796994b1-e134-4773-b03b-91e59b8a4be4" acquired by "nova.context.set_target_cell..get_or_set_cached_cell_and_set_connections" :: waited 0.000s {{(pid=126100) inner /usr/local/lib/python3.8/dist-packages/oslo_concurrency/lockutils.py:386}}
Oct 21 10:45:37.232742 n-d-861871-3 devstack@n-api.service[126100]: DEBUG oslo_concurrency.lockutils [None req-52b20377-5eaa-4481-b5b7-8da21e8b9720 tempest-ServersAdminTestJSON-1682975252 tempest-ServersAdminTestJSON-1682975252-project] Lock "796994b1-e134-4773-b03b-91e59b8a4be4" "released" by "nova.context.set_target_cell..get_or_set_cached_cell_and_set_connections" :: held 0.001s {{(pid=126100) inner /usr/local/lib/python3.8/dist-packages/oslo_concurrency/lockutils.py:400}}
Oct 21 10:45:37.234795 n-d-861871-3 devstack@n-api.service[126101]: DEBUG nova.api.openstack.wsgi [req-a329b0ed-d584-4a35-a14c-880a593b59c1 req-a976378a-db72-4138-bdb9-a1a3d4cb8983 service nova] Action: 'create', calling method: >, body: {"events": [{"name": "network-changed", "server_uuid": "c6f76bf3-f527-4567-a6e4-64d546c17631", "tag": "f7c60fcf-80b5-46ca-a481-0b1acc6183af"}]} {{(pid=126101) _process_stack /opt/stack/nova/nova/api/openstack/wsgi.py:511}}
Oct 21 10:45:37.253877 n-d-861871-3 devstack@n-api.service[126101]: DEBUG oslo_concurrency.lockutils [req-a329b0ed-d584-4a35-a14c-880a593b59c1 req-a976378a-db72-4138-bdb9-a1a3d4cb8983 service nova] Lock "796994b1-e134-4773-b03b-91e59b8a4be4" acquired by "nova.context.set_target_cell..get_or_set_cached_cell_and_set_connections" :: waited 0.000s {{(pid=126101) inner /usr/local/lib/python3.8/dist-packages/oslo_concurrency/lockutils.py:386}}
Oct 21 10:45:37.254340 n-d-861871-3 devstack@n-api.service[126101]: DEBUG oslo_concurrency.lockutils [req-a329b0ed-d584-4a35-a14c-880a593b59c1 req-a976378a-db72-4138-bdb9-a1a3d4cb8983 service nova] Lock "796994b1-e134-4773-b03b-91e59b8a4be4" "released" by "nova.context.set_target_cell..get_or_set_cached_cell_and_set_connections" :: held 0.001s {{(pid=126101) inner /usr/local/lib/python3.8/dist-packages/oslo_concurrency/lockutils.py:400}}
Oct 21 10:45:37.278193 n-d-861871-3 devstack@n-api.service[126101]: INFO nova.api.openstack.compute.server_external_events [req-a329b0ed-d584-4a35-a14c-880a593b59c1 req-a976378a-db72-4138-bdb9-a1a3d4cb8983 service nova] Creating event network-changed:f7c60fcf-80b5-46ca-a481-0b1acc6183af for instance c6f76bf3-f527-4567-a6e4-64d546c17631 on n-h2-861871-3
Oct 21 10:45:37.292560 n-d-861871-3 devstack@n-api.service[126101]: INFO nova.api.openstack.requestlog [req-a329b0ed-d584-4a35-a14c-880a593b59c1 req-a976378a-db72-4138-bdb9-a1a3d4cb8983 service nova] 10.222.0.26 "POST /compute/v2.1/os-server-external-events" status: 200 len: 179 microversion: 2.1 time: 0.072917
Oct 21 10:45:37.293756 n-d-861871-3 devstack@n-api.service[126101]: [pid: 126101|app: 0|req: 166/336] 10.222.0.26 () {64 vars in 1317 bytes} [Fri Oct 21 10:45:37 2022] POST /compute/v2.1/os-server-external-events => generated 179 bytes in 75 msecs (HTTP/1.1 200) 9 headers in 357 bytes (1 switches on core 0)
Oct 21 10:45:37.303922 n-d-861871-3 devstack@n-api.service[126101]: DEBUG nova.api.openstack.wsgi [None req-2fdb930a-03a5-4eed-a965-36077641f7d6 tempest-AggregatesAdminTestJSON-2077463621 tempest-AggregatesAdminTestJSON-2077463621-project-admin] Calling method '>' {{(pid=126101) _process_stack /opt/stack/nova/nova/api/openstack/wsgi.py:513}}
Oct 21 10:45:37.304803 n-d-861871-3 devstack@n-api.service[126101]: /usr/local/lib/python3.8/dist-packages/oslo_policy/policy.py:1119: UserWarning: Policy "os_compute_api:os-aggregates:delete": "rule:context_is_admin" failed scope check. The token used to make the request was project scoped but the policy requires ['system'] scope. This behavior may change in the future where using the intended scope is required
Oct 21 10:45:37.304803 n-d-861871-3 devstack@n-api.service[126101]: warnings.warn(msg)
Oct 21 10:45:37.407077 n-d-861871-3 devstack@n-api.service[126101]: INFO nova.api.openstack.requestlog [None req-2fdb930a-03a5-4eed-a965-36077641f7d6 tempest-AggregatesAdminTestJSON-2077463621 tempest-AggregatesAdminTestJSON-2077463621-project-admin] 10.222.0.26 "DELETE /compute/v2.1/os-aggregates/16" status: 200 len: 0 microversion: 2.1 time: 0.111963
Oct 21 10:45:37.412015 n-d-861871-3 devstack@n-api.service[126101]: [pid: 126101|app: 0|req: 167/337] 10.222.0.26 () {58 vars in 1155 bytes} [Fri Oct 21 10:45:37 2022] DELETE /compute/v2.1/os-aggregates/16 => generated 0 bytes in 114 msecs (HTTP/1.1 200) 9 headers in 355 bytes (1 switches on core 0)
Oct 21 10:45:37.419119 n-d-861871-3 devstack@n-api.service[126101]: DEBUG nova.api.openstack.wsgi [None req-c7ce0623-de57-4eaf-8d39-d466b9d5e360 tempest-AggregatesAdminTestJSON-2077463621 tempest-AggregatesAdminTestJSON-2077463621-project-admin] Action: 'create', calling method: >, body: {"aggregate": {"name": "tempest-test_aggregate-791413324"}} {{(pid=126101) _process_stack /opt/stack/nova/nova/api/openstack/wsgi.py:511}}
Oct 21 10:45:37.420675 n-d-861871-3 devstack@n-api.service[126101]: /usr/local/lib/python3.8/dist-packages/oslo_policy/policy.py:1119: UserWarning: Policy "os_compute_api:os-aggregates:create": "rule:context_is_admin" failed scope check. The token used to make the request was project scoped but the policy requires ['system'] scope. This behavior may change in the future where using the intended scope is required
Oct 21 10:45:37.420675 n-d-861871-3 devstack@n-api.service[126101]: warnings.warn(msg)
Oct 21 10:45:37.421681 n-d-861871-3 devstack@n-api.service[126101]: DEBUG nova.objects.aggregate [None req-c7ce0623-de57-4eaf-8d39-d466b9d5e360 tempest-AggregatesAdminTestJSON-2077463621 tempest-AggregatesAdminTestJSON-2077463621-project-admin] Generated uuid 3b8d0e7c-9bd3-4c65-b779-5fccc8591ef2 for aggregate {{(pid=126101) create /opt/stack/nova/nova/objects/aggregate.py:298}}
Oct 21 10:45:37.508173 n-d-861871-3 devstack@n-api.service[126100]: DEBUG nova.policy [None req-52b20377-5eaa-4481-b5b7-8da21e8b9720 tempest-ServersAdminTestJSON-1682975252 tempest-ServersAdminTestJSON-1682975252-project] Policy check for os_compute_api:os-extended-server-attributes failed with credentials {'is_admin': False, 'user_id': 'b8ddc5f012754a8eac3bee2f997ed4cb', 'user_domain_id': 'default', 'system_scope': None, 'domain_id': None, 'project_id': 'fc79df78c109426c8d34426cb2ff8524', 'project_domain_id': 'default', 'roles': ['member', 'reader'], 'is_admin_project': True, 'service_user_id': None, 'service_user_domain_id': None, 'service_project_id': None, 'service_project_domain_id': None, 'service_roles': []} {{(pid=126100) authorize /opt/stack/nova/nova/policy.py:199}}
Oct 21 10:45:37.517803 n-d-861871-3 devstack@n-api.service[126100]: INFO nova.api.openstack.requestlog [None req-52b20377-5eaa-4481-b5b7-8da21e8b9720 tempest-ServersAdminTestJSON-1682975252 tempest-ServersAdminTestJSON-1682975252-project] 10.222.0.26 "GET /compute/v2.1/servers/0cf032e3-2aed-43f2-bbc7-824687b34ee7" status: 200 len: 1313 microversion: 2.1 time: 0.318088
Oct 21 10:45:37.518845 n-d-861871-3 devstack@n-api.service[126100]: [pid: 126100|app: 0|req: 171/338] 10.222.0.26 () {58 vars in 1236 bytes} [Fri Oct 21 10:45:37 2022] GET /compute/v2.1/servers/0cf032e3-2aed-43f2-bbc7-824687b34ee7 => generated 1313 bytes in 320 msecs (HTTP/1.1 200) 9 headers in 358 bytes (1 switches on core 0)
Oct 21 10:45:37.530960 n-d-861871-3 devstack@n-api.service[126100]: DEBUG nova.api.openstack.wsgi [None req-e78cdd0b-7b29-4966-a378-9636f9136d42 tempest-MigrationsAdminTest-1320684963 tempest-MigrationsAdminTest-1320684963-project] Calling method '>' {{(pid=126100) _process_stack /opt/stack/nova/nova/api/openstack/wsgi.py:513}}
Oct 21 10:45:37.538616 n-d-861871-3 devstack@n-api.service[126100]: DEBUG nova.compute.api [None req-e78cdd0b-7b29-4966-a378-9636f9136d42 tempest-MigrationsAdminTest-1320684963 tempest-MigrationsAdminTest-1320684963-project] [instance: 03677b29-af64-4fb2-aaa7-c9bc8408bacc] Fetching instance by UUID {{(pid=126100) get /opt/stack/nova/nova/compute/api.py:2918}}
Oct 21 10:45:37.553152 n-d-861871-3 devstack@n-api.service[126100]: DEBUG oslo_concurrency.lockutils [None req-e78cdd0b-7b29-4966-a378-9636f9136d42 tempest-MigrationsAdminTest-1320684963 tempest-MigrationsAdminTest-1320684963-project] Lock "796994b1-e134-4773-b03b-91e59b8a4be4" acquired by "nova.context.set_target_cell..get_or_set_cached_cell_and_set_connections" :: waited 0.000s {{(pid=126100) inner /usr/local/lib/python3.8/dist-packages/oslo_concurrency/lockutils.py:386}}
Oct 21 10:45:37.553886 n-d-861871-3 devstack@n-api.service[126100]: DEBUG oslo_concurrency.lockutils [None req-e78cdd0b-7b29-4966-a378-9636f9136d42 tempest-MigrationsAdminTest-1320684963 tempest-MigrationsAdminTest-1320684963-project] Lock "796994b1-e134-4773-b03b-91e59b8a4be4" "released" by "nova.context.set_target_cell..get_or_set_cached_cell_and_set_connections" :: held 0.001s {{(pid=126100) inner /usr/local/lib/python3.8/dist-packages/oslo_concurrency/lockutils.py:400}}
Oct 21 10:45:37.554821 n-d-861871-3 devstack@n-api.service[126100]: DEBUG oslo_concurrency.lockutils [None req-e78cdd0b-7b29-4966-a378-9636f9136d42 tempest-MigrationsAdminTest-1320684963 tempest-MigrationsAdminTest-1320684963-project] Lock "796994b1-e134-4773-b03b-91e59b8a4be4" acquired by "nova.context.set_target_cell..get_or_set_cached_cell_and_set_connections" :: waited 0.000s {{(pid=126100) inner /usr/local/lib/python3.8/dist-packages/oslo_concurrency/lockutils.py:386}}
Oct 21 10:45:37.555681 n-d-861871-3 devstack@n-api.service[126100]: DEBUG oslo_concurrency.lockutils [None req-e78cdd0b-7b29-4966-a378-9636f9136d42 tempest-MigrationsAdminTest-1320684963 tempest-MigrationsAdminTest-1320684963-project] Lock "796994b1-e134-4773-b03b-91e59b8a4be4" "released" by "nova.context.set_target_cell..get_or_set_cached_cell_and_set_connections" :: held 0.001s {{(pid=126100) inner /usr/local/lib/python3.8/dist-packages/oslo_concurrency/lockutils.py:400}}
Oct 21 10:45:37.568080 n-d-861871-3 devstack@n-api.service[126101]: INFO nova.api.openstack.requestlog [None req-c7ce0623-de57-4eaf-8d39-d466b9d5e360 tempest-AggregatesAdminTestJSON-2077463621 tempest-AggregatesAdminTestJSON-2077463621-project-admin] 10.222.0.26 "POST /compute/v2.1/os-aggregates" status: 200 len: 198 microversion: 2.1 time: 0.153603
Oct 21 10:45:37.569067 n-d-861871-3 devstack@n-api.service[126101]: [pid: 126101|app: 0|req: 168/339] 10.222.0.26 () {60 vars in 1164 bytes} [Fri Oct 21 10:45:37 2022] POST /compute/v2.1/os-aggregates => generated 198 bytes in 155 msecs (HTTP/1.1 200) 9 headers in 357 bytes (2 switches on core 0)
Oct 21 10:45:37.580370 n-d-861871-3 devstack@n-api.service[126101]: DEBUG nova.api.openstack.wsgi [None req-dae3b34c-9df8-4dc8-81e9-f208522b8679 tempest-AggregatesAdminTestJSON-2077463621 tempest-AggregatesAdminTestJSON-2077463621-project-admin] Calling method '>' {{(pid=126101) _process_stack /opt/stack/nova/nova/api/openstack/wsgi.py:513}}
Oct 21 10:45:37.583815 n-d-861871-3 devstack@n-api.service[126101]: /usr/local/lib/python3.8/dist-packages/oslo_policy/policy.py:1119: UserWarning: Policy "os_compute_api:os-aggregates:index": "rule:context_is_admin" failed scope check. The token used to make the request was project scoped but the policy requires ['system'] scope. This behavior may change in the future where using the intended scope is required
Oct 21 10:45:37.583815 n-d-861871-3 devstack@n-api.service[126101]: warnings.warn(msg)
Oct 21 10:45:37.605655 n-d-861871-3 devstack@n-api.service[126101]: INFO nova.api.openstack.requestlog [None req-dae3b34c-9df8-4dc8-81e9-f208522b8679 tempest-AggregatesAdminTestJSON-2077463621 tempest-AggregatesAdminTestJSON-2077463621-project-admin] 10.222.0.26 "GET /compute/v2.1/os-aggregates" status: 200 len: 230 microversion: 2.1 time: 0.028841
Oct 21 10:45:37.610526 n-d-861871-3 devstack@n-api.service[126101]: [pid: 126101|app: 0|req: 169/340] 10.222.0.26 () {58 vars in 1143 bytes} [Fri Oct 21 10:45:37 2022] GET /compute/v2.1/os-aggregates => generated 230 bytes in 35 msecs (HTTP/1.1 200) 9 headers in 357 bytes (2 switches on core 0)
Oct 21 10:45:37.622392 n-d-861871-3 devstack@n-api.service[126101]: DEBUG nova.api.openstack.wsgi [None req-f18c2b4c-99db-4c39-b432-9bfbe8e6aabc tempest-AggregatesAdminTestJSON-2077463621 tempest-AggregatesAdminTestJSON-2077463621-project-admin] Calling method '>' {{(pid=126101) _process_stack /opt/stack/nova/nova/api/openstack/wsgi.py:513}}
Oct 21 10:45:37.629619 n-d-861871-3 devstack@n-api.service[126101]: /usr/local/lib/python3.8/dist-packages/oslo_policy/policy.py:1119: UserWarning: Policy "os_compute_api:os-aggregates:delete": "rule:context_is_admin" failed scope check. The token used to make the request was project scoped but the policy requires ['system'] scope. This behavior may change in the future where using the intended scope is required
Oct 21 10:45:37.629619 n-d-861871-3 devstack@n-api.service[126101]: warnings.warn(msg)
Oct 21 10:45:37.750853 n-d-861871-3 devstack@n-api.service[126101]: INFO nova.api.openstack.requestlog [None req-f18c2b4c-99db-4c39-b432-9bfbe8e6aabc tempest-AggregatesAdminTestJSON-2077463621 tempest-AggregatesAdminTestJSON-2077463621-project-admin] 10.222.0.26 "DELETE /compute/v2.1/os-aggregates/17" status: 200 len: 0 microversion: 2.1 time: 0.130611
Oct 21 10:45:37.753505 n-d-861871-3 devstack@n-api.service[126101]: [pid: 126101|app: 0|req: 170/341] 10.222.0.26 () {58 vars in 1155 bytes} [Fri Oct 21 10:45:37 2022] DELETE /compute/v2.1/os-aggregates/17 => generated 0 bytes in 135 msecs (HTTP/1.1 200) 9 headers in 355 bytes (1 switches on core 0)
Oct 21 10:45:37.765379 n-d-861871-3 devstack@n-api.service[126101]: DEBUG nova.api.openstack.wsgi [None req-d692ee8e-ccf3-4347-91ae-cc6eb72b1779 tempest-AggregatesAdminTestJSON-390334486 tempest-AggregatesAdminTestJSON-390334486-project] Calling method '>' {{(pid=126101) _process_stack /opt/stack/nova/nova/api/openstack/wsgi.py:513}}
Oct 21 10:45:37.771030 n-d-861871-3 devstack@n-api.service[126101]: DEBUG nova.compute.api [None req-d692ee8e-ccf3-4347-91ae-cc6eb72b1779 tempest-AggregatesAdminTestJSON-390334486 tempest-AggregatesAdminTestJSON-390334486-project] [instance: aeaf47ea-4308-4321-ae61-28ecc4d84f3c] Fetching instance by UUID {{(pid=126101) get /opt/stack/nova/nova/compute/api.py:2918}}
Oct 21 10:45:37.793533 n-d-861871-3 devstack@n-api.service[126101]: DEBUG oslo_concurrency.lockutils [None req-d692ee8e-ccf3-4347-91ae-cc6eb72b1779 tempest-AggregatesAdminTestJSON-390334486 tempest-AggregatesAdminTestJSON-390334486-project] Lock "796994b1-e134-4773-b03b-91e59b8a4be4" acquired by "nova.context.set_target_cell..get_or_set_cached_cell_and_set_connections" :: waited 0.000s {{(pid=126101) inner /usr/local/lib/python3.8/dist-packages/oslo_concurrency/lockutils.py:386}}
Oct 21 10:45:37.796745 n-d-861871-3 devstack@n-api.service[126101]: DEBUG oslo_concurrency.lockutils [None req-d692ee8e-ccf3-4347-91ae-cc6eb72b1779 tempest-AggregatesAdminTestJSON-390334486 tempest-AggregatesAdminTestJSON-390334486-project] Lock "796994b1-e134-4773-b03b-91e59b8a4be4" "released" by "nova.context.set_target_cell..get_or_set_cached_cell_and_set_connections" :: held 0.001s {{(pid=126101) inner /usr/local/lib/python3.8/dist-packages/oslo_concurrency/lockutils.py:400}}
Oct 21 10:45:37.800531 n-d-861871-3 devstack@n-api.service[126101]: DEBUG oslo_concurrency.lockutils [None req-d692ee8e-ccf3-4347-91ae-cc6eb72b1779 tempest-AggregatesAdminTestJSON-390334486 tempest-AggregatesAdminTestJSON-390334486-project] Lock "796994b1-e134-4773-b03b-91e59b8a4be4" acquired by "nova.context.set_target_cell..get_or_set_cached_cell_and_set_connections" :: waited 0.000s {{(pid=126101) inner /usr/local/lib/python3.8/dist-packages/oslo_concurrency/lockutils.py:386}}
Oct 21 10:45:37.800531 n-d-861871-3 devstack@n-api.service[126101]: DEBUG oslo_concurrency.lockutils [None req-d692ee8e-ccf3-4347-91ae-cc6eb72b1779 tempest-AggregatesAdminTestJSON-390334486 tempest-AggregatesAdminTestJSON-390334486-project] Lock "796994b1-e134-4773-b03b-91e59b8a4be4" "released" by "nova.context.set_target_cell..get_or_set_cached_cell_and_set_connections" :: held 0.000s {{(pid=126101) inner /usr/local/lib/python3.8/dist-packages/oslo_concurrency/lockutils.py:400}}
Oct 21 10:45:37.830004 n-d-861871-3 devstack@n-api.service[126101]: INFO nova.api.openstack.wsgi [None req-d692ee8e-ccf3-4347-91ae-cc6eb72b1779 tempest-AggregatesAdminTestJSON-390334486 tempest-AggregatesAdminTestJSON-390334486-project] HTTP exception thrown: Instance aeaf47ea-4308-4321-ae61-28ecc4d84f3c could not be found.
Oct 21 10:45:37.830888 n-d-861871-3 devstack@n-api.service[126101]: DEBUG nova.api.openstack.wsgi [None req-d692ee8e-ccf3-4347-91ae-cc6eb72b1779 tempest-AggregatesAdminTestJSON-390334486 tempest-AggregatesAdminTestJSON-390334486-project] Returning 404 to user: Instance aeaf47ea-4308-4321-ae61-28ecc4d84f3c could not be found. {{(pid=126101) __call__ /opt/stack/nova/nova/api/openstack/wsgi.py:936}}
Oct 21 10:45:37.834995 n-d-861871-3 devstack@n-api.service[126101]: INFO nova.api.openstack.requestlog [None req-d692ee8e-ccf3-4347-91ae-cc6eb72b1779 tempest-AggregatesAdminTestJSON-390334486 tempest-AggregatesAdminTestJSON-390334486-project] 10.222.0.26 "DELETE /compute/v2.1/servers/aeaf47ea-4308-4321-ae61-28ecc4d84f3c" status: 404 len: 111 microversion: 2.1 time: 0.074524
Oct 21 10:45:37.837283 n-d-861871-3 devstack@n-api.service[126101]: [pid: 126101|app: 0|req: 171/342] 10.222.0.26 () {58 vars in 1239 bytes} [Fri Oct 21 10:45:37 2022] DELETE /compute/v2.1/servers/aeaf47ea-4308-4321-ae61-28ecc4d84f3c => generated 111 bytes in 78 msecs (HTTP/1.1 404) 9 headers in 379 bytes (1 switches on core 0)
Oct 21 10:45:37.840795 n-d-861871-3 devstack@n-api.service[126100]: DEBUG nova.policy [None req-e78cdd0b-7b29-4966-a378-9636f9136d42 tempest-MigrationsAdminTest-1320684963 tempest-MigrationsAdminTest-1320684963-project] Policy check for os_compute_api:os-extended-server-attributes failed with credentials {'is_admin': False, 'user_id': '15b970c6cb2a40d5b0a53a249f1e8e93', 'user_domain_id': 'default', 'system_scope': None, 'domain_id': None, 'project_id': 'b6b40dbb360f46e4ad419314d25f5f59', 'project_domain_id': 'default', 'roles': ['member', 'reader'], 'is_admin_project': True, 'service_user_id': None, 'service_user_domain_id': None, 'service_project_id': None, 'service_project_domain_id': None, 'service_roles': []} {{(pid=126100) authorize /opt/stack/nova/nova/policy.py:199}}
Oct 21 10:45:37.847115 n-d-861871-3 devstack@n-api.service[126101]: DEBUG nova.api.openstack.wsgi [None req-9125bd1e-7c54-4fa1-868b-5a192d5fb4d1 tempest-AggregatesAdminTestJSON-390334486 tempest-AggregatesAdminTestJSON-390334486-project] Calling method '>' {{(pid=126101) _process_stack /opt/stack/nova/nova/api/openstack/wsgi.py:513}}
Oct 21 10:45:37.847911 n-d-861871-3 devstack@n-api.service[126101]: DEBUG nova.compute.api [None req-9125bd1e-7c54-4fa1-868b-5a192d5fb4d1 tempest-AggregatesAdminTestJSON-390334486 tempest-AggregatesAdminTestJSON-390334486-project] [instance: aeaf47ea-4308-4321-ae61-28ecc4d84f3c] Fetching instance by UUID {{(pid=126101) get /opt/stack/nova/nova/compute/api.py:2918}}
Oct 21 10:45:37.850305 n-d-861871-3 devstack@n-api.service[126100]: INFO nova.api.openstack.requestlog [None req-e78cdd0b-7b29-4966-a378-9636f9136d42 tempest-MigrationsAdminTest-1320684963 tempest-MigrationsAdminTest-1320684963-project] 10.222.0.26 "GET /compute/v2.1/servers/03677b29-af64-4fb2-aaa7-c9bc8408bacc" status: 200 len: 1313 microversion: 2.1 time: 0.329177
Oct 21 10:45:37.850949 n-d-861871-3 devstack@n-api.service[126100]: [pid: 126100|app: 0|req: 172/343] 10.222.0.26 () {58 vars in 1236 bytes} [Fri Oct 21 10:45:37 2022] GET /compute/v2.1/servers/03677b29-af64-4fb2-aaa7-c9bc8408bacc => generated 1313 bytes in 331 msecs (HTTP/1.1 200) 9 headers in 358 bytes (1 switches on core 0)
Oct 21 10:45:37.854613 n-d-861871-3 devstack@n-api.service[126101]: DEBUG oslo_concurrency.lockutils [None req-9125bd1e-7c54-4fa1-868b-5a192d5fb4d1 tempest-AggregatesAdminTestJSON-390334486 tempest-AggregatesAdminTestJSON-390334486-project] Lock "796994b1-e134-4773-b03b-91e59b8a4be4" acquired by "nova.context.set_target_cell..get_or_set_cached_cell_and_set_connections" :: waited 0.000s {{(pid=126101) inner /usr/local/lib/python3.8/dist-packages/oslo_concurrency/lockutils.py:386}}
Oct 21 10:45:37.855620 n-d-861871-3 devstack@n-api.service[126101]: DEBUG oslo_concurrency.lockutils [None req-9125bd1e-7c54-4fa1-868b-5a192d5fb4d1 tempest-AggregatesAdminTestJSON-390334486 tempest-AggregatesAdminTestJSON-390334486-project] Lock "796994b1-e134-4773-b03b-91e59b8a4be4" "released" by "nova.context.set_target_cell..get_or_set_cached_cell_and_set_connections" :: held 0.001s {{(pid=126101) inner /usr/local/lib/python3.8/dist-packages/oslo_concurrency/lockutils.py:400}}
Oct 21 10:45:37.856407 n-d-861871-3 devstack@n-api.service[126101]: DEBUG oslo_concurrency.lockutils [None req-9125bd1e-7c54-4fa1-868b-5a192d5fb4d1 tempest-AggregatesAdminTestJSON-390334486 tempest-AggregatesAdminTestJSON-390334486-project] Lock "796994b1-e134-4773-b03b-91e59b8a4be4" acquired by "nova.context.set_target_cell..get_or_set_cached_cell_and_set_connections" :: waited 0.000s {{(pid=126101) inner /usr/local/lib/python3.8/dist-packages/oslo_concurrency/lockutils.py:386}}
Oct 21 10:45:37.865889 n-d-861871-3 devstack@n-api.service[126101]: DEBUG oslo_concurrency.lockutils [None req-9125bd1e-7c54-4fa1-868b-5a192d5fb4d1 tempest-AggregatesAdminTestJSON-390334486 tempest-AggregatesAdminTestJSON-390334486-project] Lock "796994b1-e134-4773-b03b-91e59b8a4be4" "released" by "nova.context.set_target_cell..get_or_set_cached_cell_and_set_connections" :: held 0.000s {{(pid=126101) inner /usr/local/lib/python3.8/dist-packages/oslo_concurrency/lockutils.py:400}}
Oct 21 10:45:37.885362 n-d-861871-3 devstack@n-api.service[126101]: INFO nova.api.openstack.wsgi [None req-9125bd1e-7c54-4fa1-868b-5a192d5fb4d1 tempest-AggregatesAdminTestJSON-390334486 tempest-AggregatesAdminTestJSON-390334486-project] HTTP exception thrown: Instance aeaf47ea-4308-4321-ae61-28ecc4d84f3c could not be found.
Oct 21 10:45:37.886062 n-d-861871-3 devstack@n-api.service[126101]: DEBUG nova.api.openstack.wsgi [None req-9125bd1e-7c54-4fa1-868b-5a192d5fb4d1 tempest-AggregatesAdminTestJSON-390334486 tempest-AggregatesAdminTestJSON-390334486-project] Returning 404 to user: Instance aeaf47ea-4308-4321-ae61-28ecc4d84f3c could not be found. {{(pid=126101) __call__ /opt/stack/nova/nova/api/openstack/wsgi.py:936}}
Oct 21 10:45:37.887014 n-d-861871-3 devstack@n-api.service[126101]: INFO nova.api.openstack.requestlog [None req-9125bd1e-7c54-4fa1-868b-5a192d5fb4d1 tempest-AggregatesAdminTestJSON-390334486 tempest-AggregatesAdminTestJSON-390334486-project] 10.222.0.26 "GET /compute/v2.1/servers/aeaf47ea-4308-4321-ae61-28ecc4d84f3c" status: 404 len: 111 microversion: 2.1 time: 0.044454
Oct 21 10:45:37.887594 n-d-861871-3 devstack@n-api.service[126101]: [pid: 126101|app: 0|req: 172/344] 10.222.0.26 () {58 vars in 1236 bytes} [Fri Oct 21 10:45:37 2022] GET /compute/v2.1/servers/aeaf47ea-4308-4321-ae61-28ecc4d84f3c => generated 111 bytes in 47 msecs (HTTP/1.1 404) 9 headers in 379 bytes (2 switches on core 0)
Oct 21 10:45:38.072867 n-d-861871-3 devstack@n-api.service[126100]: DEBUG nova.api.openstack.wsgi [req-eb66ad49-f735-4487-bab5-816c69fd96da req-75d92b8c-7d44-4c2a-ac24-9da7c2b877ab service nova] Action: 'create', calling method: >, body: {"events": [{"server_uuid": "d812a37b-53ef-4e7b-9aeb-be2e208ea6ca", "name": "network-vif-plugged", "status": "completed", "tag": "727eb5fd-4937-49c3-be9a-7498269a226f"}]} {{(pid=126100) _process_stack /opt/stack/nova/nova/api/openstack/wsgi.py:511}}
Oct 21 10:45:38.082816 n-d-861871-3 devstack@n-api.service[126100]: DEBUG oslo_concurrency.lockutils [req-eb66ad49-f735-4487-bab5-816c69fd96da req-75d92b8c-7d44-4c2a-ac24-9da7c2b877ab service nova] Lock "796994b1-e134-4773-b03b-91e59b8a4be4" acquired by "nova.context.set_target_cell..get_or_set_cached_cell_and_set_connections" :: waited 0.000s {{(pid=126100) inner /usr/local/lib/python3.8/dist-packages/oslo_concurrency/lockutils.py:386}}
Oct 21 10:45:38.083287 n-d-861871-3 devstack@n-api.service[126100]: DEBUG oslo_concurrency.lockutils [req-eb66ad49-f735-4487-bab5-816c69fd96da req-75d92b8c-7d44-4c2a-ac24-9da7c2b877ab service nova] Lock "796994b1-e134-4773-b03b-91e59b8a4be4" "released" by "nova.context.set_target_cell..get_or_set_cached_cell_and_set_connections" :: held 0.001s {{(pid=126100) inner /usr/local/lib/python3.8/dist-packages/oslo_concurrency/lockutils.py:400}}
Oct 21 10:45:38.101812 n-d-861871-3 devstack@n-api.service[126100]: INFO nova.api.openstack.compute.server_external_events [req-eb66ad49-f735-4487-bab5-816c69fd96da req-75d92b8c-7d44-4c2a-ac24-9da7c2b877ab service nova] Creating event network-vif-plugged:727eb5fd-4937-49c3-be9a-7498269a226f for instance d812a37b-53ef-4e7b-9aeb-be2e208ea6ca on n-h1-861871-3
Oct 21 10:45:38.118776 n-d-861871-3 devstack@n-api.service[126100]: INFO nova.api.openstack.requestlog [req-eb66ad49-f735-4487-bab5-816c69fd96da req-75d92b8c-7d44-4c2a-ac24-9da7c2b877ab service nova] 10.222.0.26 "POST /compute/v2.1/os-server-external-events" status: 200 len: 183 microversion: 2.1 time: 0.050053
Oct 21 10:45:38.132840 n-d-861871-3 devstack@n-api.service[126100]: [pid: 126100|app: 0|req: 173/345] 10.222.0.26 () {64 vars in 1317 bytes} [Fri Oct 21 10:45:38 2022] POST /compute/v2.1/os-server-external-events => generated 183 bytes in 61 msecs (HTTP/1.1 200) 9 headers in 357 bytes (1 switches on core 0)
Oct 21 10:45:38.207325 n-d-861871-3 devstack@n-api.service[126101]: DEBUG nova.api.openstack.wsgi [None req-52e9538f-8993-48df-bbdb-f4dee611fb76 tempest-ServerDiagnosticsNegativeTest-93828453 tempest-ServerDiagnosticsNegativeTest-93828453-project] Calling method '>' {{(pid=126101) _process_stack /opt/stack/nova/nova/api/openstack/wsgi.py:513}}
Oct 21 10:45:38.207936 n-d-861871-3 devstack@n-api.service[126101]: DEBUG nova.compute.api [None req-52e9538f-8993-48df-bbdb-f4dee611fb76 tempest-ServerDiagnosticsNegativeTest-93828453 tempest-ServerDiagnosticsNegativeTest-93828453-project] [instance: d812a37b-53ef-4e7b-9aeb-be2e208ea6ca] Fetching instance by UUID {{(pid=126101) get /opt/stack/nova/nova/compute/api.py:2918}}
Oct 21 10:45:38.217960 n-d-861871-3 devstack@n-api.service[126101]: DEBUG oslo_concurrency.lockutils [None req-52e9538f-8993-48df-bbdb-f4dee611fb76 tempest-ServerDiagnosticsNegativeTest-93828453 tempest-ServerDiagnosticsNegativeTest-93828453-project] Lock "796994b1-e134-4773-b03b-91e59b8a4be4" acquired by "nova.context.set_target_cell..get_or_set_cached_cell_and_set_connections" :: waited 0.000s {{(pid=126101) inner /usr/local/lib/python3.8/dist-packages/oslo_concurrency/lockutils.py:386}}
Oct 21 10:45:38.218650 n-d-861871-3 devstack@n-api.service[126101]: DEBUG oslo_concurrency.lockutils [None req-52e9538f-8993-48df-bbdb-f4dee611fb76 tempest-ServerDiagnosticsNegativeTest-93828453 tempest-ServerDiagnosticsNegativeTest-93828453-project] Lock "796994b1-e134-4773-b03b-91e59b8a4be4" "released" by "nova.context.set_target_cell..get_or_set_cached_cell_and_set_connections" :: held 0.001s {{(pid=126101) inner /usr/local/lib/python3.8/dist-packages/oslo_concurrency/lockutils.py:400}}
Oct 21 10:45:38.220802 n-d-861871-3 devstack@n-api.service[126101]: DEBUG oslo_concurrency.lockutils [None req-52e9538f-8993-48df-bbdb-f4dee611fb76 tempest-ServerDiagnosticsNegativeTest-93828453 tempest-ServerDiagnosticsNegativeTest-93828453-project] Lock "796994b1-e134-4773-b03b-91e59b8a4be4" acquired by "nova.context.set_target_cell..get_or_set_cached_cell_and_set_connections" :: waited 0.000s {{(pid=126101) inner /usr/local/lib/python3.8/dist-packages/oslo_concurrency/lockutils.py:386}}
Oct 21 10:45:38.223467 n-d-861871-3 devstack@n-api.service[126100]: DEBUG nova.api.openstack.wsgi [None req-7112a1ba-361a-4ff4-8117-eaaa0320c7ee tempest-DeleteServersAdminTestJSON-1642563505 tempest-DeleteServersAdminTestJSON-1642563505-project] Calling method '>' {{(pid=126100) _process_stack /opt/stack/nova/nova/api/openstack/wsgi.py:513}}
Oct 21 10:45:38.224216 n-d-861871-3 devstack@n-api.service[126101]: DEBUG oslo_concurrency.lockutils [None req-52e9538f-8993-48df-bbdb-f4dee611fb76 tempest-ServerDiagnosticsNegativeTest-93828453 tempest-ServerDiagnosticsNegativeTest-93828453-project] Lock "796994b1-e134-4773-b03b-91e59b8a4be4" "released" by "nova.context.set_target_cell..get_or_set_cached_cell_and_set_connections" :: held 0.004s {{(pid=126101) inner /usr/local/lib/python3.8/dist-packages/oslo_concurrency/lockutils.py:400}}
Oct 21 10:45:38.224362 n-d-861871-3 devstack@n-api.service[126100]: DEBUG nova.compute.api [None req-7112a1ba-361a-4ff4-8117-eaaa0320c7ee tempest-DeleteServersAdminTestJSON-1642563505 tempest-DeleteServersAdminTestJSON-1642563505-project] [instance: c6f76bf3-f527-4567-a6e4-64d546c17631] Fetching instance by UUID {{(pid=126100) get /opt/stack/nova/nova/compute/api.py:2918}}
Oct 21 10:45:38.236399 n-d-861871-3 devstack@n-api.service[126100]: DEBUG oslo_concurrency.lockutils [None req-7112a1ba-361a-4ff4-8117-eaaa0320c7ee tempest-DeleteServersAdminTestJSON-1642563505 tempest-DeleteServersAdminTestJSON-1642563505-project] Lock "796994b1-e134-4773-b03b-91e59b8a4be4" acquired by "nova.context.set_target_cell..get_or_set_cached_cell_and_set_connections" :: waited 0.001s {{(pid=126100) inner /usr/local/lib/python3.8/dist-packages/oslo_concurrency/lockutils.py:386}}
Oct 21 10:45:38.236853 n-d-861871-3 devstack@n-api.service[126100]: DEBUG oslo_concurrency.lockutils [None req-7112a1ba-361a-4ff4-8117-eaaa0320c7ee tempest-DeleteServersAdminTestJSON-1642563505 tempest-DeleteServersAdminTestJSON-1642563505-project] Lock "796994b1-e134-4773-b03b-91e59b8a4be4" "released" by "nova.context.set_target_cell..get_or_set_cached_cell_and_set_connections" :: held 0.001s {{(pid=126100) inner /usr/local/lib/python3.8/dist-packages/oslo_concurrency/lockutils.py:400}}
