Oct 17 07:17:44.955373 n-d-861357-3 devstack@placement-api.service[106057]: DEBUG placement.requestlog [req-97cf9597-cc79-4b2e-849d-559f999a526e req-f7554a51-1f27-428e-9a30-8a3e1a48f429 None None] Starting request: 10.222.0.42 "GET /placement/allocations/65163837-0812-4f3c-b545-bf64a25f780d" {{(pid=106057) __call__ /opt/stack/placement/placement/requestlog.py:55}}
Oct 17 07:17:44.969886 n-d-861357-3 devstack@placement-api.service[106057]: INFO placement.requestlog [req-97cf9597-cc79-4b2e-849d-559f999a526e req-f7554a51-1f27-428e-9a30-8a3e1a48f429 service placement] 10.222.0.42 "GET /placement/allocations/65163837-0812-4f3c-b545-bf64a25f780d" status: 200 len: 19 microversion: 1.28
Oct 17 07:17:44.976678 n-d-861357-3 devstack@placement-api.service[106057]: [pid: 106057|app: 0|req: 33/60] 10.222.0.42 () {60 vars in 1380 bytes} [Mon Oct 17 07:17:44 2022] GET /placement/allocations/65163837-0812-4f3c-b545-bf64a25f780d => generated 19 bytes in 21 msecs (HTTP/1.1 200) 8 headers in 295 bytes (1 switches on core 0)
Oct 17 07:17:44.977132 n-d-861357-3 devstack@placement-api.service[106058]: DEBUG placement.requestlog [req-97cf9597-cc79-4b2e-849d-559f999a526e req-93755d40-0b3e-41fb-8896-d3b0c70f4a19 None None] Starting request: 10.222.0.42 "PUT /placement/allocations/65163837-0812-4f3c-b545-bf64a25f780d" {{(pid=106058) __call__ /opt/stack/placement/placement/requestlog.py:55}}
Oct 17 07:17:45.111716 n-d-861357-3 devstack@placement-api.service[106058]: DEBUG placement.handlers.allocation [req-97cf9597-cc79-4b2e-849d-559f999a526e req-93755d40-0b3e-41fb-8896-d3b0c70f4a19 service placement] Successfully wrote allocations [, , ] {{(pid=106058) _update_consumers_and_create_allocations /opt/stack/placement/placement/handlers/allocation.py:462}}
Oct 17 07:17:45.121238 n-d-861357-3 devstack@placement-api.service[106058]: INFO placement.requestlog [req-97cf9597-cc79-4b2e-849d-559f999a526e req-93755d40-0b3e-41fb-8896-d3b0c70f4a19 service placement] 10.222.0.42 "PUT /placement/allocations/65163837-0812-4f3c-b545-bf64a25f780d" status: 204 len: 0 microversion: 1.36
Oct 17 07:17:45.121700 n-d-861357-3 devstack@placement-api.service[106058]: [pid: 106058|app: 0|req: 28/61] 10.222.0.42 () {64 vars in 1433 bytes} [Mon Oct 17 07:17:44 2022] PUT /placement/allocations/65163837-0812-4f3c-b545-bf64a25f780d => generated 0 bytes in 145 msecs (HTTP/1.1 204) 5 headers in 199 bytes (2 switches on core 0)
Oct 17 07:17:45.666316 n-d-861357-3 devstack@placement-api.service[106057]: DEBUG placement.requestlog [req-97cf9597-cc79-4b2e-849d-559f999a526e req-1fb2b72e-2247-4300-a8cd-6bac88030b1c None None] Starting request: 10.222.0.27 "GET /placement/allocations/65163837-0812-4f3c-b545-bf64a25f780d" {{(pid=106057) __call__ /opt/stack/placement/placement/requestlog.py:55}}
Oct 17 07:17:45.697009 n-d-861357-3 devstack@placement-api.service[106057]: INFO placement.requestlog [req-97cf9597-cc79-4b2e-849d-559f999a526e req-1fb2b72e-2247-4300-a8cd-6bac88030b1c service placement] 10.222.0.27 "GET /placement/allocations/65163837-0812-4f3c-b545-bf64a25f780d" status: 200 len: 258 microversion: 1.28
Oct 17 07:17:45.697718 n-d-861357-3 devstack@placement-api.service[106057]: [pid: 106057|app: 0|req: 34/62] 10.222.0.27 () {60 vars in 1377 bytes} [Mon Oct 17 07:17:45 2022] GET /placement/allocations/65163837-0812-4f3c-b545-bf64a25f780d => generated 258 bytes in 32 msecs (HTTP/1.1 200) 8 headers in 296 bytes (1 switches on core 0)
Oct 17 07:17:45.982957 n-d-861357-3 devstack@placement-api.service[106058]: DEBUG placement.requestlog [req-97cf9597-cc79-4b2e-849d-559f999a526e req-57c045d6-9efe-4884-9e12-2e7df32d1df1 None None] Starting request: 10.222.0.27 "GET /placement/resource_providers/3117f9ac-85aa-4dc9-a353-83becc6822c2/allocations" {{(pid=106058) __call__ /opt/stack/placement/placement/requestlog.py:55}}
Oct 17 07:17:46.026426 n-d-861357-3 devstack@placement-api.service[106058]: INFO placement.requestlog [req-97cf9597-cc79-4b2e-849d-559f999a526e req-57c045d6-9efe-4884-9e12-2e7df32d1df1 service placement] 10.222.0.27 "GET /placement/resource_providers/3117f9ac-85aa-4dc9-a353-83becc6822c2/allocations" status: 200 len: 254 microversion: 1.0
Oct 17 07:17:46.029251 n-d-861357-3 devstack@placement-api.service[106058]: [pid: 106058|app: 0|req: 29/63] 10.222.0.27 () {58 vars in 1390 bytes} [Mon Oct 17 07:17:45 2022] GET /placement/resource_providers/3117f9ac-85aa-4dc9-a353-83becc6822c2/allocations => generated 254 bytes in 46 msecs (HTTP/1.1 200) 6 headers in 224 bytes (1 switches on core 0)
Oct 17 07:17:46.042104 n-d-861357-3 devstack@placement-api.service[106057]: DEBUG placement.requestlog [req-97cf9597-cc79-4b2e-849d-559f999a526e req-2645a8d2-3114-4e0a-b67e-8131dad857b9 None None] Starting request: 10.222.0.27 "GET /placement/allocations/c2b49d63-45ad-4b4d-9e0c-f615566c11b2" {{(pid=106057) __call__ /opt/stack/placement/placement/requestlog.py:55}}
Oct 17 07:17:46.071440 n-d-861357-3 devstack@placement-api.service[106057]: INFO placement.requestlog [req-97cf9597-cc79-4b2e-849d-559f999a526e req-2645a8d2-3114-4e0a-b67e-8131dad857b9 service placement] 10.222.0.27 "GET /placement/allocations/c2b49d63-45ad-4b4d-9e0c-f615566c11b2" status: 200 len: 258 microversion: 1.28
Oct 17 07:17:46.074736 n-d-861357-3 devstack@placement-api.service[106057]: [pid: 106057|app: 0|req: 35/64] 10.222.0.27 () {60 vars in 1377 bytes} [Mon Oct 17 07:17:46 2022] GET /placement/allocations/c2b49d63-45ad-4b4d-9e0c-f615566c11b2 => generated 258 bytes in 33 msecs (HTTP/1.1 200) 8 headers in 296 bytes (1 switches on core 0)
Oct 17 07:17:46.084400 n-d-861357-3 devstack@placement-api.service[106058]: DEBUG placement.requestlog [req-97cf9597-cc79-4b2e-849d-559f999a526e req-5e29a77c-d5aa-4790-8d0c-92d545516d98 None None] Starting request: 10.222.0.27 "GET /placement/allocations/65163837-0812-4f3c-b545-bf64a25f780d" {{(pid=106058) __call__ /opt/stack/placement/placement/requestlog.py:55}}
Oct 17 07:17:46.116160 n-d-861357-3 devstack@placement-api.service[106058]: INFO placement.requestlog [req-97cf9597-cc79-4b2e-849d-559f999a526e req-5e29a77c-d5aa-4790-8d0c-92d545516d98 service placement] 10.222.0.27 "GET /placement/allocations/65163837-0812-4f3c-b545-bf64a25f780d" status: 200 len: 258 microversion: 1.28
Oct 17 07:17:46.117257 n-d-861357-3 devstack@placement-api.service[106058]: [pid: 106058|app: 0|req: 30/65] 10.222.0.27 () {60 vars in 1377 bytes} [Mon Oct 17 07:17:46 2022] GET /placement/allocations/65163837-0812-4f3c-b545-bf64a25f780d => generated 258 bytes in 35 msecs (HTTP/1.1 200) 8 headers in 296 bytes (1 switches on core 0)
Oct 17 07:17:56.065335 n-d-861357-3 devstack@placement-api.service[106057]: DEBUG dbcounter [-] [106057] Writing DB stats placement:SELECT=10 {{(pid=106057) stat_writer /usr/local/lib/python3.8/dist-packages/dbcounter.py:114}}
Oct 17 07:17:56.105349 n-d-861357-3 devstack@placement-api.service[106058]: DEBUG dbcounter [-] [106058] Writing DB stats placement:SELECT=37,placement:INSERT=6,placement:DELETE=2,placement:UPDATE=2 {{(pid=106058) stat_writer /usr/local/lib/python3.8/dist-packages/dbcounter.py:114}}
Oct 17 07:17:57.302760 n-d-861357-3 devstack@placement-api.service[106057]: DEBUG placement.requestlog [req-cf9c581a-ef4f-41ba-90c5-1a5396d5815f req-511774cb-7f85-4e70-adf8-f40cda3a03b1 None None] Starting request: 10.222.0.27 "GET /placement/resource_providers/3117f9ac-85aa-4dc9-a353-83becc6822c2/allocations" {{(pid=106057) __call__ /opt/stack/placement/placement/requestlog.py:55}}
Oct 17 07:17:57.376397 n-d-861357-3 devstack@placement-api.service[106057]: INFO placement.requestlog [req-cf9c581a-ef4f-41ba-90c5-1a5396d5815f req-511774cb-7f85-4e70-adf8-f40cda3a03b1 service placement] 10.222.0.27 "GET /placement/resource_providers/3117f9ac-85aa-4dc9-a353-83becc6822c2/allocations" status: 200 len: 254 microversion: 1.0
Oct 17 07:17:57.377126 n-d-861357-3 devstack@placement-api.service[106057]: [pid: 106057|app: 0|req: 36/66] 10.222.0.27 () {58 vars in 1390 bytes} [Mon Oct 17 07:17:57 2022] GET /placement/resource_providers/3117f9ac-85aa-4dc9-a353-83becc6822c2/allocations => generated 254 bytes in 74 msecs (HTTP/1.1 200) 6 headers in 224 bytes (1 switches on core 0)
Oct 17 07:17:57.388623 n-d-861357-3 devstack@placement-api.service[106058]: DEBUG placement.requestlog [req-cf9c581a-ef4f-41ba-90c5-1a5396d5815f req-d502d437-d17a-4d53-9396-c66ba9547ced None None] Starting request: 10.222.0.27 "GET /placement/allocations/c2b49d63-45ad-4b4d-9e0c-f615566c11b2" {{(pid=106058) __call__ /opt/stack/placement/placement/requestlog.py:55}}
Oct 17 07:17:57.434945 n-d-861357-3 devstack@placement-api.service[106058]: INFO placement.requestlog [req-cf9c581a-ef4f-41ba-90c5-1a5396d5815f req-d502d437-d17a-4d53-9396-c66ba9547ced service placement] 10.222.0.27 "GET /placement/allocations/c2b49d63-45ad-4b4d-9e0c-f615566c11b2" status: 200 len: 258 microversion: 1.28
Oct 17 07:17:57.439000 n-d-861357-3 devstack@placement-api.service[106058]: [pid: 106058|app: 0|req: 31/67] 10.222.0.27 () {60 vars in 1377 bytes} [Mon Oct 17 07:17:57 2022] GET /placement/allocations/c2b49d63-45ad-4b4d-9e0c-f615566c11b2 => generated 258 bytes in 51 msecs (HTTP/1.1 200) 8 headers in 296 bytes (1 switches on core 0)
Oct 17 07:17:57.449421 n-d-861357-3 devstack@placement-api.service[106057]: DEBUG placement.requestlog [req-cf9c581a-ef4f-41ba-90c5-1a5396d5815f req-4891684e-4fba-42e3-baa1-2798340859fc None None] Starting request: 10.222.0.27 "GET /placement/allocations/65163837-0812-4f3c-b545-bf64a25f780d" {{(pid=106057) __call__ /opt/stack/placement/placement/requestlog.py:55}}
Oct 17 07:17:57.481239 n-d-861357-3 devstack@placement-api.service[106057]: INFO placement.requestlog [req-cf9c581a-ef4f-41ba-90c5-1a5396d5815f req-4891684e-4fba-42e3-baa1-2798340859fc service placement] 10.222.0.27 "GET /placement/allocations/65163837-0812-4f3c-b545-bf64a25f780d" status: 200 len: 258 microversion: 1.28
Oct 17 07:17:57.483655 n-d-861357-3 devstack@placement-api.service[106057]: [pid: 106057|app: 0|req: 37/68] 10.222.0.27 () {60 vars in 1377 bytes} [Mon Oct 17 07:17:57 2022] GET /placement/allocations/65163837-0812-4f3c-b545-bf64a25f780d => generated 258 bytes in 34 msecs (HTTP/1.1 200) 8 headers in 296 bytes (1 switches on core 0)
Oct 17 07:17:57.758939 n-d-861357-3 devstack@placement-api.service[106058]: DEBUG placement.requestlog [req-cf9c581a-ef4f-41ba-90c5-1a5396d5815f req-2154a5d9-47d7-4588-aa0a-9f22bc4418f6 None None] Starting request: 10.222.0.27 "DELETE /placement/allocations/c2b49d63-45ad-4b4d-9e0c-f615566c11b2" {{(pid=106058) __call__ /opt/stack/placement/placement/requestlog.py:55}}
Oct 17 07:17:57.863760 n-d-861357-3 devstack@placement-api.service[106058]: DEBUG placement.handlers.allocation [req-cf9c581a-ef4f-41ba-90c5-1a5396d5815f req-2154a5d9-47d7-4588-aa0a-9f22bc4418f6 service placement] Successfully deleted allocations [, , ] {{(pid=106058) delete_allocations /opt/stack/placement/placement/handlers/allocation.py:627}}
Oct 17 07:17:57.865081 n-d-861357-3 devstack@placement-api.service[106058]: INFO placement.requestlog [req-cf9c581a-ef4f-41ba-90c5-1a5396d5815f req-2154a5d9-47d7-4588-aa0a-9f22bc4418f6 service placement] 10.222.0.27 "DELETE /placement/allocations/c2b49d63-45ad-4b4d-9e0c-f615566c11b2" status: 204 len: 0 microversion: 1.0
Oct 17 07:17:57.866289 n-d-861357-3 devstack@placement-api.service[106058]: [pid: 106058|app: 0|req: 32/69] 10.222.0.27 () {60 vars in 1355 bytes} [Mon Oct 17 07:17:57 2022] DELETE /placement/allocations/c2b49d63-45ad-4b4d-9e0c-f615566c11b2 => generated 0 bytes in 108 msecs (HTTP/1.1 204) 5 headers in 198 bytes (2 switches on core 0)
Oct 17 07:18:00.155502 n-d-861357-3 devstack@placement-api.service[106057]: DEBUG placement.requestlog [req-048bfd22-cdc6-4ed5-adf1-a89a9260d1c3 req-e7c1b8b2-f17f-4375-ab20-fa6ac8ced1e3 None None] Starting request: 10.222.0.42 "GET /placement/allocation_candidates?limit=1000&resources=DISK_GB%3A1%2CMEMORY_MB%3A1024%2CVCPU%3A1&root_required=%21COMPUTE_STATUS_DISABLED" {{(pid=106057) __call__ /opt/stack/placement/placement/requestlog.py:55}}
Oct 17 07:18:00.315133 n-d-861357-3 devstack@placement-api.service[106057]: DEBUG placement.objects.research_context [req-048bfd22-cdc6-4ed5-adf1-a89a9260d1c3 req-e7c1b8b2-f17f-4375-ab20-fa6ac8ced1e3 service placement] getting providers with 1 DISK_GB {{(pid=106057) __init__ /opt/stack/placement/placement/objects/research_context.py:136}}
Oct 17 07:18:00.331759 n-d-861357-3 devstack@placement-api.service[106057]: DEBUG placement.objects.research_context [req-048bfd22-cdc6-4ed5-adf1-a89a9260d1c3 req-e7c1b8b2-f17f-4375-ab20-fa6ac8ced1e3 service placement] getting providers with 1024 MEMORY_MB {{(pid=106057) __init__ /opt/stack/placement/placement/objects/research_context.py:136}}
Oct 17 07:18:00.346654 n-d-861357-3 devstack@placement-api.service[106057]: DEBUG placement.objects.research_context [req-048bfd22-cdc6-4ed5-adf1-a89a9260d1c3 req-e7c1b8b2-f17f-4375-ab20-fa6ac8ced1e3 service placement] getting providers with 1 VCPU {{(pid=106057) __init__ /opt/stack/placement/placement/objects/research_context.py:136}}
Oct 17 07:18:00.359976 n-d-861357-3 devstack@placement-api.service[106057]: DEBUG placement.objects.research_context [req-048bfd22-cdc6-4ed5-adf1-a89a9260d1c3 req-e7c1b8b2-f17f-4375-ab20-fa6ac8ced1e3 service placement] found 2 providers with available 1 DISK_GB {{(pid=106057) get_provider_ids_matching /opt/stack/placement/placement/objects/research_context.py:563}}
Oct 17 07:18:00.360259 n-d-861357-3 devstack@placement-api.service[106057]: DEBUG placement.objects.research_context [req-048bfd22-cdc6-4ed5-adf1-a89a9260d1c3 req-e7c1b8b2-f17f-4375-ab20-fa6ac8ced1e3 service placement] found 2 providers with available 1024 MEMORY_MB {{(pid=106057) get_provider_ids_matching /opt/stack/placement/placement/objects/research_context.py:563}}
Oct 17 07:18:00.360781 n-d-861357-3 devstack@placement-api.service[106057]: DEBUG placement.objects.research_context [req-048bfd22-cdc6-4ed5-adf1-a89a9260d1c3 req-e7c1b8b2-f17f-4375-ab20-fa6ac8ced1e3 service placement] found 2 providers after filtering by previous result {{(pid=106057) get_provider_ids_matching /opt/stack/placement/placement/objects/research_context.py:594}}
Oct 17 07:18:00.361043 n-d-861357-3 devstack@placement-api.service[106057]: DEBUG placement.objects.research_context [req-048bfd22-cdc6-4ed5-adf1-a89a9260d1c3 req-e7c1b8b2-f17f-4375-ab20-fa6ac8ced1e3 service placement] found 2 providers with available 1 VCPU {{(pid=106057) get_provider_ids_matching /opt/stack/placement/placement/objects/research_context.py:563}}
Oct 17 07:18:00.361478 n-d-861357-3 devstack@placement-api.service[106057]: DEBUG placement.objects.research_context [req-048bfd22-cdc6-4ed5-adf1-a89a9260d1c3 req-e7c1b8b2-f17f-4375-ab20-fa6ac8ced1e3 service placement] found 2 providers after filtering by previous result {{(pid=106057) get_provider_ids_matching /opt/stack/placement/placement/objects/research_context.py:594}}
Oct 17 07:18:00.381063 n-d-861357-3 devstack@placement-api.service[106057]: DEBUG placement.objects.allocation_candidate [req-048bfd22-cdc6-4ed5-adf1-a89a9260d1c3 req-e7c1b8b2-f17f-4375-ab20-fa6ac8ced1e3 service placement] RequestGroup(use_same_provider=False, resources={DISK_GB:1, MEMORY_MB:1024, VCPU:1}, traits=(), aggregates=[]) (suffix '') returned 2 matches {{(pid=106057) _get_by_requests /opt/stack/placement/placement/objects/allocation_candidate.py:156}}
Oct 17 07:18:00.381886 n-d-861357-3 devstack@placement-api.service[106057]: DEBUG placement.objects.allocation_candidate [req-048bfd22-cdc6-4ed5-adf1-a89a9260d1c3 req-e7c1b8b2-f17f-4375-ab20-fa6ac8ced1e3 service placement] Merging candidates yields 2 allocation requests and 2 provider summaries {{(pid=106057) _merge_candidates /opt/stack/placement/placement/objects/allocation_candidate.py:809}}
Oct 17 07:18:00.409634 n-d-861357-3 devstack@placement-api.service[106057]: INFO placement.requestlog [req-048bfd22-cdc6-4ed5-adf1-a89a9260d1c3 req-e7c1b8b2-f17f-4375-ab20-fa6ac8ced1e3 service placement] 10.222.0.42 "GET /placement/allocation_candidates?limit=1000&resources=DISK_GB%3A1%2CMEMORY_MB%3A1024%2CVCPU%3A1&root_required=%21COMPUTE_STATUS_DISABLED" status: 200 len: 1309 microversion: 1.36
Oct 17 07:18:00.410229 n-d-861357-3 devstack@placement-api.service[106057]: [pid: 106057|app: 0|req: 38/70] 10.222.0.42 () {60 vars in 1506 bytes} [Mon Oct 17 07:18:00 2022] GET /placement/allocation_candidates?limit=1000&resources=DISK_GB%3A1%2CMEMORY_MB%3A1024%2CVCPU%3A1&root_required=%21COMPUTE_STATUS_DISABLED => generated 1309 bytes in 255 msecs (HTTP/1.1 200) 8 headers in 297 bytes (1 switches on core 0)
Oct 17 07:18:00.572660 n-d-861357-3 devstack@placement-api.service[106058]: DEBUG placement.requestlog [req-048bfd22-cdc6-4ed5-adf1-a89a9260d1c3 req-4eb02e56-f8a9-4173-94ea-06a63c0b4b36 None None] Starting request: 10.222.0.42 "GET /placement/allocations/2bbc6bae-883b-4ee4-a689-a7e914e22c14" {{(pid=106058) __call__ /opt/stack/placement/placement/requestlog.py:55}}
Oct 17 07:18:00.598277 n-d-861357-3 devstack@placement-api.service[106058]: INFO placement.requestlog [req-048bfd22-cdc6-4ed5-adf1-a89a9260d1c3 req-4eb02e56-f8a9-4173-94ea-06a63c0b4b36 service placement] 10.222.0.42 "GET /placement/allocations/2bbc6bae-883b-4ee4-a689-a7e914e22c14" status: 200 len: 19 microversion: 1.28
Oct 17 07:18:00.608886 n-d-861357-3 devstack@placement-api.service[106058]: [pid: 106058|app: 0|req: 33/71] 10.222.0.42 () {60 vars in 1380 bytes} [Mon Oct 17 07:18:00 2022] GET /placement/allocations/2bbc6bae-883b-4ee4-a689-a7e914e22c14 => generated 19 bytes in 36 msecs (HTTP/1.1 200) 8 headers in 295 bytes (1 switches on core 0)
Oct 17 07:18:00.615949 n-d-861357-3 devstack@placement-api.service[106057]: DEBUG placement.requestlog [req-048bfd22-cdc6-4ed5-adf1-a89a9260d1c3 req-34b3a7c1-9486-4f85-a8ac-6758aace2492 None None] Starting request: 10.222.0.42 "PUT /placement/allocations/2bbc6bae-883b-4ee4-a689-a7e914e22c14" {{(pid=106057) __call__ /opt/stack/placement/placement/requestlog.py:55}}
Oct 17 07:18:00.791427 n-d-861357-3 devstack@placement-api.service[106057]: DEBUG placement.handlers.allocation [req-048bfd22-cdc6-4ed5-adf1-a89a9260d1c3 req-34b3a7c1-9486-4f85-a8ac-6758aace2492 service placement] Successfully wrote allocations [, , ] {{(pid=106057) _update_consumers_and_create_allocations /opt/stack/placement/placement/handlers/allocation.py:462}}
Oct 17 07:18:00.803073 n-d-861357-3 devstack@placement-api.service[106057]: INFO placement.requestlog [req-048bfd22-cdc6-4ed5-adf1-a89a9260d1c3 req-34b3a7c1-9486-4f85-a8ac-6758aace2492 service placement] 10.222.0.42 "PUT /placement/allocations/2bbc6bae-883b-4ee4-a689-a7e914e22c14" status: 204 len: 0 microversion: 1.36
Oct 17 07:18:00.803631 n-d-861357-3 devstack@placement-api.service[106057]: [pid: 106057|app: 0|req: 39/72] 10.222.0.42 () {64 vars in 1433 bytes} [Mon Oct 17 07:18:00 2022] PUT /placement/allocations/2bbc6bae-883b-4ee4-a689-a7e914e22c14 => generated 0 bytes in 188 msecs (HTTP/1.1 204) 5 headers in 199 bytes (1 switches on core 0)
Oct 17 07:18:01.487441 n-d-861357-3 devstack@placement-api.service[106058]: DEBUG placement.requestlog [req-048bfd22-cdc6-4ed5-adf1-a89a9260d1c3 req-2bfeeb17-29f3-477e-a18e-7de63ed41747 None None] Starting request: 10.222.0.27 "GET /placement/allocations/2bbc6bae-883b-4ee4-a689-a7e914e22c14" {{(pid=106058) __call__ /opt/stack/placement/placement/requestlog.py:55}}
Oct 17 07:18:01.516154 n-d-861357-3 devstack@placement-api.service[106058]: INFO placement.requestlog [req-048bfd22-cdc6-4ed5-adf1-a89a9260d1c3 req-2bfeeb17-29f3-477e-a18e-7de63ed41747 service placement] 10.222.0.27 "GET /placement/allocations/2bbc6bae-883b-4ee4-a689-a7e914e22c14" status: 200 len: 258 microversion: 1.28
Oct 17 07:18:01.518164 n-d-861357-3 devstack@placement-api.service[106058]: [pid: 106058|app: 0|req: 34/73] 10.222.0.27 () {60 vars in 1377 bytes} [Mon Oct 17 07:18:01 2022] GET /placement/allocations/2bbc6bae-883b-4ee4-a689-a7e914e22c14 => generated 258 bytes in 31 msecs (HTTP/1.1 200) 8 headers in 296 bytes (1 switches on core 0)
Oct 17 07:18:01.809242 n-d-861357-3 devstack@placement-api.service[106057]: DEBUG placement.requestlog [req-048bfd22-cdc6-4ed5-adf1-a89a9260d1c3 req-09f001d4-799a-42dc-af41-68f281fb7499 None None] Starting request: 10.222.0.27 "GET /placement/resource_providers/3117f9ac-85aa-4dc9-a353-83becc6822c2/allocations" {{(pid=106057) __call__ /opt/stack/placement/placement/requestlog.py:55}}
Oct 17 07:18:01.860019 n-d-861357-3 devstack@placement-api.service[106057]: INFO placement.requestlog [req-048bfd22-cdc6-4ed5-adf1-a89a9260d1c3 req-09f001d4-799a-42dc-af41-68f281fb7499 service placement] 10.222.0.27 "GET /placement/resource_providers/3117f9ac-85aa-4dc9-a353-83becc6822c2/allocations" status: 200 len: 254 microversion: 1.0
Oct 17 07:18:01.862101 n-d-861357-3 devstack@placement-api.service[106057]: [pid: 106057|app: 0|req: 40/74] 10.222.0.27 () {58 vars in 1390 bytes} [Mon Oct 17 07:18:01 2022] GET /placement/resource_providers/3117f9ac-85aa-4dc9-a353-83becc6822c2/allocations => generated 254 bytes in 52 msecs (HTTP/1.1 200) 6 headers in 224 bytes (1 switches on core 0)
Oct 17 07:18:01.868459 n-d-861357-3 devstack@placement-api.service[106058]: DEBUG placement.requestlog [req-048bfd22-cdc6-4ed5-adf1-a89a9260d1c3 req-35be608b-8c0b-429c-a7ac-07b203e9924a None None] Starting request: 10.222.0.27 "GET /placement/allocations/65163837-0812-4f3c-b545-bf64a25f780d" {{(pid=106058) __call__ /opt/stack/placement/placement/requestlog.py:55}}
Oct 17 07:18:01.898509 n-d-861357-3 devstack@placement-api.service[106058]: INFO placement.requestlog [req-048bfd22-cdc6-4ed5-adf1-a89a9260d1c3 req-35be608b-8c0b-429c-a7ac-07b203e9924a service placement] 10.222.0.27 "GET /placement/allocations/65163837-0812-4f3c-b545-bf64a25f780d" status: 200 len: 258 microversion: 1.28
Oct 17 07:18:01.901316 n-d-861357-3 devstack@placement-api.service[106058]: [pid: 106058|app: 0|req: 35/75] 10.222.0.27 () {60 vars in 1377 bytes} [Mon Oct 17 07:18:01 2022] GET /placement/allocations/65163837-0812-4f3c-b545-bf64a25f780d => generated 258 bytes in 33 msecs (HTTP/1.1 200) 8 headers in 296 bytes (1 switches on core 0)
Oct 17 07:18:01.910919 n-d-861357-3 devstack@placement-api.service[106057]: DEBUG placement.requestlog [req-048bfd22-cdc6-4ed5-adf1-a89a9260d1c3 req-fdc9035d-8561-461b-ad7e-fc5ce1e72b0a None None] Starting request: 10.222.0.27 "GET /placement/allocations/2bbc6bae-883b-4ee4-a689-a7e914e22c14" {{(pid=106057) __call__ /opt/stack/placement/placement/requestlog.py:55}}
Oct 17 07:18:01.945581 n-d-861357-3 devstack@placement-api.service[106057]: INFO placement.requestlog [req-048bfd22-cdc6-4ed5-adf1-a89a9260d1c3 req-fdc9035d-8561-461b-ad7e-fc5ce1e72b0a service placement] 10.222.0.27 "GET /placement/allocations/2bbc6bae-883b-4ee4-a689-a7e914e22c14" status: 200 len: 258 microversion: 1.28
Oct 17 07:18:01.945976 n-d-861357-3 devstack@placement-api.service[106057]: [pid: 106057|app: 0|req: 41/76] 10.222.0.27 () {60 vars in 1377 bytes} [Mon Oct 17 07:18:01 2022] GET /placement/allocations/2bbc6bae-883b-4ee4-a689-a7e914e22c14 => generated 258 bytes in 35 msecs (HTTP/1.1 200) 8 headers in 296 bytes (1 switches on core 0)
Oct 17 07:18:02.715464 n-d-861357-3 devstack@placement-api.service[106058]: DEBUG placement.requestlog [req-d0ac24cd-0fc8-474f-9edc-6744ecdc2170 req-32de78d4-4c93-426b-bbc6-87d468e812e1 None None] Starting request: 10.222.0.20 "GET /placement/resource_providers/0dc22a1c-fe54-4088-9722-379076503966/allocations" {{(pid=106058) __call__ /opt/stack/placement/placement/requestlog.py:55}}
Oct 17 07:18:02.771305 n-d-861357-3 devstack@placement-api.service[106058]: INFO placement.requestlog [req-d0ac24cd-0fc8-474f-9edc-6744ecdc2170 req-32de78d4-4c93-426b-bbc6-87d468e812e1 service placement] 10.222.0.20 "GET /placement/resource_providers/0dc22a1c-fe54-4088-9722-379076503966/allocations" status: 200 len: 153 microversion: 1.0
Oct 17 07:18:02.775507 n-d-861357-3 devstack@placement-api.service[106058]: [pid: 106058|app: 0|req: 36/77] 10.222.0.20 () {58 vars in 1390 bytes} [Mon Oct 17 07:18:02 2022] GET /placement/resource_providers/0dc22a1c-fe54-4088-9722-379076503966/allocations => generated 153 bytes in 60 msecs (HTTP/1.1 200) 6 headers in 224 bytes (1 switches on core 0)
Oct 17 07:18:02.784655 n-d-861357-3 devstack@placement-api.service[106057]: DEBUG placement.requestlog [req-d0ac24cd-0fc8-474f-9edc-6744ecdc2170 req-fe415a02-d472-47c9-a7d0-18691529598b None None] Starting request: 10.222.0.20 "GET /placement/allocations/91b6bece-5bf8-4f7d-912e-9230e097f937" {{(pid=106057) __call__ /opt/stack/placement/placement/requestlog.py:55}}
Oct 17 07:18:02.815365 n-d-861357-3 devstack@placement-api.service[106057]: INFO placement.requestlog [req-d0ac24cd-0fc8-474f-9edc-6744ecdc2170 req-fe415a02-d472-47c9-a7d0-18691529598b service placement] 10.222.0.20 "GET /placement/allocations/91b6bece-5bf8-4f7d-912e-9230e097f937" status: 200 len: 258 microversion: 1.28
Oct 17 07:18:02.817194 n-d-861357-3 devstack@placement-api.service[106057]: [pid: 106057|app: 0|req: 42/78] 10.222.0.20 () {60 vars in 1377 bytes} [Mon Oct 17 07:18:02 2022] GET /placement/allocations/91b6bece-5bf8-4f7d-912e-9230e097f937 => generated 258 bytes in 33 msecs (HTTP/1.1 200) 8 headers in 296 bytes (1 switches on core 0)
Oct 17 07:18:03.039024 n-d-861357-3 devstack@placement-api.service[106058]: DEBUG placement.requestlog [req-d0ac24cd-0fc8-474f-9edc-6744ecdc2170 req-63acbda3-7986-46cc-8ca8-6d5884010422 None None] Starting request: 10.222.0.20 "DELETE /placement/allocations/91b6bece-5bf8-4f7d-912e-9230e097f937" {{(pid=106058) __call__ /opt/stack/placement/placement/requestlog.py:55}}
Oct 17 07:18:03.101620 n-d-861357-3 devstack@placement-api.service[106058]: DEBUG placement.handlers.allocation [req-d0ac24cd-0fc8-474f-9edc-6744ecdc2170 req-63acbda3-7986-46cc-8ca8-6d5884010422 service placement] Successfully deleted allocations [, , ] {{(pid=106058) delete_allocations /opt/stack/placement/placement/handlers/allocation.py:627}}
Oct 17 07:18:03.102126 n-d-861357-3 devstack@placement-api.service[106058]: INFO placement.requestlog [req-d0ac24cd-0fc8-474f-9edc-6744ecdc2170 req-63acbda3-7986-46cc-8ca8-6d5884010422 service placement] 10.222.0.20 "DELETE /placement/allocations/91b6bece-5bf8-4f7d-912e-9230e097f937" status: 204 len: 0 microversion: 1.0
Oct 17 07:18:03.102812 n-d-861357-3 devstack@placement-api.service[106058]: [pid: 106058|app: 0|req: 37/79] 10.222.0.20 () {60 vars in 1355 bytes} [Mon Oct 17 07:18:03 2022] DELETE /placement/allocations/91b6bece-5bf8-4f7d-912e-9230e097f937 => generated 0 bytes in 64 msecs (HTTP/1.1 204) 5 headers in 198 bytes (1 switches on core 0)
Oct 17 07:18:04.515646 n-d-861357-3 devstack@placement-api.service[106057]: DEBUG placement.requestlog [req-9cda8b08-f696-4935-9ddc-3f8042b8f921 req-0fe10b08-faca-4067-a3da-b12ee83a78d0 None None] Starting request: 10.222.0.42 "GET /placement/resource_providers?name=n-h2-861357-3" {{(pid=106057) __call__ /opt/stack/placement/placement/requestlog.py:55}}
Oct 17 07:18:04.550907 n-d-861357-3 devstack@placement-api.service[106057]: INFO placement.requestlog [req-9cda8b08-f696-4935-9ddc-3f8042b8f921 req-0fe10b08-faca-4067-a3da-b12ee83a78d0 service placement] 10.222.0.42 "GET /placement/resource_providers?name=n-h2-861357-3" status: 200 len: 440 microversion: 1.0
Oct 17 07:18:04.553794 n-d-861357-3 devstack@placement-api.service[106057]: [pid: 106057|app: 0|req: 43/80] 10.222.0.42 () {58 vars in 1274 bytes} [Mon Oct 17 07:18:04 2022] GET /placement/resource_providers?name=n-h2-861357-3 => generated 440 bytes in 39 msecs (HTTP/1.1 200) 6 headers in 224 bytes (1 switches on core 0)
Oct 17 07:18:04.560675 n-d-861357-3 devstack@placement-api.service[106058]: DEBUG placement.requestlog [req-9cda8b08-f696-4935-9ddc-3f8042b8f921 req-21cc2681-7f22-4461-8596-8dfb9191c538 None None] Starting request: 10.222.0.42 "GET /placement/resource_providers/0dc22a1c-fe54-4088-9722-379076503966/aggregates" {{(pid=106058) __call__ /opt/stack/placement/placement/requestlog.py:55}}
Oct 17 07:18:04.601409 n-d-861357-3 devstack@placement-api.service[106058]: INFO placement.requestlog [req-9cda8b08-f696-4935-9ddc-3f8042b8f921 req-21cc2681-7f22-4461-8596-8dfb9191c538 service placement] 10.222.0.42 "GET /placement/resource_providers/0dc22a1c-fe54-4088-9722-379076503966/aggregates" status: 200 len: 91 microversion: 1.19
Oct 17 07:18:04.603561 n-d-861357-3 devstack@placement-api.service[106058]: [pid: 106058|app: 0|req: 38/81] 10.222.0.42 () {60 vars in 1425 bytes} [Mon Oct 17 07:18:04 2022] GET /placement/resource_providers/0dc22a1c-fe54-4088-9722-379076503966/aggregates => generated 91 bytes in 43 msecs (HTTP/1.1 200) 8 headers in 295 bytes (1 switches on core 0)
Oct 17 07:18:04.611944 n-d-861357-3 devstack@placement-api.service[106057]: DEBUG placement.requestlog [req-9cda8b08-f696-4935-9ddc-3f8042b8f921 req-b254b964-40e0-4305-80be-ba590d3ac260 None None] Starting request: 10.222.0.42 "PUT /placement/resource_providers/0dc22a1c-fe54-4088-9722-379076503966/aggregates" {{(pid=106057) __call__ /opt/stack/placement/placement/requestlog.py:55}}
Oct 17 07:18:04.657056 n-d-861357-3 devstack@placement-api.service[106057]: DEBUG placement.objects.resource_provider [req-9cda8b08-f696-4935-9ddc-3f8042b8f921 req-b254b964-40e0-4305-80be-ba590d3ac260 service placement] Setting aggregates for provider 0dc22a1c-fe54-4088-9722-379076503966. Successfully disassociated aggregate dfba67e6-fbb8-4b1e-a8ad-c3bb7ac565f6. {{(pid=106057) _set_aggregates /opt/stack/placement/placement/objects/resource_provider.py:404}}
Oct 17 07:18:04.669808 n-d-861357-3 devstack@placement-api.service[106057]: INFO placement.requestlog [req-9cda8b08-f696-4935-9ddc-3f8042b8f921 req-b254b964-40e0-4305-80be-ba590d3ac260 service placement] 10.222.0.42 "PUT /placement/resource_providers/0dc22a1c-fe54-4088-9722-379076503966/aggregates" status: 200 len: 53 microversion: 1.19
Oct 17 07:18:04.670972 n-d-861357-3 devstack@placement-api.service[106057]: [pid: 106057|app: 0|req: 44/82] 10.222.0.42 () {64 vars in 1477 bytes} [Mon Oct 17 07:18:04 2022] PUT /placement/resource_providers/0dc22a1c-fe54-4088-9722-379076503966/aggregates => generated 53 bytes in 60 msecs (HTTP/1.1 200) 8 headers in 295 bytes (1 switches on core 0)
Oct 17 07:18:04.949282 n-d-861357-3 devstack@placement-api.service[106058]: DEBUG placement.requestlog [req-7477490d-af63-4a8d-95ef-6fc5664abb30 req-2915c94e-8d40-4e91-bae5-1c659e6a7cae None None] Starting request: 10.222.0.42 "GET /placement/resource_providers?name=n-h2-861357-3" {{(pid=106058) __call__ /opt/stack/placement/placement/requestlog.py:55}}
Oct 17 07:18:04.981454 n-d-861357-3 devstack@placement-api.service[106058]: INFO placement.requestlog [req-7477490d-af63-4a8d-95ef-6fc5664abb30 req-2915c94e-8d40-4e91-bae5-1c659e6a7cae service placement] 10.222.0.42 "GET /placement/resource_providers?name=n-h2-861357-3" status: 200 len: 440 microversion: 1.0
Oct 17 07:18:04.983925 n-d-861357-3 devstack@placement-api.service[106058]: [pid: 106058|app: 0|req: 39/83] 10.222.0.42 () {58 vars in 1274 bytes} [Mon Oct 17 07:18:04 2022] GET /placement/resource_providers?name=n-h2-861357-3 => generated 440 bytes in 35 msecs (HTTP/1.1 200) 6 headers in 224 bytes (1 switches on core 0)
Oct 17 07:18:04.989076 n-d-861357-3 devstack@placement-api.service[106057]: DEBUG placement.requestlog [req-7477490d-af63-4a8d-95ef-6fc5664abb30 req-2bc79264-a341-4077-a865-3a9b43a4a49b None None] Starting request: 10.222.0.42 "GET /placement/resource_providers/0dc22a1c-fe54-4088-9722-379076503966/aggregates" {{(pid=106057) __call__ /opt/stack/placement/placement/requestlog.py:55}}
Oct 17 07:18:05.012364 n-d-861357-3 devstack@placement-api.service[106057]: INFO placement.requestlog [req-7477490d-af63-4a8d-95ef-6fc5664abb30 req-2bc79264-a341-4077-a865-3a9b43a4a49b service placement] 10.222.0.42 "GET /placement/resource_providers/0dc22a1c-fe54-4088-9722-379076503966/aggregates" status: 200 len: 53 microversion: 1.19
Oct 17 07:18:05.012778 n-d-861357-3 devstack@placement-api.service[106057]: [pid: 106057|app: 0|req: 45/84] 10.222.0.42 () {60 vars in 1425 bytes} [Mon Oct 17 07:18:04 2022] GET /placement/resource_providers/0dc22a1c-fe54-4088-9722-379076503966/aggregates => generated 53 bytes in 24 msecs (HTTP/1.1 200) 8 headers in 295 bytes (1 switches on core 0)
Oct 17 07:18:05.023004 n-d-861357-3 devstack@placement-api.service[106058]: DEBUG placement.requestlog [req-7477490d-af63-4a8d-95ef-6fc5664abb30 req-98e1dfb7-104e-49dc-b33e-486b3ca72ace None None] Starting request: 10.222.0.42 "PUT /placement/resource_providers/0dc22a1c-fe54-4088-9722-379076503966/aggregates" {{(pid=106058) __call__ /opt/stack/placement/placement/requestlog.py:55}}
Oct 17 07:18:05.066885 n-d-861357-3 devstack@placement-api.service[106058]: DEBUG placement.objects.resource_provider [req-7477490d-af63-4a8d-95ef-6fc5664abb30 req-98e1dfb7-104e-49dc-b33e-486b3ca72ace service placement] _ensure_aggregate() did not find aggregate 573d1054-17e4-43ed-aedb-d5fd456ef13e. Attempting to create it. {{(pid=106058) _ensure_aggregate /opt/stack/placement/placement/objects/resource_provider.py:321}}
Oct 17 07:18:05.073940 n-d-861357-3 devstack@placement-api.service[106058]: DEBUG placement.objects.resource_provider [req-7477490d-af63-4a8d-95ef-6fc5664abb30 req-98e1dfb7-104e-49dc-b33e-486b3ca72ace service placement] _ensure_aggregate() created new aggregate 573d1054-17e4-43ed-aedb-d5fd456ef13e (id=4). {{(pid=106058) _ensure_aggregate /opt/stack/placement/placement/objects/resource_provider.py:327}}
Oct 17 07:18:05.076021 n-d-861357-3 devstack@placement-api.service[106058]: DEBUG placement.objects.resource_provider [req-7477490d-af63-4a8d-95ef-6fc5664abb30 req-98e1dfb7-104e-49dc-b33e-486b3ca72ace service placement] Setting aggregates for provider 0dc22a1c-fe54-4088-9722-379076503966. Successfully associated aggregate 573d1054-17e4-43ed-aedb-d5fd456ef13e. {{(pid=106058) _set_aggregates /opt/stack/placement/placement/objects/resource_provider.py:389}}
Oct 17 07:18:05.093584 n-d-861357-3 devstack@placement-api.service[106058]: INFO placement.requestlog [req-7477490d-af63-4a8d-95ef-6fc5664abb30 req-98e1dfb7-104e-49dc-b33e-486b3ca72ace service placement] 10.222.0.42 "PUT /placement/resource_providers/0dc22a1c-fe54-4088-9722-379076503966/aggregates" status: 200 len: 92 microversion: 1.19
Oct 17 07:18:05.094103 n-d-861357-3 devstack@placement-api.service[106058]: [pid: 106058|app: 0|req: 40/85] 10.222.0.42 () {64 vars in 1477 bytes} [Mon Oct 17 07:18:05 2022] PUT /placement/resource_providers/0dc22a1c-fe54-4088-9722-379076503966/aggregates => generated 92 bytes in 72 msecs (HTTP/1.1 200) 8 headers in 295 bytes (1 switches on core 0)
Oct 17 07:18:05.260643 n-d-861357-3 devstack@placement-api.service[106057]: DEBUG placement.requestlog [req-8a617e54-87bf-4a3d-93ae-8a123062a6bb req-752f6b31-4d6d-4485-97f3-1aa3e1574cf6 None None] Starting request: 10.222.0.42 "GET /placement/resource_providers?name=n-h2-861357-3" {{(pid=106057) __call__ /opt/stack/placement/placement/requestlog.py:55}}
Oct 17 07:18:05.290203 n-d-861357-3 devstack@placement-api.service[106057]: INFO placement.requestlog [req-8a617e54-87bf-4a3d-93ae-8a123062a6bb req-752f6b31-4d6d-4485-97f3-1aa3e1574cf6 service placement] 10.222.0.42 "GET /placement/resource_providers?name=n-h2-861357-3" status: 200 len: 441 microversion: 1.0
Oct 17 07:18:05.295069 n-d-861357-3 devstack@placement-api.service[106057]: [pid: 106057|app: 0|req: 46/86] 10.222.0.42 () {58 vars in 1274 bytes} [Mon Oct 17 07:18:05 2022] GET /placement/resource_providers?name=n-h2-861357-3 => generated 441 bytes in 35 msecs (HTTP/1.1 200) 6 headers in 224 bytes (1 switches on core 0)
Oct 17 07:18:05.310162 n-d-861357-3 devstack@placement-api.service[106058]: DEBUG placement.requestlog [req-8a617e54-87bf-4a3d-93ae-8a123062a6bb req-9799dbc5-7a26-4603-828b-670b50e4d2d4 None None] Starting request: 10.222.0.42 "GET /placement/resource_providers/0dc22a1c-fe54-4088-9722-379076503966/aggregates" {{(pid=106058) __call__ /opt/stack/placement/placement/requestlog.py:55}}
Oct 17 07:18:05.332992 n-d-861357-3 devstack@placement-api.service[106058]: INFO placement.requestlog [req-8a617e54-87bf-4a3d-93ae-8a123062a6bb req-9799dbc5-7a26-4603-828b-670b50e4d2d4 service placement] 10.222.0.42 "GET /placement/resource_providers/0dc22a1c-fe54-4088-9722-379076503966/aggregates" status: 200 len: 92 microversion: 1.19
Oct 17 07:18:05.333384 n-d-861357-3 devstack@placement-api.service[106058]: [pid: 106058|app: 0|req: 41/87] 10.222.0.42 () {60 vars in 1425 bytes} [Mon Oct 17 07:18:05 2022] GET /placement/resource_providers/0dc22a1c-fe54-4088-9722-379076503966/aggregates => generated 92 bytes in 24 msecs (HTTP/1.1 200) 8 headers in 295 bytes (2 switches on core 0)
Oct 17 07:18:05.345867 n-d-861357-3 devstack@placement-api.service[106057]: DEBUG placement.requestlog [req-8a617e54-87bf-4a3d-93ae-8a123062a6bb req-c3067e42-d26b-42ab-9519-cd0b1eeec189 None None] Starting request: 10.222.0.42 "PUT /placement/resource_providers/0dc22a1c-fe54-4088-9722-379076503966/aggregates" {{(pid=106057) __call__ /opt/stack/placement/placement/requestlog.py:55}}
Oct 17 07:18:05.381502 n-d-861357-3 devstack@placement-api.service[106057]: DEBUG placement.objects.resource_provider [req-8a617e54-87bf-4a3d-93ae-8a123062a6bb req-c3067e42-d26b-42ab-9519-cd0b1eeec189 service placement] Setting aggregates for provider 0dc22a1c-fe54-4088-9722-379076503966. Successfully disassociated aggregate 573d1054-17e4-43ed-aedb-d5fd456ef13e. {{(pid=106057) _set_aggregates /opt/stack/placement/placement/objects/resource_provider.py:404}}
Oct 17 07:18:05.400981 n-d-861357-3 devstack@placement-api.service[106057]: INFO placement.requestlog [req-8a617e54-87bf-4a3d-93ae-8a123062a6bb req-c3067e42-d26b-42ab-9519-cd0b1eeec189 service placement] 10.222.0.42 "PUT /placement/resource_providers/0dc22a1c-fe54-4088-9722-379076503966/aggregates" status: 200 len: 54 microversion: 1.19
Oct 17 07:18:05.401922 n-d-861357-3 devstack@placement-api.service[106057]: [pid: 106057|app: 0|req: 47/88] 10.222.0.42 () {64 vars in 1477 bytes} [Mon Oct 17 07:18:05 2022] PUT /placement/resource_providers/0dc22a1c-fe54-4088-9722-379076503966/aggregates => generated 54 bytes in 57 msecs (HTTP/1.1 200) 8 headers in 295 bytes (1 switches on core 0)
Oct 17 07:18:05.637275 n-d-861357-3 devstack@placement-api.service[106058]: DEBUG placement.requestlog [req-e6dac595-3a1a-4373-ba2d-d44cf7fd7a71 req-eb9b226b-de2c-46ff-af3f-033cb5709516 None None] Starting request: 10.222.0.42 "GET /placement/resource_providers?name=n-h2-861357-3" {{(pid=106058) __call__ /opt/stack/placement/placement/requestlog.py:55}}
Oct 17 07:18:05.669603 n-d-861357-3 devstack@placement-api.service[106058]: INFO placement.requestlog [req-e6dac595-3a1a-4373-ba2d-d44cf7fd7a71 req-eb9b226b-de2c-46ff-af3f-033cb5709516 service placement] 10.222.0.42 "GET /placement/resource_providers?name=n-h2-861357-3" status: 200 len: 441 microversion: 1.0
Oct 17 07:18:05.670651 n-d-861357-3 devstack@placement-api.service[106058]: [pid: 106058|app: 0|req: 42/89] 10.222.0.42 () {58 vars in 1274 bytes} [Mon Oct 17 07:18:05 2022] GET /placement/resource_providers?name=n-h2-861357-3 => generated 441 bytes in 34 msecs (HTTP/1.1 200) 6 headers in 224 bytes (1 switches on core 0)
Oct 17 07:18:05.680134 n-d-861357-3 devstack@placement-api.service[106057]: DEBUG placement.requestlog [req-e6dac595-3a1a-4373-ba2d-d44cf7fd7a71 req-aef37c00-fb7c-477f-bc67-fa79aafba9cf None None] Starting request: 10.222.0.42 "GET /placement/resource_providers/0dc22a1c-fe54-4088-9722-379076503966/aggregates" {{(pid=106057) __call__ /opt/stack/placement/placement/requestlog.py:55}}
Oct 17 07:18:05.708110 n-d-861357-3 devstack@placement-api.service[106057]: INFO placement.requestlog [req-e6dac595-3a1a-4373-ba2d-d44cf7fd7a71 req-aef37c00-fb7c-477f-bc67-fa79aafba9cf service placement] 10.222.0.42 "GET /placement/resource_providers/0dc22a1c-fe54-4088-9722-379076503966/aggregates" status: 200 len: 54 microversion: 1.19
Oct 17 07:18:05.708723 n-d-861357-3 devstack@placement-api.service[106057]: [pid: 106057|app: 0|req: 48/90] 10.222.0.42 () {60 vars in 1425 bytes} [Mon Oct 17 07:18:05 2022] GET /placement/resource_providers/0dc22a1c-fe54-4088-9722-379076503966/aggregates => generated 54 bytes in 29 msecs (HTTP/1.1 200) 8 headers in 295 bytes (2 switches on core 0)
Oct 17 07:18:05.718478 n-d-861357-3 devstack@placement-api.service[106058]: DEBUG placement.requestlog [req-e6dac595-3a1a-4373-ba2d-d44cf7fd7a71 req-b64ac058-90f6-4dd3-abb5-2aa91d984a65 None None] Starting request: 10.222.0.42 "PUT /placement/resource_providers/0dc22a1c-fe54-4088-9722-379076503966/aggregates" {{(pid=106058) __call__ /opt/stack/placement/placement/requestlog.py:55}}
Oct 17 07:18:05.765454 n-d-861357-3 devstack@placement-api.service[106058]: DEBUG placement.objects.resource_provider [req-e6dac595-3a1a-4373-ba2d-d44cf7fd7a71 req-b64ac058-90f6-4dd3-abb5-2aa91d984a65 service placement] _ensure_aggregate() did not find aggregate 0c6e1110-e1a6-4eb9-8976-33228d8ff321. Attempting to create it. {{(pid=106058) _ensure_aggregate /opt/stack/placement/placement/objects/resource_provider.py:321}}
Oct 17 07:18:05.767877 n-d-861357-3 devstack@placement-api.service[106058]: DEBUG placement.objects.resource_provider [req-e6dac595-3a1a-4373-ba2d-d44cf7fd7a71 req-b64ac058-90f6-4dd3-abb5-2aa91d984a65 service placement] _ensure_aggregate() created new aggregate 0c6e1110-e1a6-4eb9-8976-33228d8ff321 (id=5). {{(pid=106058) _ensure_aggregate /opt/stack/placement/placement/objects/resource_provider.py:327}}
Oct 17 07:18:05.769241 n-d-861357-3 devstack@placement-api.service[106058]: DEBUG placement.objects.resource_provider [req-e6dac595-3a1a-4373-ba2d-d44cf7fd7a71 req-b64ac058-90f6-4dd3-abb5-2aa91d984a65 service placement] Setting aggregates for provider 0dc22a1c-fe54-4088-9722-379076503966. Successfully associated aggregate 0c6e1110-e1a6-4eb9-8976-33228d8ff321. {{(pid=106058) _set_aggregates /opt/stack/placement/placement/objects/resource_provider.py:389}}
Oct 17 07:18:05.779774 n-d-861357-3 devstack@placement-api.service[106058]: INFO placement.requestlog [req-e6dac595-3a1a-4373-ba2d-d44cf7fd7a71 req-b64ac058-90f6-4dd3-abb5-2aa91d984a65 service placement] 10.222.0.42 "PUT /placement/resource_providers/0dc22a1c-fe54-4088-9722-379076503966/aggregates" status: 200 len: 92 microversion: 1.19
Oct 17 07:18:05.780191 n-d-861357-3 devstack@placement-api.service[106058]: [pid: 106058|app: 0|req: 43/91] 10.222.0.42 () {64 vars in 1477 bytes} [Mon Oct 17 07:18:05 2022] PUT /placement/resource_providers/0dc22a1c-fe54-4088-9722-379076503966/aggregates => generated 92 bytes in 62 msecs (HTTP/1.1 200) 8 headers in 295 bytes (1 switches on core 0)
Oct 17 07:18:05.945512 n-d-861357-3 devstack@placement-api.service[106057]: DEBUG placement.requestlog [req-e2b5afd5-399a-4402-8629-28784e9046fd req-0728cfd0-0c46-4497-b4df-89616d0eb80e None None] Starting request: 10.222.0.42 "GET /placement/resource_providers?name=n-h2-861357-3" {{(pid=106057) __call__ /opt/stack/placement/placement/requestlog.py:55}}
Oct 17 07:18:05.986872 n-d-861357-3 devstack@placement-api.service[106057]: INFO placement.requestlog [req-e2b5afd5-399a-4402-8629-28784e9046fd req-0728cfd0-0c46-4497-b4df-89616d0eb80e service placement] 10.222.0.42 "GET /placement/resource_providers?name=n-h2-861357-3" status: 200 len: 441 microversion: 1.0
Oct 17 07:18:05.987237 n-d-861357-3 devstack@placement-api.service[106057]: [pid: 106057|app: 0|req: 49/92] 10.222.0.42 () {58 vars in 1274 bytes} [Mon Oct 17 07:18:05 2022] GET /placement/resource_providers?name=n-h2-861357-3 => generated 441 bytes in 42 msecs (HTTP/1.1 200) 6 headers in 224 bytes (2 switches on core 0)
Oct 17 07:18:05.995731 n-d-861357-3 devstack@placement-api.service[106058]: DEBUG placement.requestlog [req-e2b5afd5-399a-4402-8629-28784e9046fd req-dd58ff23-2dc8-4efc-a008-f51db40212fb None None] Starting request: 10.222.0.42 "GET /placement/resource_providers/0dc22a1c-fe54-4088-9722-379076503966/aggregates" {{(pid=106058) __call__ /opt/stack/placement/placement/requestlog.py:55}}
Oct 17 07:18:06.020878 n-d-861357-3 devstack@placement-api.service[106058]: INFO placement.requestlog [req-e2b5afd5-399a-4402-8629-28784e9046fd req-dd58ff23-2dc8-4efc-a008-f51db40212fb service placement] 10.222.0.42 "GET /placement/resource_providers/0dc22a1c-fe54-4088-9722-379076503966/aggregates" status: 200 len: 92 microversion: 1.19
Oct 17 07:18:06.022167 n-d-861357-3 devstack@placement-api.service[106058]: [pid: 106058|app: 0|req: 44/93] 10.222.0.42 () {60 vars in 1425 bytes} [Mon Oct 17 07:18:05 2022] GET /placement/resource_providers/0dc22a1c-fe54-4088-9722-379076503966/aggregates => generated 92 bytes in 27 msecs (HTTP/1.1 200) 8 headers in 295 bytes (1 switches on core 0)
Oct 17 07:18:06.031189 n-d-861357-3 devstack@placement-api.service[106057]: DEBUG placement.requestlog [req-e2b5afd5-399a-4402-8629-28784e9046fd req-cb92b262-429c-4a16-a0ec-e792dde58d56 None None] Starting request: 10.222.0.42 "PUT /placement/resource_providers/0dc22a1c-fe54-4088-9722-379076503966/aggregates" {{(pid=106057) __call__ /opt/stack/placement/placement/requestlog.py:55}}
Oct 17 07:18:06.062622 n-d-861357-3 devstack@placement-api.service[106057]: DEBUG placement.objects.resource_provider [req-e2b5afd5-399a-4402-8629-28784e9046fd req-cb92b262-429c-4a16-a0ec-e792dde58d56 service placement] Setting aggregates for provider 0dc22a1c-fe54-4088-9722-379076503966. Successfully disassociated aggregate 0c6e1110-e1a6-4eb9-8976-33228d8ff321. {{(pid=106057) _set_aggregates /opt/stack/placement/placement/objects/resource_provider.py:404}}
Oct 17 07:18:06.070537 n-d-861357-3 devstack@placement-api.service[106057]: INFO placement.requestlog [req-e2b5afd5-399a-4402-8629-28784e9046fd req-cb92b262-429c-4a16-a0ec-e792dde58d56 service placement] 10.222.0.42 "PUT /placement/resource_providers/0dc22a1c-fe54-4088-9722-379076503966/aggregates" status: 200 len: 54 microversion: 1.19
Oct 17 07:18:06.080310 n-d-861357-3 devstack@placement-api.service[106057]: [pid: 106057|app: 0|req: 50/94] 10.222.0.42 () {64 vars in 1477 bytes} [Mon Oct 17 07:18:06 2022] PUT /placement/resource_providers/0dc22a1c-fe54-4088-9722-379076503966/aggregates => generated 54 bytes in 49 msecs (HTTP/1.1 200) 8 headers in 295 bytes (1 switches on core 0)
Oct 17 07:18:06.810071 n-d-861357-3 devstack@placement-api.service[106058]: DEBUG placement.requestlog [req-41a629e2-4cf0-4ec3-814a-7b5ab88b5b91 req-b5be24c8-d533-44f1-9358-457b0777a113 None None] Starting request: 10.222.0.42 "GET /placement/resource_providers?name=n-h2-861357-3" {{(pid=106058) __call__ /opt/stack/placement/placement/requestlog.py:55}}
Oct 17 07:18:06.834651 n-d-861357-3 devstack@placement-api.service[106058]: INFO placement.requestlog [req-41a629e2-4cf0-4ec3-814a-7b5ab88b5b91 req-b5be24c8-d533-44f1-9358-457b0777a113 service placement] 10.222.0.42 "GET /placement/resource_providers?name=n-h2-861357-3" status: 200 len: 441 microversion: 1.0
Oct 17 07:18:06.835261 n-d-861357-3 devstack@placement-api.service[106058]: [pid: 106058|app: 0|req: 45/95] 10.222.0.42 () {58 vars in 1274 bytes} [Mon Oct 17 07:18:06 2022] GET /placement/resource_providers?name=n-h2-861357-3 => generated 441 bytes in 25 msecs (HTTP/1.1 200) 6 headers in 224 bytes (1 switches on core 0)
Oct 17 07:18:06.856645 n-d-861357-3 devstack@placement-api.service[106057]: DEBUG placement.requestlog [req-41a629e2-4cf0-4ec3-814a-7b5ab88b5b91 req-c725e7bf-3909-4af1-9dfd-35b9d493fff8 None None] Starting request: 10.222.0.42 "GET /placement/resource_providers/0dc22a1c-fe54-4088-9722-379076503966/aggregates" {{(pid=106057) __call__ /opt/stack/placement/placement/requestlog.py:55}}
Oct 17 07:18:06.900081 n-d-861357-3 devstack@placement-api.service[106057]: INFO placement.requestlog [req-41a629e2-4cf0-4ec3-814a-7b5ab88b5b91 req-c725e7bf-3909-4af1-9dfd-35b9d493fff8 service placement] 10.222.0.42 "GET /placement/resource_providers/0dc22a1c-fe54-4088-9722-379076503966/aggregates" status: 200 len: 54 microversion: 1.19
Oct 17 07:18:06.908904 n-d-861357-3 devstack@placement-api.service[106058]: DEBUG placement.requestlog [req-41a629e2-4cf0-4ec3-814a-7b5ab88b5b91 req-b28f74ba-7ae5-460b-97f8-2485e2431de1 None None] Starting request: 10.222.0.42 "PUT /placement/resource_providers/0dc22a1c-fe54-4088-9722-379076503966/aggregates" {{(pid=106058) __call__ /opt/stack/placement/placement/requestlog.py:55}}
Oct 17 07:18:06.924226 n-d-861357-3 devstack@placement-api.service[106057]: [pid: 106057|app: 0|req: 51/96] 10.222.0.42 () {60 vars in 1425 bytes} [Mon Oct 17 07:18:06 2022] GET /placement/resource_providers/0dc22a1c-fe54-4088-9722-379076503966/aggregates => generated 54 bytes in 68 msecs (HTTP/1.1 200) 8 headers in 295 bytes (1 switches on core 0)
Oct 17 07:18:06.959226 n-d-861357-3 devstack@placement-api.service[106058]: DEBUG placement.objects.resource_provider [req-41a629e2-4cf0-4ec3-814a-7b5ab88b5b91 req-b28f74ba-7ae5-460b-97f8-2485e2431de1 service placement] _ensure_aggregate() did not find aggregate 763aa7be-7d9d-4bc0-8f09-790b4cce3191. Attempting to create it. {{(pid=106058) _ensure_aggregate /opt/stack/placement/placement/objects/resource_provider.py:321}}
Oct 17 07:18:06.964794 n-d-861357-3 devstack@placement-api.service[106058]: DEBUG placement.objects.resource_provider [req-41a629e2-4cf0-4ec3-814a-7b5ab88b5b91 req-b28f74ba-7ae5-460b-97f8-2485e2431de1 service placement] _ensure_aggregate() created new aggregate 763aa7be-7d9d-4bc0-8f09-790b4cce3191 (id=6). {{(pid=106058) _ensure_aggregate /opt/stack/placement/placement/objects/resource_provider.py:327}}
