Oct 17 07:24:21.182414 n-d-861357-3 devstack@placement-api.service[106057]: DEBUG placement.objects.research_context [req-88fdbf4d-4f4c-4cac-8159-73cd6d756973 req-20f5ef73-04b2-40b9-a846-1132b2ff093a service placement] getting providers with 1 DISK_GB {{(pid=106057) __init__ /opt/stack/placement/placement/objects/research_context.py:136}}
Oct 17 07:24:21.192262 n-d-861357-3 devstack@placement-api.service[106058]: INFO placement.requestlog [req-83517daa-61f1-4ea0-9eef-af09389dbcaf req-88e86f9d-67ca-4764-9c03-d789eb410826 service placement] 10.222.0.20 "GET /placement/allocations/d50c1334-625e-4ab8-89c5-3e2399060dd3" status: 200 len: 259 microversion: 1.28
Oct 17 07:24:21.194320 n-d-861357-3 devstack@placement-api.service[106058]: [pid: 106058|app: 0|req: 487/978] 10.222.0.20 () {60 vars in 1377 bytes} [Mon Oct 17 07:24:21 2022] GET /placement/allocations/d50c1334-625e-4ab8-89c5-3e2399060dd3 => generated 259 bytes in 35 msecs (HTTP/1.1 200) 8 headers in 296 bytes (1 switches on core 0)
Oct 17 07:24:21.196676 n-d-861357-3 devstack@placement-api.service[106057]: DEBUG placement.objects.research_context [req-88fdbf4d-4f4c-4cac-8159-73cd6d756973 req-20f5ef73-04b2-40b9-a846-1132b2ff093a service placement] getting providers with 1024 MEMORY_MB {{(pid=106057) __init__ /opt/stack/placement/placement/objects/research_context.py:136}}
Oct 17 07:24:21.202214 n-d-861357-3 devstack@placement-api.service[106058]: DEBUG placement.requestlog [req-83517daa-61f1-4ea0-9eef-af09389dbcaf req-c7bfa3a8-a38c-40f6-91c4-f8b796f5efc1 None None] Starting request: 10.222.0.20 "GET /placement/allocations/1180d73e-86ae-4339-a2d8-6406d6c2a135" {{(pid=106058) __call__ /opt/stack/placement/placement/requestlog.py:55}}
Oct 17 07:24:21.217354 n-d-861357-3 devstack@placement-api.service[106057]: DEBUG placement.objects.research_context [req-88fdbf4d-4f4c-4cac-8159-73cd6d756973 req-20f5ef73-04b2-40b9-a846-1132b2ff093a service placement] getting providers with 1 VCPU {{(pid=106057) __init__ /opt/stack/placement/placement/objects/research_context.py:136}}
Oct 17 07:24:21.226791 n-d-861357-3 devstack@placement-api.service[106058]: INFO placement.requestlog [req-83517daa-61f1-4ea0-9eef-af09389dbcaf req-c7bfa3a8-a38c-40f6-91c4-f8b796f5efc1 service placement] 10.222.0.20 "GET /placement/allocations/1180d73e-86ae-4339-a2d8-6406d6c2a135" status: 200 len: 258 microversion: 1.28
Oct 17 07:24:21.227848 n-d-861357-3 devstack@placement-api.service[106058]: [pid: 106058|app: 0|req: 488/979] 10.222.0.20 () {60 vars in 1377 bytes} [Mon Oct 17 07:24:21 2022] GET /placement/allocations/1180d73e-86ae-4339-a2d8-6406d6c2a135 => generated 258 bytes in 26 msecs (HTTP/1.1 200) 8 headers in 296 bytes (1 switches on core 0)
Oct 17 07:24:21.234882 n-d-861357-3 devstack@placement-api.service[106058]: DEBUG placement.requestlog [req-83517daa-61f1-4ea0-9eef-af09389dbcaf req-73b870af-8868-4fc0-83c0-5161a593ed7f None None] Starting request: 10.222.0.20 "GET /placement/allocations/6bf04d8e-757b-4541-b3e2-e7c3c5767631" {{(pid=106058) __call__ /opt/stack/placement/placement/requestlog.py:55}}
Oct 17 07:24:21.253036 n-d-861357-3 devstack@placement-api.service[106057]: DEBUG placement.objects.research_context [req-88fdbf4d-4f4c-4cac-8159-73cd6d756973 req-20f5ef73-04b2-40b9-a846-1132b2ff093a service placement] found 2 providers with available 1 DISK_GB {{(pid=106057) get_provider_ids_matching /opt/stack/placement/placement/objects/research_context.py:563}}
Oct 17 07:24:21.253466 n-d-861357-3 devstack@placement-api.service[106057]: DEBUG placement.objects.research_context [req-88fdbf4d-4f4c-4cac-8159-73cd6d756973 req-20f5ef73-04b2-40b9-a846-1132b2ff093a service placement] found 2 providers with available 1024 MEMORY_MB {{(pid=106057) get_provider_ids_matching /opt/stack/placement/placement/objects/research_context.py:563}}
Oct 17 07:24:21.253744 n-d-861357-3 devstack@placement-api.service[106057]: DEBUG placement.objects.research_context [req-88fdbf4d-4f4c-4cac-8159-73cd6d756973 req-20f5ef73-04b2-40b9-a846-1132b2ff093a service placement] found 2 providers after filtering by previous result {{(pid=106057) get_provider_ids_matching /opt/stack/placement/placement/objects/research_context.py:594}}
Oct 17 07:24:21.254003 n-d-861357-3 devstack@placement-api.service[106057]: DEBUG placement.objects.research_context [req-88fdbf4d-4f4c-4cac-8159-73cd6d756973 req-20f5ef73-04b2-40b9-a846-1132b2ff093a service placement] found 2 providers with available 1 VCPU {{(pid=106057) get_provider_ids_matching /opt/stack/placement/placement/objects/research_context.py:563}}
Oct 17 07:24:21.254269 n-d-861357-3 devstack@placement-api.service[106057]: DEBUG placement.objects.research_context [req-88fdbf4d-4f4c-4cac-8159-73cd6d756973 req-20f5ef73-04b2-40b9-a846-1132b2ff093a service placement] found 2 providers after filtering by previous result {{(pid=106057) get_provider_ids_matching /opt/stack/placement/placement/objects/research_context.py:594}}
Oct 17 07:24:21.281961 n-d-861357-3 devstack@placement-api.service[106057]: DEBUG placement.objects.allocation_candidate [req-88fdbf4d-4f4c-4cac-8159-73cd6d756973 req-20f5ef73-04b2-40b9-a846-1132b2ff093a service placement] RequestGroup(use_same_provider=False, resources={DISK_GB:1, MEMORY_MB:1024, VCPU:1}, traits=(), aggregates=[]) (suffix '') returned 2 matches {{(pid=106057) _get_by_requests /opt/stack/placement/placement/objects/allocation_candidate.py:156}}
Oct 17 07:24:21.282916 n-d-861357-3 devstack@placement-api.service[106057]: DEBUG placement.objects.allocation_candidate [req-88fdbf4d-4f4c-4cac-8159-73cd6d756973 req-20f5ef73-04b2-40b9-a846-1132b2ff093a service placement] Merging candidates yields 2 allocation requests and 2 provider summaries {{(pid=106057) _merge_candidates /opt/stack/placement/placement/objects/allocation_candidate.py:809}}
Oct 17 07:24:21.287835 n-d-861357-3 devstack@placement-api.service[106057]: INFO placement.requestlog [req-88fdbf4d-4f4c-4cac-8159-73cd6d756973 req-20f5ef73-04b2-40b9-a846-1132b2ff093a service placement] 10.222.0.42 "GET /placement/allocation_candidates?limit=1000&resources=DISK_GB%3A1%2CMEMORY_MB%3A1024%2CVCPU%3A1&root_required=%21COMPUTE_STATUS_DISABLED" status: 200 len: 1309 microversion: 1.36
Oct 17 07:24:21.288235 n-d-861357-3 devstack@placement-api.service[106057]: [pid: 106057|app: 0|req: 492/980] 10.222.0.42 () {60 vars in 1506 bytes} [Mon Oct 17 07:24:21 2022] GET /placement/allocation_candidates?limit=1000&resources=DISK_GB%3A1%2CMEMORY_MB%3A1024%2CVCPU%3A1&root_required=%21COMPUTE_STATUS_DISABLED => generated 1309 bytes in 266 msecs (HTTP/1.1 200) 8 headers in 297 bytes (1 switches on core 0)
Oct 17 07:24:21.300385 n-d-861357-3 devstack@placement-api.service[106058]: INFO placement.requestlog [req-83517daa-61f1-4ea0-9eef-af09389dbcaf req-73b870af-8868-4fc0-83c0-5161a593ed7f service placement] 10.222.0.20 "GET /placement/allocations/6bf04d8e-757b-4541-b3e2-e7c3c5767631" status: 200 len: 259 microversion: 1.28
Oct 17 07:24:21.302126 n-d-861357-3 devstack@placement-api.service[106058]: [pid: 106058|app: 0|req: 489/981] 10.222.0.20 () {60 vars in 1377 bytes} [Mon Oct 17 07:24:21 2022] GET /placement/allocations/6bf04d8e-757b-4541-b3e2-e7c3c5767631 => generated 259 bytes in 67 msecs (HTTP/1.1 200) 8 headers in 296 bytes (1 switches on core 0)
Oct 17 07:24:21.309805 n-d-861357-3 devstack@placement-api.service[106057]: DEBUG placement.requestlog [req-83517daa-61f1-4ea0-9eef-af09389dbcaf req-9190b0e6-f675-4eba-bdbf-df49ebebb892 None None] Starting request: 10.222.0.20 "GET /placement/allocations/612aea30-df38-4f91-9b24-67536909d370" {{(pid=106057) __call__ /opt/stack/placement/placement/requestlog.py:55}}
Oct 17 07:24:21.344428 n-d-861357-3 devstack@placement-api.service[106057]: INFO placement.requestlog [req-83517daa-61f1-4ea0-9eef-af09389dbcaf req-9190b0e6-f675-4eba-bdbf-df49ebebb892 service placement] 10.222.0.20 "GET /placement/allocations/612aea30-df38-4f91-9b24-67536909d370" status: 200 len: 259 microversion: 1.28
Oct 17 07:24:21.344901 n-d-861357-3 devstack@placement-api.service[106057]: [pid: 106057|app: 0|req: 493/982] 10.222.0.20 () {60 vars in 1377 bytes} [Mon Oct 17 07:24:21 2022] GET /placement/allocations/612aea30-df38-4f91-9b24-67536909d370 => generated 259 bytes in 35 msecs (HTTP/1.1 200) 8 headers in 296 bytes (1 switches on core 0)
Oct 17 07:24:21.352758 n-d-861357-3 devstack@placement-api.service[106058]: DEBUG placement.requestlog [req-83517daa-61f1-4ea0-9eef-af09389dbcaf req-ae3df6da-6a15-457e-a8c1-b881f4f1660d None None] Starting request: 10.222.0.20 "GET /placement/allocations/75cbae91-6171-4915-93c8-462cebc8bb1b" {{(pid=106058) __call__ /opt/stack/placement/placement/requestlog.py:55}}
Oct 17 07:24:21.384617 n-d-861357-3 devstack@placement-api.service[106058]: INFO placement.requestlog [req-83517daa-61f1-4ea0-9eef-af09389dbcaf req-ae3df6da-6a15-457e-a8c1-b881f4f1660d service placement] 10.222.0.20 "GET /placement/allocations/75cbae91-6171-4915-93c8-462cebc8bb1b" status: 200 len: 259 microversion: 1.28
Oct 17 07:24:21.384617 n-d-861357-3 devstack@placement-api.service[106058]: [pid: 106058|app: 0|req: 490/983] 10.222.0.20 () {60 vars in 1377 bytes} [Mon Oct 17 07:24:21 2022] GET /placement/allocations/75cbae91-6171-4915-93c8-462cebc8bb1b => generated 259 bytes in 30 msecs (HTTP/1.1 200) 8 headers in 296 bytes (1 switches on core 0)
Oct 17 07:24:21.391698 n-d-861357-3 devstack@placement-api.service[106057]: DEBUG placement.requestlog [req-83517daa-61f1-4ea0-9eef-af09389dbcaf req-e516b17c-43cd-4162-b43f-301c89c89a80 None None] Starting request: 10.222.0.20 "GET /placement/allocations/cb44af46-2d6f-4e08-bfa6-856731d70723" {{(pid=106057) __call__ /opt/stack/placement/placement/requestlog.py:55}}
Oct 17 07:24:21.426277 n-d-861357-3 devstack@placement-api.service[106057]: INFO placement.requestlog [req-83517daa-61f1-4ea0-9eef-af09389dbcaf req-e516b17c-43cd-4162-b43f-301c89c89a80 service placement] 10.222.0.20 "GET /placement/allocations/cb44af46-2d6f-4e08-bfa6-856731d70723" status: 200 len: 245 microversion: 1.28
Oct 17 07:24:21.434639 n-d-861357-3 devstack@placement-api.service[106057]: [pid: 106057|app: 0|req: 494/984] 10.222.0.20 () {60 vars in 1377 bytes} [Mon Oct 17 07:24:21 2022] GET /placement/allocations/cb44af46-2d6f-4e08-bfa6-856731d70723 => generated 245 bytes in 43 msecs (HTTP/1.1 200) 8 headers in 296 bytes (1 switches on core 0)
Oct 17 07:24:21.498473 n-d-861357-3 devstack@placement-api.service[106058]: DEBUG placement.requestlog [req-88fdbf4d-4f4c-4cac-8159-73cd6d756973 req-a5f7eab4-f5f0-49f8-a856-b455c300dce6 None None] Starting request: 10.222.0.42 "GET /placement/allocations/c514e6fc-c863-4090-bc6a-6c96007ad3c0" {{(pid=106058) __call__ /opt/stack/placement/placement/requestlog.py:55}}
Oct 17 07:24:21.516352 n-d-861357-3 devstack@placement-api.service[106058]: INFO placement.requestlog [req-88fdbf4d-4f4c-4cac-8159-73cd6d756973 req-a5f7eab4-f5f0-49f8-a856-b455c300dce6 service placement] 10.222.0.42 "GET /placement/allocations/c514e6fc-c863-4090-bc6a-6c96007ad3c0" status: 200 len: 19 microversion: 1.28
Oct 17 07:24:21.517273 n-d-861357-3 devstack@placement-api.service[106058]: [pid: 106058|app: 0|req: 491/985] 10.222.0.42 () {60 vars in 1380 bytes} [Mon Oct 17 07:24:21 2022] GET /placement/allocations/c514e6fc-c863-4090-bc6a-6c96007ad3c0 => generated 19 bytes in 19 msecs (HTTP/1.1 200) 8 headers in 295 bytes (1 switches on core 0)
Oct 17 07:24:21.524885 n-d-861357-3 devstack@placement-api.service[106057]: DEBUG placement.requestlog [req-88fdbf4d-4f4c-4cac-8159-73cd6d756973 req-d0a60889-a4c5-404b-bed8-392b4a8786b2 None None] Starting request: 10.222.0.42 "PUT /placement/allocations/c514e6fc-c863-4090-bc6a-6c96007ad3c0" {{(pid=106057) __call__ /opt/stack/placement/placement/requestlog.py:55}}
Oct 17 07:24:21.691949 n-d-861357-3 devstack@placement-api.service[106057]: DEBUG placement.handlers.allocation [req-88fdbf4d-4f4c-4cac-8159-73cd6d756973 req-d0a60889-a4c5-404b-bed8-392b4a8786b2 service placement] Successfully wrote allocations [, , ] {{(pid=106057) _update_consumers_and_create_allocations /opt/stack/placement/placement/handlers/allocation.py:462}}
Oct 17 07:24:21.703254 n-d-861357-3 devstack@placement-api.service[106057]: INFO placement.requestlog [req-88fdbf4d-4f4c-4cac-8159-73cd6d756973 req-d0a60889-a4c5-404b-bed8-392b4a8786b2 service placement] 10.222.0.42 "PUT /placement/allocations/c514e6fc-c863-4090-bc6a-6c96007ad3c0" status: 204 len: 0 microversion: 1.36
Oct 17 07:24:21.704413 n-d-861357-3 devstack@placement-api.service[106057]: [pid: 106057|app: 0|req: 495/986] 10.222.0.42 () {64 vars in 1433 bytes} [Mon Oct 17 07:24:21 2022] PUT /placement/allocations/c514e6fc-c863-4090-bc6a-6c96007ad3c0 => generated 0 bytes in 180 msecs (HTTP/1.1 204) 5 headers in 199 bytes (1 switches on core 0)
Oct 17 07:24:22.496498 n-d-861357-3 devstack@placement-api.service[106058]: DEBUG placement.requestlog [req-88fdbf4d-4f4c-4cac-8159-73cd6d756973 req-1ee71d84-f3f2-478f-929b-313a2b2faf93 None None] Starting request: 10.222.0.20 "GET /placement/allocations/c514e6fc-c863-4090-bc6a-6c96007ad3c0" {{(pid=106058) __call__ /opt/stack/placement/placement/requestlog.py:55}}
Oct 17 07:24:22.523730 n-d-861357-3 devstack@placement-api.service[106058]: INFO placement.requestlog [req-88fdbf4d-4f4c-4cac-8159-73cd6d756973 req-1ee71d84-f3f2-478f-929b-313a2b2faf93 service placement] 10.222.0.20 "GET /placement/allocations/c514e6fc-c863-4090-bc6a-6c96007ad3c0" status: 200 len: 259 microversion: 1.28
Oct 17 07:24:22.524360 n-d-861357-3 devstack@placement-api.service[106058]: [pid: 106058|app: 0|req: 492/987] 10.222.0.20 () {60 vars in 1377 bytes} [Mon Oct 17 07:24:22 2022] GET /placement/allocations/c514e6fc-c863-4090-bc6a-6c96007ad3c0 => generated 259 bytes in 28 msecs (HTTP/1.1 200) 8 headers in 296 bytes (1 switches on core 0)
Oct 17 07:24:23.122876 n-d-861357-3 devstack@placement-api.service[106057]: DEBUG placement.requestlog [req-88fdbf4d-4f4c-4cac-8159-73cd6d756973 req-fe623709-9e28-4aa0-a955-de0c20914759 None None] Starting request: 10.222.0.20 "GET /placement/resource_providers/0dc22a1c-fe54-4088-9722-379076503966/allocations" {{(pid=106057) __call__ /opt/stack/placement/placement/requestlog.py:55}}
Oct 17 07:24:23.192144 n-d-861357-3 devstack@placement-api.service[106057]: INFO placement.requestlog [req-88fdbf4d-4f4c-4cac-8159-73cd6d756973 req-fe623709-9e28-4aa0-a955-de0c20914759 service placement] 10.222.0.20 "GET /placement/resource_providers/0dc22a1c-fe54-4088-9722-379076503966/allocations" status: 200 len: 745 microversion: 1.0
Oct 17 07:24:23.192860 n-d-861357-3 devstack@placement-api.service[106057]: [pid: 106057|app: 0|req: 496/988] 10.222.0.20 () {58 vars in 1390 bytes} [Mon Oct 17 07:24:23 2022] GET /placement/resource_providers/0dc22a1c-fe54-4088-9722-379076503966/allocations => generated 745 bytes in 73 msecs (HTTP/1.1 200) 6 headers in 224 bytes (1 switches on core 0)
Oct 17 07:24:23.205329 n-d-861357-3 devstack@placement-api.service[106058]: DEBUG placement.requestlog [req-88fdbf4d-4f4c-4cac-8159-73cd6d756973 req-09ae1279-7d59-4cbe-85bb-5e0af3b7739f None None] Starting request: 10.222.0.20 "GET /placement/allocations/d50c1334-625e-4ab8-89c5-3e2399060dd3" {{(pid=106058) __call__ /opt/stack/placement/placement/requestlog.py:55}}
Oct 17 07:24:23.227399 n-d-861357-3 devstack@placement-api.service[106058]: DEBUG dbcounter [-] [106058] Writing DB stats placement:SELECT=92,placement:INSERT=4,placement:DELETE=2,placement:UPDATE=2 {{(pid=106058) stat_writer /usr/local/lib/python3.8/dist-packages/dbcounter.py:114}}
Oct 17 07:24:23.240862 n-d-861357-3 devstack@placement-api.service[106058]: INFO placement.requestlog [req-88fdbf4d-4f4c-4cac-8159-73cd6d756973 req-09ae1279-7d59-4cbe-85bb-5e0af3b7739f service placement] 10.222.0.20 "GET /placement/allocations/d50c1334-625e-4ab8-89c5-3e2399060dd3" status: 200 len: 259 microversion: 1.28
Oct 17 07:24:23.242610 n-d-861357-3 devstack@placement-api.service[106058]: [pid: 106058|app: 0|req: 493/989] 10.222.0.20 () {60 vars in 1377 bytes} [Mon Oct 17 07:24:23 2022] GET /placement/allocations/d50c1334-625e-4ab8-89c5-3e2399060dd3 => generated 259 bytes in 38 msecs (HTTP/1.1 200) 8 headers in 296 bytes (1 switches on core 0)
Oct 17 07:24:23.251747 n-d-861357-3 devstack@placement-api.service[106057]: DEBUG placement.requestlog [req-88fdbf4d-4f4c-4cac-8159-73cd6d756973 req-168aa7af-f855-4218-9bb4-8a59e3ebdc51 None None] Starting request: 10.222.0.20 "GET /placement/allocations/1180d73e-86ae-4339-a2d8-6406d6c2a135" {{(pid=106057) __call__ /opt/stack/placement/placement/requestlog.py:55}}
Oct 17 07:24:23.300467 n-d-861357-3 devstack@placement-api.service[106057]: INFO placement.requestlog [req-88fdbf4d-4f4c-4cac-8159-73cd6d756973 req-168aa7af-f855-4218-9bb4-8a59e3ebdc51 service placement] 10.222.0.20 "GET /placement/allocations/1180d73e-86ae-4339-a2d8-6406d6c2a135" status: 200 len: 258 microversion: 1.28
Oct 17 07:24:23.303331 n-d-861357-3 devstack@placement-api.service[106057]: [pid: 106057|app: 0|req: 497/990] 10.222.0.20 () {60 vars in 1377 bytes} [Mon Oct 17 07:24:23 2022] GET /placement/allocations/1180d73e-86ae-4339-a2d8-6406d6c2a135 => generated 258 bytes in 52 msecs (HTTP/1.1 200) 8 headers in 296 bytes (1 switches on core 0)
Oct 17 07:24:23.421249 n-d-861357-3 devstack@placement-api.service[106058]: DEBUG placement.requestlog [req-88fdbf4d-4f4c-4cac-8159-73cd6d756973 req-2631283b-4f45-43a3-b182-f8de3a34129c None None] Starting request: 10.222.0.20 "GET /placement/allocations/6bf04d8e-757b-4541-b3e2-e7c3c5767631" {{(pid=106058) __call__ /opt/stack/placement/placement/requestlog.py:55}}
Oct 17 07:24:23.458818 n-d-861357-3 devstack@placement-api.service[106058]: INFO placement.requestlog [req-88fdbf4d-4f4c-4cac-8159-73cd6d756973 req-2631283b-4f45-43a3-b182-f8de3a34129c service placement] 10.222.0.20 "GET /placement/allocations/6bf04d8e-757b-4541-b3e2-e7c3c5767631" status: 200 len: 259 microversion: 1.28
Oct 17 07:24:23.461931 n-d-861357-3 devstack@placement-api.service[106058]: [pid: 106058|app: 0|req: 494/991] 10.222.0.20 () {60 vars in 1377 bytes} [Mon Oct 17 07:24:23 2022] GET /placement/allocations/6bf04d8e-757b-4541-b3e2-e7c3c5767631 => generated 259 bytes in 41 msecs (HTTP/1.1 200) 8 headers in 296 bytes (1 switches on core 0)
Oct 17 07:24:23.496463 n-d-861357-3 devstack@placement-api.service[106057]: DEBUG placement.requestlog [req-88fdbf4d-4f4c-4cac-8159-73cd6d756973 req-e4ac18e6-87c4-4b24-bdc5-d9182842bf1f None None] Starting request: 10.222.0.20 "GET /placement/allocations/612aea30-df38-4f91-9b24-67536909d370" {{(pid=106057) __call__ /opt/stack/placement/placement/requestlog.py:55}}
Oct 17 07:24:23.559296 n-d-861357-3 devstack@placement-api.service[106057]: INFO placement.requestlog [req-88fdbf4d-4f4c-4cac-8159-73cd6d756973 req-e4ac18e6-87c4-4b24-bdc5-d9182842bf1f service placement] 10.222.0.20 "GET /placement/allocations/612aea30-df38-4f91-9b24-67536909d370" status: 200 len: 259 microversion: 1.28
Oct 17 07:24:23.561383 n-d-861357-3 devstack@placement-api.service[106057]: [pid: 106057|app: 0|req: 498/992] 10.222.0.20 () {60 vars in 1377 bytes} [Mon Oct 17 07:24:23 2022] GET /placement/allocations/612aea30-df38-4f91-9b24-67536909d370 => generated 259 bytes in 66 msecs (HTTP/1.1 200) 8 headers in 296 bytes (1 switches on core 0)
Oct 17 07:24:23.570802 n-d-861357-3 devstack@placement-api.service[106058]: DEBUG placement.requestlog [req-88fdbf4d-4f4c-4cac-8159-73cd6d756973 req-b06d5d0f-df2a-4948-9bf7-80e6aca4d8c2 None None] Starting request: 10.222.0.20 "GET /placement/allocations/75cbae91-6171-4915-93c8-462cebc8bb1b" {{(pid=106058) __call__ /opt/stack/placement/placement/requestlog.py:55}}
Oct 17 07:24:23.613038 n-d-861357-3 devstack@placement-api.service[106058]: INFO placement.requestlog [req-88fdbf4d-4f4c-4cac-8159-73cd6d756973 req-b06d5d0f-df2a-4948-9bf7-80e6aca4d8c2 service placement] 10.222.0.20 "GET /placement/allocations/75cbae91-6171-4915-93c8-462cebc8bb1b" status: 200 len: 259 microversion: 1.28
Oct 17 07:24:23.613468 n-d-861357-3 devstack@placement-api.service[106058]: [pid: 106058|app: 0|req: 495/993] 10.222.0.20 () {60 vars in 1377 bytes} [Mon Oct 17 07:24:23 2022] GET /placement/allocations/75cbae91-6171-4915-93c8-462cebc8bb1b => generated 259 bytes in 45 msecs (HTTP/1.1 200) 8 headers in 296 bytes (1 switches on core 0)
Oct 17 07:24:23.623041 n-d-861357-3 devstack@placement-api.service[106057]: DEBUG placement.requestlog [req-88fdbf4d-4f4c-4cac-8159-73cd6d756973 req-16322cdb-948e-4e60-a344-45315591e3c7 None None] Starting request: 10.222.0.20 "GET /placement/allocations/cb44af46-2d6f-4e08-bfa6-856731d70723" {{(pid=106057) __call__ /opt/stack/placement/placement/requestlog.py:55}}
Oct 17 07:24:23.676282 n-d-861357-3 devstack@placement-api.service[106057]: DEBUG dbcounter [-] [106057] Writing DB stats placement:SELECT=88,placement:DELETE=4,placement:INSERT=6,placement:UPDATE=2 {{(pid=106057) stat_writer /usr/local/lib/python3.8/dist-packages/dbcounter.py:114}}
Oct 17 07:24:23.683525 n-d-861357-3 devstack@placement-api.service[106057]: INFO placement.requestlog [req-88fdbf4d-4f4c-4cac-8159-73cd6d756973 req-16322cdb-948e-4e60-a344-45315591e3c7 service placement] 10.222.0.20 "GET /placement/allocations/cb44af46-2d6f-4e08-bfa6-856731d70723" status: 200 len: 245 microversion: 1.28
Oct 17 07:24:23.689478 n-d-861357-3 devstack@placement-api.service[106057]: [pid: 106057|app: 0|req: 499/994] 10.222.0.20 () {60 vars in 1377 bytes} [Mon Oct 17 07:24:23 2022] GET /placement/allocations/cb44af46-2d6f-4e08-bfa6-856731d70723 => generated 245 bytes in 67 msecs (HTTP/1.1 200) 8 headers in 296 bytes (1 switches on core 0)
Oct 17 07:24:23.696468 n-d-861357-3 devstack@placement-api.service[106058]: DEBUG placement.requestlog [req-88fdbf4d-4f4c-4cac-8159-73cd6d756973 req-10a54805-7976-4146-894b-0ba060222a26 None None] Starting request: 10.222.0.20 "GET /placement/allocations/c514e6fc-c863-4090-bc6a-6c96007ad3c0" {{(pid=106058) __call__ /opt/stack/placement/placement/requestlog.py:55}}
Oct 17 07:24:23.733977 n-d-861357-3 devstack@placement-api.service[106058]: INFO placement.requestlog [req-88fdbf4d-4f4c-4cac-8159-73cd6d756973 req-10a54805-7976-4146-894b-0ba060222a26 service placement] 10.222.0.20 "GET /placement/allocations/c514e6fc-c863-4090-bc6a-6c96007ad3c0" status: 200 len: 259 microversion: 1.28
Oct 17 07:24:23.734756 n-d-861357-3 devstack@placement-api.service[106058]: [pid: 106058|app: 0|req: 496/995] 10.222.0.20 () {60 vars in 1377 bytes} [Mon Oct 17 07:24:23 2022] GET /placement/allocations/c514e6fc-c863-4090-bc6a-6c96007ad3c0 => generated 259 bytes in 39 msecs (HTTP/1.1 200) 8 headers in 296 bytes (1 switches on core 0)
Oct 17 07:24:27.314823 n-d-861357-3 devstack@placement-api.service[106057]: DEBUG placement.requestlog [None req-a1862ad9-54ed-4f40-b783-00992210ffc3 None None] Starting request: 10.222.0.42 "GET /placement/resource_providers/a83339d1-facd-472d-b9fd-73e674b93388/aggregates" {{(pid=106057) __call__ /opt/stack/placement/placement/requestlog.py:55}}
Oct 17 07:24:27.333253 n-d-861357-3 devstack@placement-api.service[106057]: INFO placement.requestlog [None req-a1862ad9-54ed-4f40-b783-00992210ffc3 service placement] 10.222.0.42 "GET /placement/resource_providers/a83339d1-facd-472d-b9fd-73e674b93388/aggregates" status: 404 len: 235 microversion: 1.1
Oct 17 07:24:27.342885 n-d-861357-3 devstack@placement-api.service[106057]: [pid: 106057|app: 0|req: 500/996] 10.222.0.42 () {58 vars in 1362 bytes} [Mon Oct 17 07:24:27 2022] GET /placement/resource_providers/a83339d1-facd-472d-b9fd-73e674b93388/aggregates => generated 235 bytes in 29 msecs (HTTP/1.1 404) 5 headers in 202 bytes (1 switches on core 0)
Oct 17 07:24:27.375557 n-d-861357-3 devstack@placement-api.service[106058]: DEBUG placement.requestlog [None req-e5d2f56e-c5e8-41d6-b98f-d46a9cb9e027 None None] Starting request: 10.222.0.42 "DELETE /placement/resource_providers/a83339d1-facd-472d-b9fd-73e674b93388" {{(pid=106058) __call__ /opt/stack/placement/placement/requestlog.py:55}}
Oct 17 07:24:27.390044 n-d-861357-3 devstack@placement-api.service[106058]: DEBUG placement.wsgi_wrapper [None req-e5d2f56e-c5e8-41d6-b98f-d46a9cb9e027 service placement] Placement API returning an error response: No resource provider with uuid a83339d1-facd-472d-b9fd-73e674b93388 found for delete {{(pid=106058) call_func /opt/stack/placement/placement/wsgi_wrapper.py:31}}
Oct 17 07:24:27.391010 n-d-861357-3 devstack@placement-api.service[106058]: INFO placement.requestlog [None req-e5d2f56e-c5e8-41d6-b98f-d46a9cb9e027 service placement] 10.222.0.42 "DELETE /placement/resource_providers/a83339d1-facd-472d-b9fd-73e674b93388" status: 404 len: 246 microversion: 1.1
Oct 17 07:24:27.391880 n-d-861357-3 devstack@placement-api.service[106058]: [pid: 106058|app: 0|req: 497/997] 10.222.0.42 () {60 vars in 1351 bytes} [Mon Oct 17 07:24:27 2022] DELETE /placement/resource_providers/a83339d1-facd-472d-b9fd-73e674b93388 => generated 246 bytes in 16 msecs (HTTP/1.1 404) 6 headers in 231 bytes (1 switches on core 0)
Oct 17 07:24:29.084118 n-d-861357-3 devstack@placement-api.service[106057]: DEBUG placement.requestlog [req-b5fd00c7-70cf-4777-82b1-f402588c1524 req-8d844c37-58e0-4060-9f65-151ee27c5751 None None] Starting request: 10.222.0.20 "GET /placement/resource_providers/0dc22a1c-fe54-4088-9722-379076503966/allocations" {{(pid=106057) __call__ /opt/stack/placement/placement/requestlog.py:55}}
Oct 17 07:24:29.110532 n-d-861357-3 devstack@placement-api.service[106057]: INFO placement.requestlog [req-b5fd00c7-70cf-4777-82b1-f402588c1524 req-8d844c37-58e0-4060-9f65-151ee27c5751 service placement] 10.222.0.20 "GET /placement/resource_providers/0dc22a1c-fe54-4088-9722-379076503966/allocations" status: 200 len: 745 microversion: 1.0
Oct 17 07:24:29.111941 n-d-861357-3 devstack@placement-api.service[106057]: [pid: 106057|app: 0|req: 501/998] 10.222.0.20 () {58 vars in 1390 bytes} [Mon Oct 17 07:24:29 2022] GET /placement/resource_providers/0dc22a1c-fe54-4088-9722-379076503966/allocations => generated 745 bytes in 28 msecs (HTTP/1.1 200) 6 headers in 224 bytes (1 switches on core 0)
Oct 17 07:24:29.121759 n-d-861357-3 devstack@placement-api.service[106058]: DEBUG placement.requestlog [req-b5fd00c7-70cf-4777-82b1-f402588c1524 req-3903464c-1dd8-4d1d-b9b0-6aad5e1d91fb None None] Starting request: 10.222.0.20 "GET /placement/allocations/d50c1334-625e-4ab8-89c5-3e2399060dd3" {{(pid=106058) __call__ /opt/stack/placement/placement/requestlog.py:55}}
Oct 17 07:24:29.158791 n-d-861357-3 devstack@placement-api.service[106058]: INFO placement.requestlog [req-b5fd00c7-70cf-4777-82b1-f402588c1524 req-3903464c-1dd8-4d1d-b9b0-6aad5e1d91fb service placement] 10.222.0.20 "GET /placement/allocations/d50c1334-625e-4ab8-89c5-3e2399060dd3" status: 200 len: 259 microversion: 1.28
Oct 17 07:24:29.158791 n-d-861357-3 devstack@placement-api.service[106058]: [pid: 106058|app: 0|req: 498/999] 10.222.0.20 () {60 vars in 1377 bytes} [Mon Oct 17 07:24:29 2022] GET /placement/allocations/d50c1334-625e-4ab8-89c5-3e2399060dd3 => generated 259 bytes in 37 msecs (HTTP/1.1 200) 8 headers in 296 bytes (1 switches on core 0)
Oct 17 07:24:29.168515 n-d-861357-3 devstack@placement-api.service[106057]: DEBUG placement.requestlog [req-b5fd00c7-70cf-4777-82b1-f402588c1524 req-07b0a150-3df0-476d-9c5a-ad7879f3e37f None None] Starting request: 10.222.0.20 "GET /placement/allocations/1180d73e-86ae-4339-a2d8-6406d6c2a135" {{(pid=106057) __call__ /opt/stack/placement/placement/requestlog.py:55}}
Oct 17 07:24:29.210719 n-d-861357-3 devstack@placement-api.service[106057]: INFO placement.requestlog [req-b5fd00c7-70cf-4777-82b1-f402588c1524 req-07b0a150-3df0-476d-9c5a-ad7879f3e37f service placement] 10.222.0.20 "GET /placement/allocations/1180d73e-86ae-4339-a2d8-6406d6c2a135" status: 200 len: 258 microversion: 1.28
Oct 17 07:24:29.212752 n-d-861357-3 devstack@placement-api.service[106057]: [pid: 106057|app: 0|req: 502/1000] 10.222.0.20 () {60 vars in 1377 bytes} [Mon Oct 17 07:24:29 2022] GET /placement/allocations/1180d73e-86ae-4339-a2d8-6406d6c2a135 => generated 258 bytes in 45 msecs (HTTP/1.1 200) 8 headers in 296 bytes (1 switches on core 0)
Oct 17 07:24:29.226516 n-d-861357-3 devstack@placement-api.service[106058]: DEBUG placement.requestlog [req-b5fd00c7-70cf-4777-82b1-f402588c1524 req-664f9655-d227-4d90-b338-36f0b54f9a6d None None] Starting request: 10.222.0.20 "GET /placement/allocations/6bf04d8e-757b-4541-b3e2-e7c3c5767631" {{(pid=106058) __call__ /opt/stack/placement/placement/requestlog.py:55}}
Oct 17 07:24:29.260548 n-d-861357-3 devstack@placement-api.service[106058]: INFO placement.requestlog [req-b5fd00c7-70cf-4777-82b1-f402588c1524 req-664f9655-d227-4d90-b338-36f0b54f9a6d service placement] 10.222.0.20 "GET /placement/allocations/6bf04d8e-757b-4541-b3e2-e7c3c5767631" status: 200 len: 259 microversion: 1.28
Oct 17 07:24:29.261046 n-d-861357-3 devstack@placement-api.service[106058]: [pid: 106058|app: 0|req: 499/1001] 10.222.0.20 () {60 vars in 1377 bytes} [Mon Oct 17 07:24:29 2022] GET /placement/allocations/6bf04d8e-757b-4541-b3e2-e7c3c5767631 => generated 259 bytes in 35 msecs (HTTP/1.1 200) 8 headers in 296 bytes (1 switches on core 0)
Oct 17 07:24:29.268563 n-d-861357-3 devstack@placement-api.service[106057]: DEBUG placement.requestlog [req-b5fd00c7-70cf-4777-82b1-f402588c1524 req-b654e3db-1d86-4cc8-8646-bd4b685319c2 None None] Starting request: 10.222.0.20 "GET /placement/allocations/612aea30-df38-4f91-9b24-67536909d370" {{(pid=106057) __call__ /opt/stack/placement/placement/requestlog.py:55}}
Oct 17 07:24:29.302950 n-d-861357-3 devstack@placement-api.service[106057]: INFO placement.requestlog [req-b5fd00c7-70cf-4777-82b1-f402588c1524 req-b654e3db-1d86-4cc8-8646-bd4b685319c2 service placement] 10.222.0.20 "GET /placement/allocations/612aea30-df38-4f91-9b24-67536909d370" status: 200 len: 259 microversion: 1.28
Oct 17 07:24:29.305764 n-d-861357-3 devstack@placement-api.service[106057]: [pid: 106057|app: 0|req: 503/1002] 10.222.0.20 () {60 vars in 1377 bytes} [Mon Oct 17 07:24:29 2022] GET /placement/allocations/612aea30-df38-4f91-9b24-67536909d370 => generated 259 bytes in 37 msecs (HTTP/1.1 200) 8 headers in 296 bytes (1 switches on core 0)
Oct 17 07:24:29.312341 n-d-861357-3 devstack@placement-api.service[106058]: DEBUG placement.requestlog [req-b5fd00c7-70cf-4777-82b1-f402588c1524 req-5b1a784b-aa7e-48b6-81d3-a3b317112902 None None] Starting request: 10.222.0.20 "GET /placement/allocations/75cbae91-6171-4915-93c8-462cebc8bb1b" {{(pid=106058) __call__ /opt/stack/placement/placement/requestlog.py:55}}
Oct 17 07:24:29.342866 n-d-861357-3 devstack@placement-api.service[106058]: INFO placement.requestlog [req-b5fd00c7-70cf-4777-82b1-f402588c1524 req-5b1a784b-aa7e-48b6-81d3-a3b317112902 service placement] 10.222.0.20 "GET /placement/allocations/75cbae91-6171-4915-93c8-462cebc8bb1b" status: 200 len: 259 microversion: 1.28
Oct 17 07:24:29.346188 n-d-861357-3 devstack@placement-api.service[106058]: [pid: 106058|app: 0|req: 500/1003] 10.222.0.20 () {60 vars in 1377 bytes} [Mon Oct 17 07:24:29 2022] GET /placement/allocations/75cbae91-6171-4915-93c8-462cebc8bb1b => generated 259 bytes in 34 msecs (HTTP/1.1 200) 8 headers in 296 bytes (1 switches on core 0)
Oct 17 07:24:29.354402 n-d-861357-3 devstack@placement-api.service[106057]: DEBUG placement.requestlog [req-b5fd00c7-70cf-4777-82b1-f402588c1524 req-3945f43d-a637-4e99-931e-97b69a443724 None None] Starting request: 10.222.0.20 "GET /placement/allocations/cb44af46-2d6f-4e08-bfa6-856731d70723" {{(pid=106057) __call__ /opt/stack/placement/placement/requestlog.py:55}}
Oct 17 07:24:29.383992 n-d-861357-3 devstack@placement-api.service[106057]: INFO placement.requestlog [req-b5fd00c7-70cf-4777-82b1-f402588c1524 req-3945f43d-a637-4e99-931e-97b69a443724 service placement] 10.222.0.20 "GET /placement/allocations/cb44af46-2d6f-4e08-bfa6-856731d70723" status: 200 len: 245 microversion: 1.28
Oct 17 07:24:29.384791 n-d-861357-3 devstack@placement-api.service[106057]: [pid: 106057|app: 0|req: 504/1004] 10.222.0.20 () {60 vars in 1377 bytes} [Mon Oct 17 07:24:29 2022] GET /placement/allocations/cb44af46-2d6f-4e08-bfa6-856731d70723 => generated 245 bytes in 30 msecs (HTTP/1.1 200) 8 headers in 296 bytes (1 switches on core 0)
Oct 17 07:24:29.393609 n-d-861357-3 devstack@placement-api.service[106058]: DEBUG placement.requestlog [req-b5fd00c7-70cf-4777-82b1-f402588c1524 req-4aa466f5-97f2-4521-8dfe-7d1f77f2855b None None] Starting request: 10.222.0.20 "GET /placement/allocations/c514e6fc-c863-4090-bc6a-6c96007ad3c0" {{(pid=106058) __call__ /opt/stack/placement/placement/requestlog.py:55}}
Oct 17 07:24:29.427370 n-d-861357-3 devstack@placement-api.service[106058]: INFO placement.requestlog [req-b5fd00c7-70cf-4777-82b1-f402588c1524 req-4aa466f5-97f2-4521-8dfe-7d1f77f2855b service placement] 10.222.0.20 "GET /placement/allocations/c514e6fc-c863-4090-bc6a-6c96007ad3c0" status: 200 len: 259 microversion: 1.28
Oct 17 07:24:29.427758 n-d-861357-3 devstack@placement-api.service[106058]: [pid: 106058|app: 0|req: 501/1005] 10.222.0.20 () {60 vars in 1377 bytes} [Mon Oct 17 07:24:29 2022] GET /placement/allocations/c514e6fc-c863-4090-bc6a-6c96007ad3c0 => generated 259 bytes in 34 msecs (HTTP/1.1 200) 8 headers in 296 bytes (1 switches on core 0)
Oct 17 07:24:29.693898 n-d-861357-3 devstack@placement-api.service[106057]: DEBUG placement.requestlog [req-b5fd00c7-70cf-4777-82b1-f402588c1524 req-77ced11a-586c-49ac-a0c3-f8ae46193581 None None] Starting request: 10.222.0.20 "DELETE /placement/allocations/d50c1334-625e-4ab8-89c5-3e2399060dd3" {{(pid=106057) __call__ /opt/stack/placement/placement/requestlog.py:55}}
Oct 17 07:24:29.750228 n-d-861357-3 devstack@placement-api.service[106057]: DEBUG placement.handlers.allocation [req-b5fd00c7-70cf-4777-82b1-f402588c1524 req-77ced11a-586c-49ac-a0c3-f8ae46193581 service placement] Successfully deleted allocations [, , ] {{(pid=106057) delete_allocations /opt/stack/placement/placement/handlers/allocation.py:627}}
Oct 17 07:24:29.750989 n-d-861357-3 devstack@placement-api.service[106057]: INFO placement.requestlog [req-b5fd00c7-70cf-4777-82b1-f402588c1524 req-77ced11a-586c-49ac-a0c3-f8ae46193581 service placement] 10.222.0.20 "DELETE /placement/allocations/d50c1334-625e-4ab8-89c5-3e2399060dd3" status: 204 len: 0 microversion: 1.0
Oct 17 07:24:29.752241 n-d-861357-3 devstack@placement-api.service[106057]: [pid: 106057|app: 0|req: 505/1006] 10.222.0.20 () {60 vars in 1355 bytes} [Mon Oct 17 07:24:29 2022] DELETE /placement/allocations/d50c1334-625e-4ab8-89c5-3e2399060dd3 => generated 0 bytes in 59 msecs (HTTP/1.1 204) 5 headers in 198 bytes (1 switches on core 0)
Oct 17 07:24:30.888310 n-d-861357-3 devstack@placement-api.service[106058]: DEBUG placement.requestlog [req-3de3bc7e-faa5-4ef0-843d-8a94e1c57b0e req-366b5fb6-5445-4027-828d-b56ff9bea7ba None None] Starting request: 10.222.0.42 "GET /placement/allocation_candidates?limit=1000&resources=DISK_GB%3A1%2CMEMORY_MB%3A1024%2CVCPU%3A1&root_required=%21COMPUTE_STATUS_DISABLED" {{(pid=106058) __call__ /opt/stack/placement/placement/requestlog.py:55}}
Oct 17 07:24:30.967425 n-d-861357-3 devstack@placement-api.service[106058]: DEBUG placement.objects.research_context [req-3de3bc7e-faa5-4ef0-843d-8a94e1c57b0e req-366b5fb6-5445-4027-828d-b56ff9bea7ba service placement] getting providers with 1 DISK_GB {{(pid=106058) __init__ /opt/stack/placement/placement/objects/research_context.py:136}}
Oct 17 07:24:30.975570 n-d-861357-3 devstack@placement-api.service[106058]: DEBUG placement.objects.research_context [req-3de3bc7e-faa5-4ef0-843d-8a94e1c57b0e req-366b5fb6-5445-4027-828d-b56ff9bea7ba service placement] getting providers with 1024 MEMORY_MB {{(pid=106058) __init__ /opt/stack/placement/placement/objects/research_context.py:136}}
Oct 17 07:24:30.983490 n-d-861357-3 devstack@placement-api.service[106058]: DEBUG placement.objects.research_context [req-3de3bc7e-faa5-4ef0-843d-8a94e1c57b0e req-366b5fb6-5445-4027-828d-b56ff9bea7ba service placement] getting providers with 1 VCPU {{(pid=106058) __init__ /opt/stack/placement/placement/objects/research_context.py:136}}
Oct 17 07:24:30.992934 n-d-861357-3 devstack@placement-api.service[106058]: DEBUG placement.objects.research_context [req-3de3bc7e-faa5-4ef0-843d-8a94e1c57b0e req-366b5fb6-5445-4027-828d-b56ff9bea7ba service placement] found 2 providers with available 1 DISK_GB {{(pid=106058) get_provider_ids_matching /opt/stack/placement/placement/objects/research_context.py:563}}
Oct 17 07:24:30.993448 n-d-861357-3 devstack@placement-api.service[106058]: DEBUG placement.objects.research_context [req-3de3bc7e-faa5-4ef0-843d-8a94e1c57b0e req-366b5fb6-5445-4027-828d-b56ff9bea7ba service placement] found 2 providers with available 1024 MEMORY_MB {{(pid=106058) get_provider_ids_matching /opt/stack/placement/placement/objects/research_context.py:563}}
Oct 17 07:24:30.993726 n-d-861357-3 devstack@placement-api.service[106058]: DEBUG placement.objects.research_context [req-3de3bc7e-faa5-4ef0-843d-8a94e1c57b0e req-366b5fb6-5445-4027-828d-b56ff9bea7ba service placement] found 2 providers after filtering by previous result {{(pid=106058) get_provider_ids_matching /opt/stack/placement/placement/objects/research_context.py:594}}
Oct 17 07:24:30.994237 n-d-861357-3 devstack@placement-api.service[106058]: DEBUG placement.objects.research_context [req-3de3bc7e-faa5-4ef0-843d-8a94e1c57b0e req-366b5fb6-5445-4027-828d-b56ff9bea7ba service placement] found 2 providers with available 1 VCPU {{(pid=106058) get_provider_ids_matching /opt/stack/placement/placement/objects/research_context.py:563}}
Oct 17 07:24:30.994504 n-d-861357-3 devstack@placement-api.service[106058]: DEBUG placement.objects.research_context [req-3de3bc7e-faa5-4ef0-843d-8a94e1c57b0e req-366b5fb6-5445-4027-828d-b56ff9bea7ba service placement] found 2 providers after filtering by previous result {{(pid=106058) get_provider_ids_matching /opt/stack/placement/placement/objects/research_context.py:594}}
Oct 17 07:24:31.009449 n-d-861357-3 devstack@placement-api.service[106058]: DEBUG placement.objects.allocation_candidate [req-3de3bc7e-faa5-4ef0-843d-8a94e1c57b0e req-366b5fb6-5445-4027-828d-b56ff9bea7ba service placement] RequestGroup(use_same_provider=False, resources={DISK_GB:1, MEMORY_MB:1024, VCPU:1}, traits=(), aggregates=[]) (suffix '') returned 2 matches {{(pid=106058) _get_by_requests /opt/stack/placement/placement/objects/allocation_candidate.py:156}}
Oct 17 07:24:31.009986 n-d-861357-3 devstack@placement-api.service[106058]: DEBUG placement.objects.allocation_candidate [req-3de3bc7e-faa5-4ef0-843d-8a94e1c57b0e req-366b5fb6-5445-4027-828d-b56ff9bea7ba service placement] Merging candidates yields 2 allocation requests and 2 provider summaries {{(pid=106058) _merge_candidates /opt/stack/placement/placement/objects/allocation_candidate.py:809}}
Oct 17 07:24:31.011731 n-d-861357-3 devstack@placement-api.service[106058]: INFO placement.requestlog [req-3de3bc7e-faa5-4ef0-843d-8a94e1c57b0e req-366b5fb6-5445-4027-828d-b56ff9bea7ba service placement] 10.222.0.42 "GET /placement/allocation_candidates?limit=1000&resources=DISK_GB%3A1%2CMEMORY_MB%3A1024%2CVCPU%3A1&root_required=%21COMPUTE_STATUS_DISABLED" status: 200 len: 1309 microversion: 1.36
Oct 17 07:24:31.024695 n-d-861357-3 devstack@placement-api.service[106058]: [pid: 106058|app: 0|req: 502/1007] 10.222.0.42 () {60 vars in 1506 bytes} [Mon Oct 17 07:24:30 2022] GET /placement/allocation_candidates?limit=1000&resources=DISK_GB%3A1%2CMEMORY_MB%3A1024%2CVCPU%3A1&root_required=%21COMPUTE_STATUS_DISABLED => generated 1309 bytes in 137 msecs (HTTP/1.1 200) 8 headers in 297 bytes (1 switches on core 0)
Oct 17 07:24:31.111636 n-d-861357-3 devstack@placement-api.service[106057]: DEBUG placement.requestlog [req-3de3bc7e-faa5-4ef0-843d-8a94e1c57b0e req-cf22acff-40da-4cdf-9aa0-63a493469d23 None None] Starting request: 10.222.0.42 "GET /placement/allocations/830fd1af-2839-44cc-a34a-e18bd3c868a8" {{(pid=106057) __call__ /opt/stack/placement/placement/requestlog.py:55}}
Oct 17 07:24:31.127820 n-d-861357-3 devstack@placement-api.service[106057]: INFO placement.requestlog [req-3de3bc7e-faa5-4ef0-843d-8a94e1c57b0e req-cf22acff-40da-4cdf-9aa0-63a493469d23 service placement] 10.222.0.42 "GET /placement/allocations/830fd1af-2839-44cc-a34a-e18bd3c868a8" status: 200 len: 19 microversion: 1.28
Oct 17 07:24:31.128980 n-d-861357-3 devstack@placement-api.service[106057]: [pid: 106057|app: 0|req: 506/1008] 10.222.0.42 () {60 vars in 1380 bytes} [Mon Oct 17 07:24:31 2022] GET /placement/allocations/830fd1af-2839-44cc-a34a-e18bd3c868a8 => generated 19 bytes in 18 msecs (HTTP/1.1 200) 8 headers in 295 bytes (1 switches on core 0)
Oct 17 07:24:31.135806 n-d-861357-3 devstack@placement-api.service[106058]: DEBUG placement.requestlog [req-3de3bc7e-faa5-4ef0-843d-8a94e1c57b0e req-d0eaa024-b728-4e44-add2-899e79e8fd23 None None] Starting request: 10.222.0.42 "PUT /placement/allocations/830fd1af-2839-44cc-a34a-e18bd3c868a8" {{(pid=106058) __call__ /opt/stack/placement/placement/requestlog.py:55}}
Oct 17 07:24:31.267747 n-d-861357-3 devstack@placement-api.service[106058]: DEBUG placement.handlers.allocation [req-3de3bc7e-faa5-4ef0-843d-8a94e1c57b0e req-d0eaa024-b728-4e44-add2-899e79e8fd23 service placement] Successfully wrote allocations [, , ] {{(pid=106058) _update_consumers_and_create_allocations /opt/stack/placement/placement/handlers/allocation.py:462}}
Oct 17 07:24:31.277042 n-d-861357-3 devstack@placement-api.service[106058]: INFO placement.requestlog [req-3de3bc7e-faa5-4ef0-843d-8a94e1c57b0e req-d0eaa024-b728-4e44-add2-899e79e8fd23 service placement] 10.222.0.42 "PUT /placement/allocations/830fd1af-2839-44cc-a34a-e18bd3c868a8" status: 204 len: 0 microversion: 1.36
Oct 17 07:24:31.277647 n-d-861357-3 devstack@placement-api.service[106058]: [pid: 106058|app: 0|req: 503/1009] 10.222.0.42 () {64 vars in 1433 bytes} [Mon Oct 17 07:24:31 2022] PUT /placement/allocations/830fd1af-2839-44cc-a34a-e18bd3c868a8 => generated 0 bytes in 142 msecs (HTTP/1.1 204) 5 headers in 199 bytes (1 switches on core 0)
Oct 17 07:24:31.448047 n-d-861357-3 devstack@placement-api.service[106057]: DEBUG placement.requestlog [req-17499c82-4f1f-4c9b-8263-aff1abb35b9b req-ab646a73-d85f-4607-ba88-5df73153c0a5 None None] Starting request: 10.222.0.42 "GET /placement/allocations/cb44af46-2d6f-4e08-bfa6-856731d70723" {{(pid=106057) __call__ /opt/stack/placement/placement/requestlog.py:55}}
Oct 17 07:24:31.508101 n-d-861357-3 devstack@placement-api.service[106058]: DEBUG placement.requestlog [req-a9ab18a0-b6fd-4bb6-af7a-80c797241cc3 req-79f1ff30-d698-415a-9736-e2c7b53b7e76 None None] Starting request: 10.222.0.20 "GET /placement/resource_providers/0dc22a1c-fe54-4088-9722-379076503966/allocations" {{(pid=106058) __call__ /opt/stack/placement/placement/requestlog.py:55}}
Oct 17 07:24:31.579536 n-d-861357-3 devstack@placement-api.service[106058]: INFO placement.requestlog [req-a9ab18a0-b6fd-4bb6-af7a-80c797241cc3 req-79f1ff30-d698-415a-9736-e2c7b53b7e76 service placement] 10.222.0.20 "GET /placement/resource_providers/0dc22a1c-fe54-4088-9722-379076503966/allocations" status: 200 len: 644 microversion: 1.0
Oct 17 07:24:31.581541 n-d-861357-3 devstack@placement-api.service[106058]: [pid: 106058|app: 0|req: 504/1010] 10.222.0.20 () {58 vars in 1390 bytes} [Mon Oct 17 07:24:31 2022] GET /placement/resource_providers/0dc22a1c-fe54-4088-9722-379076503966/allocations => generated 644 bytes in 74 msecs (HTTP/1.1 200) 6 headers in 224 bytes (2 switches on core 0)
Oct 17 07:24:31.589101 n-d-861357-3 devstack@placement-api.service[106058]: DEBUG placement.requestlog [req-a9ab18a0-b6fd-4bb6-af7a-80c797241cc3 req-9ef95090-7144-4922-882c-546cda92088f None None] Starting request: 10.222.0.20 "GET /placement/allocations/1180d73e-86ae-4339-a2d8-6406d6c2a135" {{(pid=106058) __call__ /opt/stack/placement/placement/requestlog.py:55}}
Oct 17 07:24:31.625373 n-d-861357-3 devstack@placement-api.service[106058]: INFO placement.requestlog [req-a9ab18a0-b6fd-4bb6-af7a-80c797241cc3 req-9ef95090-7144-4922-882c-546cda92088f service placement] 10.222.0.20 "GET /placement/allocations/1180d73e-86ae-4339-a2d8-6406d6c2a135" status: 200 len: 258 microversion: 1.28
Oct 17 07:24:31.626267 n-d-861357-3 devstack@placement-api.service[106058]: [pid: 106058|app: 0|req: 505/1011] 10.222.0.20 () {60 vars in 1377 bytes} [Mon Oct 17 07:24:31 2022] GET /placement/allocations/1180d73e-86ae-4339-a2d8-6406d6c2a135 => generated 258 bytes in 37 msecs (HTTP/1.1 200) 8 headers in 296 bytes (1 switches on core 0)
Oct 17 07:24:31.634232 n-d-861357-3 devstack@placement-api.service[106058]: DEBUG placement.requestlog [req-a9ab18a0-b6fd-4bb6-af7a-80c797241cc3 req-eb64f053-3619-430d-91ab-1bf6fca1e2b9 None None] Starting request: 10.222.0.20 "GET /placement/allocations/6bf04d8e-757b-4541-b3e2-e7c3c5767631" {{(pid=106058) __call__ /opt/stack/placement/placement/requestlog.py:55}}
Oct 17 07:24:31.638212 n-d-861357-3 devstack@placement-api.service[106057]: INFO placement.requestlog [req-17499c82-4f1f-4c9b-8263-aff1abb35b9b req-ab646a73-d85f-4607-ba88-5df73153c0a5 service placement] 10.222.0.42 "GET /placement/allocations/cb44af46-2d6f-4e08-bfa6-856731d70723" status: 200 len: 245 microversion: 1.28
Oct 17 07:24:31.639608 n-d-861357-3 devstack@placement-api.service[106057]: [pid: 106057|app: 0|req: 507/1012] 10.222.0.42 () {60 vars in 1380 bytes} [Mon Oct 17 07:24:31 2022] GET /placement/allocations/cb44af46-2d6f-4e08-bfa6-856731d70723 => generated 245 bytes in 192 msecs (HTTP/1.1 200) 8 headers in 296 bytes (1 switches on core 0)
Oct 17 07:24:31.645650 n-d-861357-3 devstack@placement-api.service[106057]: DEBUG placement.requestlog [req-17499c82-4f1f-4c9b-8263-aff1abb35b9b req-738fbf1d-d83e-4b24-bae9-d70850e13f0e None None] Starting request: 10.222.0.42 "GET /placement/allocations/cb44af46-2d6f-4e08-bfa6-856731d70723" {{(pid=106057) __call__ /opt/stack/placement/placement/requestlog.py:55}}
Oct 17 07:24:31.665732 n-d-861357-3 devstack@placement-api.service[106058]: INFO placement.requestlog [req-a9ab18a0-b6fd-4bb6-af7a-80c797241cc3 req-eb64f053-3619-430d-91ab-1bf6fca1e2b9 service placement] 10.222.0.20 "GET /placement/allocations/6bf04d8e-757b-4541-b3e2-e7c3c5767631" status: 200 len: 259 microversion: 1.28
Oct 17 07:24:31.666383 n-d-861357-3 devstack@placement-api.service[106058]: [pid: 106058|app: 0|req: 506/1013] 10.222.0.20 () {60 vars in 1377 bytes} [Mon Oct 17 07:24:31 2022] GET /placement/allocations/6bf04d8e-757b-4541-b3e2-e7c3c5767631 => generated 259 bytes in 32 msecs (HTTP/1.1 200) 8 headers in 296 bytes (2 switches on core 0)
Oct 17 07:24:31.670239 n-d-861357-3 devstack@placement-api.service[106057]: INFO placement.requestlog [req-17499c82-4f1f-4c9b-8263-aff1abb35b9b req-738fbf1d-d83e-4b24-bae9-d70850e13f0e service placement] 10.222.0.42 "GET /placement/allocations/cb44af46-2d6f-4e08-bfa6-856731d70723" status: 200 len: 245 microversion: 1.28
Oct 17 07:24:31.670897 n-d-861357-3 devstack@placement-api.service[106057]: [pid: 106057|app: 0|req: 508/1014] 10.222.0.42 () {60 vars in 1380 bytes} [Mon Oct 17 07:24:31 2022] GET /placement/allocations/cb44af46-2d6f-4e08-bfa6-856731d70723 => generated 245 bytes in 26 msecs (HTTP/1.1 200) 8 headers in 296 bytes (1 switches on core 0)
Oct 17 07:24:31.677588 n-d-861357-3 devstack@placement-api.service[106058]: DEBUG placement.requestlog [req-a9ab18a0-b6fd-4bb6-af7a-80c797241cc3 req-a0704cab-7a5d-4749-b6d4-8e51822709e9 None None] Starting request: 10.222.0.20 "GET /placement/allocations/612aea30-df38-4f91-9b24-67536909d370" {{(pid=106058) __call__ /opt/stack/placement/placement/requestlog.py:55}}
Oct 17 07:24:31.677814 n-d-861357-3 devstack@placement-api.service[106057]: DEBUG placement.requestlog [req-17499c82-4f1f-4c9b-8263-aff1abb35b9b req-83115f62-59c7-4942-a75c-c512bfd387b3 None None] Starting request: 10.222.0.42 "GET /placement/allocations/4adad194-0d42-4408-949a-c7869b2cb4d6" {{(pid=106057) __call__ /opt/stack/placement/placement/requestlog.py:55}}
Oct 17 07:24:31.708164 n-d-861357-3 devstack@placement-api.service[106057]: INFO placement.requestlog [req-17499c82-4f1f-4c9b-8263-aff1abb35b9b req-83115f62-59c7-4942-a75c-c512bfd387b3 service placement] 10.222.0.42 "GET /placement/allocations/4adad194-0d42-4408-949a-c7869b2cb4d6" status: 200 len: 19 microversion: 1.28
Oct 17 07:24:31.713976 n-d-861357-3 devstack@placement-api.service[106057]: [pid: 106057|app: 0|req: 509/1015] 10.222.0.42 () {60 vars in 1380 bytes} [Mon Oct 17 07:24:31 2022] GET /placement/allocations/4adad194-0d42-4408-949a-c7869b2cb4d6 => generated 19 bytes in 36 msecs (HTTP/1.1 200) 8 headers in 295 bytes (1 switches on core 0)
Oct 17 07:24:31.714710 n-d-861357-3 devstack@placement-api.service[106057]: DEBUG placement.requestlog [req-17499c82-4f1f-4c9b-8263-aff1abb35b9b req-66235e78-1e5e-45ef-ae1c-c0e321144a60 None None] Starting request: 10.222.0.42 "POST /placement/allocations" {{(pid=106057) __call__ /opt/stack/placement/placement/requestlog.py:55}}
Oct 17 07:24:31.717839 n-d-861357-3 devstack@placement-api.service[106058]: INFO placement.requestlog [req-a9ab18a0-b6fd-4bb6-af7a-80c797241cc3 req-a0704cab-7a5d-4749-b6d4-8e51822709e9 service placement] 10.222.0.20 "GET /placement/allocations/612aea30-df38-4f91-9b24-67536909d370" status: 200 len: 259 microversion: 1.28
Oct 17 07:24:31.718675 n-d-861357-3 devstack@placement-api.service[106058]: [pid: 106058|app: 0|req: 507/1016] 10.222.0.20 () {60 vars in 1377 bytes} [Mon Oct 17 07:24:31 2022] GET /placement/allocations/612aea30-df38-4f91-9b24-67536909d370 => generated 259 bytes in 41 msecs (HTTP/1.1 200) 8 headers in 296 bytes (1 switches on core 0)
Oct 17 07:24:31.727576 n-d-861357-3 devstack@placement-api.service[106058]: DEBUG placement.requestlog [req-a9ab18a0-b6fd-4bb6-af7a-80c797241cc3 req-ae4496d1-91b2-46cb-a5b0-046b60a913cd None None] Starting request: 10.222.0.20 "GET /placement/allocations/75cbae91-6171-4915-93c8-462cebc8bb1b" {{(pid=106058) __call__ /opt/stack/placement/placement/requestlog.py:55}}
