Oct 17 07:25:44.828620 n-d-861357-3 devstack@placement-api.service[106058]: [pid: 106058|app: 0|req: 635/1267] 10.222.0.27 () {60 vars in 1377 bytes} [Mon Oct 17 07:25:44 2022] GET /placement/allocations/2cff4278-c205-4b1b-8395-0caf35828036 => generated 259 bytes in 26 msecs (HTTP/1.1 200) 8 headers in 296 bytes (2 switches on core 0)
Oct 17 07:25:44.835966 n-d-861357-3 devstack@placement-api.service[106057]: DEBUG placement.requestlog [req-0ae66781-2129-45ae-93d0-52875473c2dd req-6cedf0b8-8aa5-401b-be94-d7cc47ac215e None None] Starting request: 10.222.0.27 "GET /placement/allocations/ea926f89-65a6-426a-a8ba-d831e5fdac1c" {{(pid=106057) __call__ /opt/stack/placement/placement/requestlog.py:55}}
Oct 17 07:25:44.865637 n-d-861357-3 devstack@placement-api.service[106057]: INFO placement.requestlog [req-0ae66781-2129-45ae-93d0-52875473c2dd req-6cedf0b8-8aa5-401b-be94-d7cc47ac215e service placement] 10.222.0.27 "GET /placement/allocations/ea926f89-65a6-426a-a8ba-d831e5fdac1c" status: 200 len: 259 microversion: 1.28
Oct 17 07:25:44.866355 n-d-861357-3 devstack@placement-api.service[106057]: [pid: 106057|app: 0|req: 633/1268] 10.222.0.27 () {60 vars in 1377 bytes} [Mon Oct 17 07:25:44 2022] GET /placement/allocations/ea926f89-65a6-426a-a8ba-d831e5fdac1c => generated 259 bytes in 31 msecs (HTTP/1.1 200) 8 headers in 296 bytes (1 switches on core 0)
Oct 17 07:25:44.873710 n-d-861357-3 devstack@placement-api.service[106058]: DEBUG placement.requestlog [req-0ae66781-2129-45ae-93d0-52875473c2dd req-73a8812d-b093-4ec7-ba5d-d7427c12950d None None] Starting request: 10.222.0.27 "GET /placement/allocations/d09e2c05-eb72-4c0c-b2b4-7a7cea6b3d1b" {{(pid=106058) __call__ /opt/stack/placement/placement/requestlog.py:55}}
Oct 17 07:25:44.895562 n-d-861357-3 devstack@placement-api.service[106058]: INFO placement.requestlog [req-0ae66781-2129-45ae-93d0-52875473c2dd req-73a8812d-b093-4ec7-ba5d-d7427c12950d service placement] 10.222.0.27 "GET /placement/allocations/d09e2c05-eb72-4c0c-b2b4-7a7cea6b3d1b" status: 200 len: 259 microversion: 1.28
Oct 17 07:25:44.896084 n-d-861357-3 devstack@placement-api.service[106058]: [pid: 106058|app: 0|req: 636/1269] 10.222.0.27 () {60 vars in 1377 bytes} [Mon Oct 17 07:25:44 2022] GET /placement/allocations/d09e2c05-eb72-4c0c-b2b4-7a7cea6b3d1b => generated 259 bytes in 23 msecs (HTTP/1.1 200) 8 headers in 296 bytes (1 switches on core 0)
Oct 17 07:25:44.903813 n-d-861357-3 devstack@placement-api.service[106057]: DEBUG placement.requestlog [req-0ae66781-2129-45ae-93d0-52875473c2dd req-155353fc-916b-4986-adde-442237921ea7 None None] Starting request: 10.222.0.27 "GET /placement/allocations/75a92f81-8316-4884-aa23-d08a6a1239b3" {{(pid=106057) __call__ /opt/stack/placement/placement/requestlog.py:55}}
Oct 17 07:25:44.920590 n-d-861357-3 devstack@placement-api.service[106057]: INFO placement.requestlog [req-0ae66781-2129-45ae-93d0-52875473c2dd req-155353fc-916b-4986-adde-442237921ea7 service placement] 10.222.0.27 "GET /placement/allocations/75a92f81-8316-4884-aa23-d08a6a1239b3" status: 200 len: 259 microversion: 1.28
Oct 17 07:25:44.921679 n-d-861357-3 devstack@placement-api.service[106057]: [pid: 106057|app: 0|req: 634/1270] 10.222.0.27 () {60 vars in 1377 bytes} [Mon Oct 17 07:25:44 2022] GET /placement/allocations/75a92f81-8316-4884-aa23-d08a6a1239b3 => generated 259 bytes in 18 msecs (HTTP/1.1 200) 8 headers in 296 bytes (1 switches on core 0)
Oct 17 07:25:44.927994 n-d-861357-3 devstack@placement-api.service[106058]: DEBUG placement.requestlog [req-0ae66781-2129-45ae-93d0-52875473c2dd req-bbd4111e-77e7-4821-b679-96afdac049cf None None] Starting request: 10.222.0.27 "GET /placement/allocations/b5395e0e-d91c-43c3-900c-641ecead1e5b" {{(pid=106058) __call__ /opt/stack/placement/placement/requestlog.py:55}}
Oct 17 07:25:44.947793 n-d-861357-3 devstack@placement-api.service[106058]: INFO placement.requestlog [req-0ae66781-2129-45ae-93d0-52875473c2dd req-bbd4111e-77e7-4821-b679-96afdac049cf service placement] 10.222.0.27 "GET /placement/allocations/b5395e0e-d91c-43c3-900c-641ecead1e5b" status: 200 len: 259 microversion: 1.28
Oct 17 07:25:44.948542 n-d-861357-3 devstack@placement-api.service[106058]: [pid: 106058|app: 0|req: 637/1271] 10.222.0.27 () {60 vars in 1377 bytes} [Mon Oct 17 07:25:44 2022] GET /placement/allocations/b5395e0e-d91c-43c3-900c-641ecead1e5b => generated 259 bytes in 21 msecs (HTTP/1.1 200) 8 headers in 296 bytes (1 switches on core 0)
Oct 17 07:25:45.226336 n-d-861357-3 devstack@placement-api.service[106057]: DEBUG placement.requestlog [req-0ae66781-2129-45ae-93d0-52875473c2dd req-9686e821-d9d1-46ad-9ed5-85a82f52c8f7 None None] Starting request: 10.222.0.27 "DELETE /placement/allocations/d09e2c05-eb72-4c0c-b2b4-7a7cea6b3d1b" {{(pid=106057) __call__ /opt/stack/placement/placement/requestlog.py:55}}
Oct 17 07:25:45.303624 n-d-861357-3 devstack@placement-api.service[106057]: DEBUG placement.handlers.allocation [req-0ae66781-2129-45ae-93d0-52875473c2dd req-9686e821-d9d1-46ad-9ed5-85a82f52c8f7 service placement] Successfully deleted allocations [, , ] {{(pid=106057) delete_allocations /opt/stack/placement/placement/handlers/allocation.py:627}}
Oct 17 07:25:45.304431 n-d-861357-3 devstack@placement-api.service[106057]: INFO placement.requestlog [req-0ae66781-2129-45ae-93d0-52875473c2dd req-9686e821-d9d1-46ad-9ed5-85a82f52c8f7 service placement] 10.222.0.27 "DELETE /placement/allocations/d09e2c05-eb72-4c0c-b2b4-7a7cea6b3d1b" status: 204 len: 0 microversion: 1.0
Oct 17 07:25:45.305341 n-d-861357-3 devstack@placement-api.service[106057]: [pid: 106057|app: 0|req: 635/1272] 10.222.0.27 () {60 vars in 1355 bytes} [Mon Oct 17 07:25:45 2022] DELETE /placement/allocations/d09e2c05-eb72-4c0c-b2b4-7a7cea6b3d1b => generated 0 bytes in 79 msecs (HTTP/1.1 204) 5 headers in 198 bytes (1 switches on core 0)
Oct 17 07:25:45.331866 n-d-861357-3 devstack@placement-api.service[106058]: DEBUG placement.requestlog [req-5e0d69bd-0d0e-4d50-a48f-a1d2d8b1b2a6 req-4115f9b6-4394-4068-9662-48a7dc31cb8a None None] Starting request: 10.222.0.27 "GET /placement/resource_providers/3117f9ac-85aa-4dc9-a353-83becc6822c2/allocations" {{(pid=106058) __call__ /opt/stack/placement/placement/requestlog.py:55}}
Oct 17 07:25:45.378392 n-d-861357-3 devstack@placement-api.service[106058]: INFO placement.requestlog [req-5e0d69bd-0d0e-4d50-a48f-a1d2d8b1b2a6 req-4115f9b6-4394-4068-9662-48a7dc31cb8a service placement] 10.222.0.27 "GET /placement/resource_providers/3117f9ac-85aa-4dc9-a353-83becc6822c2/allocations" status: 200 len: 558 microversion: 1.0
Oct 17 07:25:45.379318 n-d-861357-3 devstack@placement-api.service[106058]: [pid: 106058|app: 0|req: 638/1273] 10.222.0.27 () {58 vars in 1390 bytes} [Mon Oct 17 07:25:45 2022] GET /placement/resource_providers/3117f9ac-85aa-4dc9-a353-83becc6822c2/allocations => generated 558 bytes in 48 msecs (HTTP/1.1 200) 6 headers in 224 bytes (1 switches on core 0)
Oct 17 07:25:45.466952 n-d-861357-3 devstack@placement-api.service[106057]: DEBUG placement.requestlog [req-5e0d69bd-0d0e-4d50-a48f-a1d2d8b1b2a6 req-7d65c2a7-5ef3-4d71-85af-10fc3703c7c1 None None] Starting request: 10.222.0.27 "GET /placement/resource_providers/3117f9ac-85aa-4dc9-a353-83becc6822c2/allocations" {{(pid=106057) __call__ /opt/stack/placement/placement/requestlog.py:55}}
Oct 17 07:25:45.499103 n-d-861357-3 devstack@placement-api.service[106057]: INFO placement.requestlog [req-5e0d69bd-0d0e-4d50-a48f-a1d2d8b1b2a6 req-7d65c2a7-5ef3-4d71-85af-10fc3703c7c1 service placement] 10.222.0.27 "GET /placement/resource_providers/3117f9ac-85aa-4dc9-a353-83becc6822c2/allocations" status: 200 len: 558 microversion: 1.0
Oct 17 07:25:45.500272 n-d-861357-3 devstack@placement-api.service[106058]: DEBUG placement.requestlog [req-55dc71c0-951c-4df1-9bf0-cf8e7a5ae5e0 req-b1c9ca87-d37c-46ab-aa83-636deffd44de None None] Starting request: 10.222.0.42 "GET /placement/allocation_candidates?limit=1000&resources=DISK_GB%3A1%2CMEMORY_MB%3A1024%2CVCPU%3A1&root_required=%21COMPUTE_STATUS_DISABLED" {{(pid=106058) __call__ /opt/stack/placement/placement/requestlog.py:55}}
Oct 17 07:25:45.500758 n-d-861357-3 devstack@placement-api.service[106057]: [pid: 106057|app: 0|req: 636/1274] 10.222.0.27 () {58 vars in 1390 bytes} [Mon Oct 17 07:25:45 2022] GET /placement/resource_providers/3117f9ac-85aa-4dc9-a353-83becc6822c2/allocations => generated 558 bytes in 34 msecs (HTTP/1.1 200) 6 headers in 224 bytes (1 switches on core 0)
Oct 17 07:25:45.507448 n-d-861357-3 devstack@placement-api.service[106057]: DEBUG placement.requestlog [req-5e0d69bd-0d0e-4d50-a48f-a1d2d8b1b2a6 req-efbd68ae-b9a9-4d26-8c8a-6388f41784c3 None None] Starting request: 10.222.0.27 "GET /placement/allocations/2c4e4bf5-5593-4c00-9468-940964bb950b" {{(pid=106057) __call__ /opt/stack/placement/placement/requestlog.py:55}}
Oct 17 07:25:45.525016 n-d-861357-3 devstack@placement-api.service[106057]: INFO placement.requestlog [req-5e0d69bd-0d0e-4d50-a48f-a1d2d8b1b2a6 req-efbd68ae-b9a9-4d26-8c8a-6388f41784c3 service placement] 10.222.0.27 "GET /placement/allocations/2c4e4bf5-5593-4c00-9468-940964bb950b" status: 200 len: 259 microversion: 1.28
Oct 17 07:25:45.525736 n-d-861357-3 devstack@placement-api.service[106057]: [pid: 106057|app: 0|req: 637/1275] 10.222.0.27 () {60 vars in 1377 bytes} [Mon Oct 17 07:25:45 2022] GET /placement/allocations/2c4e4bf5-5593-4c00-9468-940964bb950b => generated 259 bytes in 18 msecs (HTTP/1.1 200) 8 headers in 296 bytes (1 switches on core 0)
Oct 17 07:25:45.532132 n-d-861357-3 devstack@placement-api.service[106057]: DEBUG placement.requestlog [req-5e0d69bd-0d0e-4d50-a48f-a1d2d8b1b2a6 req-c1ffcdf0-20c9-47c1-8a68-12d7e8073b04 None None] Starting request: 10.222.0.27 "GET /placement/allocations/2cff4278-c205-4b1b-8395-0caf35828036" {{(pid=106057) __call__ /opt/stack/placement/placement/requestlog.py:55}}
Oct 17 07:25:45.568203 n-d-861357-3 devstack@placement-api.service[106057]: INFO placement.requestlog [req-5e0d69bd-0d0e-4d50-a48f-a1d2d8b1b2a6 req-c1ffcdf0-20c9-47c1-8a68-12d7e8073b04 service placement] 10.222.0.27 "GET /placement/allocations/2cff4278-c205-4b1b-8395-0caf35828036" status: 200 len: 259 microversion: 1.28
Oct 17 07:25:45.569465 n-d-861357-3 devstack@placement-api.service[106057]: [pid: 106057|app: 0|req: 638/1276] 10.222.0.27 () {60 vars in 1377 bytes} [Mon Oct 17 07:25:45 2022] GET /placement/allocations/2cff4278-c205-4b1b-8395-0caf35828036 => generated 259 bytes in 38 msecs (HTTP/1.1 200) 8 headers in 296 bytes (1 switches on core 0)
Oct 17 07:25:45.573396 n-d-861357-3 devstack@placement-api.service[106058]: DEBUG placement.objects.research_context [req-55dc71c0-951c-4df1-9bf0-cf8e7a5ae5e0 req-b1c9ca87-d37c-46ab-aa83-636deffd44de service placement] getting providers with 1 DISK_GB {{(pid=106058) __init__ /opt/stack/placement/placement/objects/research_context.py:136}}
Oct 17 07:25:45.577428 n-d-861357-3 devstack@placement-api.service[106057]: DEBUG placement.requestlog [req-5e0d69bd-0d0e-4d50-a48f-a1d2d8b1b2a6 req-844ca80d-b1ff-490b-8d75-51e09c47a4c9 None None] Starting request: 10.222.0.27 "GET /placement/allocations/ea926f89-65a6-426a-a8ba-d831e5fdac1c" {{(pid=106057) __call__ /opt/stack/placement/placement/requestlog.py:55}}
Oct 17 07:25:45.588880 n-d-861357-3 devstack@placement-api.service[106058]: DEBUG placement.objects.research_context [req-55dc71c0-951c-4df1-9bf0-cf8e7a5ae5e0 req-b1c9ca87-d37c-46ab-aa83-636deffd44de service placement] getting providers with 1024 MEMORY_MB {{(pid=106058) __init__ /opt/stack/placement/placement/objects/research_context.py:136}}
Oct 17 07:25:45.596842 n-d-861357-3 devstack@placement-api.service[106058]: DEBUG placement.objects.research_context [req-55dc71c0-951c-4df1-9bf0-cf8e7a5ae5e0 req-b1c9ca87-d37c-46ab-aa83-636deffd44de service placement] getting providers with 1 VCPU {{(pid=106058) __init__ /opt/stack/placement/placement/objects/research_context.py:136}}
Oct 17 07:25:45.609550 n-d-861357-3 devstack@placement-api.service[106057]: INFO placement.requestlog [req-5e0d69bd-0d0e-4d50-a48f-a1d2d8b1b2a6 req-844ca80d-b1ff-490b-8d75-51e09c47a4c9 service placement] 10.222.0.27 "GET /placement/allocations/ea926f89-65a6-426a-a8ba-d831e5fdac1c" status: 200 len: 259 microversion: 1.28
Oct 17 07:25:45.610582 n-d-861357-3 devstack@placement-api.service[106057]: [pid: 106057|app: 0|req: 639/1277] 10.222.0.27 () {60 vars in 1377 bytes} [Mon Oct 17 07:25:45 2022] GET /placement/allocations/ea926f89-65a6-426a-a8ba-d831e5fdac1c => generated 259 bytes in 33 msecs (HTTP/1.1 200) 8 headers in 296 bytes (1 switches on core 0)
Oct 17 07:25:45.617616 n-d-861357-3 devstack@placement-api.service[106057]: DEBUG placement.requestlog [req-5e0d69bd-0d0e-4d50-a48f-a1d2d8b1b2a6 req-d497a78b-94b0-48fd-8f92-8f288d4b0b0f None None] Starting request: 10.222.0.27 "GET /placement/allocations/75a92f81-8316-4884-aa23-d08a6a1239b3" {{(pid=106057) __call__ /opt/stack/placement/placement/requestlog.py:55}}
Oct 17 07:25:45.631419 n-d-861357-3 devstack@placement-api.service[106058]: DEBUG placement.objects.research_context [req-55dc71c0-951c-4df1-9bf0-cf8e7a5ae5e0 req-b1c9ca87-d37c-46ab-aa83-636deffd44de service placement] found 2 providers with available 1 DISK_GB {{(pid=106058) get_provider_ids_matching /opt/stack/placement/placement/objects/research_context.py:563}}
Oct 17 07:25:45.632035 n-d-861357-3 devstack@placement-api.service[106058]: DEBUG placement.objects.research_context [req-55dc71c0-951c-4df1-9bf0-cf8e7a5ae5e0 req-b1c9ca87-d37c-46ab-aa83-636deffd44de service placement] found 2 providers with available 1024 MEMORY_MB {{(pid=106058) get_provider_ids_matching /opt/stack/placement/placement/objects/research_context.py:563}}
Oct 17 07:25:45.634971 n-d-861357-3 devstack@placement-api.service[106058]: DEBUG placement.objects.research_context [req-55dc71c0-951c-4df1-9bf0-cf8e7a5ae5e0 req-b1c9ca87-d37c-46ab-aa83-636deffd44de service placement] found 2 providers after filtering by previous result {{(pid=106058) get_provider_ids_matching /opt/stack/placement/placement/objects/research_context.py:594}}
Oct 17 07:25:45.635458 n-d-861357-3 devstack@placement-api.service[106058]: DEBUG placement.objects.research_context [req-55dc71c0-951c-4df1-9bf0-cf8e7a5ae5e0 req-b1c9ca87-d37c-46ab-aa83-636deffd44de service placement] found 2 providers with available 1 VCPU {{(pid=106058) get_provider_ids_matching /opt/stack/placement/placement/objects/research_context.py:563}}
Oct 17 07:25:45.637324 n-d-861357-3 devstack@placement-api.service[106058]: DEBUG placement.objects.research_context [req-55dc71c0-951c-4df1-9bf0-cf8e7a5ae5e0 req-b1c9ca87-d37c-46ab-aa83-636deffd44de service placement] found 2 providers after filtering by previous result {{(pid=106058) get_provider_ids_matching /opt/stack/placement/placement/objects/research_context.py:594}}
Oct 17 07:25:45.650176 n-d-861357-3 devstack@placement-api.service[106057]: INFO placement.requestlog [req-5e0d69bd-0d0e-4d50-a48f-a1d2d8b1b2a6 req-d497a78b-94b0-48fd-8f92-8f288d4b0b0f service placement] 10.222.0.27 "GET /placement/allocations/75a92f81-8316-4884-aa23-d08a6a1239b3" status: 200 len: 259 microversion: 1.28
Oct 17 07:25:45.651138 n-d-861357-3 devstack@placement-api.service[106057]: [pid: 106057|app: 0|req: 640/1278] 10.222.0.27 () {60 vars in 1377 bytes} [Mon Oct 17 07:25:45 2022] GET /placement/allocations/75a92f81-8316-4884-aa23-d08a6a1239b3 => generated 259 bytes in 33 msecs (HTTP/1.1 200) 8 headers in 296 bytes (2 switches on core 0)
Oct 17 07:25:45.657956 n-d-861357-3 devstack@placement-api.service[106057]: DEBUG placement.requestlog [req-5e0d69bd-0d0e-4d50-a48f-a1d2d8b1b2a6 req-d789aeb3-20e1-405b-99ad-de6dc909c484 None None] Starting request: 10.222.0.27 "GET /placement/allocations/b5395e0e-d91c-43c3-900c-641ecead1e5b" {{(pid=106057) __call__ /opt/stack/placement/placement/requestlog.py:55}}
Oct 17 07:25:45.674114 n-d-861357-3 devstack@placement-api.service[106058]: DEBUG placement.objects.allocation_candidate [req-55dc71c0-951c-4df1-9bf0-cf8e7a5ae5e0 req-b1c9ca87-d37c-46ab-aa83-636deffd44de service placement] RequestGroup(use_same_provider=False, resources={DISK_GB:1, MEMORY_MB:1024, VCPU:1}, traits=(), aggregates=[]) (suffix '') returned 2 matches {{(pid=106058) _get_by_requests /opt/stack/placement/placement/objects/allocation_candidate.py:156}}
Oct 17 07:25:45.674558 n-d-861357-3 devstack@placement-api.service[106058]: DEBUG placement.objects.allocation_candidate [req-55dc71c0-951c-4df1-9bf0-cf8e7a5ae5e0 req-b1c9ca87-d37c-46ab-aa83-636deffd44de service placement] Merging candidates yields 2 allocation requests and 2 provider summaries {{(pid=106058) _merge_candidates /opt/stack/placement/placement/objects/allocation_candidate.py:809}}
Oct 17 07:25:45.680780 n-d-861357-3 devstack@placement-api.service[106058]: INFO placement.requestlog [req-55dc71c0-951c-4df1-9bf0-cf8e7a5ae5e0 req-b1c9ca87-d37c-46ab-aa83-636deffd44de service placement] 10.222.0.42 "GET /placement/allocation_candidates?limit=1000&resources=DISK_GB%3A1%2CMEMORY_MB%3A1024%2CVCPU%3A1&root_required=%21COMPUTE_STATUS_DISABLED" status: 200 len: 1309 microversion: 1.36
Oct 17 07:25:45.685180 n-d-861357-3 devstack@placement-api.service[106057]: INFO placement.requestlog [req-5e0d69bd-0d0e-4d50-a48f-a1d2d8b1b2a6 req-d789aeb3-20e1-405b-99ad-de6dc909c484 service placement] 10.222.0.27 "GET /placement/allocations/b5395e0e-d91c-43c3-900c-641ecead1e5b" status: 200 len: 259 microversion: 1.28
Oct 17 07:25:45.685969 n-d-861357-3 devstack@placement-api.service[106057]: [pid: 106057|app: 0|req: 641/1279] 10.222.0.27 () {60 vars in 1377 bytes} [Mon Oct 17 07:25:45 2022] GET /placement/allocations/b5395e0e-d91c-43c3-900c-641ecead1e5b => generated 259 bytes in 28 msecs (HTTP/1.1 200) 8 headers in 296 bytes (1 switches on core 0)
Oct 17 07:25:45.693477 n-d-861357-3 devstack@placement-api.service[106058]: [pid: 106058|app: 0|req: 639/1280] 10.222.0.42 () {60 vars in 1506 bytes} [Mon Oct 17 07:25:45 2022] GET /placement/allocation_candidates?limit=1000&resources=DISK_GB%3A1%2CMEMORY_MB%3A1024%2CVCPU%3A1&root_required=%21COMPUTE_STATUS_DISABLED => generated 1309 bytes in 193 msecs (HTTP/1.1 200) 8 headers in 297 bytes (2 switches on core 0)
Oct 17 07:25:45.761943 n-d-861357-3 devstack@placement-api.service[106057]: DEBUG placement.requestlog [req-55dc71c0-951c-4df1-9bf0-cf8e7a5ae5e0 req-991e69c0-1497-4a79-9f67-c12ff38ba980 None None] Starting request: 10.222.0.42 "GET /placement/allocations/f4e25eee-ca2c-4e75-9db1-f94e85f77e99" {{(pid=106057) __call__ /opt/stack/placement/placement/requestlog.py:55}}
Oct 17 07:25:45.782366 n-d-861357-3 devstack@placement-api.service[106057]: INFO placement.requestlog [req-55dc71c0-951c-4df1-9bf0-cf8e7a5ae5e0 req-991e69c0-1497-4a79-9f67-c12ff38ba980 service placement] 10.222.0.42 "GET /placement/allocations/f4e25eee-ca2c-4e75-9db1-f94e85f77e99" status: 200 len: 19 microversion: 1.28
Oct 17 07:25:45.783907 n-d-861357-3 devstack@placement-api.service[106057]: [pid: 106057|app: 0|req: 642/1281] 10.222.0.42 () {60 vars in 1380 bytes} [Mon Oct 17 07:25:45 2022] GET /placement/allocations/f4e25eee-ca2c-4e75-9db1-f94e85f77e99 => generated 19 bytes in 22 msecs (HTTP/1.1 200) 8 headers in 295 bytes (1 switches on core 0)
Oct 17 07:25:45.793449 n-d-861357-3 devstack@placement-api.service[106058]: DEBUG placement.requestlog [req-55dc71c0-951c-4df1-9bf0-cf8e7a5ae5e0 req-bdc50a13-86fd-45bf-8ca8-bcb192536ab6 None None] Starting request: 10.222.0.42 "PUT /placement/allocations/f4e25eee-ca2c-4e75-9db1-f94e85f77e99" {{(pid=106058) __call__ /opt/stack/placement/placement/requestlog.py:55}}
Oct 17 07:25:45.871644 n-d-861357-3 devstack@placement-api.service[106058]: DEBUG placement.handlers.allocation [req-55dc71c0-951c-4df1-9bf0-cf8e7a5ae5e0 req-bdc50a13-86fd-45bf-8ca8-bcb192536ab6 service placement] Successfully wrote allocations [, , ] {{(pid=106058) _update_consumers_and_create_allocations /opt/stack/placement/placement/handlers/allocation.py:462}}
Oct 17 07:25:45.878785 n-d-861357-3 devstack@placement-api.service[106058]: INFO placement.requestlog [req-55dc71c0-951c-4df1-9bf0-cf8e7a5ae5e0 req-bdc50a13-86fd-45bf-8ca8-bcb192536ab6 service placement] 10.222.0.42 "PUT /placement/allocations/f4e25eee-ca2c-4e75-9db1-f94e85f77e99" status: 204 len: 0 microversion: 1.36
Oct 17 07:25:45.879201 n-d-861357-3 devstack@placement-api.service[106058]: [pid: 106058|app: 0|req: 640/1282] 10.222.0.42 () {64 vars in 1433 bytes} [Mon Oct 17 07:25:45 2022] PUT /placement/allocations/f4e25eee-ca2c-4e75-9db1-f94e85f77e99 => generated 0 bytes in 86 msecs (HTTP/1.1 204) 5 headers in 199 bytes (1 switches on core 0)
Oct 17 07:25:46.007037 n-d-861357-3 devstack@placement-api.service[106057]: DEBUG placement.requestlog [req-f2540c9b-78f0-4513-be53-9c6a638e2df6 req-66be854d-db96-42a6-8724-2d012510c7ad None None] Starting request: 10.222.0.27 "DELETE /placement/allocations/b5395e0e-d91c-43c3-900c-641ecead1e5b" {{(pid=106057) __call__ /opt/stack/placement/placement/requestlog.py:55}}
Oct 17 07:25:46.061595 n-d-861357-3 devstack@placement-api.service[106057]: DEBUG placement.handlers.allocation [req-f2540c9b-78f0-4513-be53-9c6a638e2df6 req-66be854d-db96-42a6-8724-2d012510c7ad service placement] Successfully deleted allocations [, , ] {{(pid=106057) delete_allocations /opt/stack/placement/placement/handlers/allocation.py:627}}
Oct 17 07:25:46.062166 n-d-861357-3 devstack@placement-api.service[106057]: INFO placement.requestlog [req-f2540c9b-78f0-4513-be53-9c6a638e2df6 req-66be854d-db96-42a6-8724-2d012510c7ad service placement] 10.222.0.27 "DELETE /placement/allocations/b5395e0e-d91c-43c3-900c-641ecead1e5b" status: 204 len: 0 microversion: 1.0
Oct 17 07:25:46.063212 n-d-861357-3 devstack@placement-api.service[106057]: [pid: 106057|app: 0|req: 643/1283] 10.222.0.27 () {60 vars in 1355 bytes} [Mon Oct 17 07:25:46 2022] DELETE /placement/allocations/b5395e0e-d91c-43c3-900c-641ecead1e5b => generated 0 bytes in 56 msecs (HTTP/1.1 204) 5 headers in 198 bytes (1 switches on core 0)
Oct 17 07:25:46.613920 n-d-861357-3 devstack@placement-api.service[106058]: DEBUG placement.requestlog [req-55dc71c0-951c-4df1-9bf0-cf8e7a5ae5e0 req-622a82d6-7bc5-4e7d-8770-d946850bdb15 None None] Starting request: 10.222.0.27 "GET /placement/allocations/f4e25eee-ca2c-4e75-9db1-f94e85f77e99" {{(pid=106058) __call__ /opt/stack/placement/placement/requestlog.py:55}}
Oct 17 07:25:46.637181 n-d-861357-3 devstack@placement-api.service[106058]: INFO placement.requestlog [req-55dc71c0-951c-4df1-9bf0-cf8e7a5ae5e0 req-622a82d6-7bc5-4e7d-8770-d946850bdb15 service placement] 10.222.0.27 "GET /placement/allocations/f4e25eee-ca2c-4e75-9db1-f94e85f77e99" status: 200 len: 259 microversion: 1.28
Oct 17 07:25:46.637411 n-d-861357-3 devstack@placement-api.service[106058]: [pid: 106058|app: 0|req: 641/1284] 10.222.0.27 () {60 vars in 1377 bytes} [Mon Oct 17 07:25:46 2022] GET /placement/allocations/f4e25eee-ca2c-4e75-9db1-f94e85f77e99 => generated 259 bytes in 24 msecs (HTTP/1.1 200) 8 headers in 296 bytes (1 switches on core 0)
Oct 17 07:25:47.309825 n-d-861357-3 devstack@placement-api.service[106057]: DEBUG placement.requestlog [req-55dc71c0-951c-4df1-9bf0-cf8e7a5ae5e0 req-d922b3d2-e37c-478e-a2d9-f6031b6b2b7d None None] Starting request: 10.222.0.27 "GET /placement/resource_providers/3117f9ac-85aa-4dc9-a353-83becc6822c2/allocations" {{(pid=106057) __call__ /opt/stack/placement/placement/requestlog.py:55}}
Oct 17 07:25:47.360958 n-d-861357-3 devstack@placement-api.service[106057]: INFO placement.requestlog [req-55dc71c0-951c-4df1-9bf0-cf8e7a5ae5e0 req-d922b3d2-e37c-478e-a2d9-f6031b6b2b7d service placement] 10.222.0.27 "GET /placement/resource_providers/3117f9ac-85aa-4dc9-a353-83becc6822c2/allocations" status: 200 len: 558 microversion: 1.0
Oct 17 07:25:47.361762 n-d-861357-3 devstack@placement-api.service[106057]: [pid: 106057|app: 0|req: 644/1285] 10.222.0.27 () {58 vars in 1390 bytes} [Mon Oct 17 07:25:47 2022] GET /placement/resource_providers/3117f9ac-85aa-4dc9-a353-83becc6822c2/allocations => generated 558 bytes in 52 msecs (HTTP/1.1 200) 6 headers in 224 bytes (1 switches on core 0)
Oct 17 07:25:47.372273 n-d-861357-3 devstack@placement-api.service[106058]: DEBUG placement.requestlog [req-55dc71c0-951c-4df1-9bf0-cf8e7a5ae5e0 req-3174ebc1-8f66-479b-b36a-0baf35f3ab54 None None] Starting request: 10.222.0.27 "GET /placement/allocations/2c4e4bf5-5593-4c00-9468-940964bb950b" {{(pid=106058) __call__ /opt/stack/placement/placement/requestlog.py:55}}
Oct 17 07:25:47.408699 n-d-861357-3 devstack@placement-api.service[106058]: INFO placement.requestlog [req-55dc71c0-951c-4df1-9bf0-cf8e7a5ae5e0 req-3174ebc1-8f66-479b-b36a-0baf35f3ab54 service placement] 10.222.0.27 "GET /placement/allocations/2c4e4bf5-5593-4c00-9468-940964bb950b" status: 200 len: 259 microversion: 1.28
Oct 17 07:25:47.408699 n-d-861357-3 devstack@placement-api.service[106058]: [pid: 106058|app: 0|req: 642/1286] 10.222.0.27 () {60 vars in 1377 bytes} [Mon Oct 17 07:25:47 2022] GET /placement/allocations/2c4e4bf5-5593-4c00-9468-940964bb950b => generated 259 bytes in 37 msecs (HTTP/1.1 200) 8 headers in 296 bytes (2 switches on core 0)
Oct 17 07:25:47.433570 n-d-861357-3 devstack@placement-api.service[106057]: DEBUG placement.requestlog [req-55dc71c0-951c-4df1-9bf0-cf8e7a5ae5e0 req-bb0ed0dd-14a5-4ca6-aa6c-467b3cbda197 None None] Starting request: 10.222.0.27 "GET /placement/allocations/2cff4278-c205-4b1b-8395-0caf35828036" {{(pid=106057) __call__ /opt/stack/placement/placement/requestlog.py:55}}
Oct 17 07:25:47.491623 n-d-861357-3 devstack@placement-api.service[106057]: INFO placement.requestlog [req-55dc71c0-951c-4df1-9bf0-cf8e7a5ae5e0 req-bb0ed0dd-14a5-4ca6-aa6c-467b3cbda197 service placement] 10.222.0.27 "GET /placement/allocations/2cff4278-c205-4b1b-8395-0caf35828036" status: 200 len: 259 microversion: 1.28
Oct 17 07:25:47.494467 n-d-861357-3 devstack@placement-api.service[106057]: [pid: 106057|app: 0|req: 645/1287] 10.222.0.27 () {60 vars in 1377 bytes} [Mon Oct 17 07:25:47 2022] GET /placement/allocations/2cff4278-c205-4b1b-8395-0caf35828036 => generated 259 bytes in 61 msecs (HTTP/1.1 200) 8 headers in 296 bytes (2 switches on core 0)
Oct 17 07:25:47.508196 n-d-861357-3 devstack@placement-api.service[106058]: DEBUG placement.requestlog [req-55dc71c0-951c-4df1-9bf0-cf8e7a5ae5e0 req-2c44686f-b20f-4e3b-b696-0298c1f7ae73 None None] Starting request: 10.222.0.27 "GET /placement/allocations/ea926f89-65a6-426a-a8ba-d831e5fdac1c" {{(pid=106058) __call__ /opt/stack/placement/placement/requestlog.py:55}}
Oct 17 07:25:47.550397 n-d-861357-3 devstack@placement-api.service[106058]: INFO placement.requestlog [req-55dc71c0-951c-4df1-9bf0-cf8e7a5ae5e0 req-2c44686f-b20f-4e3b-b696-0298c1f7ae73 service placement] 10.222.0.27 "GET /placement/allocations/ea926f89-65a6-426a-a8ba-d831e5fdac1c" status: 200 len: 259 microversion: 1.28
Oct 17 07:25:47.550804 n-d-861357-3 devstack@placement-api.service[106058]: [pid: 106058|app: 0|req: 643/1288] 10.222.0.27 () {60 vars in 1377 bytes} [Mon Oct 17 07:25:47 2022] GET /placement/allocations/ea926f89-65a6-426a-a8ba-d831e5fdac1c => generated 259 bytes in 43 msecs (HTTP/1.1 200) 8 headers in 296 bytes (1 switches on core 0)
Oct 17 07:25:47.880504 n-d-861357-3 devstack@placement-api.service[106057]: DEBUG placement.requestlog [req-55dc71c0-951c-4df1-9bf0-cf8e7a5ae5e0 req-fb472a4c-6512-4f67-9891-2d5ba842de42 None None] Starting request: 10.222.0.27 "GET /placement/allocations/f4e25eee-ca2c-4e75-9db1-f94e85f77e99" {{(pid=106057) __call__ /opt/stack/placement/placement/requestlog.py:55}}
Oct 17 07:25:47.921627 n-d-861357-3 devstack@placement-api.service[106057]: INFO placement.requestlog [req-55dc71c0-951c-4df1-9bf0-cf8e7a5ae5e0 req-fb472a4c-6512-4f67-9891-2d5ba842de42 service placement] 10.222.0.27 "GET /placement/allocations/f4e25eee-ca2c-4e75-9db1-f94e85f77e99" status: 200 len: 259 microversion: 1.28
Oct 17 07:25:47.922010 n-d-861357-3 devstack@placement-api.service[106057]: [pid: 106057|app: 0|req: 646/1289] 10.222.0.27 () {60 vars in 1377 bytes} [Mon Oct 17 07:25:47 2022] GET /placement/allocations/f4e25eee-ca2c-4e75-9db1-f94e85f77e99 => generated 259 bytes in 42 msecs (HTTP/1.1 200) 8 headers in 296 bytes (1 switches on core 0)
Oct 17 07:25:48.110937 n-d-861357-3 devstack@placement-api.service[106058]: DEBUG placement.requestlog [req-55dc71c0-951c-4df1-9bf0-cf8e7a5ae5e0 req-1e2096b3-c012-4537-ae9a-488c6bae2782 None None] Starting request: 10.222.0.27 "GET /placement/allocations/75a92f81-8316-4884-aa23-d08a6a1239b3" {{(pid=106058) __call__ /opt/stack/placement/placement/requestlog.py:55}}
Oct 17 07:25:48.123743 n-d-861357-3 devstack@placement-api.service[106058]: DEBUG dbcounter [-] [106058] Writing DB stats placement:SELECT=92,placement:INSERT=4,placement:DELETE=2,placement:UPDATE=2 {{(pid=106058) stat_writer /usr/local/lib/python3.8/dist-packages/dbcounter.py:114}}
Oct 17 07:25:48.139080 n-d-861357-3 devstack@placement-api.service[106058]: INFO placement.requestlog [req-55dc71c0-951c-4df1-9bf0-cf8e7a5ae5e0 req-1e2096b3-c012-4537-ae9a-488c6bae2782 service placement] 10.222.0.27 "GET /placement/allocations/75a92f81-8316-4884-aa23-d08a6a1239b3" status: 200 len: 259 microversion: 1.28
Oct 17 07:25:48.139761 n-d-861357-3 devstack@placement-api.service[106058]: [pid: 106058|app: 0|req: 644/1290] 10.222.0.27 () {60 vars in 1377 bytes} [Mon Oct 17 07:25:48 2022] GET /placement/allocations/75a92f81-8316-4884-aa23-d08a6a1239b3 => generated 259 bytes in 29 msecs (HTTP/1.1 200) 8 headers in 296 bytes (1 switches on core 0)
Oct 17 07:25:49.322542 n-d-861357-3 devstack@placement-api.service[106057]: DEBUG placement.requestlog [req-45b7cdbd-0315-432b-8e01-5efb57c4a192 req-6eefe0a7-f4be-43ed-948b-29aea339813f None None] Starting request: 10.222.0.42 "GET /placement/allocation_candidates?limit=1000&resources=DISK_GB%3A1%2CMEMORY_MB%3A1024%2CVCPU%3A1&root_required=%21COMPUTE_STATUS_DISABLED" {{(pid=106057) __call__ /opt/stack/placement/placement/requestlog.py:55}}
Oct 17 07:25:49.423415 n-d-861357-3 devstack@placement-api.service[106057]: DEBUG dbcounter [-] [106057] Writing DB stats placement:SELECT=94,placement:DELETE=6 {{(pid=106057) stat_writer /usr/local/lib/python3.8/dist-packages/dbcounter.py:114}}
Oct 17 07:25:49.434961 n-d-861357-3 devstack@placement-api.service[106057]: DEBUG placement.objects.research_context [req-45b7cdbd-0315-432b-8e01-5efb57c4a192 req-6eefe0a7-f4be-43ed-948b-29aea339813f service placement] getting providers with 1 DISK_GB {{(pid=106057) __init__ /opt/stack/placement/placement/objects/research_context.py:136}}
Oct 17 07:25:49.441693 n-d-861357-3 devstack@placement-api.service[106057]: DEBUG placement.objects.research_context [req-45b7cdbd-0315-432b-8e01-5efb57c4a192 req-6eefe0a7-f4be-43ed-948b-29aea339813f service placement] getting providers with 1024 MEMORY_MB {{(pid=106057) __init__ /opt/stack/placement/placement/objects/research_context.py:136}}
Oct 17 07:25:49.448525 n-d-861357-3 devstack@placement-api.service[106057]: DEBUG placement.objects.research_context [req-45b7cdbd-0315-432b-8e01-5efb57c4a192 req-6eefe0a7-f4be-43ed-948b-29aea339813f service placement] getting providers with 1 VCPU {{(pid=106057) __init__ /opt/stack/placement/placement/objects/research_context.py:136}}
Oct 17 07:25:49.454505 n-d-861357-3 devstack@placement-api.service[106057]: DEBUG placement.objects.research_context [req-45b7cdbd-0315-432b-8e01-5efb57c4a192 req-6eefe0a7-f4be-43ed-948b-29aea339813f service placement] found 2 providers with available 1 DISK_GB {{(pid=106057) get_provider_ids_matching /opt/stack/placement/placement/objects/research_context.py:563}}
Oct 17 07:25:49.455129 n-d-861357-3 devstack@placement-api.service[106057]: DEBUG placement.objects.research_context [req-45b7cdbd-0315-432b-8e01-5efb57c4a192 req-6eefe0a7-f4be-43ed-948b-29aea339813f service placement] found 2 providers with available 1024 MEMORY_MB {{(pid=106057) get_provider_ids_matching /opt/stack/placement/placement/objects/research_context.py:563}}
Oct 17 07:25:49.455738 n-d-861357-3 devstack@placement-api.service[106057]: DEBUG placement.objects.research_context [req-45b7cdbd-0315-432b-8e01-5efb57c4a192 req-6eefe0a7-f4be-43ed-948b-29aea339813f service placement] found 2 providers after filtering by previous result {{(pid=106057) get_provider_ids_matching /opt/stack/placement/placement/objects/research_context.py:594}}
Oct 17 07:25:49.456372 n-d-861357-3 devstack@placement-api.service[106057]: DEBUG placement.objects.research_context [req-45b7cdbd-0315-432b-8e01-5efb57c4a192 req-6eefe0a7-f4be-43ed-948b-29aea339813f service placement] found 2 providers with available 1 VCPU {{(pid=106057) get_provider_ids_matching /opt/stack/placement/placement/objects/research_context.py:563}}
Oct 17 07:25:49.456848 n-d-861357-3 devstack@placement-api.service[106057]: DEBUG placement.objects.research_context [req-45b7cdbd-0315-432b-8e01-5efb57c4a192 req-6eefe0a7-f4be-43ed-948b-29aea339813f service placement] found 2 providers after filtering by previous result {{(pid=106057) get_provider_ids_matching /opt/stack/placement/placement/objects/research_context.py:594}}
Oct 17 07:25:49.472847 n-d-861357-3 devstack@placement-api.service[106057]: DEBUG placement.objects.allocation_candidate [req-45b7cdbd-0315-432b-8e01-5efb57c4a192 req-6eefe0a7-f4be-43ed-948b-29aea339813f service placement] RequestGroup(use_same_provider=False, resources={DISK_GB:1, MEMORY_MB:1024, VCPU:1}, traits=(), aggregates=[]) (suffix '') returned 2 matches {{(pid=106057) _get_by_requests /opt/stack/placement/placement/objects/allocation_candidate.py:156}}
Oct 17 07:25:49.474813 n-d-861357-3 devstack@placement-api.service[106057]: DEBUG placement.objects.allocation_candidate [req-45b7cdbd-0315-432b-8e01-5efb57c4a192 req-6eefe0a7-f4be-43ed-948b-29aea339813f service placement] Merging candidates yields 2 allocation requests and 2 provider summaries {{(pid=106057) _merge_candidates /opt/stack/placement/placement/objects/allocation_candidate.py:809}}
Oct 17 07:25:49.477118 n-d-861357-3 devstack@placement-api.service[106057]: INFO placement.requestlog [req-45b7cdbd-0315-432b-8e01-5efb57c4a192 req-6eefe0a7-f4be-43ed-948b-29aea339813f service placement] 10.222.0.42 "GET /placement/allocation_candidates?limit=1000&resources=DISK_GB%3A1%2CMEMORY_MB%3A1024%2CVCPU%3A1&root_required=%21COMPUTE_STATUS_DISABLED" status: 200 len: 1309 microversion: 1.36
Oct 17 07:25:49.491667 n-d-861357-3 devstack@placement-api.service[106057]: [pid: 106057|app: 0|req: 647/1291] 10.222.0.42 () {60 vars in 1506 bytes} [Mon Oct 17 07:25:49 2022] GET /placement/allocation_candidates?limit=1000&resources=DISK_GB%3A1%2CMEMORY_MB%3A1024%2CVCPU%3A1&root_required=%21COMPUTE_STATUS_DISABLED => generated 1309 bytes in 169 msecs (HTTP/1.1 200) 8 headers in 297 bytes (1 switches on core 0)
Oct 17 07:25:49.565196 n-d-861357-3 devstack@placement-api.service[106058]: DEBUG placement.requestlog [req-45b7cdbd-0315-432b-8e01-5efb57c4a192 req-62502ce4-7f4e-4db0-bc33-dbf4986c31aa None None] Starting request: 10.222.0.42 "GET /placement/allocations/b8954249-8fd6-4f92-a656-c21d90ec6583" {{(pid=106058) __call__ /opt/stack/placement/placement/requestlog.py:55}}
Oct 17 07:25:49.579021 n-d-861357-3 devstack@placement-api.service[106058]: INFO placement.requestlog [req-45b7cdbd-0315-432b-8e01-5efb57c4a192 req-62502ce4-7f4e-4db0-bc33-dbf4986c31aa service placement] 10.222.0.42 "GET /placement/allocations/b8954249-8fd6-4f92-a656-c21d90ec6583" status: 200 len: 19 microversion: 1.28
Oct 17 07:25:49.585079 n-d-861357-3 devstack@placement-api.service[106058]: [pid: 106058|app: 0|req: 645/1292] 10.222.0.42 () {60 vars in 1380 bytes} [Mon Oct 17 07:25:49 2022] GET /placement/allocations/b8954249-8fd6-4f92-a656-c21d90ec6583 => generated 19 bytes in 20 msecs (HTTP/1.1 200) 8 headers in 295 bytes (1 switches on core 0)
Oct 17 07:25:49.587970 n-d-861357-3 devstack@placement-api.service[106057]: DEBUG placement.requestlog [req-45b7cdbd-0315-432b-8e01-5efb57c4a192 req-3fcfcf53-fafb-4876-8fc1-a50c93eb61ec None None] Starting request: 10.222.0.42 "PUT /placement/allocations/b8954249-8fd6-4f92-a656-c21d90ec6583" {{(pid=106057) __call__ /opt/stack/placement/placement/requestlog.py:55}}
Oct 17 07:25:49.706259 n-d-861357-3 devstack@placement-api.service[106057]: DEBUG placement.handlers.allocation [req-45b7cdbd-0315-432b-8e01-5efb57c4a192 req-3fcfcf53-fafb-4876-8fc1-a50c93eb61ec service placement] Successfully wrote allocations [, , ] {{(pid=106057) _update_consumers_and_create_allocations /opt/stack/placement/placement/handlers/allocation.py:462}}
Oct 17 07:25:49.711610 n-d-861357-3 devstack@placement-api.service[106057]: INFO placement.requestlog [req-45b7cdbd-0315-432b-8e01-5efb57c4a192 req-3fcfcf53-fafb-4876-8fc1-a50c93eb61ec service placement] 10.222.0.42 "PUT /placement/allocations/b8954249-8fd6-4f92-a656-c21d90ec6583" status: 204 len: 0 microversion: 1.36
Oct 17 07:25:49.728471 n-d-861357-3 devstack@placement-api.service[106057]: [pid: 106057|app: 0|req: 648/1293] 10.222.0.42 () {64 vars in 1433 bytes} [Mon Oct 17 07:25:49 2022] PUT /placement/allocations/b8954249-8fd6-4f92-a656-c21d90ec6583 => generated 0 bytes in 125 msecs (HTTP/1.1 204) 5 headers in 199 bytes (2 switches on core 0)
Oct 17 07:25:50.112946 n-d-861357-3 devstack@placement-api.service[106058]: DEBUG placement.requestlog [req-46003754-689f-427d-9ccc-1d516043b234 req-3452290d-cdf8-4f72-9de2-bec8e6b1428f None None] Starting request: 10.222.0.27 "GET /placement/resource_providers/3117f9ac-85aa-4dc9-a353-83becc6822c2/allocations" {{(pid=106058) __call__ /opt/stack/placement/placement/requestlog.py:55}}
Oct 17 07:25:50.210500 n-d-861357-3 devstack@placement-api.service[106058]: INFO placement.requestlog [req-46003754-689f-427d-9ccc-1d516043b234 req-3452290d-cdf8-4f72-9de2-bec8e6b1428f service placement] 10.222.0.27 "GET /placement/resource_providers/3117f9ac-85aa-4dc9-a353-83becc6822c2/allocations" status: 200 len: 659 microversion: 1.0
Oct 17 07:25:50.212342 n-d-861357-3 devstack@placement-api.service[106058]: [pid: 106058|app: 0|req: 646/1294] 10.222.0.27 () {58 vars in 1390 bytes} [Mon Oct 17 07:25:50 2022] GET /placement/resource_providers/3117f9ac-85aa-4dc9-a353-83becc6822c2/allocations => generated 659 bytes in 100 msecs (HTTP/1.1 200) 6 headers in 224 bytes (1 switches on core 0)
Oct 17 07:25:50.222251 n-d-861357-3 devstack@placement-api.service[106057]: DEBUG placement.requestlog [req-46003754-689f-427d-9ccc-1d516043b234 req-6aa87b2f-0b1f-4b9f-9fa8-b9091d2b73f7 None None] Starting request: 10.222.0.27 "GET /placement/allocations/2c4e4bf5-5593-4c00-9468-940964bb950b" {{(pid=106057) __call__ /opt/stack/placement/placement/requestlog.py:55}}
Oct 17 07:25:50.317832 n-d-861357-3 devstack@placement-api.service[106057]: INFO placement.requestlog [req-46003754-689f-427d-9ccc-1d516043b234 req-6aa87b2f-0b1f-4b9f-9fa8-b9091d2b73f7 service placement] 10.222.0.27 "GET /placement/allocations/2c4e4bf5-5593-4c00-9468-940964bb950b" status: 200 len: 259 microversion: 1.28
Oct 17 07:25:50.318224 n-d-861357-3 devstack@placement-api.service[106057]: [pid: 106057|app: 0|req: 649/1295] 10.222.0.27 () {60 vars in 1377 bytes} [Mon Oct 17 07:25:50 2022] GET /placement/allocations/2c4e4bf5-5593-4c00-9468-940964bb950b => generated 259 bytes in 96 msecs (HTTP/1.1 200) 8 headers in 296 bytes (1 switches on core 0)
Oct 17 07:25:50.333663 n-d-861357-3 devstack@placement-api.service[106058]: DEBUG placement.requestlog [req-46003754-689f-427d-9ccc-1d516043b234 req-da426eff-6a8a-4da0-8af4-fde4bc516686 None None] Starting request: 10.222.0.27 "GET /placement/allocations/2cff4278-c205-4b1b-8395-0caf35828036" {{(pid=106058) __call__ /opt/stack/placement/placement/requestlog.py:55}}
Oct 17 07:25:50.364661 n-d-861357-3 devstack@placement-api.service[106058]: INFO placement.requestlog [req-46003754-689f-427d-9ccc-1d516043b234 req-da426eff-6a8a-4da0-8af4-fde4bc516686 service placement] 10.222.0.27 "GET /placement/allocations/2cff4278-c205-4b1b-8395-0caf35828036" status: 200 len: 259 microversion: 1.28
Oct 17 07:25:50.366333 n-d-861357-3 devstack@placement-api.service[106057]: DEBUG placement.requestlog [req-45b7cdbd-0315-432b-8e01-5efb57c4a192 req-d960fdbd-9658-4425-86de-1d8e6e48310c None None] Starting request: 10.222.0.27 "GET /placement/allocations/b8954249-8fd6-4f92-a656-c21d90ec6583" {{(pid=106057) __call__ /opt/stack/placement/placement/requestlog.py:55}}
Oct 17 07:25:50.377354 n-d-861357-3 devstack@placement-api.service[106058]: [pid: 106058|app: 0|req: 647/1296] 10.222.0.27 () {60 vars in 1377 bytes} [Mon Oct 17 07:25:50 2022] GET /placement/allocations/2cff4278-c205-4b1b-8395-0caf35828036 => generated 259 bytes in 44 msecs (HTTP/1.1 200) 8 headers in 296 bytes (1 switches on core 0)
Oct 17 07:25:50.387041 n-d-861357-3 devstack@placement-api.service[106058]: DEBUG placement.requestlog [req-46003754-689f-427d-9ccc-1d516043b234 req-a6b321cb-8c72-47e5-bf80-9962bf0eaebc None None] Starting request: 10.222.0.27 "GET /placement/allocations/ea926f89-65a6-426a-a8ba-d831e5fdac1c" {{(pid=106058) __call__ /opt/stack/placement/placement/requestlog.py:55}}
Oct 17 07:25:50.429336 n-d-861357-3 devstack@placement-api.service[106057]: INFO placement.requestlog [req-45b7cdbd-0315-432b-8e01-5efb57c4a192 req-d960fdbd-9658-4425-86de-1d8e6e48310c service placement] 10.222.0.27 "GET /placement/allocations/b8954249-8fd6-4f92-a656-c21d90ec6583" status: 200 len: 259 microversion: 1.28
Oct 17 07:25:50.431616 n-d-861357-3 devstack@placement-api.service[106057]: [pid: 106057|app: 0|req: 650/1297] 10.222.0.27 () {60 vars in 1377 bytes} [Mon Oct 17 07:25:50 2022] GET /placement/allocations/b8954249-8fd6-4f92-a656-c21d90ec6583 => generated 259 bytes in 66 msecs (HTTP/1.1 200) 8 headers in 296 bytes (1 switches on core 0)
Oct 17 07:25:50.441427 n-d-861357-3 devstack@placement-api.service[106058]: INFO placement.requestlog [req-46003754-689f-427d-9ccc-1d516043b234 req-a6b321cb-8c72-47e5-bf80-9962bf0eaebc service placement] 10.222.0.27 "GET /placement/allocations/ea926f89-65a6-426a-a8ba-d831e5fdac1c" status: 200 len: 259 microversion: 1.28
Oct 17 07:25:50.442163 n-d-861357-3 devstack@placement-api.service[106058]: [pid: 106058|app: 0|req: 648/1298] 10.222.0.27 () {60 vars in 1377 bytes} [Mon Oct 17 07:25:50 2022] GET /placement/allocations/ea926f89-65a6-426a-a8ba-d831e5fdac1c => generated 259 bytes in 56 msecs (HTTP/1.1 200) 8 headers in 296 bytes (2 switches on core 0)
Oct 17 07:25:50.451335 n-d-861357-3 devstack@placement-api.service[106057]: DEBUG placement.requestlog [req-46003754-689f-427d-9ccc-1d516043b234 req-76786b9f-7bd3-4b5a-9eb5-37cf9844b136 None None] Starting request: 10.222.0.27 "GET /placement/allocations/f4e25eee-ca2c-4e75-9db1-f94e85f77e99" {{(pid=106057) __call__ /opt/stack/placement/placement/requestlog.py:55}}
Oct 17 07:25:50.475650 n-d-861357-3 devstack@placement-api.service[106057]: INFO placement.requestlog [req-46003754-689f-427d-9ccc-1d516043b234 req-76786b9f-7bd3-4b5a-9eb5-37cf9844b136 service placement] 10.222.0.27 "GET /placement/allocations/f4e25eee-ca2c-4e75-9db1-f94e85f77e99" status: 200 len: 259 microversion: 1.28
Oct 17 07:25:50.476709 n-d-861357-3 devstack@placement-api.service[106057]: [pid: 106057|app: 0|req: 651/1299] 10.222.0.27 () {60 vars in 1377 bytes} [Mon Oct 17 07:25:50 2022] GET /placement/allocations/f4e25eee-ca2c-4e75-9db1-f94e85f77e99 => generated 259 bytes in 25 msecs (HTTP/1.1 200) 8 headers in 296 bytes (2 switches on core 0)
Oct 17 07:25:50.485129 n-d-861357-3 devstack@placement-api.service[106058]: DEBUG placement.requestlog [req-46003754-689f-427d-9ccc-1d516043b234 req-0037ea2d-cf98-41b4-bacb-0b0cc89267bb None None] Starting request: 10.222.0.27 "GET /placement/allocations/75a92f81-8316-4884-aa23-d08a6a1239b3" {{(pid=106058) __call__ /opt/stack/placement/placement/requestlog.py:55}}
Oct 17 07:25:50.514676 n-d-861357-3 devstack@placement-api.service[106058]: INFO placement.requestlog [req-46003754-689f-427d-9ccc-1d516043b234 req-0037ea2d-cf98-41b4-bacb-0b0cc89267bb service placement] 10.222.0.27 "GET /placement/allocations/75a92f81-8316-4884-aa23-d08a6a1239b3" status: 200 len: 259 microversion: 1.28
Oct 17 07:25:50.517007 n-d-861357-3 devstack@placement-api.service[106058]: [pid: 106058|app: 0|req: 649/1300] 10.222.0.27 () {60 vars in 1377 bytes} [Mon Oct 17 07:25:50 2022] GET /placement/allocations/75a92f81-8316-4884-aa23-d08a6a1239b3 => generated 259 bytes in 32 msecs (HTTP/1.1 200) 8 headers in 296 bytes (1 switches on core 0)
Oct 17 07:25:50.525284 n-d-861357-3 devstack@placement-api.service[106057]: DEBUG placement.requestlog [req-46003754-689f-427d-9ccc-1d516043b234 req-c82edb81-792d-4969-a024-adb290650882 None None] Starting request: 10.222.0.27 "GET /placement/allocations/b8954249-8fd6-4f92-a656-c21d90ec6583" {{(pid=106057) __call__ /opt/stack/placement/placement/requestlog.py:55}}
Oct 17 07:25:50.544111 n-d-861357-3 devstack@placement-api.service[106057]: INFO placement.requestlog [req-46003754-689f-427d-9ccc-1d516043b234 req-c82edb81-792d-4969-a024-adb290650882 service placement] 10.222.0.27 "GET /placement/allocations/b8954249-8fd6-4f92-a656-c21d90ec6583" status: 200 len: 259 microversion: 1.28
Oct 17 07:25:50.545173 n-d-861357-3 devstack@placement-api.service[106057]: [pid: 106057|app: 0|req: 652/1301] 10.222.0.27 () {60 vars in 1377 bytes} [Mon Oct 17 07:25:50 2022] GET /placement/allocations/b8954249-8fd6-4f92-a656-c21d90ec6583 => generated 259 bytes in 21 msecs (HTTP/1.1 200) 8 headers in 296 bytes (1 switches on core 0)
Oct 17 07:25:50.809217 n-d-861357-3 devstack@placement-api.service[106058]: DEBUG placement.requestlog [req-46003754-689f-427d-9ccc-1d516043b234 req-eb72c64f-72dc-4e5f-8712-d5afea1c77ff None None] Starting request: 10.222.0.27 "DELETE /placement/allocations/2c4e4bf5-5593-4c00-9468-940964bb950b" {{(pid=106058) __call__ /opt/stack/placement/placement/requestlog.py:55}}
Oct 17 07:25:50.860706 n-d-861357-3 devstack@placement-api.service[106058]: DEBUG placement.handlers.allocation [req-46003754-689f-427d-9ccc-1d516043b234 req-eb72c64f-72dc-4e5f-8712-d5afea1c77ff service placement] Successfully deleted allocations [, , ] {{(pid=106058) delete_allocations /opt/stack/placement/placement/handlers/allocation.py:627}}
Oct 17 07:25:50.861532 n-d-861357-3 devstack@placement-api.service[106058]: INFO placement.requestlog [req-46003754-689f-427d-9ccc-1d516043b234 req-eb72c64f-72dc-4e5f-8712-d5afea1c77ff service placement] 10.222.0.27 "DELETE /placement/allocations/2c4e4bf5-5593-4c00-9468-940964bb950b" status: 204 len: 0 microversion: 1.0
Oct 17 07:25:50.862294 n-d-861357-3 devstack@placement-api.service[106058]: [pid: 106058|app: 0|req: 650/1302] 10.222.0.27 () {60 vars in 1355 bytes} [Mon Oct 17 07:25:50 2022] DELETE /placement/allocations/2c4e4bf5-5593-4c00-9468-940964bb950b => generated 0 bytes in 53 msecs (HTTP/1.1 204) 5 headers in 198 bytes (2 switches on core 0)
Oct 17 07:25:51.127647 n-d-861357-3 devstack@placement-api.service[106057]: DEBUG placement.requestlog [req-45b7cdbd-0315-432b-8e01-5efb57c4a192 req-254618d9-c21f-481d-8d3d-d6c8c17a11eb None None] Starting request: 10.222.0.27 "GET /placement/resource_providers/3117f9ac-85aa-4dc9-a353-83becc6822c2/allocations" {{(pid=106057) __call__ /opt/stack/placement/placement/requestlog.py:55}}
Oct 17 07:25:51.194907 n-d-861357-3 devstack@placement-api.service[106057]: INFO placement.requestlog [req-45b7cdbd-0315-432b-8e01-5efb57c4a192 req-254618d9-c21f-481d-8d3d-d6c8c17a11eb service placement] 10.222.0.27 "GET /placement/resource_providers/3117f9ac-85aa-4dc9-a353-83becc6822c2/allocations" status: 200 len: 558 microversion: 1.0
Oct 17 07:25:51.195496 n-d-861357-3 devstack@placement-api.service[106057]: [pid: 106057|app: 0|req: 653/1303] 10.222.0.27 () {58 vars in 1390 bytes} [Mon Oct 17 07:25:51 2022] GET /placement/resource_providers/3117f9ac-85aa-4dc9-a353-83becc6822c2/allocations => generated 558 bytes in 69 msecs (HTTP/1.1 200) 6 headers in 224 bytes (2 switches on core 0)
Oct 17 07:25:51.205949 n-d-861357-3 devstack@placement-api.service[106058]: DEBUG placement.requestlog [req-45b7cdbd-0315-432b-8e01-5efb57c4a192 req-e040e356-0901-4eeb-a6e2-0f6adac52dfd None None] Starting request: 10.222.0.27 "GET /placement/allocations/2cff4278-c205-4b1b-8395-0caf35828036" {{(pid=106058) __call__ /opt/stack/placement/placement/requestlog.py:55}}
Oct 17 07:25:51.234072 n-d-861357-3 devstack@placement-api.service[106058]: INFO placement.requestlog [req-45b7cdbd-0315-432b-8e01-5efb57c4a192 req-e040e356-0901-4eeb-a6e2-0f6adac52dfd service placement] 10.222.0.27 "GET /placement/allocations/2cff4278-c205-4b1b-8395-0caf35828036" status: 200 len: 259 microversion: 1.28
Oct 17 07:25:51.235511 n-d-861357-3 devstack@placement-api.service[106058]: [pid: 106058|app: 0|req: 651/1304] 10.222.0.27 () {60 vars in 1377 bytes} [Mon Oct 17 07:25:51 2022] GET /placement/allocations/2cff4278-c205-4b1b-8395-0caf35828036 => generated 259 bytes in 30 msecs (HTTP/1.1 200) 8 headers in 296 bytes (1 switches on core 0)
Oct 17 07:25:51.242627 n-d-861357-3 devstack@placement-api.service[106057]: DEBUG placement.requestlog [req-45b7cdbd-0315-432b-8e01-5efb57c4a192 req-c7aad2d7-cf82-443e-962a-e52f1020f9f4 None None] Starting request: 10.222.0.27 "GET /placement/allocations/ea926f89-65a6-426a-a8ba-d831e5fdac1c" {{(pid=106057) __call__ /opt/stack/placement/placement/requestlog.py:55}}
Oct 17 07:25:51.260966 n-d-861357-3 devstack@placement-api.service[106057]: INFO placement.requestlog [req-45b7cdbd-0315-432b-8e01-5efb57c4a192 req-c7aad2d7-cf82-443e-962a-e52f1020f9f4 service placement] 10.222.0.27 "GET /placement/allocations/ea926f89-65a6-426a-a8ba-d831e5fdac1c" status: 200 len: 259 microversion: 1.28
Oct 17 07:25:51.262914 n-d-861357-3 devstack@placement-api.service[106057]: [pid: 106057|app: 0|req: 654/1305] 10.222.0.27 () {60 vars in 1377 bytes} [Mon Oct 17 07:25:51 2022] GET /placement/allocations/ea926f89-65a6-426a-a8ba-d831e5fdac1c => generated 259 bytes in 21 msecs (HTTP/1.1 200) 8 headers in 296 bytes (2 switches on core 0)
