Oct 14 11:22:35.498889 n-d-861357-1 devstack@placement-api.service[106424]: DEBUG placement.requestlog [req-9a2a49be-944c-476a-be4d-947954295de5 req-cf7cf971-4f6a-4be9-9c6b-4f84f5d5a533 None None] Starting request: 10.222.0.20 "GET /placement/resource_providers/444d5e12-e1b8-4969-b26c-b9be7b35159e/allocations" {{(pid=106424) __call__ /opt/stack/placement/placement/requestlog.py:55}}
Oct 14 11:22:35.587959 n-d-861357-1 devstack@placement-api.service[106424]: INFO placement.requestlog [req-9a2a49be-944c-476a-be4d-947954295de5 req-cf7cf971-4f6a-4be9-9c6b-4f84f5d5a533 service placement] 10.222.0.20 "GET /placement/resource_providers/444d5e12-e1b8-4969-b26c-b9be7b35159e/allocations" status: 200 len: 558 microversion: 1.0
Oct 14 11:22:35.589672 n-d-861357-1 devstack@placement-api.service[106424]: [pid: 106424|app: 0|req: 125/241] 10.222.0.20 () {58 vars in 1390 bytes} [Fri Oct 14 11:22:35 2022] GET /placement/resource_providers/444d5e12-e1b8-4969-b26c-b9be7b35159e/allocations => generated 558 bytes in 91 msecs (HTTP/1.1 200) 6 headers in 224 bytes (1 switches on core 0)
Oct 14 11:22:35.600236 n-d-861357-1 devstack@placement-api.service[106424]: DEBUG placement.requestlog [req-9a2a49be-944c-476a-be4d-947954295de5 req-3d107941-3983-4fd9-9f36-8a047451bbd2 None None] Starting request: 10.222.0.20 "GET /placement/allocations/ced670b7-7e8a-4cf8-bfe3-ca7cb81074a3" {{(pid=106424) __call__ /opt/stack/placement/placement/requestlog.py:55}}
Oct 14 11:22:35.630065 n-d-861357-1 devstack@placement-api.service[106424]: INFO placement.requestlog [req-9a2a49be-944c-476a-be4d-947954295de5 req-3d107941-3983-4fd9-9f36-8a047451bbd2 service placement] 10.222.0.20 "GET /placement/allocations/ced670b7-7e8a-4cf8-bfe3-ca7cb81074a3" status: 200 len: 259 microversion: 1.28
Oct 14 11:22:35.631414 n-d-861357-1 devstack@placement-api.service[106424]: [pid: 106424|app: 0|req: 126/242] 10.222.0.20 () {60 vars in 1377 bytes} [Fri Oct 14 11:22:35 2022] GET /placement/allocations/ced670b7-7e8a-4cf8-bfe3-ca7cb81074a3 => generated 259 bytes in 31 msecs (HTTP/1.1 200) 8 headers in 296 bytes (2 switches on core 0)
Oct 14 11:22:35.632620 n-d-861357-1 devstack@placement-api.service[106425]: INFO placement.requestlog [req-c5af9062-f7b0-451b-a7fc-f1faa1c6850d req-12c49f7b-2b07-4cef-9c1b-80fa4e2a524f service placement] 10.222.0.16 "POST /placement/allocations" status: 204 len: 0 microversion: 1.28
Oct 14 11:22:35.633760 n-d-861357-1 devstack@placement-api.service[106425]: [pid: 106425|app: 0|req: 117/243] 10.222.0.16 () {64 vars in 1323 bytes} [Fri Oct 14 11:22:35 2022] POST /placement/allocations => generated 0 bytes in 417 msecs (HTTP/1.1 204) 5 headers in 199 bytes (1 switches on core 0)
Oct 14 11:22:35.650799 n-d-861357-1 devstack@placement-api.service[106424]: DEBUG placement.requestlog [req-9a2a49be-944c-476a-be4d-947954295de5 req-375be58f-1279-4935-a857-a846847244b8 None None] Starting request: 10.222.0.20 "GET /placement/allocations/45574f34-6696-42ba-88ed-2141d94cbc4d" {{(pid=106424) __call__ /opt/stack/placement/placement/requestlog.py:55}}
Oct 14 11:22:35.689794 n-d-861357-1 devstack@placement-api.service[106424]: INFO placement.requestlog [req-9a2a49be-944c-476a-be4d-947954295de5 req-375be58f-1279-4935-a857-a846847244b8 service placement] 10.222.0.20 "GET /placement/allocations/45574f34-6696-42ba-88ed-2141d94cbc4d" status: 200 len: 259 microversion: 1.28
Oct 14 11:22:35.689794 n-d-861357-1 devstack@placement-api.service[106424]: [pid: 106424|app: 0|req: 127/244] 10.222.0.20 () {60 vars in 1377 bytes} [Fri Oct 14 11:22:35 2022] GET /placement/allocations/45574f34-6696-42ba-88ed-2141d94cbc4d => generated 259 bytes in 38 msecs (HTTP/1.1 200) 8 headers in 296 bytes (1 switches on core 0)
Oct 14 11:22:35.697906 n-d-861357-1 devstack@placement-api.service[106425]: DEBUG placement.requestlog [req-9a2a49be-944c-476a-be4d-947954295de5 req-24ed17fa-9f93-4a63-b6cc-4c9901bde3d2 None None] Starting request: 10.222.0.20 "GET /placement/allocations/e5686ef3-f497-4c9a-bfea-613f7ef7488d" {{(pid=106425) __call__ /opt/stack/placement/placement/requestlog.py:55}}
Oct 14 11:22:35.737190 n-d-861357-1 devstack@placement-api.service[106425]: INFO placement.requestlog [req-9a2a49be-944c-476a-be4d-947954295de5 req-24ed17fa-9f93-4a63-b6cc-4c9901bde3d2 service placement] 10.222.0.20 "GET /placement/allocations/e5686ef3-f497-4c9a-bfea-613f7ef7488d" status: 200 len: 259 microversion: 1.28
Oct 14 11:22:35.738672 n-d-861357-1 devstack@placement-api.service[106425]: [pid: 106425|app: 0|req: 118/245] 10.222.0.20 () {60 vars in 1377 bytes} [Fri Oct 14 11:22:35 2022] GET /placement/allocations/e5686ef3-f497-4c9a-bfea-613f7ef7488d => generated 259 bytes in 41 msecs (HTTP/1.1 200) 8 headers in 296 bytes (2 switches on core 0)
Oct 14 11:22:35.746626 n-d-861357-1 devstack@placement-api.service[106424]: DEBUG placement.requestlog [req-9a2a49be-944c-476a-be4d-947954295de5 req-70292c45-f721-4e04-8961-44365e96ef59 None None] Starting request: 10.222.0.20 "GET /placement/allocations/a6cc5fd2-fb03-4c98-bf02-b373979958c0" {{(pid=106424) __call__ /opt/stack/placement/placement/requestlog.py:55}}
Oct 14 11:22:35.773032 n-d-861357-1 devstack@placement-api.service[106424]: INFO placement.requestlog [req-9a2a49be-944c-476a-be4d-947954295de5 req-70292c45-f721-4e04-8961-44365e96ef59 service placement] 10.222.0.20 "GET /placement/allocations/a6cc5fd2-fb03-4c98-bf02-b373979958c0" status: 200 len: 259 microversion: 1.28
Oct 14 11:22:35.774728 n-d-861357-1 devstack@placement-api.service[106424]: [pid: 106424|app: 0|req: 128/246] 10.222.0.20 () {60 vars in 1377 bytes} [Fri Oct 14 11:22:35 2022] GET /placement/allocations/a6cc5fd2-fb03-4c98-bf02-b373979958c0 => generated 259 bytes in 29 msecs (HTTP/1.1 200) 8 headers in 296 bytes (2 switches on core 0)
Oct 14 11:22:35.781918 n-d-861357-1 devstack@placement-api.service[106425]: DEBUG placement.requestlog [req-9a2a49be-944c-476a-be4d-947954295de5 req-54313cb6-2512-4872-9140-b98f62c7db65 None None] Starting request: 10.222.0.20 "GET /placement/allocations/585ef161-9c5a-42d1-a6ae-4a4ea8b531f3" {{(pid=106425) __call__ /opt/stack/placement/placement/requestlog.py:55}}
Oct 14 11:22:35.832713 n-d-861357-1 devstack@placement-api.service[106425]: INFO placement.requestlog [req-9a2a49be-944c-476a-be4d-947954295de5 req-54313cb6-2512-4872-9140-b98f62c7db65 service placement] 10.222.0.20 "GET /placement/allocations/585ef161-9c5a-42d1-a6ae-4a4ea8b531f3" status: 200 len: 259 microversion: 1.28
Oct 14 11:22:35.835484 n-d-861357-1 devstack@placement-api.service[106425]: [pid: 106425|app: 0|req: 119/247] 10.222.0.20 () {60 vars in 1377 bytes} [Fri Oct 14 11:22:35 2022] GET /placement/allocations/585ef161-9c5a-42d1-a6ae-4a4ea8b531f3 => generated 259 bytes in 54 msecs (HTTP/1.1 200) 8 headers in 296 bytes (1 switches on core 0)
Oct 14 11:22:36.020211 n-d-861357-1 devstack@placement-api.service[106424]: DEBUG placement.requestlog [req-c5af9062-f7b0-451b-a7fc-f1faa1c6850d req-0567ec87-9adb-4dfd-9839-ec6de48d058a None None] Starting request: 10.222.0.16 "GET /placement/allocation_candidates?limit=1000&resources=DISK_GB%3A1%2CMEMORY_MB%3A512%2CVCPU%3A1&root_required=%21COMPUTE_STATUS_DISABLED" {{(pid=106424) __call__ /opt/stack/placement/placement/requestlog.py:55}}
Oct 14 11:22:36.099937 n-d-861357-1 devstack@placement-api.service[106424]: DEBUG placement.objects.research_context [req-c5af9062-f7b0-451b-a7fc-f1faa1c6850d req-0567ec87-9adb-4dfd-9839-ec6de48d058a service placement] getting providers with 1 DISK_GB {{(pid=106424) __init__ /opt/stack/placement/placement/objects/research_context.py:136}}
Oct 14 11:22:36.109526 n-d-861357-1 devstack@placement-api.service[106424]: DEBUG placement.objects.research_context [req-c5af9062-f7b0-451b-a7fc-f1faa1c6850d req-0567ec87-9adb-4dfd-9839-ec6de48d058a service placement] getting providers with 512 MEMORY_MB {{(pid=106424) __init__ /opt/stack/placement/placement/objects/research_context.py:136}}
Oct 14 11:22:36.118439 n-d-861357-1 devstack@placement-api.service[106424]: DEBUG placement.objects.research_context [req-c5af9062-f7b0-451b-a7fc-f1faa1c6850d req-0567ec87-9adb-4dfd-9839-ec6de48d058a service placement] getting providers with 1 VCPU {{(pid=106424) __init__ /opt/stack/placement/placement/objects/research_context.py:136}}
Oct 14 11:22:36.135375 n-d-861357-1 devstack@placement-api.service[106424]: DEBUG placement.objects.research_context [req-c5af9062-f7b0-451b-a7fc-f1faa1c6850d req-0567ec87-9adb-4dfd-9839-ec6de48d058a service placement] found 2 providers with available 1 DISK_GB {{(pid=106424) get_provider_ids_matching /opt/stack/placement/placement/objects/research_context.py:563}}
Oct 14 11:22:36.135701 n-d-861357-1 devstack@placement-api.service[106424]: DEBUG placement.objects.research_context [req-c5af9062-f7b0-451b-a7fc-f1faa1c6850d req-0567ec87-9adb-4dfd-9839-ec6de48d058a service placement] found 2 providers with available 512 MEMORY_MB {{(pid=106424) get_provider_ids_matching /opt/stack/placement/placement/objects/research_context.py:563}}
Oct 14 11:22:36.136293 n-d-861357-1 devstack@placement-api.service[106424]: DEBUG placement.objects.research_context [req-c5af9062-f7b0-451b-a7fc-f1faa1c6850d req-0567ec87-9adb-4dfd-9839-ec6de48d058a service placement] found 2 providers after filtering by previous result {{(pid=106424) get_provider_ids_matching /opt/stack/placement/placement/objects/research_context.py:594}}
Oct 14 11:22:36.136716 n-d-861357-1 devstack@placement-api.service[106424]: DEBUG placement.objects.research_context [req-c5af9062-f7b0-451b-a7fc-f1faa1c6850d req-0567ec87-9adb-4dfd-9839-ec6de48d058a service placement] found 2 providers with available 1 VCPU {{(pid=106424) get_provider_ids_matching /opt/stack/placement/placement/objects/research_context.py:563}}
Oct 14 11:22:36.137145 n-d-861357-1 devstack@placement-api.service[106424]: DEBUG placement.objects.research_context [req-c5af9062-f7b0-451b-a7fc-f1faa1c6850d req-0567ec87-9adb-4dfd-9839-ec6de48d058a service placement] found 2 providers after filtering by previous result {{(pid=106424) get_provider_ids_matching /opt/stack/placement/placement/objects/research_context.py:594}}
Oct 14 11:22:36.175259 n-d-861357-1 devstack@placement-api.service[106424]: DEBUG placement.objects.allocation_candidate [req-c5af9062-f7b0-451b-a7fc-f1faa1c6850d req-0567ec87-9adb-4dfd-9839-ec6de48d058a service placement] RequestGroup(use_same_provider=False, resources={DISK_GB:1, MEMORY_MB:512, VCPU:1}, traits=(), aggregates=[]) (suffix '') returned 2 matches {{(pid=106424) _get_by_requests /opt/stack/placement/placement/objects/allocation_candidate.py:156}}
Oct 14 11:22:36.176501 n-d-861357-1 devstack@placement-api.service[106424]: DEBUG placement.objects.allocation_candidate [req-c5af9062-f7b0-451b-a7fc-f1faa1c6850d req-0567ec87-9adb-4dfd-9839-ec6de48d058a service placement] Merging candidates yields 2 allocation requests and 2 provider summaries {{(pid=106424) _merge_candidates /opt/stack/placement/placement/objects/allocation_candidate.py:809}}
Oct 14 11:22:36.179195 n-d-861357-1 devstack@placement-api.service[106424]: INFO placement.requestlog [req-c5af9062-f7b0-451b-a7fc-f1faa1c6850d req-0567ec87-9adb-4dfd-9839-ec6de48d058a service placement] 10.222.0.16 "GET /placement/allocation_candidates?limit=1000&resources=DISK_GB%3A1%2CMEMORY_MB%3A512%2CVCPU%3A1&root_required=%21COMPUTE_STATUS_DISABLED" status: 200 len: 1307 microversion: 1.36
Oct 14 11:22:36.181356 n-d-861357-1 devstack@placement-api.service[106424]: [pid: 106424|app: 0|req: 129/248] 10.222.0.16 () {60 vars in 1504 bytes} [Fri Oct 14 11:22:36 2022] GET /placement/allocation_candidates?limit=1000&resources=DISK_GB%3A1%2CMEMORY_MB%3A512%2CVCPU%3A1&root_required=%21COMPUTE_STATUS_DISABLED => generated 1307 bytes in 160 msecs (HTTP/1.1 200) 8 headers in 297 bytes (1 switches on core 0)
Oct 14 11:22:36.296972 n-d-861357-1 devstack@placement-api.service[106425]: DEBUG placement.requestlog [req-c5af9062-f7b0-451b-a7fc-f1faa1c6850d req-c514f5ec-1642-40e8-b19a-100974872c25 None None] Starting request: 10.222.0.16 "GET /placement/allocations/73367607-3bae-45d5-b164-1500714a5e52" {{(pid=106425) __call__ /opt/stack/placement/placement/requestlog.py:55}}
Oct 14 11:22:36.310520 n-d-861357-1 devstack@placement-api.service[106425]: INFO placement.requestlog [req-c5af9062-f7b0-451b-a7fc-f1faa1c6850d req-c514f5ec-1642-40e8-b19a-100974872c25 service placement] 10.222.0.16 "GET /placement/allocations/73367607-3bae-45d5-b164-1500714a5e52" status: 200 len: 19 microversion: 1.28
Oct 14 11:22:36.316971 n-d-861357-1 devstack@placement-api.service[106425]: [pid: 106425|app: 0|req: 120/249] 10.222.0.16 () {60 vars in 1380 bytes} [Fri Oct 14 11:22:36 2022] GET /placement/allocations/73367607-3bae-45d5-b164-1500714a5e52 => generated 19 bytes in 15 msecs (HTTP/1.1 200) 8 headers in 295 bytes (1 switches on core 0)
Oct 14 11:22:36.318015 n-d-861357-1 devstack@placement-api.service[106424]: DEBUG placement.requestlog [req-c5af9062-f7b0-451b-a7fc-f1faa1c6850d req-08454af3-332d-4ad2-80bc-8c07edcd9fe4 None None] Starting request: 10.222.0.16 "PUT /placement/allocations/73367607-3bae-45d5-b164-1500714a5e52" {{(pid=106424) __call__ /opt/stack/placement/placement/requestlog.py:55}}
Oct 14 11:22:36.509848 n-d-861357-1 devstack@placement-api.service[106424]: DEBUG placement.handlers.allocation [req-c5af9062-f7b0-451b-a7fc-f1faa1c6850d req-08454af3-332d-4ad2-80bc-8c07edcd9fe4 service placement] Successfully wrote allocations [, , ] {{(pid=106424) _update_consumers_and_create_allocations /opt/stack/placement/placement/handlers/allocation.py:462}}
Oct 14 11:22:36.624026 n-d-861357-1 devstack@placement-api.service[106424]: INFO placement.requestlog [req-c5af9062-f7b0-451b-a7fc-f1faa1c6850d req-08454af3-332d-4ad2-80bc-8c07edcd9fe4 service placement] 10.222.0.16 "PUT /placement/allocations/73367607-3bae-45d5-b164-1500714a5e52" status: 204 len: 0 microversion: 1.36
Oct 14 11:22:36.624436 n-d-861357-1 devstack@placement-api.service[106424]: [pid: 106424|app: 0|req: 130/250] 10.222.0.16 () {64 vars in 1433 bytes} [Fri Oct 14 11:22:36 2022] PUT /placement/allocations/73367607-3bae-45d5-b164-1500714a5e52 => generated 0 bytes in 307 msecs (HTTP/1.1 204) 5 headers in 199 bytes (1 switches on core 0)
Oct 14 11:22:37.237151 n-d-861357-1 devstack@placement-api.service[106425]: DEBUG placement.requestlog [req-c5af9062-f7b0-451b-a7fc-f1faa1c6850d req-27f46e1b-e242-4b66-85dd-3174e20dab7d None None] Starting request: 10.222.0.20 "GET /placement/allocations/73367607-3bae-45d5-b164-1500714a5e52" {{(pid=106425) __call__ /opt/stack/placement/placement/requestlog.py:55}}
Oct 14 11:22:37.259080 n-d-861357-1 devstack@placement-api.service[106425]: INFO placement.requestlog [req-c5af9062-f7b0-451b-a7fc-f1faa1c6850d req-27f46e1b-e242-4b66-85dd-3174e20dab7d service placement] 10.222.0.20 "GET /placement/allocations/73367607-3bae-45d5-b164-1500714a5e52" status: 200 len: 258 microversion: 1.28
Oct 14 11:22:37.259080 n-d-861357-1 devstack@placement-api.service[106425]: [pid: 106425|app: 0|req: 121/251] 10.222.0.20 () {60 vars in 1377 bytes} [Fri Oct 14 11:22:37 2022] GET /placement/allocations/73367607-3bae-45d5-b164-1500714a5e52 => generated 258 bytes in 21 msecs (HTTP/1.1 200) 8 headers in 296 bytes (1 switches on core 0)
Oct 14 11:22:38.002302 n-d-861357-1 devstack@placement-api.service[106424]: DEBUG placement.requestlog [req-c5af9062-f7b0-451b-a7fc-f1faa1c6850d req-1e57d5d9-d396-4573-b818-f41f2896552c None None] Starting request: 10.222.0.20 "GET /placement/resource_providers/444d5e12-e1b8-4969-b26c-b9be7b35159e/allocations" {{(pid=106424) __call__ /opt/stack/placement/placement/requestlog.py:55}}
Oct 14 11:22:38.041826 n-d-861357-1 devstack@placement-api.service[106424]: INFO placement.requestlog [req-c5af9062-f7b0-451b-a7fc-f1faa1c6850d req-1e57d5d9-d396-4573-b818-f41f2896552c service placement] 10.222.0.20 "GET /placement/resource_providers/444d5e12-e1b8-4969-b26c-b9be7b35159e/allocations" status: 200 len: 658 microversion: 1.0
Oct 14 11:22:38.042308 n-d-861357-1 devstack@placement-api.service[106424]: [pid: 106424|app: 0|req: 131/252] 10.222.0.20 () {58 vars in 1390 bytes} [Fri Oct 14 11:22:38 2022] GET /placement/resource_providers/444d5e12-e1b8-4969-b26c-b9be7b35159e/allocations => generated 658 bytes in 40 msecs (HTTP/1.1 200) 6 headers in 224 bytes (1 switches on core 0)
Oct 14 11:22:38.067651 n-d-861357-1 devstack@placement-api.service[106425]: DEBUG placement.requestlog [req-c5af9062-f7b0-451b-a7fc-f1faa1c6850d req-2e6c9a0a-a196-451c-b450-6d0e79281842 None None] Starting request: 10.222.0.20 "GET /placement/allocations/ced670b7-7e8a-4cf8-bfe3-ca7cb81074a3" {{(pid=106425) __call__ /opt/stack/placement/placement/requestlog.py:55}}
Oct 14 11:22:38.086181 n-d-861357-1 devstack@placement-api.service[106425]: INFO placement.requestlog [req-c5af9062-f7b0-451b-a7fc-f1faa1c6850d req-2e6c9a0a-a196-451c-b450-6d0e79281842 service placement] 10.222.0.20 "GET /placement/allocations/ced670b7-7e8a-4cf8-bfe3-ca7cb81074a3" status: 200 len: 259 microversion: 1.28
Oct 14 11:22:38.087490 n-d-861357-1 devstack@placement-api.service[106425]: [pid: 106425|app: 0|req: 122/253] 10.222.0.20 () {60 vars in 1377 bytes} [Fri Oct 14 11:22:38 2022] GET /placement/allocations/ced670b7-7e8a-4cf8-bfe3-ca7cb81074a3 => generated 259 bytes in 20 msecs (HTTP/1.1 200) 8 headers in 296 bytes (1 switches on core 0)
Oct 14 11:22:38.125433 n-d-861357-1 devstack@placement-api.service[106424]: DEBUG placement.requestlog [req-c5af9062-f7b0-451b-a7fc-f1faa1c6850d req-881482d8-4053-4245-adcc-3fa27ca26a89 None None] Starting request: 10.222.0.20 "GET /placement/allocations/45574f34-6696-42ba-88ed-2141d94cbc4d" {{(pid=106424) __call__ /opt/stack/placement/placement/requestlog.py:55}}
Oct 14 11:22:38.125433 n-d-861357-1 devstack@placement-api.service[106424]: INFO placement.requestlog [req-c5af9062-f7b0-451b-a7fc-f1faa1c6850d req-881482d8-4053-4245-adcc-3fa27ca26a89 service placement] 10.222.0.20 "GET /placement/allocations/45574f34-6696-42ba-88ed-2141d94cbc4d" status: 200 len: 259 microversion: 1.28
Oct 14 11:22:38.125433 n-d-861357-1 devstack@placement-api.service[106424]: [pid: 106424|app: 0|req: 132/254] 10.222.0.20 () {60 vars in 1377 bytes} [Fri Oct 14 11:22:38 2022] GET /placement/allocations/45574f34-6696-42ba-88ed-2141d94cbc4d => generated 259 bytes in 18 msecs (HTTP/1.1 200) 8 headers in 296 bytes (2 switches on core 0)
Oct 14 11:22:38.125854 n-d-861357-1 devstack@placement-api.service[106425]: DEBUG placement.requestlog [req-c5af9062-f7b0-451b-a7fc-f1faa1c6850d req-b44d1444-049a-4214-9265-2aadfcccf639 None None] Starting request: 10.222.0.20 "GET /placement/allocations/e5686ef3-f497-4c9a-bfea-613f7ef7488d" {{(pid=106425) __call__ /opt/stack/placement/placement/requestlog.py:55}}
Oct 14 11:22:38.145460 n-d-861357-1 devstack@placement-api.service[106425]: INFO placement.requestlog [req-c5af9062-f7b0-451b-a7fc-f1faa1c6850d req-b44d1444-049a-4214-9265-2aadfcccf639 service placement] 10.222.0.20 "GET /placement/allocations/e5686ef3-f497-4c9a-bfea-613f7ef7488d" status: 200 len: 259 microversion: 1.28
Oct 14 11:22:38.146182 n-d-861357-1 devstack@placement-api.service[106425]: [pid: 106425|app: 0|req: 123/255] 10.222.0.20 () {60 vars in 1377 bytes} [Fri Oct 14 11:22:38 2022] GET /placement/allocations/e5686ef3-f497-4c9a-bfea-613f7ef7488d => generated 259 bytes in 26 msecs (HTTP/1.1 200) 8 headers in 296 bytes (1 switches on core 0)
Oct 14 11:22:38.157385 n-d-861357-1 devstack@placement-api.service[106424]: DEBUG placement.requestlog [req-c5af9062-f7b0-451b-a7fc-f1faa1c6850d req-0440168f-7338-40d6-aef3-f9074bb52825 None None] Starting request: 10.222.0.20 "GET /placement/allocations/a6cc5fd2-fb03-4c98-bf02-b373979958c0" {{(pid=106424) __call__ /opt/stack/placement/placement/requestlog.py:55}}
Oct 14 11:22:38.186663 n-d-861357-1 devstack@placement-api.service[106424]: INFO placement.requestlog [req-c5af9062-f7b0-451b-a7fc-f1faa1c6850d req-0440168f-7338-40d6-aef3-f9074bb52825 service placement] 10.222.0.20 "GET /placement/allocations/a6cc5fd2-fb03-4c98-bf02-b373979958c0" status: 200 len: 259 microversion: 1.28
Oct 14 11:22:38.187823 n-d-861357-1 devstack@placement-api.service[106424]: [pid: 106424|app: 0|req: 133/256] 10.222.0.20 () {60 vars in 1377 bytes} [Fri Oct 14 11:22:38 2022] GET /placement/allocations/a6cc5fd2-fb03-4c98-bf02-b373979958c0 => generated 259 bytes in 31 msecs (HTTP/1.1 200) 8 headers in 296 bytes (1 switches on core 0)
Oct 14 11:22:38.194459 n-d-861357-1 devstack@placement-api.service[106425]: DEBUG placement.requestlog [req-c5af9062-f7b0-451b-a7fc-f1faa1c6850d req-b8af0be4-f778-46f3-b5ed-ef8414eae4fe None None] Starting request: 10.222.0.20 "GET /placement/allocations/585ef161-9c5a-42d1-a6ae-4a4ea8b531f3" {{(pid=106425) __call__ /opt/stack/placement/placement/requestlog.py:55}}
Oct 14 11:22:38.223872 n-d-861357-1 devstack@placement-api.service[106425]: INFO placement.requestlog [req-c5af9062-f7b0-451b-a7fc-f1faa1c6850d req-b8af0be4-f778-46f3-b5ed-ef8414eae4fe service placement] 10.222.0.20 "GET /placement/allocations/585ef161-9c5a-42d1-a6ae-4a4ea8b531f3" status: 200 len: 259 microversion: 1.28
Oct 14 11:22:38.224565 n-d-861357-1 devstack@placement-api.service[106425]: [pid: 106425|app: 0|req: 124/257] 10.222.0.20 () {60 vars in 1377 bytes} [Fri Oct 14 11:22:38 2022] GET /placement/allocations/585ef161-9c5a-42d1-a6ae-4a4ea8b531f3 => generated 259 bytes in 30 msecs (HTTP/1.1 200) 8 headers in 296 bytes (2 switches on core 0)
Oct 14 11:22:38.236091 n-d-861357-1 devstack@placement-api.service[106424]: DEBUG placement.requestlog [req-c5af9062-f7b0-451b-a7fc-f1faa1c6850d req-a11b3681-ef2c-4727-ac77-47253431c448 None None] Starting request: 10.222.0.20 "GET /placement/allocations/73367607-3bae-45d5-b164-1500714a5e52" {{(pid=106424) __call__ /opt/stack/placement/placement/requestlog.py:55}}
Oct 14 11:22:38.274525 n-d-861357-1 devstack@placement-api.service[106424]: INFO placement.requestlog [req-c5af9062-f7b0-451b-a7fc-f1faa1c6850d req-a11b3681-ef2c-4727-ac77-47253431c448 service placement] 10.222.0.20 "GET /placement/allocations/73367607-3bae-45d5-b164-1500714a5e52" status: 200 len: 258 microversion: 1.28
Oct 14 11:22:38.275550 n-d-861357-1 devstack@placement-api.service[106424]: [pid: 106424|app: 0|req: 134/258] 10.222.0.20 () {60 vars in 1377 bytes} [Fri Oct 14 11:22:38 2022] GET /placement/allocations/73367607-3bae-45d5-b164-1500714a5e52 => generated 258 bytes in 40 msecs (HTTP/1.1 200) 8 headers in 296 bytes (1 switches on core 0)
Oct 14 11:22:43.681039 n-d-861357-1 devstack@placement-api.service[106425]: DEBUG placement.requestlog [req-7478ee75-2c50-47ca-9e4c-5bd5f4275cd2 req-b94c56cb-53cf-49d9-9299-e49a8c766e25 None None] Starting request: 10.222.0.20 "GET /placement/allocations/585ef161-9c5a-42d1-a6ae-4a4ea8b531f3" {{(pid=106425) __call__ /opt/stack/placement/placement/requestlog.py:55}}
Oct 14 11:22:43.717676 n-d-861357-1 devstack@placement-api.service[106425]: INFO placement.requestlog [req-7478ee75-2c50-47ca-9e4c-5bd5f4275cd2 req-b94c56cb-53cf-49d9-9299-e49a8c766e25 service placement] 10.222.0.20 "GET /placement/allocations/585ef161-9c5a-42d1-a6ae-4a4ea8b531f3" status: 200 len: 259 microversion: 1.28
Oct 14 11:22:43.725936 n-d-861357-1 devstack@placement-api.service[106425]: [pid: 106425|app: 0|req: 125/259] 10.222.0.20 () {60 vars in 1377 bytes} [Fri Oct 14 11:22:43 2022] GET /placement/allocations/585ef161-9c5a-42d1-a6ae-4a4ea8b531f3 => generated 259 bytes in 46 msecs (HTTP/1.1 200) 8 headers in 296 bytes (1 switches on core 0)
Oct 14 11:22:48.271039 n-d-861357-1 devstack@placement-api.service[106424]: DEBUG dbcounter [-] [106424] Writing DB stats placement:SELECT=61,placement:INSERT=4,placement:DELETE=2,placement:UPDATE=2 {{(pid=106424) stat_writer /usr/local/lib/python3.8/dist-packages/dbcounter.py:114}}
Oct 14 11:22:52.335559 n-d-861357-1 devstack@placement-api.service[106424]: DEBUG placement.requestlog [req-32de6cd1-a91b-4579-84b4-5a1cce22da35 req-9c730daf-4c3b-4395-98a9-653cc4dff03f None None] Starting request: 10.222.0.50 "GET /placement/resource_providers/e686bdb7-4c6f-4521-96de-11c2986f3c70/allocations" {{(pid=106424) __call__ /opt/stack/placement/placement/requestlog.py:55}}
Oct 14 11:22:52.361843 n-d-861357-1 devstack@placement-api.service[106424]: INFO placement.requestlog [req-32de6cd1-a91b-4579-84b4-5a1cce22da35 req-9c730daf-4c3b-4395-98a9-653cc4dff03f service placement] 10.222.0.50 "GET /placement/resource_providers/e686bdb7-4c6f-4521-96de-11c2986f3c70/allocations" status: 200 len: 558 microversion: 1.0
Oct 14 11:22:52.366499 n-d-861357-1 devstack@placement-api.service[106424]: [pid: 106424|app: 0|req: 135/260] 10.222.0.50 () {58 vars in 1390 bytes} [Fri Oct 14 11:22:52 2022] GET /placement/resource_providers/e686bdb7-4c6f-4521-96de-11c2986f3c70/allocations => generated 558 bytes in 27 msecs (HTTP/1.1 200) 6 headers in 224 bytes (2 switches on core 0)
Oct 14 11:22:52.370201 n-d-861357-1 devstack@placement-api.service[106425]: DEBUG placement.requestlog [req-32de6cd1-a91b-4579-84b4-5a1cce22da35 req-759360c8-876e-4e9a-8a4a-f0bb96f9a858 None None] Starting request: 10.222.0.50 "GET /placement/allocations/82310689-b111-4673-95fc-e81a1c8417f7" {{(pid=106425) __call__ /opt/stack/placement/placement/requestlog.py:55}}
Oct 14 11:22:52.386255 n-d-861357-1 devstack@placement-api.service[106425]: INFO placement.requestlog [req-32de6cd1-a91b-4579-84b4-5a1cce22da35 req-759360c8-876e-4e9a-8a4a-f0bb96f9a858 service placement] 10.222.0.50 "GET /placement/allocations/82310689-b111-4673-95fc-e81a1c8417f7" status: 200 len: 259 microversion: 1.28
Oct 14 11:22:52.386764 n-d-861357-1 devstack@placement-api.service[106425]: [pid: 106425|app: 0|req: 126/261] 10.222.0.50 () {60 vars in 1377 bytes} [Fri Oct 14 11:22:52 2022] GET /placement/allocations/82310689-b111-4673-95fc-e81a1c8417f7 => generated 259 bytes in 17 msecs (HTTP/1.1 200) 8 headers in 296 bytes (1 switches on core 0)
Oct 14 11:22:52.394182 n-d-861357-1 devstack@placement-api.service[106424]: DEBUG placement.requestlog [req-32de6cd1-a91b-4579-84b4-5a1cce22da35 req-80297a33-e7cd-4756-95f5-dcd4ee218857 None None] Starting request: 10.222.0.50 "GET /placement/allocations/8c69404b-0281-4e5b-b719-03a449b4f1d7" {{(pid=106424) __call__ /opt/stack/placement/placement/requestlog.py:55}}
Oct 14 11:22:52.413074 n-d-861357-1 devstack@placement-api.service[106424]: INFO placement.requestlog [req-32de6cd1-a91b-4579-84b4-5a1cce22da35 req-80297a33-e7cd-4756-95f5-dcd4ee218857 service placement] 10.222.0.50 "GET /placement/allocations/8c69404b-0281-4e5b-b719-03a449b4f1d7" status: 200 len: 259 microversion: 1.28
Oct 14 11:22:52.415610 n-d-861357-1 devstack@placement-api.service[106424]: [pid: 106424|app: 0|req: 136/262] 10.222.0.50 () {60 vars in 1377 bytes} [Fri Oct 14 11:22:52 2022] GET /placement/allocations/8c69404b-0281-4e5b-b719-03a449b4f1d7 => generated 259 bytes in 20 msecs (HTTP/1.1 200) 8 headers in 296 bytes (1 switches on core 0)
Oct 14 11:22:52.425196 n-d-861357-1 devstack@placement-api.service[106425]: DEBUG placement.requestlog [req-32de6cd1-a91b-4579-84b4-5a1cce22da35 req-425ffbec-792f-4824-a371-32d17814f9cb None None] Starting request: 10.222.0.50 "GET /placement/allocations/7041a50a-a231-463a-94e3-6c5de608d8c8" {{(pid=106425) __call__ /opt/stack/placement/placement/requestlog.py:55}}
Oct 14 11:22:52.445979 n-d-861357-1 devstack@placement-api.service[106425]: INFO placement.requestlog [req-32de6cd1-a91b-4579-84b4-5a1cce22da35 req-425ffbec-792f-4824-a371-32d17814f9cb service placement] 10.222.0.50 "GET /placement/allocations/7041a50a-a231-463a-94e3-6c5de608d8c8" status: 200 len: 259 microversion: 1.28
Oct 14 11:22:52.446904 n-d-861357-1 devstack@placement-api.service[106425]: [pid: 106425|app: 0|req: 127/263] 10.222.0.50 () {60 vars in 1377 bytes} [Fri Oct 14 11:22:52 2022] GET /placement/allocations/7041a50a-a231-463a-94e3-6c5de608d8c8 => generated 259 bytes in 22 msecs (HTTP/1.1 200) 8 headers in 296 bytes (1 switches on core 0)
Oct 14 11:22:52.455878 n-d-861357-1 devstack@placement-api.service[106424]: DEBUG placement.requestlog [req-32de6cd1-a91b-4579-84b4-5a1cce22da35 req-cb3354b3-f278-4537-b589-1a24b4c68d99 None None] Starting request: 10.222.0.50 "GET /placement/allocations/e7327e6b-5e4a-436c-a309-b23d91b7c562" {{(pid=106424) __call__ /opt/stack/placement/placement/requestlog.py:55}}
Oct 14 11:22:52.474168 n-d-861357-1 devstack@placement-api.service[106424]: INFO placement.requestlog [req-32de6cd1-a91b-4579-84b4-5a1cce22da35 req-cb3354b3-f278-4537-b589-1a24b4c68d99 service placement] 10.222.0.50 "GET /placement/allocations/e7327e6b-5e4a-436c-a309-b23d91b7c562" status: 200 len: 259 microversion: 1.28
Oct 14 11:22:52.478655 n-d-861357-1 devstack@placement-api.service[106424]: [pid: 106424|app: 0|req: 137/264] 10.222.0.50 () {60 vars in 1377 bytes} [Fri Oct 14 11:22:52 2022] GET /placement/allocations/e7327e6b-5e4a-436c-a309-b23d91b7c562 => generated 259 bytes in 23 msecs (HTTP/1.1 200) 8 headers in 296 bytes (2 switches on core 0)
Oct 14 11:22:52.487730 n-d-861357-1 devstack@placement-api.service[106425]: DEBUG placement.requestlog [req-32de6cd1-a91b-4579-84b4-5a1cce22da35 req-5fba3238-1e87-4e06-981e-3888b224c2e9 None None] Starting request: 10.222.0.50 "GET /placement/allocations/4f383635-bf15-48a0-b270-7767ec25edae" {{(pid=106425) __call__ /opt/stack/placement/placement/requestlog.py:55}}
Oct 14 11:22:52.514192 n-d-861357-1 devstack@placement-api.service[106425]: INFO placement.requestlog [req-32de6cd1-a91b-4579-84b4-5a1cce22da35 req-5fba3238-1e87-4e06-981e-3888b224c2e9 service placement] 10.222.0.50 "GET /placement/allocations/4f383635-bf15-48a0-b270-7767ec25edae" status: 200 len: 259 microversion: 1.28
Oct 14 11:22:52.515695 n-d-861357-1 devstack@placement-api.service[106424]: DEBUG placement.requestlog [req-5465f812-447f-4569-b339-75a620fed860 req-f2f0e798-cbba-4478-8e74-4e1838c50775 None None] Starting request: 10.222.0.16 "GET /placement/allocation_candidates?resources=DISK_GB%3A1%2CMEMORY_MB%3A1024%2CVCPU%3A1&root_required=%21COMPUTE_STATUS_DISABLED" {{(pid=106424) __call__ /opt/stack/placement/placement/requestlog.py:55}}
Oct 14 11:22:52.516339 n-d-861357-1 devstack@placement-api.service[106425]: [pid: 106425|app: 0|req: 128/265] 10.222.0.50 () {60 vars in 1377 bytes} [Fri Oct 14 11:22:52 2022] GET /placement/allocations/4f383635-bf15-48a0-b270-7767ec25edae => generated 259 bytes in 27 msecs (HTTP/1.1 200) 8 headers in 296 bytes (2 switches on core 0)
Oct 14 11:22:52.558790 n-d-861357-1 devstack@placement-api.service[106424]: DEBUG placement.objects.research_context [req-5465f812-447f-4569-b339-75a620fed860 req-f2f0e798-cbba-4478-8e74-4e1838c50775 service placement] getting providers with 1 DISK_GB {{(pid=106424) __init__ /opt/stack/placement/placement/objects/research_context.py:136}}
Oct 14 11:22:52.566260 n-d-861357-1 devstack@placement-api.service[106424]: DEBUG placement.objects.research_context [req-5465f812-447f-4569-b339-75a620fed860 req-f2f0e798-cbba-4478-8e74-4e1838c50775 service placement] getting providers with 1024 MEMORY_MB {{(pid=106424) __init__ /opt/stack/placement/placement/objects/research_context.py:136}}
Oct 14 11:22:52.571832 n-d-861357-1 devstack@placement-api.service[106424]: DEBUG placement.objects.research_context [req-5465f812-447f-4569-b339-75a620fed860 req-f2f0e798-cbba-4478-8e74-4e1838c50775 service placement] getting providers with 1 VCPU {{(pid=106424) __init__ /opt/stack/placement/placement/objects/research_context.py:136}}
Oct 14 11:22:52.577357 n-d-861357-1 devstack@placement-api.service[106424]: DEBUG placement.objects.research_context [req-5465f812-447f-4569-b339-75a620fed860 req-f2f0e798-cbba-4478-8e74-4e1838c50775 service placement] found 2 providers with available 1 DISK_GB {{(pid=106424) get_provider_ids_matching /opt/stack/placement/placement/objects/research_context.py:563}}
Oct 14 11:22:52.577647 n-d-861357-1 devstack@placement-api.service[106424]: DEBUG placement.objects.research_context [req-5465f812-447f-4569-b339-75a620fed860 req-f2f0e798-cbba-4478-8e74-4e1838c50775 service placement] found 2 providers with available 1024 MEMORY_MB {{(pid=106424) get_provider_ids_matching /opt/stack/placement/placement/objects/research_context.py:563}}
Oct 14 11:22:52.577940 n-d-861357-1 devstack@placement-api.service[106424]: DEBUG placement.objects.research_context [req-5465f812-447f-4569-b339-75a620fed860 req-f2f0e798-cbba-4478-8e74-4e1838c50775 service placement] found 2 providers after filtering by previous result {{(pid=106424) get_provider_ids_matching /opt/stack/placement/placement/objects/research_context.py:594}}
Oct 14 11:22:52.578389 n-d-861357-1 devstack@placement-api.service[106424]: DEBUG placement.objects.research_context [req-5465f812-447f-4569-b339-75a620fed860 req-f2f0e798-cbba-4478-8e74-4e1838c50775 service placement] found 2 providers with available 1 VCPU {{(pid=106424) get_provider_ids_matching /opt/stack/placement/placement/objects/research_context.py:563}}
Oct 14 11:22:52.578798 n-d-861357-1 devstack@placement-api.service[106424]: DEBUG placement.objects.research_context [req-5465f812-447f-4569-b339-75a620fed860 req-f2f0e798-cbba-4478-8e74-4e1838c50775 service placement] found 2 providers after filtering by previous result {{(pid=106424) get_provider_ids_matching /opt/stack/placement/placement/objects/research_context.py:594}}
Oct 14 11:22:52.591159 n-d-861357-1 devstack@placement-api.service[106424]: DEBUG placement.objects.allocation_candidate [req-5465f812-447f-4569-b339-75a620fed860 req-f2f0e798-cbba-4478-8e74-4e1838c50775 service placement] RequestGroup(use_same_provider=False, resources={DISK_GB:1, MEMORY_MB:1024, VCPU:1}, traits=(), aggregates=[]) (suffix '') returned 2 matches {{(pid=106424) _get_by_requests /opt/stack/placement/placement/objects/allocation_candidate.py:156}}
Oct 14 11:22:52.591743 n-d-861357-1 devstack@placement-api.service[106424]: DEBUG placement.objects.allocation_candidate [req-5465f812-447f-4569-b339-75a620fed860 req-f2f0e798-cbba-4478-8e74-4e1838c50775 service placement] Merging candidates yields 2 allocation requests and 2 provider summaries {{(pid=106424) _merge_candidates /opt/stack/placement/placement/objects/allocation_candidate.py:809}}
Oct 14 11:22:52.593428 n-d-861357-1 devstack@placement-api.service[106424]: INFO placement.requestlog [req-5465f812-447f-4569-b339-75a620fed860 req-f2f0e798-cbba-4478-8e74-4e1838c50775 service placement] 10.222.0.16 "GET /placement/allocation_candidates?resources=DISK_GB%3A1%2CMEMORY_MB%3A1024%2CVCPU%3A1&root_required=%21COMPUTE_STATUS_DISABLED" status: 200 len: 1309 microversion: 1.36
Oct 14 11:22:52.594018 n-d-861357-1 devstack@placement-api.service[106424]: [pid: 106424|app: 0|req: 138/266] 10.222.0.16 () {60 vars in 1484 bytes} [Fri Oct 14 11:22:52 2022] GET /placement/allocation_candidates?resources=DISK_GB%3A1%2CMEMORY_MB%3A1024%2CVCPU%3A1&root_required=%21COMPUTE_STATUS_DISABLED => generated 1309 bytes in 79 msecs (HTTP/1.1 200) 8 headers in 297 bytes (1 switches on core 0)
Oct 14 11:22:52.677307 n-d-861357-1 devstack@placement-api.service[106425]: DEBUG placement.requestlog [req-5465f812-447f-4569-b339-75a620fed860 req-534ab27e-a658-4ef6-a28e-6a9c5f80e446 None None] Starting request: 10.222.0.16 "GET /placement/allocations/fdce398a-45b2-48cf-9506-7bd2aebd876d" {{(pid=106425) __call__ /opt/stack/placement/placement/requestlog.py:55}}
Oct 14 11:22:52.689634 n-d-861357-1 devstack@placement-api.service[106425]: INFO placement.requestlog [req-5465f812-447f-4569-b339-75a620fed860 req-534ab27e-a658-4ef6-a28e-6a9c5f80e446 service placement] 10.222.0.16 "GET /placement/allocations/fdce398a-45b2-48cf-9506-7bd2aebd876d" status: 200 len: 19 microversion: 1.28
Oct 14 11:22:52.690018 n-d-861357-1 devstack@placement-api.service[106425]: [pid: 106425|app: 0|req: 129/267] 10.222.0.16 () {60 vars in 1380 bytes} [Fri Oct 14 11:22:52 2022] GET /placement/allocations/fdce398a-45b2-48cf-9506-7bd2aebd876d => generated 19 bytes in 13 msecs (HTTP/1.1 200) 8 headers in 295 bytes (1 switches on core 0)
Oct 14 11:22:52.696354 n-d-861357-1 devstack@placement-api.service[106424]: DEBUG placement.requestlog [req-5465f812-447f-4569-b339-75a620fed860 req-fcb4a9fa-6d9c-45a6-a6dc-a317544d7de3 None None] Starting request: 10.222.0.16 "PUT /placement/allocations/fdce398a-45b2-48cf-9506-7bd2aebd876d" {{(pid=106424) __call__ /opt/stack/placement/placement/requestlog.py:55}}
Oct 14 11:22:52.849934 n-d-861357-1 devstack@placement-api.service[106425]: DEBUG placement.requestlog [req-32de6cd1-a91b-4579-84b4-5a1cce22da35 req-358d54a4-d0be-47ed-af3a-602fe4f51ce4 None None] Starting request: 10.222.0.50 "DELETE /placement/allocations/82310689-b111-4673-95fc-e81a1c8417f7" {{(pid=106425) __call__ /opt/stack/placement/placement/requestlog.py:55}}
Oct 14 11:22:52.850203 n-d-861357-1 devstack@placement-api.service[106424]: DEBUG placement.handlers.allocation [req-5465f812-447f-4569-b339-75a620fed860 req-fcb4a9fa-6d9c-45a6-a6dc-a317544d7de3 service placement] Successfully wrote allocations [, , ] {{(pid=106424) _update_consumers_and_create_allocations /opt/stack/placement/placement/handlers/allocation.py:462}}
Oct 14 11:22:52.961157 n-d-861357-1 devstack@placement-api.service[106424]: INFO placement.requestlog [req-5465f812-447f-4569-b339-75a620fed860 req-fcb4a9fa-6d9c-45a6-a6dc-a317544d7de3 service placement] 10.222.0.16 "PUT /placement/allocations/fdce398a-45b2-48cf-9506-7bd2aebd876d" status: 204 len: 0 microversion: 1.36
Oct 14 11:22:52.963211 n-d-861357-1 devstack@placement-api.service[106424]: [pid: 106424|app: 0|req: 139/268] 10.222.0.16 () {64 vars in 1433 bytes} [Fri Oct 14 11:22:52 2022] PUT /placement/allocations/fdce398a-45b2-48cf-9506-7bd2aebd876d => generated 0 bytes in 267 msecs (HTTP/1.1 204) 5 headers in 199 bytes (1 switches on core 0)
Oct 14 11:22:52.975049 n-d-861357-1 devstack@placement-api.service[106424]: DEBUG placement.requestlog [req-fc7d35a5-0e00-43bc-b484-8aba2a4ddcf2 req-585e2565-b21c-4baa-85a1-c8afaef142ff None None] Starting request: 10.222.0.50 "GET /placement/resource_providers/e686bdb7-4c6f-4521-96de-11c2986f3c70/allocations" {{(pid=106424) __call__ /opt/stack/placement/placement/requestlog.py:55}}
Oct 14 11:22:53.009395 n-d-861357-1 devstack@placement-api.service[106424]: INFO placement.requestlog [req-fc7d35a5-0e00-43bc-b484-8aba2a4ddcf2 req-585e2565-b21c-4baa-85a1-c8afaef142ff service placement] 10.222.0.50 "GET /placement/resource_providers/e686bdb7-4c6f-4521-96de-11c2986f3c70/allocations" status: 200 len: 457 microversion: 1.0
Oct 14 11:22:53.010313 n-d-861357-1 devstack@placement-api.service[106424]: [pid: 106424|app: 0|req: 140/269] 10.222.0.50 () {58 vars in 1390 bytes} [Fri Oct 14 11:22:52 2022] GET /placement/resource_providers/e686bdb7-4c6f-4521-96de-11c2986f3c70/allocations => generated 457 bytes in 37 msecs (HTTP/1.1 200) 6 headers in 224 bytes (2 switches on core 0)
Oct 14 11:22:53.011045 n-d-861357-1 devstack@placement-api.service[106424]: DEBUG placement.requestlog [req-5465f812-447f-4569-b339-75a620fed860 req-409a2e6a-4e6b-405f-beb6-dac67046b396 None None] Starting request: 10.222.0.16 "GET /placement/allocations/93286ef2-88c2-47b5-9ecb-732838bf8268" {{(pid=106424) __call__ /opt/stack/placement/placement/requestlog.py:55}}
Oct 14 11:22:53.032720 n-d-861357-1 devstack@placement-api.service[106424]: INFO placement.requestlog [req-5465f812-447f-4569-b339-75a620fed860 req-409a2e6a-4e6b-405f-beb6-dac67046b396 service placement] 10.222.0.16 "GET /placement/allocations/93286ef2-88c2-47b5-9ecb-732838bf8268" status: 200 len: 19 microversion: 1.28
Oct 14 11:22:53.033536 n-d-861357-1 devstack@placement-api.service[106424]: [pid: 106424|app: 0|req: 141/270] 10.222.0.16 () {60 vars in 1380 bytes} [Fri Oct 14 11:22:53 2022] GET /placement/allocations/93286ef2-88c2-47b5-9ecb-732838bf8268 => generated 19 bytes in 23 msecs (HTTP/1.1 200) 8 headers in 295 bytes (1 switches on core 0)
Oct 14 11:22:53.034906 n-d-861357-1 devstack@placement-api.service[106424]: DEBUG placement.requestlog [req-53d60ce3-2602-4bd3-9cdc-e461adfe84a4 req-17a9256e-a77e-4bec-91a6-1789cc5e10e5 None None] Starting request: 10.222.0.16 "GET /placement/allocation_candidates?limit=1000&resources=DISK_GB%3A1%2CMEMORY_MB%3A1024%2CVCPU%3A1&root_required=%21COMPUTE_STATUS_DISABLED" {{(pid=106424) __call__ /opt/stack/placement/placement/requestlog.py:55}}
Oct 14 11:22:53.049654 n-d-861357-1 devstack@placement-api.service[106425]: DEBUG placement.handlers.allocation [req-32de6cd1-a91b-4579-84b4-5a1cce22da35 req-358d54a4-d0be-47ed-af3a-602fe4f51ce4 service placement] Successfully deleted allocations [, , ] {{(pid=106425) delete_allocations /opt/stack/placement/placement/handlers/allocation.py:627}}
Oct 14 11:22:53.050261 n-d-861357-1 devstack@placement-api.service[106425]: INFO placement.requestlog [req-32de6cd1-a91b-4579-84b4-5a1cce22da35 req-358d54a4-d0be-47ed-af3a-602fe4f51ce4 service placement] 10.222.0.50 "DELETE /placement/allocations/82310689-b111-4673-95fc-e81a1c8417f7" status: 204 len: 0 microversion: 1.0
Oct 14 11:22:53.050696 n-d-861357-1 devstack@placement-api.service[106425]: [pid: 106425|app: 0|req: 130/271] 10.222.0.50 () {60 vars in 1355 bytes} [Fri Oct 14 11:22:52 2022] DELETE /placement/allocations/82310689-b111-4673-95fc-e81a1c8417f7 => generated 0 bytes in 201 msecs (HTTP/1.1 204) 5 headers in 198 bytes (1 switches on core 0)
Oct 14 11:22:53.051528 n-d-861357-1 devstack@placement-api.service[106425]: DEBUG placement.requestlog [req-fc7d35a5-0e00-43bc-b484-8aba2a4ddcf2 req-8f919e09-891f-484e-bd7b-a5c80b970352 None None] Starting request: 10.222.0.50 "GET /placement/allocations/7041a50a-a231-463a-94e3-6c5de608d8c8" {{(pid=106425) __call__ /opt/stack/placement/placement/requestlog.py:55}}
Oct 14 11:22:53.085303 n-d-861357-1 devstack@placement-api.service[106425]: INFO placement.requestlog [req-fc7d35a5-0e00-43bc-b484-8aba2a4ddcf2 req-8f919e09-891f-484e-bd7b-a5c80b970352 service placement] 10.222.0.50 "GET /placement/allocations/7041a50a-a231-463a-94e3-6c5de608d8c8" status: 200 len: 259 microversion: 1.28
Oct 14 11:22:53.086161 n-d-861357-1 devstack@placement-api.service[106425]: [pid: 106425|app: 0|req: 131/272] 10.222.0.50 () {60 vars in 1377 bytes} [Fri Oct 14 11:22:53 2022] GET /placement/allocations/7041a50a-a231-463a-94e3-6c5de608d8c8 => generated 259 bytes in 35 msecs (HTTP/1.1 200) 8 headers in 296 bytes (1 switches on core 0)
Oct 14 11:22:53.087787 n-d-861357-1 devstack@placement-api.service[106425]: DEBUG placement.requestlog [req-5465f812-447f-4569-b339-75a620fed860 req-34f1e141-3641-4a36-b6fe-4800be1db604 None None] Starting request: 10.222.0.16 "PUT /placement/allocations/93286ef2-88c2-47b5-9ecb-732838bf8268" {{(pid=106425) __call__ /opt/stack/placement/placement/requestlog.py:55}}
Oct 14 11:22:53.142703 n-d-861357-1 devstack@placement-api.service[106424]: DEBUG placement.objects.research_context [req-53d60ce3-2602-4bd3-9cdc-e461adfe84a4 req-17a9256e-a77e-4bec-91a6-1789cc5e10e5 service placement] getting providers with 1 DISK_GB {{(pid=106424) __init__ /opt/stack/placement/placement/objects/research_context.py:136}}
Oct 14 11:22:53.158535 n-d-861357-1 devstack@placement-api.service[106424]: DEBUG placement.objects.research_context [req-53d60ce3-2602-4bd3-9cdc-e461adfe84a4 req-17a9256e-a77e-4bec-91a6-1789cc5e10e5 service placement] getting providers with 1024 MEMORY_MB {{(pid=106424) __init__ /opt/stack/placement/placement/objects/research_context.py:136}}
Oct 14 11:22:53.171898 n-d-861357-1 devstack@placement-api.service[106424]: DEBUG placement.objects.research_context [req-53d60ce3-2602-4bd3-9cdc-e461adfe84a4 req-17a9256e-a77e-4bec-91a6-1789cc5e10e5 service placement] getting providers with 1 VCPU {{(pid=106424) __init__ /opt/stack/placement/placement/objects/research_context.py:136}}
Oct 14 11:22:53.187432 n-d-861357-1 devstack@placement-api.service[106424]: DEBUG placement.objects.research_context [req-53d60ce3-2602-4bd3-9cdc-e461adfe84a4 req-17a9256e-a77e-4bec-91a6-1789cc5e10e5 service placement] found 2 providers with available 1 DISK_GB {{(pid=106424) get_provider_ids_matching /opt/stack/placement/placement/objects/research_context.py:563}}
Oct 14 11:22:53.187707 n-d-861357-1 devstack@placement-api.service[106424]: DEBUG placement.objects.research_context [req-53d60ce3-2602-4bd3-9cdc-e461adfe84a4 req-17a9256e-a77e-4bec-91a6-1789cc5e10e5 service placement] found 2 providers with available 1024 MEMORY_MB {{(pid=106424) get_provider_ids_matching /opt/stack/placement/placement/objects/research_context.py:563}}
Oct 14 11:22:53.187982 n-d-861357-1 devstack@placement-api.service[106424]: DEBUG placement.objects.research_context [req-53d60ce3-2602-4bd3-9cdc-e461adfe84a4 req-17a9256e-a77e-4bec-91a6-1789cc5e10e5 service placement] found 2 providers after filtering by previous result {{(pid=106424) get_provider_ids_matching /opt/stack/placement/placement/objects/research_context.py:594}}
Oct 14 11:22:53.188240 n-d-861357-1 devstack@placement-api.service[106424]: DEBUG placement.objects.research_context [req-53d60ce3-2602-4bd3-9cdc-e461adfe84a4 req-17a9256e-a77e-4bec-91a6-1789cc5e10e5 service placement] found 2 providers with available 1 VCPU {{(pid=106424) get_provider_ids_matching /opt/stack/placement/placement/objects/research_context.py:563}}
Oct 14 11:22:53.188504 n-d-861357-1 devstack@placement-api.service[106424]: DEBUG placement.objects.research_context [req-53d60ce3-2602-4bd3-9cdc-e461adfe84a4 req-17a9256e-a77e-4bec-91a6-1789cc5e10e5 service placement] found 2 providers after filtering by previous result {{(pid=106424) get_provider_ids_matching /opt/stack/placement/placement/objects/research_context.py:594}}
Oct 14 11:22:53.201416 n-d-861357-1 devstack@placement-api.service[106424]: DEBUG placement.objects.allocation_candidate [req-53d60ce3-2602-4bd3-9cdc-e461adfe84a4 req-17a9256e-a77e-4bec-91a6-1789cc5e10e5 service placement] RequestGroup(use_same_provider=False, resources={DISK_GB:1, MEMORY_MB:1024, VCPU:1}, traits=(), aggregates=[]) (suffix '') returned 2 matches {{(pid=106424) _get_by_requests /opt/stack/placement/placement/objects/allocation_candidate.py:156}}
Oct 14 11:22:53.201950 n-d-861357-1 devstack@placement-api.service[106424]: DEBUG placement.objects.allocation_candidate [req-53d60ce3-2602-4bd3-9cdc-e461adfe84a4 req-17a9256e-a77e-4bec-91a6-1789cc5e10e5 service placement] Merging candidates yields 2 allocation requests and 2 provider summaries {{(pid=106424) _merge_candidates /opt/stack/placement/placement/objects/allocation_candidate.py:809}}
Oct 14 11:22:53.203979 n-d-861357-1 devstack@placement-api.service[106424]: INFO placement.requestlog [req-53d60ce3-2602-4bd3-9cdc-e461adfe84a4 req-17a9256e-a77e-4bec-91a6-1789cc5e10e5 service placement] 10.222.0.16 "GET /placement/allocation_candidates?limit=1000&resources=DISK_GB%3A1%2CMEMORY_MB%3A1024%2CVCPU%3A1&root_required=%21COMPUTE_STATUS_DISABLED" status: 200 len: 1309 microversion: 1.36
Oct 14 11:22:53.204790 n-d-861357-1 devstack@placement-api.service[106424]: [pid: 106424|app: 0|req: 142/273] 10.222.0.16 () {60 vars in 1506 bytes} [Fri Oct 14 11:22:53 2022] GET /placement/allocation_candidates?limit=1000&resources=DISK_GB%3A1%2CMEMORY_MB%3A1024%2CVCPU%3A1&root_required=%21COMPUTE_STATUS_DISABLED => generated 1309 bytes in 171 msecs (HTTP/1.1 200) 8 headers in 297 bytes (1 switches on core 0)
Oct 14 11:22:53.207332 n-d-861357-1 devstack@placement-api.service[106424]: DEBUG placement.requestlog [req-fc7d35a5-0e00-43bc-b484-8aba2a4ddcf2 req-3a2f3945-00e4-4b1b-9dc0-8f783d38ecea None None] Starting request: 10.222.0.50 "GET /placement/allocations/e7327e6b-5e4a-436c-a309-b23d91b7c562" {{(pid=106424) __call__ /opt/stack/placement/placement/requestlog.py:55}}
Oct 14 11:22:53.231479 n-d-861357-1 devstack@placement-api.service[106424]: INFO placement.requestlog [req-fc7d35a5-0e00-43bc-b484-8aba2a4ddcf2 req-3a2f3945-00e4-4b1b-9dc0-8f783d38ecea service placement] 10.222.0.50 "GET /placement/allocations/e7327e6b-5e4a-436c-a309-b23d91b7c562" status: 200 len: 259 microversion: 1.28
Oct 14 11:22:53.232246 n-d-861357-1 devstack@placement-api.service[106424]: [pid: 106424|app: 0|req: 143/274] 10.222.0.50 () {60 vars in 1377 bytes} [Fri Oct 14 11:22:53 2022] GET /placement/allocations/e7327e6b-5e4a-436c-a309-b23d91b7c562 => generated 259 bytes in 27 msecs (HTTP/1.1 200) 8 headers in 296 bytes (1 switches on core 0)
Oct 14 11:22:53.245944 n-d-861357-1 devstack@placement-api.service[106424]: DEBUG placement.requestlog [req-fc7d35a5-0e00-43bc-b484-8aba2a4ddcf2 req-1efa65b2-ad44-4a9b-84f3-59abe7805718 None None] Starting request: 10.222.0.50 "GET /placement/allocations/8c69404b-0281-4e5b-b719-03a449b4f1d7" {{(pid=106424) __call__ /opt/stack/placement/placement/requestlog.py:55}}
Oct 14 11:22:53.298855 n-d-861357-1 devstack@placement-api.service[106424]: INFO placement.requestlog [req-fc7d35a5-0e00-43bc-b484-8aba2a4ddcf2 req-1efa65b2-ad44-4a9b-84f3-59abe7805718 service placement] 10.222.0.50 "GET /placement/allocations/8c69404b-0281-4e5b-b719-03a449b4f1d7" status: 200 len: 259 microversion: 1.28
Oct 14 11:22:53.301050 n-d-861357-1 devstack@placement-api.service[106424]: [pid: 106424|app: 0|req: 144/275] 10.222.0.50 () {60 vars in 1377 bytes} [Fri Oct 14 11:22:53 2022] GET /placement/allocations/8c69404b-0281-4e5b-b719-03a449b4f1d7 => generated 259 bytes in 55 msecs (HTTP/1.1 200) 8 headers in 296 bytes (2 switches on core 0)
Oct 14 11:22:53.308091 n-d-861357-1 devstack@placement-api.service[106424]: DEBUG placement.requestlog [req-fc7d35a5-0e00-43bc-b484-8aba2a4ddcf2 req-53c77d49-d90b-4dba-9ba0-ab3dfee5366d None None] Starting request: 10.222.0.50 "GET /placement/allocations/4f383635-bf15-48a0-b270-7767ec25edae" {{(pid=106424) __call__ /opt/stack/placement/placement/requestlog.py:55}}
