Oct 14 11:31:47.502940 n-d-861357-1 devstack@placement-api.service[106424]: [pid: 106424|app: 0|req: 750/1486] 10.222.0.50 () {60 vars in 1355 bytes} [Fri Oct 14 11:31:47 2022] DELETE /placement/allocations/0db9a2ed-4146-43a8-ae8e-b5072d5013a5 => generated 0 bytes in 229 msecs (HTTP/1.1 204) 5 headers in 198 bytes (1 switches on core 0)
Oct 14 11:31:47.788689 n-d-861357-1 devstack@placement-api.service[106425]: DEBUG placement.requestlog [req-1ae757a5-c3e7-4845-83a4-cfdeebf330bb req-0797668a-93da-4e97-9024-6696c8d73f20 None None] Starting request: 10.222.0.50 "GET /placement/resource_providers/e686bdb7-4c6f-4521-96de-11c2986f3c70/allocations" {{(pid=106425) __call__ /opt/stack/placement/placement/requestlog.py:55}}
Oct 14 11:31:47.824254 n-d-861357-1 devstack@placement-api.service[106425]: INFO placement.requestlog [req-1ae757a5-c3e7-4845-83a4-cfdeebf330bb req-0797668a-93da-4e97-9024-6696c8d73f20 service placement] 10.222.0.50 "GET /placement/resource_providers/e686bdb7-4c6f-4521-96de-11c2986f3c70/allocations" status: 200 len: 342 microversion: 1.0
Oct 14 11:31:47.825133 n-d-861357-1 devstack@placement-api.service[106425]: [pid: 106425|app: 0|req: 737/1487] 10.222.0.50 () {58 vars in 1390 bytes} [Fri Oct 14 11:31:47 2022] GET /placement/resource_providers/e686bdb7-4c6f-4521-96de-11c2986f3c70/allocations => generated 342 bytes in 37 msecs (HTTP/1.1 200) 6 headers in 224 bytes (1 switches on core 0)
Oct 14 11:31:47.832228 n-d-861357-1 devstack@placement-api.service[106424]: DEBUG placement.requestlog [req-1ae757a5-c3e7-4845-83a4-cfdeebf330bb req-85fdd6ad-069a-46b9-be14-d4837923c4c5 None None] Starting request: 10.222.0.50 "GET /placement/allocations/92c67de1-14e6-4528-9617-cbb127981c95" {{(pid=106424) __call__ /opt/stack/placement/placement/requestlog.py:55}}
Oct 14 11:31:47.850776 n-d-861357-1 devstack@placement-api.service[106424]: INFO placement.requestlog [req-1ae757a5-c3e7-4845-83a4-cfdeebf330bb req-85fdd6ad-069a-46b9-be14-d4837923c4c5 service placement] 10.222.0.50 "GET /placement/allocations/92c67de1-14e6-4528-9617-cbb127981c95" status: 200 len: 245 microversion: 1.28
Oct 14 11:31:47.851842 n-d-861357-1 devstack@placement-api.service[106424]: [pid: 106424|app: 0|req: 751/1488] 10.222.0.50 () {60 vars in 1377 bytes} [Fri Oct 14 11:31:47 2022] GET /placement/allocations/92c67de1-14e6-4528-9617-cbb127981c95 => generated 245 bytes in 20 msecs (HTTP/1.1 200) 8 headers in 296 bytes (1 switches on core 0)
Oct 14 11:31:47.859284 n-d-861357-1 devstack@placement-api.service[106425]: DEBUG placement.requestlog [req-1ae757a5-c3e7-4845-83a4-cfdeebf330bb req-3120da6d-30b0-4609-9ea3-33aeae73ac72 None None] Starting request: 10.222.0.50 "GET /placement/allocations/dd2a048a-cdbd-40a8-ac62-d79c8605aeed" {{(pid=106425) __call__ /opt/stack/placement/placement/requestlog.py:55}}
Oct 14 11:31:47.878518 n-d-861357-1 devstack@placement-api.service[106425]: INFO placement.requestlog [req-1ae757a5-c3e7-4845-83a4-cfdeebf330bb req-3120da6d-30b0-4609-9ea3-33aeae73ac72 service placement] 10.222.0.50 "GET /placement/allocations/dd2a048a-cdbd-40a8-ac62-d79c8605aeed" status: 200 len: 259 microversion: 1.28
Oct 14 11:31:47.880203 n-d-861357-1 devstack@placement-api.service[106425]: [pid: 106425|app: 0|req: 738/1489] 10.222.0.50 () {60 vars in 1377 bytes} [Fri Oct 14 11:31:47 2022] GET /placement/allocations/dd2a048a-cdbd-40a8-ac62-d79c8605aeed => generated 259 bytes in 21 msecs (HTTP/1.1 200) 8 headers in 296 bytes (1 switches on core 0)
Oct 14 11:31:47.888248 n-d-861357-1 devstack@placement-api.service[106424]: DEBUG placement.requestlog [req-1ae757a5-c3e7-4845-83a4-cfdeebf330bb req-579a2d3d-e5ad-47f2-8e52-62ba8fa2108b None None] Starting request: 10.222.0.50 "GET /placement/allocations/57664398-7e13-434b-8f17-828f15bf7829" {{(pid=106424) __call__ /opt/stack/placement/placement/requestlog.py:55}}
Oct 14 11:31:47.916193 n-d-861357-1 devstack@placement-api.service[106424]: INFO placement.requestlog [req-1ae757a5-c3e7-4845-83a4-cfdeebf330bb req-579a2d3d-e5ad-47f2-8e52-62ba8fa2108b service placement] 10.222.0.50 "GET /placement/allocations/57664398-7e13-434b-8f17-828f15bf7829" status: 200 len: 259 microversion: 1.28
Oct 14 11:31:47.917073 n-d-861357-1 devstack@placement-api.service[106424]: [pid: 106424|app: 0|req: 752/1490] 10.222.0.50 () {60 vars in 1377 bytes} [Fri Oct 14 11:31:47 2022] GET /placement/allocations/57664398-7e13-434b-8f17-828f15bf7829 => generated 259 bytes in 29 msecs (HTTP/1.1 200) 8 headers in 296 bytes (1 switches on core 0)
Oct 14 11:31:48.251173 n-d-861357-1 devstack@placement-api.service[106425]: DEBUG placement.requestlog [req-1ae757a5-c3e7-4845-83a4-cfdeebf330bb req-a9c7ff62-4619-4f54-8c75-ee63b4bb04ad None None] Starting request: 10.222.0.50 "DELETE /placement/allocations/57664398-7e13-434b-8f17-828f15bf7829" {{(pid=106425) __call__ /opt/stack/placement/placement/requestlog.py:55}}
Oct 14 11:31:48.479230 n-d-861357-1 devstack@placement-api.service[106425]: DEBUG placement.handlers.allocation [req-1ae757a5-c3e7-4845-83a4-cfdeebf330bb req-a9c7ff62-4619-4f54-8c75-ee63b4bb04ad service placement] Successfully deleted allocations [, , ] {{(pid=106425) delete_allocations /opt/stack/placement/placement/handlers/allocation.py:627}}
Oct 14 11:31:48.480078 n-d-861357-1 devstack@placement-api.service[106425]: INFO placement.requestlog [req-1ae757a5-c3e7-4845-83a4-cfdeebf330bb req-a9c7ff62-4619-4f54-8c75-ee63b4bb04ad service placement] 10.222.0.50 "DELETE /placement/allocations/57664398-7e13-434b-8f17-828f15bf7829" status: 204 len: 0 microversion: 1.0
Oct 14 11:31:48.481074 n-d-861357-1 devstack@placement-api.service[106425]: [pid: 106425|app: 0|req: 739/1491] 10.222.0.50 () {60 vars in 1355 bytes} [Fri Oct 14 11:31:48 2022] DELETE /placement/allocations/57664398-7e13-434b-8f17-828f15bf7829 => generated 0 bytes in 230 msecs (HTTP/1.1 204) 5 headers in 198 bytes (1 switches on core 0)
Oct 14 11:31:55.116554 n-d-861357-1 devstack@placement-api.service[106424]: DEBUG placement.requestlog [None req-32e27d1b-8b2a-42b5-b7c8-9a4492c2cfca None None] Starting request: 10.222.0.16 "GET /placement/resource_providers/b025c10e-dd2e-468f-bbef-d52883d020ea/aggregates" {{(pid=106424) __call__ /opt/stack/placement/placement/requestlog.py:55}}
Oct 14 11:31:55.150298 n-d-861357-1 devstack@placement-api.service[106424]: INFO placement.requestlog [None req-32e27d1b-8b2a-42b5-b7c8-9a4492c2cfca service placement] 10.222.0.16 "GET /placement/resource_providers/b025c10e-dd2e-468f-bbef-d52883d020ea/aggregates" status: 404 len: 235 microversion: 1.1
Oct 14 11:31:55.150674 n-d-861357-1 devstack@placement-api.service[106424]: [pid: 106424|app: 0|req: 753/1492] 10.222.0.16 () {58 vars in 1362 bytes} [Fri Oct 14 11:31:55 2022] GET /placement/resource_providers/b025c10e-dd2e-468f-bbef-d52883d020ea/aggregates => generated 235 bytes in 34 msecs (HTTP/1.1 404) 5 headers in 202 bytes (1 switches on core 0)
Oct 14 11:31:55.252330 n-d-861357-1 devstack@placement-api.service[106425]: DEBUG placement.requestlog [None req-8d8c1db7-a1e6-408e-b0f9-46c87fb6c3ab None None] Starting request: 10.222.0.16 "DELETE /placement/resource_providers/b025c10e-dd2e-468f-bbef-d52883d020ea" {{(pid=106425) __call__ /opt/stack/placement/placement/requestlog.py:55}}
Oct 14 11:31:55.296260 n-d-861357-1 devstack@placement-api.service[106425]: DEBUG placement.wsgi_wrapper [None req-8d8c1db7-a1e6-408e-b0f9-46c87fb6c3ab service placement] Placement API returning an error response: No resource provider with uuid b025c10e-dd2e-468f-bbef-d52883d020ea found for delete {{(pid=106425) call_func /opt/stack/placement/placement/wsgi_wrapper.py:31}}
Oct 14 11:31:55.307970 n-d-861357-1 devstack@placement-api.service[106425]: INFO placement.requestlog [None req-8d8c1db7-a1e6-408e-b0f9-46c87fb6c3ab service placement] 10.222.0.16 "DELETE /placement/resource_providers/b025c10e-dd2e-468f-bbef-d52883d020ea" status: 404 len: 246 microversion: 1.1
Oct 14 11:31:55.310017 n-d-861357-1 devstack@placement-api.service[106425]: [pid: 106425|app: 0|req: 740/1493] 10.222.0.16 () {60 vars in 1351 bytes} [Fri Oct 14 11:31:55 2022] DELETE /placement/resource_providers/b025c10e-dd2e-468f-bbef-d52883d020ea => generated 246 bytes in 59 msecs (HTTP/1.1 404) 6 headers in 231 bytes (1 switches on core 0)
Oct 14 11:31:58.334054 n-d-861357-1 devstack@placement-api.service[106424]: DEBUG placement.requestlog [req-b6b14886-5930-43ed-a208-684acd853594 req-8e581a85-ce50-450c-b89c-c2dac6dae54c None None] Starting request: 10.222.0.16 "GET /placement/allocation_candidates?limit=1000&resources=DISK_GB%3A1%2CMEMORY_MB%3A1024%2CVCPU%3A1&root_required=%21COMPUTE_STATUS_DISABLED" {{(pid=106424) __call__ /opt/stack/placement/placement/requestlog.py:55}}
Oct 14 11:31:58.392571 n-d-861357-1 devstack@placement-api.service[106424]: DEBUG placement.objects.research_context [req-b6b14886-5930-43ed-a208-684acd853594 req-8e581a85-ce50-450c-b89c-c2dac6dae54c service placement] getting providers with 1 DISK_GB {{(pid=106424) __init__ /opt/stack/placement/placement/objects/research_context.py:136}}
Oct 14 11:31:58.405816 n-d-861357-1 devstack@placement-api.service[106424]: DEBUG placement.objects.research_context [req-b6b14886-5930-43ed-a208-684acd853594 req-8e581a85-ce50-450c-b89c-c2dac6dae54c service placement] getting providers with 1024 MEMORY_MB {{(pid=106424) __init__ /opt/stack/placement/placement/objects/research_context.py:136}}
Oct 14 11:31:58.415888 n-d-861357-1 devstack@placement-api.service[106424]: DEBUG placement.objects.research_context [req-b6b14886-5930-43ed-a208-684acd853594 req-8e581a85-ce50-450c-b89c-c2dac6dae54c service placement] getting providers with 1 VCPU {{(pid=106424) __init__ /opt/stack/placement/placement/objects/research_context.py:136}}
Oct 14 11:31:58.426394 n-d-861357-1 devstack@placement-api.service[106424]: DEBUG placement.objects.research_context [req-b6b14886-5930-43ed-a208-684acd853594 req-8e581a85-ce50-450c-b89c-c2dac6dae54c service placement] found 2 providers with available 1 DISK_GB {{(pid=106424) get_provider_ids_matching /opt/stack/placement/placement/objects/research_context.py:563}}
Oct 14 11:31:58.426836 n-d-861357-1 devstack@placement-api.service[106424]: DEBUG placement.objects.research_context [req-b6b14886-5930-43ed-a208-684acd853594 req-8e581a85-ce50-450c-b89c-c2dac6dae54c service placement] found 2 providers with available 1024 MEMORY_MB {{(pid=106424) get_provider_ids_matching /opt/stack/placement/placement/objects/research_context.py:563}}
Oct 14 11:31:58.427307 n-d-861357-1 devstack@placement-api.service[106424]: DEBUG placement.objects.research_context [req-b6b14886-5930-43ed-a208-684acd853594 req-8e581a85-ce50-450c-b89c-c2dac6dae54c service placement] found 2 providers after filtering by previous result {{(pid=106424) get_provider_ids_matching /opt/stack/placement/placement/objects/research_context.py:594}}
Oct 14 11:31:58.427731 n-d-861357-1 devstack@placement-api.service[106424]: DEBUG placement.objects.research_context [req-b6b14886-5930-43ed-a208-684acd853594 req-8e581a85-ce50-450c-b89c-c2dac6dae54c service placement] found 2 providers with available 1 VCPU {{(pid=106424) get_provider_ids_matching /opt/stack/placement/placement/objects/research_context.py:563}}
Oct 14 11:31:58.429434 n-d-861357-1 devstack@placement-api.service[106424]: DEBUG placement.objects.research_context [req-b6b14886-5930-43ed-a208-684acd853594 req-8e581a85-ce50-450c-b89c-c2dac6dae54c service placement] found 2 providers after filtering by previous result {{(pid=106424) get_provider_ids_matching /opt/stack/placement/placement/objects/research_context.py:594}}
Oct 14 11:31:58.444534 n-d-861357-1 devstack@placement-api.service[106424]: DEBUG placement.objects.allocation_candidate [req-b6b14886-5930-43ed-a208-684acd853594 req-8e581a85-ce50-450c-b89c-c2dac6dae54c service placement] RequestGroup(use_same_provider=False, resources={DISK_GB:1, MEMORY_MB:1024, VCPU:1}, traits=(), aggregates=[]) (suffix '') returned 2 matches {{(pid=106424) _get_by_requests /opt/stack/placement/placement/objects/allocation_candidate.py:156}}
Oct 14 11:31:58.445650 n-d-861357-1 devstack@placement-api.service[106424]: DEBUG placement.objects.allocation_candidate [req-b6b14886-5930-43ed-a208-684acd853594 req-8e581a85-ce50-450c-b89c-c2dac6dae54c service placement] Merging candidates yields 2 allocation requests and 2 provider summaries {{(pid=106424) _merge_candidates /opt/stack/placement/placement/objects/allocation_candidate.py:809}}
Oct 14 11:31:58.448983 n-d-861357-1 devstack@placement-api.service[106424]: INFO placement.requestlog [req-b6b14886-5930-43ed-a208-684acd853594 req-8e581a85-ce50-450c-b89c-c2dac6dae54c service placement] 10.222.0.16 "GET /placement/allocation_candidates?limit=1000&resources=DISK_GB%3A1%2CMEMORY_MB%3A1024%2CVCPU%3A1&root_required=%21COMPUTE_STATUS_DISABLED" status: 200 len: 1309 microversion: 1.36
Oct 14 11:31:58.449927 n-d-861357-1 devstack@placement-api.service[106424]: [pid: 106424|app: 0|req: 754/1494] 10.222.0.16 () {60 vars in 1506 bytes} [Fri Oct 14 11:31:58 2022] GET /placement/allocation_candidates?limit=1000&resources=DISK_GB%3A1%2CMEMORY_MB%3A1024%2CVCPU%3A1&root_required=%21COMPUTE_STATUS_DISABLED => generated 1309 bytes in 116 msecs (HTTP/1.1 200) 8 headers in 297 bytes (1 switches on core 0)
Oct 14 11:31:58.626044 n-d-861357-1 devstack@placement-api.service[106425]: DEBUG placement.requestlog [req-b6b14886-5930-43ed-a208-684acd853594 req-ed564bc0-f80e-4ae5-9751-8f2ad8f654e8 None None] Starting request: 10.222.0.16 "GET /placement/allocations/1956e602-654b-4381-b968-77fe1a45209d" {{(pid=106425) __call__ /opt/stack/placement/placement/requestlog.py:55}}
Oct 14 11:31:58.640984 n-d-861357-1 devstack@placement-api.service[106425]: INFO placement.requestlog [req-b6b14886-5930-43ed-a208-684acd853594 req-ed564bc0-f80e-4ae5-9751-8f2ad8f654e8 service placement] 10.222.0.16 "GET /placement/allocations/1956e602-654b-4381-b968-77fe1a45209d" status: 200 len: 19 microversion: 1.28
Oct 14 11:31:58.647993 n-d-861357-1 devstack@placement-api.service[106425]: [pid: 106425|app: 0|req: 741/1495] 10.222.0.16 () {60 vars in 1380 bytes} [Fri Oct 14 11:31:58 2022] GET /placement/allocations/1956e602-654b-4381-b968-77fe1a45209d => generated 19 bytes in 22 msecs (HTTP/1.1 200) 8 headers in 295 bytes (1 switches on core 0)
Oct 14 11:31:58.650132 n-d-861357-1 devstack@placement-api.service[106424]: DEBUG placement.requestlog [req-b6b14886-5930-43ed-a208-684acd853594 req-27c5222b-b67b-49ac-ad8b-76bad8930922 None None] Starting request: 10.222.0.16 "PUT /placement/allocations/1956e602-654b-4381-b968-77fe1a45209d" {{(pid=106424) __call__ /opt/stack/placement/placement/requestlog.py:55}}
Oct 14 11:31:58.785017 n-d-861357-1 devstack@placement-api.service[106424]: DEBUG dbcounter [-] [106424] Writing DB stats placement:SELECT=97,placement:DELETE=2,placement:INSERT=1 {{(pid=106424) stat_writer /usr/local/lib/python3.8/dist-packages/dbcounter.py:114}}
Oct 14 11:31:59.038708 n-d-861357-1 devstack@placement-api.service[106424]: DEBUG placement.handlers.allocation [req-b6b14886-5930-43ed-a208-684acd853594 req-27c5222b-b67b-49ac-ad8b-76bad8930922 service placement] Successfully wrote allocations [, , ] {{(pid=106424) _update_consumers_and_create_allocations /opt/stack/placement/placement/handlers/allocation.py:462}}
Oct 14 11:31:59.107469 n-d-861357-1 devstack@placement-api.service[106424]: INFO placement.requestlog [req-b6b14886-5930-43ed-a208-684acd853594 req-27c5222b-b67b-49ac-ad8b-76bad8930922 service placement] 10.222.0.16 "PUT /placement/allocations/1956e602-654b-4381-b968-77fe1a45209d" status: 204 len: 0 microversion: 1.36
Oct 14 11:31:59.108472 n-d-861357-1 devstack@placement-api.service[106424]: [pid: 106424|app: 0|req: 755/1496] 10.222.0.16 () {64 vars in 1433 bytes} [Fri Oct 14 11:31:58 2022] PUT /placement/allocations/1956e602-654b-4381-b968-77fe1a45209d => generated 0 bytes in 459 msecs (HTTP/1.1 204) 5 headers in 199 bytes (1 switches on core 0)
Oct 14 11:32:00.380482 n-d-861357-1 devstack@placement-api.service[106425]: DEBUG placement.requestlog [req-b6b14886-5930-43ed-a208-684acd853594 req-206d7af6-c546-42b2-9e5c-e32b5ffe215d None None] Starting request: 10.222.0.50 "GET /placement/allocations/1956e602-654b-4381-b968-77fe1a45209d" {{(pid=106425) __call__ /opt/stack/placement/placement/requestlog.py:55}}
Oct 14 11:32:00.416183 n-d-861357-1 devstack@placement-api.service[106425]: INFO placement.requestlog [req-b6b14886-5930-43ed-a208-684acd853594 req-206d7af6-c546-42b2-9e5c-e32b5ffe215d service placement] 10.222.0.50 "GET /placement/allocations/1956e602-654b-4381-b968-77fe1a45209d" status: 200 len: 259 microversion: 1.28
Oct 14 11:32:00.419883 n-d-861357-1 devstack@placement-api.service[106425]: [pid: 106425|app: 0|req: 742/1497] 10.222.0.50 () {60 vars in 1377 bytes} [Fri Oct 14 11:32:00 2022] GET /placement/allocations/1956e602-654b-4381-b968-77fe1a45209d => generated 259 bytes in 39 msecs (HTTP/1.1 200) 8 headers in 296 bytes (1 switches on core 0)
Oct 14 11:32:00.872058 n-d-861357-1 devstack@placement-api.service[106424]: DEBUG placement.requestlog [req-b6b14886-5930-43ed-a208-684acd853594 req-55aa4951-8934-4743-b583-180d727ba46d None None] Starting request: 10.222.0.50 "GET /placement/resource_providers/e686bdb7-4c6f-4521-96de-11c2986f3c70/allocations" {{(pid=106424) __call__ /opt/stack/placement/placement/requestlog.py:55}}
Oct 14 11:32:00.920625 n-d-861357-1 devstack@placement-api.service[106424]: INFO placement.requestlog [req-b6b14886-5930-43ed-a208-684acd853594 req-55aa4951-8934-4743-b583-180d727ba46d service placement] 10.222.0.50 "GET /placement/resource_providers/e686bdb7-4c6f-4521-96de-11c2986f3c70/allocations" status: 200 len: 342 microversion: 1.0
Oct 14 11:32:00.929795 n-d-861357-1 devstack@placement-api.service[106425]: DEBUG placement.requestlog [req-b6b14886-5930-43ed-a208-684acd853594 req-5472372b-707e-46b9-80a5-5ad3a2d31aea None None] Starting request: 10.222.0.50 "GET /placement/allocations/92c67de1-14e6-4528-9617-cbb127981c95" {{(pid=106425) __call__ /opt/stack/placement/placement/requestlog.py:55}}
Oct 14 11:32:00.930183 n-d-861357-1 devstack@placement-api.service[106424]: [pid: 106424|app: 0|req: 756/1498] 10.222.0.50 () {58 vars in 1390 bytes} [Fri Oct 14 11:32:00 2022] GET /placement/resource_providers/e686bdb7-4c6f-4521-96de-11c2986f3c70/allocations => generated 342 bytes in 58 msecs (HTTP/1.1 200) 6 headers in 224 bytes (1 switches on core 0)
Oct 14 11:32:00.976360 n-d-861357-1 devstack@placement-api.service[106425]: INFO placement.requestlog [req-b6b14886-5930-43ed-a208-684acd853594 req-5472372b-707e-46b9-80a5-5ad3a2d31aea service placement] 10.222.0.50 "GET /placement/allocations/92c67de1-14e6-4528-9617-cbb127981c95" status: 200 len: 245 microversion: 1.28
Oct 14 11:32:00.981907 n-d-861357-1 devstack@placement-api.service[106425]: [pid: 106425|app: 0|req: 743/1499] 10.222.0.50 () {60 vars in 1377 bytes} [Fri Oct 14 11:32:00 2022] GET /placement/allocations/92c67de1-14e6-4528-9617-cbb127981c95 => generated 245 bytes in 48 msecs (HTTP/1.1 200) 8 headers in 296 bytes (2 switches on core 0)
Oct 14 11:32:00.985231 n-d-861357-1 devstack@placement-api.service[106424]: DEBUG placement.requestlog [req-b6b14886-5930-43ed-a208-684acd853594 req-24a72d07-f5f8-46cd-b202-3cf416a8d58b None None] Starting request: 10.222.0.50 "GET /placement/allocations/dd2a048a-cdbd-40a8-ac62-d79c8605aeed" {{(pid=106424) __call__ /opt/stack/placement/placement/requestlog.py:55}}
Oct 14 11:32:01.008854 n-d-861357-1 devstack@placement-api.service[106424]: INFO placement.requestlog [req-b6b14886-5930-43ed-a208-684acd853594 req-24a72d07-f5f8-46cd-b202-3cf416a8d58b service placement] 10.222.0.50 "GET /placement/allocations/dd2a048a-cdbd-40a8-ac62-d79c8605aeed" status: 200 len: 259 microversion: 1.28
Oct 14 11:32:01.009830 n-d-861357-1 devstack@placement-api.service[106424]: [pid: 106424|app: 0|req: 757/1500] 10.222.0.50 () {60 vars in 1377 bytes} [Fri Oct 14 11:32:00 2022] GET /placement/allocations/dd2a048a-cdbd-40a8-ac62-d79c8605aeed => generated 259 bytes in 25 msecs (HTTP/1.1 200) 8 headers in 296 bytes (2 switches on core 0)
Oct 14 11:32:01.044573 n-d-861357-1 devstack@placement-api.service[106425]: DEBUG placement.requestlog [req-b6b14886-5930-43ed-a208-684acd853594 req-559c36b5-6f78-4a90-99d5-546d034adf3a None None] Starting request: 10.222.0.50 "GET /placement/allocations/1956e602-654b-4381-b968-77fe1a45209d" {{(pid=106425) __call__ /opt/stack/placement/placement/requestlog.py:55}}
Oct 14 11:32:01.082773 n-d-861357-1 devstack@placement-api.service[106425]: INFO placement.requestlog [req-b6b14886-5930-43ed-a208-684acd853594 req-559c36b5-6f78-4a90-99d5-546d034adf3a service placement] 10.222.0.50 "GET /placement/allocations/1956e602-654b-4381-b968-77fe1a45209d" status: 200 len: 259 microversion: 1.28
Oct 14 11:32:01.083687 n-d-861357-1 devstack@placement-api.service[106425]: [pid: 106425|app: 0|req: 744/1501] 10.222.0.50 () {60 vars in 1377 bytes} [Fri Oct 14 11:32:01 2022] GET /placement/allocations/1956e602-654b-4381-b968-77fe1a45209d => generated 259 bytes in 39 msecs (HTTP/1.1 200) 8 headers in 296 bytes (1 switches on core 0)
Oct 14 11:32:01.422716 n-d-861357-1 devstack@placement-api.service[106424]: DEBUG placement.requestlog [None req-dbf16b1d-308c-483b-9f7a-93b06a2183fd None None] Starting request: 10.222.0.16 "GET /placement/resource_providers/8c554fde-6e0b-441f-9556-1c605096481f/aggregates" {{(pid=106424) __call__ /opt/stack/placement/placement/requestlog.py:55}}
Oct 14 11:32:01.441637 n-d-861357-1 devstack@placement-api.service[106424]: INFO placement.requestlog [None req-dbf16b1d-308c-483b-9f7a-93b06a2183fd service placement] 10.222.0.16 "GET /placement/resource_providers/8c554fde-6e0b-441f-9556-1c605096481f/aggregates" status: 404 len: 235 microversion: 1.1
Oct 14 11:32:01.442598 n-d-861357-1 devstack@placement-api.service[106424]: [pid: 106424|app: 0|req: 758/1502] 10.222.0.16 () {58 vars in 1362 bytes} [Fri Oct 14 11:32:01 2022] GET /placement/resource_providers/8c554fde-6e0b-441f-9556-1c605096481f/aggregates => generated 235 bytes in 20 msecs (HTTP/1.1 404) 5 headers in 202 bytes (1 switches on core 0)
Oct 14 11:32:01.482271 n-d-861357-1 devstack@placement-api.service[106425]: DEBUG placement.requestlog [None req-a4c1260c-088e-4d67-aa59-b1dd7df8cb78 None None] Starting request: 10.222.0.16 "DELETE /placement/resource_providers/8c554fde-6e0b-441f-9556-1c605096481f" {{(pid=106425) __call__ /opt/stack/placement/placement/requestlog.py:55}}
Oct 14 11:32:01.493263 n-d-861357-1 devstack@placement-api.service[106425]: DEBUG placement.wsgi_wrapper [None req-a4c1260c-088e-4d67-aa59-b1dd7df8cb78 service placement] Placement API returning an error response: No resource provider with uuid 8c554fde-6e0b-441f-9556-1c605096481f found for delete {{(pid=106425) call_func /opt/stack/placement/placement/wsgi_wrapper.py:31}}
Oct 14 11:32:01.504081 n-d-861357-1 devstack@placement-api.service[106425]: INFO placement.requestlog [None req-a4c1260c-088e-4d67-aa59-b1dd7df8cb78 service placement] 10.222.0.16 "DELETE /placement/resource_providers/8c554fde-6e0b-441f-9556-1c605096481f" status: 404 len: 246 microversion: 1.1
Oct 14 11:32:01.509298 n-d-861357-1 devstack@placement-api.service[106425]: [pid: 106425|app: 0|req: 745/1503] 10.222.0.16 () {60 vars in 1351 bytes} [Fri Oct 14 11:32:01 2022] DELETE /placement/resource_providers/8c554fde-6e0b-441f-9556-1c605096481f => generated 246 bytes in 25 msecs (HTTP/1.1 404) 6 headers in 231 bytes (1 switches on core 0)
Oct 14 11:32:01.915060 n-d-861357-1 devstack@placement-api.service[106424]: DEBUG placement.requestlog [req-1a032ad2-7d7b-4b5c-a3e1-e84d3b7de2fa req-05cb1115-fb0c-45da-bdd9-962ab1ed0b07 None None] Starting request: 10.222.0.50 "GET /placement/resource_providers/e686bdb7-4c6f-4521-96de-11c2986f3c70/allocations" {{(pid=106424) __call__ /opt/stack/placement/placement/requestlog.py:55}}
Oct 14 11:32:01.965133 n-d-861357-1 devstack@placement-api.service[106424]: INFO placement.requestlog [req-1a032ad2-7d7b-4b5c-a3e1-e84d3b7de2fa req-05cb1115-fb0c-45da-bdd9-962ab1ed0b07 service placement] 10.222.0.50 "GET /placement/resource_providers/e686bdb7-4c6f-4521-96de-11c2986f3c70/allocations" status: 200 len: 342 microversion: 1.0
Oct 14 11:32:01.965875 n-d-861357-1 devstack@placement-api.service[106424]: [pid: 106424|app: 0|req: 759/1504] 10.222.0.50 () {58 vars in 1390 bytes} [Fri Oct 14 11:32:01 2022] GET /placement/resource_providers/e686bdb7-4c6f-4521-96de-11c2986f3c70/allocations => generated 342 bytes in 51 msecs (HTTP/1.1 200) 6 headers in 224 bytes (1 switches on core 0)
Oct 14 11:32:01.972965 n-d-861357-1 devstack@placement-api.service[106425]: DEBUG placement.requestlog [req-1a032ad2-7d7b-4b5c-a3e1-e84d3b7de2fa req-bf98dd9e-b22a-476c-8918-ac5e39cc3b77 None None] Starting request: 10.222.0.50 "GET /placement/allocations/92c67de1-14e6-4528-9617-cbb127981c95" {{(pid=106425) __call__ /opt/stack/placement/placement/requestlog.py:55}}
Oct 14 11:32:02.021274 n-d-861357-1 devstack@placement-api.service[106425]: INFO placement.requestlog [req-1a032ad2-7d7b-4b5c-a3e1-e84d3b7de2fa req-bf98dd9e-b22a-476c-8918-ac5e39cc3b77 service placement] 10.222.0.50 "GET /placement/allocations/92c67de1-14e6-4528-9617-cbb127981c95" status: 200 len: 245 microversion: 1.28
Oct 14 11:32:02.022466 n-d-861357-1 devstack@placement-api.service[106425]: [pid: 106425|app: 0|req: 746/1505] 10.222.0.50 () {60 vars in 1377 bytes} [Fri Oct 14 11:32:01 2022] GET /placement/allocations/92c67de1-14e6-4528-9617-cbb127981c95 => generated 245 bytes in 50 msecs (HTTP/1.1 200) 8 headers in 296 bytes (1 switches on core 0)
Oct 14 11:32:02.033424 n-d-861357-1 devstack@placement-api.service[106424]: DEBUG placement.requestlog [req-1a032ad2-7d7b-4b5c-a3e1-e84d3b7de2fa req-54df3b7d-9e80-423b-a342-dd63c2ea8b25 None None] Starting request: 10.222.0.50 "GET /placement/allocations/dd2a048a-cdbd-40a8-ac62-d79c8605aeed" {{(pid=106424) __call__ /opt/stack/placement/placement/requestlog.py:55}}
Oct 14 11:32:02.081830 n-d-861357-1 devstack@placement-api.service[106424]: INFO placement.requestlog [req-1a032ad2-7d7b-4b5c-a3e1-e84d3b7de2fa req-54df3b7d-9e80-423b-a342-dd63c2ea8b25 service placement] 10.222.0.50 "GET /placement/allocations/dd2a048a-cdbd-40a8-ac62-d79c8605aeed" status: 200 len: 259 microversion: 1.28
Oct 14 11:32:02.082987 n-d-861357-1 devstack@placement-api.service[106424]: [pid: 106424|app: 0|req: 760/1506] 10.222.0.50 () {60 vars in 1377 bytes} [Fri Oct 14 11:32:02 2022] GET /placement/allocations/dd2a048a-cdbd-40a8-ac62-d79c8605aeed => generated 259 bytes in 52 msecs (HTTP/1.1 200) 8 headers in 296 bytes (1 switches on core 0)
Oct 14 11:32:02.093156 n-d-861357-1 devstack@placement-api.service[106425]: DEBUG placement.requestlog [req-1a032ad2-7d7b-4b5c-a3e1-e84d3b7de2fa req-0b967a36-1e25-466f-8b72-4d8c043e9b58 None None] Starting request: 10.222.0.50 "GET /placement/allocations/1956e602-654b-4381-b968-77fe1a45209d" {{(pid=106425) __call__ /opt/stack/placement/placement/requestlog.py:55}}
Oct 14 11:32:02.144935 n-d-861357-1 devstack@placement-api.service[106425]: INFO placement.requestlog [req-1a032ad2-7d7b-4b5c-a3e1-e84d3b7de2fa req-0b967a36-1e25-466f-8b72-4d8c043e9b58 service placement] 10.222.0.50 "GET /placement/allocations/1956e602-654b-4381-b968-77fe1a45209d" status: 200 len: 259 microversion: 1.28
Oct 14 11:32:02.147015 n-d-861357-1 devstack@placement-api.service[106425]: [pid: 106425|app: 0|req: 747/1507] 10.222.0.50 () {60 vars in 1377 bytes} [Fri Oct 14 11:32:02 2022] GET /placement/allocations/1956e602-654b-4381-b968-77fe1a45209d => generated 259 bytes in 57 msecs (HTTP/1.1 200) 8 headers in 296 bytes (1 switches on core 0)
Oct 14 11:32:02.403812 n-d-861357-1 devstack@placement-api.service[106424]: DEBUG placement.requestlog [req-1a032ad2-7d7b-4b5c-a3e1-e84d3b7de2fa req-82b4b6c5-527d-4c6b-a160-52d3e15cca26 None None] Starting request: 10.222.0.50 "DELETE /placement/allocations/dd2a048a-cdbd-40a8-ac62-d79c8605aeed" {{(pid=106424) __call__ /opt/stack/placement/placement/requestlog.py:55}}
Oct 14 11:32:02.615753 n-d-861357-1 devstack@placement-api.service[106424]: DEBUG placement.handlers.allocation [req-1a032ad2-7d7b-4b5c-a3e1-e84d3b7de2fa req-82b4b6c5-527d-4c6b-a160-52d3e15cca26 service placement] Successfully deleted allocations [, , ] {{(pid=106424) delete_allocations /opt/stack/placement/placement/handlers/allocation.py:627}}
Oct 14 11:32:02.616464 n-d-861357-1 devstack@placement-api.service[106424]: INFO placement.requestlog [req-1a032ad2-7d7b-4b5c-a3e1-e84d3b7de2fa req-82b4b6c5-527d-4c6b-a160-52d3e15cca26 service placement] 10.222.0.50 "DELETE /placement/allocations/dd2a048a-cdbd-40a8-ac62-d79c8605aeed" status: 204 len: 0 microversion: 1.0
Oct 14 11:32:02.622468 n-d-861357-1 devstack@placement-api.service[106424]: [pid: 106424|app: 0|req: 761/1508] 10.222.0.50 () {60 vars in 1355 bytes} [Fri Oct 14 11:32:02 2022] DELETE /placement/allocations/dd2a048a-cdbd-40a8-ac62-d79c8605aeed => generated 0 bytes in 213 msecs (HTTP/1.1 204) 5 headers in 198 bytes (2 switches on core 0)
Oct 14 11:32:03.050190 n-d-861357-1 devstack@placement-api.service[106425]: DEBUG placement.requestlog [None req-65e6ab6a-823c-46a8-8113-716d95f97d70 None None] Starting request: 10.222.0.16 "GET /placement/resource_providers/addc26e6-ecd3-4f71-91dc-44935d87901b/aggregates" {{(pid=106425) __call__ /opt/stack/placement/placement/requestlog.py:55}}
Oct 14 11:32:03.076313 n-d-861357-1 devstack@placement-api.service[106425]: INFO placement.requestlog [None req-65e6ab6a-823c-46a8-8113-716d95f97d70 service placement] 10.222.0.16 "GET /placement/resource_providers/addc26e6-ecd3-4f71-91dc-44935d87901b/aggregates" status: 404 len: 235 microversion: 1.1
Oct 14 11:32:03.079361 n-d-861357-1 devstack@placement-api.service[106425]: [pid: 106425|app: 0|req: 748/1509] 10.222.0.16 () {58 vars in 1362 bytes} [Fri Oct 14 11:32:03 2022] GET /placement/resource_providers/addc26e6-ecd3-4f71-91dc-44935d87901b/aggregates => generated 235 bytes in 29 msecs (HTTP/1.1 404) 5 headers in 202 bytes (1 switches on core 0)
Oct 14 11:32:03.111433 n-d-861357-1 devstack@placement-api.service[106424]: DEBUG placement.requestlog [None req-7d659fac-386d-4efa-b69d-d6b6fe743e25 None None] Starting request: 10.222.0.16 "DELETE /placement/resource_providers/addc26e6-ecd3-4f71-91dc-44935d87901b" {{(pid=106424) __call__ /opt/stack/placement/placement/requestlog.py:55}}
Oct 14 11:32:03.132777 n-d-861357-1 devstack@placement-api.service[106424]: DEBUG placement.wsgi_wrapper [None req-7d659fac-386d-4efa-b69d-d6b6fe743e25 service placement] Placement API returning an error response: No resource provider with uuid addc26e6-ecd3-4f71-91dc-44935d87901b found for delete {{(pid=106424) call_func /opt/stack/placement/placement/wsgi_wrapper.py:31}}
Oct 14 11:32:03.135089 n-d-861357-1 devstack@placement-api.service[106424]: INFO placement.requestlog [None req-7d659fac-386d-4efa-b69d-d6b6fe743e25 service placement] 10.222.0.16 "DELETE /placement/resource_providers/addc26e6-ecd3-4f71-91dc-44935d87901b" status: 404 len: 246 microversion: 1.1
Oct 14 11:32:03.137761 n-d-861357-1 devstack@placement-api.service[106424]: [pid: 106424|app: 0|req: 762/1510] 10.222.0.16 () {60 vars in 1351 bytes} [Fri Oct 14 11:32:03 2022] DELETE /placement/resource_providers/addc26e6-ecd3-4f71-91dc-44935d87901b => generated 246 bytes in 28 msecs (HTTP/1.1 404) 6 headers in 231 bytes (1 switches on core 0)
Oct 14 11:32:07.087062 n-d-861357-1 devstack@placement-api.service[106425]: DEBUG placement.requestlog [req-63c95ec9-1d47-45a3-b3a7-70cfa88e2fc8 req-4e14c950-548e-4ea4-a322-c39123614a8b None None] Starting request: 10.222.0.16 "GET /placement/allocation_candidates?limit=1000&resources=DISK_GB%3A1%2CMEMORY_MB%3A1024%2CVCPU%3A1&root_required=%21COMPUTE_STATUS_DISABLED" {{(pid=106425) __call__ /opt/stack/placement/placement/requestlog.py:55}}
Oct 14 11:32:07.178030 n-d-861357-1 devstack@placement-api.service[106425]: DEBUG placement.objects.research_context [req-63c95ec9-1d47-45a3-b3a7-70cfa88e2fc8 req-4e14c950-548e-4ea4-a322-c39123614a8b service placement] getting providers with 1 DISK_GB {{(pid=106425) __init__ /opt/stack/placement/placement/objects/research_context.py:136}}
Oct 14 11:32:07.187344 n-d-861357-1 devstack@placement-api.service[106425]: DEBUG placement.objects.research_context [req-63c95ec9-1d47-45a3-b3a7-70cfa88e2fc8 req-4e14c950-548e-4ea4-a322-c39123614a8b service placement] getting providers with 1024 MEMORY_MB {{(pid=106425) __init__ /opt/stack/placement/placement/objects/research_context.py:136}}
Oct 14 11:32:07.198616 n-d-861357-1 devstack@placement-api.service[106425]: DEBUG placement.objects.research_context [req-63c95ec9-1d47-45a3-b3a7-70cfa88e2fc8 req-4e14c950-548e-4ea4-a322-c39123614a8b service placement] getting providers with 1 VCPU {{(pid=106425) __init__ /opt/stack/placement/placement/objects/research_context.py:136}}
Oct 14 11:32:07.216970 n-d-861357-1 devstack@placement-api.service[106425]: DEBUG placement.objects.research_context [req-63c95ec9-1d47-45a3-b3a7-70cfa88e2fc8 req-4e14c950-548e-4ea4-a322-c39123614a8b service placement] found 2 providers with available 1 DISK_GB {{(pid=106425) get_provider_ids_matching /opt/stack/placement/placement/objects/research_context.py:563}}
Oct 14 11:32:07.217237 n-d-861357-1 devstack@placement-api.service[106425]: DEBUG placement.objects.research_context [req-63c95ec9-1d47-45a3-b3a7-70cfa88e2fc8 req-4e14c950-548e-4ea4-a322-c39123614a8b service placement] found 2 providers with available 1024 MEMORY_MB {{(pid=106425) get_provider_ids_matching /opt/stack/placement/placement/objects/research_context.py:563}}
Oct 14 11:32:07.217506 n-d-861357-1 devstack@placement-api.service[106425]: DEBUG placement.objects.research_context [req-63c95ec9-1d47-45a3-b3a7-70cfa88e2fc8 req-4e14c950-548e-4ea4-a322-c39123614a8b service placement] found 2 providers after filtering by previous result {{(pid=106425) get_provider_ids_matching /opt/stack/placement/placement/objects/research_context.py:594}}
Oct 14 11:32:07.217788 n-d-861357-1 devstack@placement-api.service[106425]: DEBUG placement.objects.research_context [req-63c95ec9-1d47-45a3-b3a7-70cfa88e2fc8 req-4e14c950-548e-4ea4-a322-c39123614a8b service placement] found 2 providers with available 1 VCPU {{(pid=106425) get_provider_ids_matching /opt/stack/placement/placement/objects/research_context.py:563}}
Oct 14 11:32:07.218055 n-d-861357-1 devstack@placement-api.service[106425]: DEBUG placement.objects.research_context [req-63c95ec9-1d47-45a3-b3a7-70cfa88e2fc8 req-4e14c950-548e-4ea4-a322-c39123614a8b service placement] found 2 providers after filtering by previous result {{(pid=106425) get_provider_ids_matching /opt/stack/placement/placement/objects/research_context.py:594}}
Oct 14 11:32:07.248383 n-d-861357-1 devstack@placement-api.service[106425]: DEBUG placement.objects.allocation_candidate [req-63c95ec9-1d47-45a3-b3a7-70cfa88e2fc8 req-4e14c950-548e-4ea4-a322-c39123614a8b service placement] RequestGroup(use_same_provider=False, resources={DISK_GB:1, MEMORY_MB:1024, VCPU:1}, traits=(), aggregates=[]) (suffix '') returned 2 matches {{(pid=106425) _get_by_requests /opt/stack/placement/placement/objects/allocation_candidate.py:156}}
Oct 14 11:32:07.251649 n-d-861357-1 devstack@placement-api.service[106425]: DEBUG placement.objects.allocation_candidate [req-63c95ec9-1d47-45a3-b3a7-70cfa88e2fc8 req-4e14c950-548e-4ea4-a322-c39123614a8b service placement] Merging candidates yields 2 allocation requests and 2 provider summaries {{(pid=106425) _merge_candidates /opt/stack/placement/placement/objects/allocation_candidate.py:809}}
Oct 14 11:32:07.252968 n-d-861357-1 devstack@placement-api.service[106425]: INFO placement.requestlog [req-63c95ec9-1d47-45a3-b3a7-70cfa88e2fc8 req-4e14c950-548e-4ea4-a322-c39123614a8b service placement] 10.222.0.16 "GET /placement/allocation_candidates?limit=1000&resources=DISK_GB%3A1%2CMEMORY_MB%3A1024%2CVCPU%3A1&root_required=%21COMPUTE_STATUS_DISABLED" status: 200 len: 1309 microversion: 1.36
Oct 14 11:32:07.263461 n-d-861357-1 devstack@placement-api.service[106425]: [pid: 106425|app: 0|req: 749/1511] 10.222.0.16 () {60 vars in 1506 bytes} [Fri Oct 14 11:32:07 2022] GET /placement/allocation_candidates?limit=1000&resources=DISK_GB%3A1%2CMEMORY_MB%3A1024%2CVCPU%3A1&root_required=%21COMPUTE_STATUS_DISABLED => generated 1309 bytes in 178 msecs (HTTP/1.1 200) 8 headers in 297 bytes (2 switches on core 0)
Oct 14 11:32:07.336440 n-d-861357-1 devstack@placement-api.service[106424]: DEBUG placement.requestlog [req-63c95ec9-1d47-45a3-b3a7-70cfa88e2fc8 req-3001d4a3-971c-43cc-bf11-b96d0debd053 None None] Starting request: 10.222.0.16 "GET /placement/allocations/0bebeee0-99c8-457a-b285-0d976fe64804" {{(pid=106424) __call__ /opt/stack/placement/placement/requestlog.py:55}}
Oct 14 11:32:07.349641 n-d-861357-1 devstack@placement-api.service[106424]: INFO placement.requestlog [req-63c95ec9-1d47-45a3-b3a7-70cfa88e2fc8 req-3001d4a3-971c-43cc-bf11-b96d0debd053 service placement] 10.222.0.16 "GET /placement/allocations/0bebeee0-99c8-457a-b285-0d976fe64804" status: 200 len: 19 microversion: 1.28
Oct 14 11:32:07.350423 n-d-861357-1 devstack@placement-api.service[106424]: [pid: 106424|app: 0|req: 763/1512] 10.222.0.16 () {60 vars in 1380 bytes} [Fri Oct 14 11:32:07 2022] GET /placement/allocations/0bebeee0-99c8-457a-b285-0d976fe64804 => generated 19 bytes in 14 msecs (HTTP/1.1 200) 8 headers in 295 bytes (1 switches on core 0)
Oct 14 11:32:07.363496 n-d-861357-1 devstack@placement-api.service[106425]: DEBUG placement.requestlog [req-63c95ec9-1d47-45a3-b3a7-70cfa88e2fc8 req-b84302e3-9846-44c7-b61b-de97db1afd00 None None] Starting request: 10.222.0.16 "PUT /placement/allocations/0bebeee0-99c8-457a-b285-0d976fe64804" {{(pid=106425) __call__ /opt/stack/placement/placement/requestlog.py:55}}
Oct 14 11:32:07.740293 n-d-861357-1 devstack@placement-api.service[106425]: DEBUG placement.handlers.allocation [req-63c95ec9-1d47-45a3-b3a7-70cfa88e2fc8 req-b84302e3-9846-44c7-b61b-de97db1afd00 service placement] Successfully wrote allocations [, , ] {{(pid=106425) _update_consumers_and_create_allocations /opt/stack/placement/placement/handlers/allocation.py:462}}
Oct 14 11:32:07.815454 n-d-861357-1 devstack@placement-api.service[106425]: INFO placement.requestlog [req-63c95ec9-1d47-45a3-b3a7-70cfa88e2fc8 req-b84302e3-9846-44c7-b61b-de97db1afd00 service placement] 10.222.0.16 "PUT /placement/allocations/0bebeee0-99c8-457a-b285-0d976fe64804" status: 204 len: 0 microversion: 1.36
Oct 14 11:32:07.815966 n-d-861357-1 devstack@placement-api.service[106425]: [pid: 106425|app: 0|req: 750/1513] 10.222.0.16 () {64 vars in 1433 bytes} [Fri Oct 14 11:32:07 2022] PUT /placement/allocations/0bebeee0-99c8-457a-b285-0d976fe64804 => generated 0 bytes in 453 msecs (HTTP/1.1 204) 5 headers in 199 bytes (1 switches on core 0)
Oct 14 11:32:09.583858 n-d-861357-1 devstack@placement-api.service[106424]: DEBUG placement.requestlog [req-63c95ec9-1d47-45a3-b3a7-70cfa88e2fc8 req-318be3ec-5818-4302-b631-6ef11b52f01a None None] Starting request: 10.222.0.50 "GET /placement/allocations/0bebeee0-99c8-457a-b285-0d976fe64804" {{(pid=106424) __call__ /opt/stack/placement/placement/requestlog.py:55}}
Oct 14 11:32:09.617872 n-d-861357-1 devstack@placement-api.service[106424]: INFO placement.requestlog [req-63c95ec9-1d47-45a3-b3a7-70cfa88e2fc8 req-318be3ec-5818-4302-b631-6ef11b52f01a service placement] 10.222.0.50 "GET /placement/allocations/0bebeee0-99c8-457a-b285-0d976fe64804" status: 200 len: 259 microversion: 1.28
Oct 14 11:32:09.620388 n-d-861357-1 devstack@placement-api.service[106424]: [pid: 106424|app: 0|req: 764/1514] 10.222.0.50 () {60 vars in 1377 bytes} [Fri Oct 14 11:32:09 2022] GET /placement/allocations/0bebeee0-99c8-457a-b285-0d976fe64804 => generated 259 bytes in 35 msecs (HTTP/1.1 200) 8 headers in 296 bytes (1 switches on core 0)
Oct 14 11:32:10.072172 n-d-861357-1 devstack@placement-api.service[106425]: DEBUG placement.requestlog [req-8d72a086-e466-4e0c-bccf-dfb5308c320f req-7fb45722-e94c-4339-81ae-33754d222f0d None None] Starting request: 10.222.0.20 "GET /placement/resource_providers/444d5e12-e1b8-4969-b26c-b9be7b35159e/allocations" {{(pid=106425) __call__ /opt/stack/placement/placement/requestlog.py:55}}
Oct 14 11:32:10.090596 n-d-861357-1 devstack@placement-api.service[106425]: DEBUG dbcounter [-] [106425] Writing DB stats placement:SELECT=86,placement:DELETE=6,placement:INSERT=6,placement:UPDATE=2 {{(pid=106425) stat_writer /usr/local/lib/python3.8/dist-packages/dbcounter.py:114}}
Oct 14 11:32:10.100058 n-d-861357-1 devstack@placement-api.service[106425]: INFO placement.requestlog [req-8d72a086-e466-4e0c-bccf-dfb5308c320f req-7fb45722-e94c-4339-81ae-33754d222f0d service placement] 10.222.0.20 "GET /placement/resource_providers/444d5e12-e1b8-4969-b26c-b9be7b35159e/allocations" status: 200 len: 558 microversion: 1.0
Oct 14 11:32:10.101257 n-d-861357-1 devstack@placement-api.service[106425]: [pid: 106425|app: 0|req: 751/1515] 10.222.0.20 () {58 vars in 1390 bytes} [Fri Oct 14 11:32:10 2022] GET /placement/resource_providers/444d5e12-e1b8-4969-b26c-b9be7b35159e/allocations => generated 558 bytes in 29 msecs (HTTP/1.1 200) 6 headers in 224 bytes (1 switches on core 0)
Oct 14 11:32:10.109643 n-d-861357-1 devstack@placement-api.service[106424]: DEBUG placement.requestlog [req-8d72a086-e466-4e0c-bccf-dfb5308c320f req-fa687030-cd5c-4ba6-9bd9-709b6cfbcad5 None None] Starting request: 10.222.0.20 "GET /placement/allocations/bf71648f-2b32-4a93-ad4a-d77fb110c1d8" {{(pid=106424) __call__ /opt/stack/placement/placement/requestlog.py:55}}
Oct 14 11:32:10.132369 n-d-861357-1 devstack@placement-api.service[106424]: INFO placement.requestlog [req-8d72a086-e466-4e0c-bccf-dfb5308c320f req-fa687030-cd5c-4ba6-9bd9-709b6cfbcad5 service placement] 10.222.0.20 "GET /placement/allocations/bf71648f-2b32-4a93-ad4a-d77fb110c1d8" status: 200 len: 259 microversion: 1.28
Oct 14 11:32:10.134493 n-d-861357-1 devstack@placement-api.service[106424]: [pid: 106424|app: 0|req: 765/1516] 10.222.0.20 () {60 vars in 1377 bytes} [Fri Oct 14 11:32:10 2022] GET /placement/allocations/bf71648f-2b32-4a93-ad4a-d77fb110c1d8 => generated 259 bytes in 24 msecs (HTTP/1.1 200) 8 headers in 296 bytes (1 switches on core 0)
Oct 14 11:32:10.149364 n-d-861357-1 devstack@placement-api.service[106425]: DEBUG placement.requestlog [req-8d72a086-e466-4e0c-bccf-dfb5308c320f req-7a046afe-112b-4c63-9f7d-f3101516a540 None None] Starting request: 10.222.0.20 "GET /placement/allocations/1d2ec82b-e927-4162-89ff-fecd92fbc465" {{(pid=106425) __call__ /opt/stack/placement/placement/requestlog.py:55}}
Oct 14 11:32:10.171264 n-d-861357-1 devstack@placement-api.service[106425]: INFO placement.requestlog [req-8d72a086-e466-4e0c-bccf-dfb5308c320f req-7a046afe-112b-4c63-9f7d-f3101516a540 service placement] 10.222.0.20 "GET /placement/allocations/1d2ec82b-e927-4162-89ff-fecd92fbc465" status: 200 len: 259 microversion: 1.28
Oct 14 11:32:10.172377 n-d-861357-1 devstack@placement-api.service[106425]: [pid: 106425|app: 0|req: 752/1517] 10.222.0.20 () {60 vars in 1377 bytes} [Fri Oct 14 11:32:10 2022] GET /placement/allocations/1d2ec82b-e927-4162-89ff-fecd92fbc465 => generated 259 bytes in 23 msecs (HTTP/1.1 200) 8 headers in 296 bytes (1 switches on core 0)
Oct 14 11:32:10.191174 n-d-861357-1 devstack@placement-api.service[106424]: DEBUG placement.requestlog [req-8d72a086-e466-4e0c-bccf-dfb5308c320f req-64f4452a-e95a-4f59-897c-5e714666b82a None None] Starting request: 10.222.0.20 "GET /placement/allocations/abd5175f-a8b6-46b4-9bc3-168a4fd80839" {{(pid=106424) __call__ /opt/stack/placement/placement/requestlog.py:55}}
Oct 14 11:32:10.200884 n-d-861357-1 devstack@placement-api.service[106425]: DEBUG placement.requestlog [req-63c95ec9-1d47-45a3-b3a7-70cfa88e2fc8 req-ecc2634f-f92a-4ae7-ba4f-39debdd9ac23 None None] Starting request: 10.222.0.50 "GET /placement/resource_providers/e686bdb7-4c6f-4521-96de-11c2986f3c70/allocations" {{(pid=106425) __call__ /opt/stack/placement/placement/requestlog.py:55}}
Oct 14 11:32:10.242529 n-d-861357-1 devstack@placement-api.service[106424]: INFO placement.requestlog [req-8d72a086-e466-4e0c-bccf-dfb5308c320f req-64f4452a-e95a-4f59-897c-5e714666b82a service placement] 10.222.0.20 "GET /placement/allocations/abd5175f-a8b6-46b4-9bc3-168a4fd80839" status: 200 len: 259 microversion: 1.28
Oct 14 11:32:10.242928 n-d-861357-1 devstack@placement-api.service[106424]: [pid: 106424|app: 0|req: 766/1518] 10.222.0.20 () {60 vars in 1377 bytes} [Fri Oct 14 11:32:10 2022] GET /placement/allocations/abd5175f-a8b6-46b4-9bc3-168a4fd80839 => generated 259 bytes in 52 msecs (HTTP/1.1 200) 8 headers in 296 bytes (2 switches on core 0)
Oct 14 11:32:10.245847 n-d-861357-1 devstack@placement-api.service[106425]: INFO placement.requestlog [req-63c95ec9-1d47-45a3-b3a7-70cfa88e2fc8 req-ecc2634f-f92a-4ae7-ba4f-39debdd9ac23 service placement] 10.222.0.50 "GET /placement/resource_providers/e686bdb7-4c6f-4521-96de-11c2986f3c70/allocations" status: 200 len: 342 microversion: 1.0
Oct 14 11:32:10.246200 n-d-861357-1 devstack@placement-api.service[106425]: [pid: 106425|app: 0|req: 753/1519] 10.222.0.50 () {58 vars in 1390 bytes} [Fri Oct 14 11:32:10 2022] GET /placement/resource_providers/e686bdb7-4c6f-4521-96de-11c2986f3c70/allocations => generated 342 bytes in 47 msecs (HTTP/1.1 200) 6 headers in 224 bytes (1 switches on core 0)
Oct 14 11:32:10.254199 n-d-861357-1 devstack@placement-api.service[106424]: DEBUG placement.requestlog [req-63c95ec9-1d47-45a3-b3a7-70cfa88e2fc8 req-08fe6f65-4b18-4a08-862f-532e4f85dd79 None None] Starting request: 10.222.0.50 "GET /placement/allocations/92c67de1-14e6-4528-9617-cbb127981c95" {{(pid=106424) __call__ /opt/stack/placement/placement/requestlog.py:55}}
Oct 14 11:32:10.262537 n-d-861357-1 devstack@placement-api.service[106425]: DEBUG placement.requestlog [req-8d72a086-e466-4e0c-bccf-dfb5308c320f req-fa350524-715a-4a15-8807-3a22dbe67b0a None None] Starting request: 10.222.0.20 "GET /placement/allocations/1a10b8d9-2e70-4fcf-9a82-b6b91c4c3b36" {{(pid=106425) __call__ /opt/stack/placement/placement/requestlog.py:55}}
Oct 14 11:32:10.278613 n-d-861357-1 devstack@placement-api.service[106424]: INFO placement.requestlog [req-63c95ec9-1d47-45a3-b3a7-70cfa88e2fc8 req-08fe6f65-4b18-4a08-862f-532e4f85dd79 service placement] 10.222.0.50 "GET /placement/allocations/92c67de1-14e6-4528-9617-cbb127981c95" status: 200 len: 245 microversion: 1.28
Oct 14 11:32:10.279328 n-d-861357-1 devstack@placement-api.service[106424]: [pid: 106424|app: 0|req: 767/1520] 10.222.0.50 () {60 vars in 1377 bytes} [Fri Oct 14 11:32:10 2022] GET /placement/allocations/92c67de1-14e6-4528-9617-cbb127981c95 => generated 245 bytes in 26 msecs (HTTP/1.1 200) 8 headers in 296 bytes (1 switches on core 0)
Oct 14 11:32:10.279559 n-d-861357-1 devstack@placement-api.service[106425]: INFO placement.requestlog [req-8d72a086-e466-4e0c-bccf-dfb5308c320f req-fa350524-715a-4a15-8807-3a22dbe67b0a service placement] 10.222.0.20 "GET /placement/allocations/1a10b8d9-2e70-4fcf-9a82-b6b91c4c3b36" status: 200 len: 259 microversion: 1.28
Oct 14 11:32:10.279917 n-d-861357-1 devstack@placement-api.service[106425]: [pid: 106425|app: 0|req: 754/1521] 10.222.0.20 () {60 vars in 1377 bytes} [Fri Oct 14 11:32:10 2022] GET /placement/allocations/1a10b8d9-2e70-4fcf-9a82-b6b91c4c3b36 => generated 259 bytes in 21 msecs (HTTP/1.1 200) 8 headers in 296 bytes (2 switches on core 0)
Oct 14 11:32:10.285638 n-d-861357-1 devstack@placement-api.service[106424]: DEBUG placement.requestlog [req-63c95ec9-1d47-45a3-b3a7-70cfa88e2fc8 req-3f890b24-2977-405c-b37a-3c23789b42b8 None None] Starting request: 10.222.0.50 "GET /placement/allocations/1956e602-654b-4381-b968-77fe1a45209d" {{(pid=106424) __call__ /opt/stack/placement/placement/requestlog.py:55}}
Oct 14 11:32:10.287609 n-d-861357-1 devstack@placement-api.service[106425]: DEBUG placement.requestlog [req-8d72a086-e466-4e0c-bccf-dfb5308c320f req-d9f63033-ce56-4e1f-87d7-801b9c0973a2 None None] Starting request: 10.222.0.20 "GET /placement/allocations/c9cbf74d-0549-46fd-a8cf-205f55baf060" {{(pid=106425) __call__ /opt/stack/placement/placement/requestlog.py:55}}
Oct 14 11:32:10.308515 n-d-861357-1 devstack@placement-api.service[106425]: INFO placement.requestlog [req-8d72a086-e466-4e0c-bccf-dfb5308c320f req-d9f63033-ce56-4e1f-87d7-801b9c0973a2 service placement] 10.222.0.20 "GET /placement/allocations/c9cbf74d-0549-46fd-a8cf-205f55baf060" status: 200 len: 259 microversion: 1.28
Oct 14 11:32:10.309492 n-d-861357-1 devstack@placement-api.service[106425]: [pid: 106425|app: 0|req: 755/1522] 10.222.0.20 () {60 vars in 1377 bytes} [Fri Oct 14 11:32:10 2022] GET /placement/allocations/c9cbf74d-0549-46fd-a8cf-205f55baf060 => generated 259 bytes in 22 msecs (HTTP/1.1 200) 8 headers in 296 bytes (1 switches on core 0)
Oct 14 11:32:10.337936 n-d-861357-1 devstack@placement-api.service[106424]: INFO placement.requestlog [req-63c95ec9-1d47-45a3-b3a7-70cfa88e2fc8 req-3f890b24-2977-405c-b37a-3c23789b42b8 service placement] 10.222.0.50 "GET /placement/allocations/1956e602-654b-4381-b968-77fe1a45209d" status: 200 len: 259 microversion: 1.28
Oct 14 11:32:10.340103 n-d-861357-1 devstack@placement-api.service[106424]: [pid: 106424|app: 0|req: 768/1523] 10.222.0.50 () {60 vars in 1377 bytes} [Fri Oct 14 11:32:10 2022] GET /placement/allocations/1956e602-654b-4381-b968-77fe1a45209d => generated 259 bytes in 55 msecs (HTTP/1.1 200) 8 headers in 296 bytes (1 switches on core 0)
Oct 14 11:32:10.347118 n-d-861357-1 devstack@placement-api.service[106425]: DEBUG placement.requestlog [req-63c95ec9-1d47-45a3-b3a7-70cfa88e2fc8 req-ca3bdc77-9bde-4b4d-a936-d81a741d22fe None None] Starting request: 10.222.0.50 "GET /placement/allocations/0bebeee0-99c8-457a-b285-0d976fe64804" {{(pid=106425) __call__ /opt/stack/placement/placement/requestlog.py:55}}
