Oct 12 21:48:50.331259 n-d-861111-1 devstack@n-api.service[104442]: DEBUG dbcounter [-] [104442] Writer thread running {{(pid=104442) stat_writer /usr/local/lib/python3.8/dist-packages/dbcounter.py:99}}
Oct 12 21:48:50.342403 n-d-861111-1 devstack@n-api.service[104443]: DEBUG oslo_db.sqlalchemy.engines [None req-d502d5a3-24a3-4dde-9388-c275a500e94c None None] MySQL server mode set to STRICT_TRANS_TABLES,STRICT_ALL_TABLES,NO_ZERO_IN_DATE,NO_ZERO_DATE,ERROR_FOR_DIVISION_BY_ZERO,TRADITIONAL,NO_ENGINE_SUBSTITUTION {{(pid=104443) _check_effective_sql_mode /usr/local/lib/python3.8/dist-packages/oslo_db/sqlalchemy/engines.py:314}}
Oct 12 21:48:50.348877 n-d-861111-1 devstack@n-api.service[104443]: DEBUG dbcounter [-] [104443] Writer thread running {{(pid=104443) stat_writer /usr/local/lib/python3.8/dist-packages/dbcounter.py:99}}
Oct 12 21:48:50.392032 n-d-861111-1 devstack@n-api.service[104442]: DEBUG nova.context [None req-cc391471-d94a-46fd-a435-37aadd80554f None None] Found 2 cells: 00000000-0000-0000-0000-000000000000(cell0),2bc00301-6462-4874-9c83-c889d0ff6a49(cell1) {{(pid=104442) load_cells /opt/stack/nova/nova/context.py:464}}
Oct 12 21:48:50.395969 n-d-861111-1 devstack@n-api.service[104442]: DEBUG oslo_concurrency.lockutils [None req-cc391471-d94a-46fd-a435-37aadd80554f None None] Acquiring lock "00000000-0000-0000-0000-000000000000" by "nova.context.set_target_cell..get_or_set_cached_cell_and_set_connections" {{(pid=104442) inner /usr/local/lib/python3.8/dist-packages/oslo_concurrency/lockutils.py:404}}
Oct 12 21:48:50.396449 n-d-861111-1 devstack@n-api.service[104442]: DEBUG oslo_concurrency.lockutils [None req-cc391471-d94a-46fd-a435-37aadd80554f None None] Lock "00000000-0000-0000-0000-000000000000" acquired by "nova.context.set_target_cell..get_or_set_cached_cell_and_set_connections" :: waited 0.001s {{(pid=104442) inner /usr/local/lib/python3.8/dist-packages/oslo_concurrency/lockutils.py:409}}
Oct 12 21:48:50.398433 n-d-861111-1 devstack@n-api.service[104442]: DEBUG oslo_concurrency.lockutils [None req-cc391471-d94a-46fd-a435-37aadd80554f None None] Lock "00000000-0000-0000-0000-000000000000" "released" by "nova.context.set_target_cell..get_or_set_cached_cell_and_set_connections" :: held 0.002s {{(pid=104442) inner /usr/local/lib/python3.8/dist-packages/oslo_concurrency/lockutils.py:423}}
Oct 12 21:48:50.399682 n-d-861111-1 devstack@n-api.service[104442]: DEBUG oslo_concurrency.lockutils [None req-cc391471-d94a-46fd-a435-37aadd80554f None None] Acquiring lock "2bc00301-6462-4874-9c83-c889d0ff6a49" by "nova.context.set_target_cell..get_or_set_cached_cell_and_set_connections" {{(pid=104442) inner /usr/local/lib/python3.8/dist-packages/oslo_concurrency/lockutils.py:404}}
Oct 12 21:48:50.400479 n-d-861111-1 devstack@n-api.service[104442]: DEBUG oslo_concurrency.lockutils [None req-cc391471-d94a-46fd-a435-37aadd80554f None None] Lock "2bc00301-6462-4874-9c83-c889d0ff6a49" acquired by "nova.context.set_target_cell..get_or_set_cached_cell_and_set_connections" :: waited 0.001s {{(pid=104442) inner /usr/local/lib/python3.8/dist-packages/oslo_concurrency/lockutils.py:409}}
Oct 12 21:48:50.402953 n-d-861111-1 devstack@n-api.service[104442]: DEBUG oslo_concurrency.lockutils [None req-cc391471-d94a-46fd-a435-37aadd80554f None None] Lock "2bc00301-6462-4874-9c83-c889d0ff6a49" "released" by "nova.context.set_target_cell..get_or_set_cached_cell_and_set_connections" :: held 0.002s {{(pid=104442) inner /usr/local/lib/python3.8/dist-packages/oslo_concurrency/lockutils.py:423}}
Oct 12 21:48:50.405772 n-d-861111-1 devstack@n-api.service[104442]: INFO dbcounter [None req-cc391471-d94a-46fd-a435-37aadd80554f None None] Registered counter for database nova_cell0
Oct 12 21:48:50.408030 n-d-861111-1 devstack@n-api.service[104443]: DEBUG nova.context [None req-d502d5a3-24a3-4dde-9388-c275a500e94c None None] Found 2 cells: 00000000-0000-0000-0000-000000000000(cell0),2bc00301-6462-4874-9c83-c889d0ff6a49(cell1) {{(pid=104443) load_cells /opt/stack/nova/nova/context.py:464}}
Oct 12 21:48:50.410209 n-d-861111-1 devstack@n-api.service[104442]: INFO dbcounter [None req-cc391471-d94a-46fd-a435-37aadd80554f None None] Registered counter for database nova_cell1
Oct 12 21:48:50.411925 n-d-861111-1 devstack@n-api.service[104443]: DEBUG oslo_concurrency.lockutils [None req-d502d5a3-24a3-4dde-9388-c275a500e94c None None] Acquiring lock "00000000-0000-0000-0000-000000000000" by "nova.context.set_target_cell..get_or_set_cached_cell_and_set_connections" {{(pid=104443) inner /usr/local/lib/python3.8/dist-packages/oslo_concurrency/lockutils.py:404}}
Oct 12 21:48:50.412397 n-d-861111-1 devstack@n-api.service[104443]: DEBUG oslo_concurrency.lockutils [None req-d502d5a3-24a3-4dde-9388-c275a500e94c None None] Lock "00000000-0000-0000-0000-000000000000" acquired by "nova.context.set_target_cell..get_or_set_cached_cell_and_set_connections" :: waited 0.001s {{(pid=104443) inner /usr/local/lib/python3.8/dist-packages/oslo_concurrency/lockutils.py:409}}
Oct 12 21:48:50.413996 n-d-861111-1 devstack@n-api.service[104443]: DEBUG oslo_concurrency.lockutils [None req-d502d5a3-24a3-4dde-9388-c275a500e94c None None] Lock "00000000-0000-0000-0000-000000000000" "released" by "nova.context.set_target_cell..get_or_set_cached_cell_and_set_connections" :: held 0.002s {{(pid=104443) inner /usr/local/lib/python3.8/dist-packages/oslo_concurrency/lockutils.py:423}}
Oct 12 21:48:50.414722 n-d-861111-1 devstack@n-api.service[104443]: DEBUG oslo_concurrency.lockutils [None req-d502d5a3-24a3-4dde-9388-c275a500e94c None None] Acquiring lock "2bc00301-6462-4874-9c83-c889d0ff6a49" by "nova.context.set_target_cell..get_or_set_cached_cell_and_set_connections" {{(pid=104443) inner /usr/local/lib/python3.8/dist-packages/oslo_concurrency/lockutils.py:404}}
Oct 12 21:48:50.415164 n-d-861111-1 devstack@n-api.service[104443]: DEBUG oslo_concurrency.lockutils [None req-d502d5a3-24a3-4dde-9388-c275a500e94c None None] Lock "2bc00301-6462-4874-9c83-c889d0ff6a49" acquired by "nova.context.set_target_cell..get_or_set_cached_cell_and_set_connections" :: waited 0.000s {{(pid=104443) inner /usr/local/lib/python3.8/dist-packages/oslo_concurrency/lockutils.py:409}}
Oct 12 21:48:50.417204 n-d-861111-1 devstack@n-api.service[104443]: DEBUG oslo_concurrency.lockutils [None req-d502d5a3-24a3-4dde-9388-c275a500e94c None None] Lock "2bc00301-6462-4874-9c83-c889d0ff6a49" "released" by "nova.context.set_target_cell..get_or_set_cached_cell_and_set_connections" :: held 0.002s {{(pid=104443) inner /usr/local/lib/python3.8/dist-packages/oslo_concurrency/lockutils.py:423}}
Oct 12 21:48:50.417954 n-d-861111-1 devstack@n-api.service[104442]: DEBUG oslo_db.sqlalchemy.engines [None req-cc391471-d94a-46fd-a435-37aadd80554f None None] MySQL server mode set to STRICT_TRANS_TABLES,STRICT_ALL_TABLES,NO_ZERO_IN_DATE,NO_ZERO_DATE,ERROR_FOR_DIVISION_BY_ZERO,TRADITIONAL,NO_ENGINE_SUBSTITUTION {{(pid=104442) _check_effective_sql_mode /usr/local/lib/python3.8/dist-packages/oslo_db/sqlalchemy/engines.py:314}}
Oct 12 21:48:50.419816 n-d-861111-1 devstack@n-api.service[104443]: INFO dbcounter [None req-d502d5a3-24a3-4dde-9388-c275a500e94c None None] Registered counter for database nova_cell0
Oct 12 21:48:50.420522 n-d-861111-1 devstack@n-api.service[104442]: DEBUG oslo_db.sqlalchemy.engines [None req-cc391471-d94a-46fd-a435-37aadd80554f None None] MySQL server mode set to STRICT_TRANS_TABLES,STRICT_ALL_TABLES,NO_ZERO_IN_DATE,NO_ZERO_DATE,ERROR_FOR_DIVISION_BY_ZERO,TRADITIONAL,NO_ENGINE_SUBSTITUTION {{(pid=104442) _check_effective_sql_mode /usr/local/lib/python3.8/dist-packages/oslo_db/sqlalchemy/engines.py:314}}
Oct 12 21:48:50.423882 n-d-861111-1 devstack@n-api.service[104443]: INFO dbcounter [None req-d502d5a3-24a3-4dde-9388-c275a500e94c None None] Registered counter for database nova_cell1
Oct 12 21:48:50.424693 n-d-861111-1 devstack@n-api.service[104442]: DEBUG dbcounter [-] [104442] Writer thread running {{(pid=104442) stat_writer /usr/local/lib/python3.8/dist-packages/dbcounter.py:99}}
Oct 12 21:48:50.430416 n-d-861111-1 devstack@n-api.service[104442]: DEBUG dbcounter [-] [104442] Writer thread running {{(pid=104442) stat_writer /usr/local/lib/python3.8/dist-packages/dbcounter.py:99}}
Oct 12 21:48:50.431036 n-d-861111-1 devstack@n-api.service[104443]: DEBUG oslo_db.sqlalchemy.engines [None req-d502d5a3-24a3-4dde-9388-c275a500e94c None None] MySQL server mode set to STRICT_TRANS_TABLES,STRICT_ALL_TABLES,NO_ZERO_IN_DATE,NO_ZERO_DATE,ERROR_FOR_DIVISION_BY_ZERO,TRADITIONAL,NO_ENGINE_SUBSTITUTION {{(pid=104443) _check_effective_sql_mode /usr/local/lib/python3.8/dist-packages/oslo_db/sqlalchemy/engines.py:314}}
Oct 12 21:48:50.432716 n-d-861111-1 devstack@n-api.service[104443]: DEBUG oslo_db.sqlalchemy.engines [None req-d502d5a3-24a3-4dde-9388-c275a500e94c None None] MySQL server mode set to STRICT_TRANS_TABLES,STRICT_ALL_TABLES,NO_ZERO_IN_DATE,NO_ZERO_DATE,ERROR_FOR_DIVISION_BY_ZERO,TRADITIONAL,NO_ENGINE_SUBSTITUTION {{(pid=104443) _check_effective_sql_mode /usr/local/lib/python3.8/dist-packages/oslo_db/sqlalchemy/engines.py:314}}
Oct 12 21:48:50.438767 n-d-861111-1 devstack@n-api.service[104443]: DEBUG dbcounter [-] [104443] Writer thread running {{(pid=104443) stat_writer /usr/local/lib/python3.8/dist-packages/dbcounter.py:99}}
Oct 12 21:48:50.573738 n-d-861111-1 devstack@n-api.service[104443]: DEBUG dbcounter [-] [104443] Writer thread running {{(pid=104443) stat_writer /usr/local/lib/python3.8/dist-packages/dbcounter.py:99}}
Oct 12 21:48:50.583818 n-d-861111-1 devstack@n-api.service[104443]: INFO dbcounter [None req-d502d5a3-24a3-4dde-9388-c275a500e94c None None] Registered counter for database nova_cell0
Oct 12 21:48:50.592981 n-d-861111-1 devstack@n-api.service[104443]: DEBUG oslo_db.sqlalchemy.engines [None req-d502d5a3-24a3-4dde-9388-c275a500e94c None None] MySQL server mode set to STRICT_TRANS_TABLES,STRICT_ALL_TABLES,NO_ZERO_IN_DATE,NO_ZERO_DATE,ERROR_FOR_DIVISION_BY_ZERO,TRADITIONAL,NO_ENGINE_SUBSTITUTION {{(pid=104443) _check_effective_sql_mode /usr/local/lib/python3.8/dist-packages/oslo_db/sqlalchemy/engines.py:314}}
Oct 12 21:48:50.595151 n-d-861111-1 devstack@n-api.service[104442]: INFO dbcounter [None req-cc391471-d94a-46fd-a435-37aadd80554f None None] Registered counter for database nova_cell0
Oct 12 21:48:50.597764 n-d-861111-1 devstack@n-api.service[104443]: DEBUG dbcounter [-] [104443] Writer thread running {{(pid=104443) stat_writer /usr/local/lib/python3.8/dist-packages/dbcounter.py:99}}
Oct 12 21:48:50.604290 n-d-861111-1 devstack@n-api.service[104442]: DEBUG oslo_db.sqlalchemy.engines [None req-cc391471-d94a-46fd-a435-37aadd80554f None None] MySQL server mode set to STRICT_TRANS_TABLES,STRICT_ALL_TABLES,NO_ZERO_IN_DATE,NO_ZERO_DATE,ERROR_FOR_DIVISION_BY_ZERO,TRADITIONAL,NO_ENGINE_SUBSTITUTION {{(pid=104442) _check_effective_sql_mode /usr/local/lib/python3.8/dist-packages/oslo_db/sqlalchemy/engines.py:314}}
Oct 12 21:48:50.610194 n-d-861111-1 devstack@n-api.service[104442]: DEBUG dbcounter [-] [104442] Writer thread running {{(pid=104442) stat_writer /usr/local/lib/python3.8/dist-packages/dbcounter.py:99}}
Oct 12 21:48:50.937250 n-d-861111-1 devstack@n-api.service[104443]: WARNING keystonemiddleware.auth_token [None req-d502d5a3-24a3-4dde-9388-c275a500e94c None None] AuthToken middleware is set with keystone_authtoken.service_token_roles_required set to False. This is backwards compatible but deprecated behaviour. Please set this to True.
Oct 12 21:48:50.944573 n-d-861111-1 devstack@n-api.service[104443]: WARNING keystonemiddleware.auth_token [None req-d502d5a3-24a3-4dde-9388-c275a500e94c None None] Configuring www_authenticate_uri to point to the public identity endpoint is required; clients may not be able to authenticate against an admin endpoint
Oct 12 21:48:50.960795 n-d-861111-1 devstack@n-api.service[104442]: WARNING keystonemiddleware.auth_token [None req-cc391471-d94a-46fd-a435-37aadd80554f None None] AuthToken middleware is set with keystone_authtoken.service_token_roles_required set to False. This is backwards compatible but deprecated behaviour. Please set this to True.
Oct 12 21:48:50.968664 n-d-861111-1 devstack@n-api.service[104442]: WARNING keystonemiddleware.auth_token [None req-cc391471-d94a-46fd-a435-37aadd80554f None None] Configuring www_authenticate_uri to point to the public identity endpoint is required; clients may not be able to authenticate against an admin endpoint
Oct 12 21:48:51.286353 n-d-861111-1 devstack@n-api.service[104443]: WARNING keystonemiddleware.auth_token [None req-d502d5a3-24a3-4dde-9388-c275a500e94c None None] AuthToken middleware is set with keystone_authtoken.service_token_roles_required set to False. This is backwards compatible but deprecated behaviour. Please set this to True.
Oct 12 21:48:51.292385 n-d-861111-1 devstack@n-api.service[104443]: WARNING keystonemiddleware.auth_token [None req-d502d5a3-24a3-4dde-9388-c275a500e94c None None] Configuring www_authenticate_uri to point to the public identity endpoint is required; clients may not be able to authenticate against an admin endpoint
Oct 12 21:48:51.297782 n-d-861111-1 devstack@n-api.service[104443]: WSGI app 0 (mountpoint='') ready in 6 seconds on interpreter 0x557487a709c0 pid: 104443 (default app)
Oct 12 21:48:51.299870 n-d-861111-1 devstack@n-api.service[104443]: DEBUG nova.api.openstack.wsgi [None req-d502d5a3-24a3-4dde-9388-c275a500e94c None None] Calling method '>' {{(pid=104443) _process_stack /opt/stack/nova/nova/api/openstack/wsgi.py:513}}
Oct 12 21:48:51.301030 n-d-861111-1 devstack@n-api.service[104443]: INFO nova.api.openstack.requestlog [None req-d502d5a3-24a3-4dde-9388-c275a500e94c None None] 10.222.0.16 "GET /compute/v2.1/" status: 200 len: 388 microversion: 2.1 time: 0.001743
Oct 12 21:48:51.301426 n-d-861111-1 devstack@n-api.service[104443]: [pid: 104443|app: 0|req: 1/1] 10.222.0.16 () {50 vars in 788 bytes} [Wed Oct 12 21:48:51 2022] GET /compute/v2.1/ => generated 388 bytes in 3 msecs (HTTP/1.1 200) 9 headers in 357 bytes (1 switches on core 0)
Oct 12 21:48:51.319956 n-d-861111-1 devstack@n-api.service[104442]: WARNING keystonemiddleware.auth_token [None req-cc391471-d94a-46fd-a435-37aadd80554f None None] AuthToken middleware is set with keystone_authtoken.service_token_roles_required set to False. This is backwards compatible but deprecated behaviour. Please set this to True.
Oct 12 21:48:51.326542 n-d-861111-1 devstack@n-api.service[104442]: WARNING keystonemiddleware.auth_token [None req-cc391471-d94a-46fd-a435-37aadd80554f None None] Configuring www_authenticate_uri to point to the public identity endpoint is required; clients may not be able to authenticate against an admin endpoint
Oct 12 21:48:51.331914 n-d-861111-1 devstack@n-api.service[104442]: WSGI app 0 (mountpoint='') ready in 6 seconds on interpreter 0x557487a709c0 pid: 104442 (default app)
Oct 12 21:50:12.312900 n-d-861111-1 devstack@n-api.service[104443]: DEBUG nova.api.openstack.wsgi [None req-d502d5a3-24a3-4dde-9388-c275a500e94c None None] Calling method '>' {{(pid=104443) _process_stack /opt/stack/nova/nova/api/openstack/wsgi.py:513}}
Oct 12 21:50:12.313916 n-d-861111-1 devstack@n-api.service[104443]: INFO nova.api.openstack.requestlog [None req-d502d5a3-24a3-4dde-9388-c275a500e94c None None] 10.222.0.16 "GET /compute/v2.1" status: 200 len: 388 microversion: 2.1 time: 0.001472
Oct 12 21:50:12.314327 n-d-861111-1 devstack@n-api.service[104443]: [pid: 104443|app: 0|req: 2/2] 10.222.0.16 () {54 vars in 931 bytes} [Wed Oct 12 21:50:12 2022] GET /compute/v2.1 => generated 388 bytes in 2 msecs (HTTP/1.1 200) 9 headers in 357 bytes (1 switches on core 0)
Oct 12 21:50:12.334290 n-d-861111-1 devstack@n-api.service[104442]: DEBUG dbcounter [-] [104442] Writing DB stats nova_api:SELECT=3 {{(pid=104442) stat_writer /usr/local/lib/python3.8/dist-packages/dbcounter.py:114}}
Oct 12 21:50:12.336477 n-d-861111-1 devstack@n-api.service[104442]: DEBUG dbcounter [-] [104442] Writing DB stats nova_cell1:SELECT=3 {{(pid=104442) stat_writer /usr/local/lib/python3.8/dist-packages/dbcounter.py:114}}
Oct 12 21:50:12.337278 n-d-861111-1 devstack@n-api.service[104442]: DEBUG dbcounter [-] [104442] Writing DB stats nova_cell0:SELECT=3 {{(pid=104442) stat_writer /usr/local/lib/python3.8/dist-packages/dbcounter.py:114}}
Oct 12 21:50:12.338594 n-d-861111-1 devstack@n-api.service[104442]: DEBUG dbcounter [-] [104442] Writing DB stats nova_cell0:SELECT=6,nova_cell0:INSERT=1 {{(pid=104442) stat_writer /usr/local/lib/python3.8/dist-packages/dbcounter.py:114}}
Oct 12 21:50:13.179856 n-d-861111-1 devstack@n-api.service[104442]: DEBUG nova.api.openstack.wsgi [None req-527024c6-20be-405d-b712-a58297a950c4 admin admin] Calling method '>' {{(pid=104442) _process_stack /opt/stack/nova/nova/api/openstack/wsgi.py:513}}
Oct 12 21:50:13.213276 n-d-861111-1 devstack@n-api.service[104442]: INFO nova.api.openstack.requestlog [None req-527024c6-20be-405d-b712-a58297a950c4 admin admin] 10.222.0.16 "GET /compute/v2.1/flavors/detail?is_public=True" status: 200 len: 15 microversion: 2.61 time: 0.891051
Oct 12 21:50:13.214223 n-d-861111-1 devstack@n-api.service[104442]: [pid: 104442|app: 0|req: 1/3] 10.222.0.16 () {60 vars in 1292 bytes} [Wed Oct 12 21:50:12 2022] GET /compute/v2.1/flavors/detail?is_public=True => generated 15 bytes in 893 msecs (HTTP/1.1 200) 9 headers in 358 bytes (1 switches on core 0)
Oct 12 21:50:15.838309 n-d-861111-1 devstack@n-api.service[104443]: DEBUG nova.api.openstack.wsgi [None req-d502d5a3-24a3-4dde-9388-c275a500e94c None None] Calling method '>' {{(pid=104443) _process_stack /opt/stack/nova/nova/api/openstack/wsgi.py:513}}
Oct 12 21:50:15.839460 n-d-861111-1 devstack@n-api.service[104443]: INFO nova.api.openstack.requestlog [None req-d502d5a3-24a3-4dde-9388-c275a500e94c None None] 10.222.0.16 "GET /compute/v2.1" status: 200 len: 388 microversion: 2.1 time: 0.001532
Oct 12 21:50:15.840069 n-d-861111-1 devstack@n-api.service[104443]: [pid: 104443|app: 0|req: 3/4] 10.222.0.16 () {54 vars in 931 bytes} [Wed Oct 12 21:50:15 2022] GET /compute/v2.1 => generated 388 bytes in 3 msecs (HTTP/1.1 200) 9 headers in 357 bytes (1 switches on core 0)
Oct 12 21:50:16.287606 n-d-861111-1 devstack@n-api.service[104442]: DEBUG nova.api.openstack.wsgi [None req-e8169f7d-6d8a-4314-ad0c-197f892050b6 admin admin] Action: 'create', calling method: >, body: {"flavor": {"vcpus": 1, "rxtx_factor": 1.0, "swap": 0, "os-flavor-access:is_public": true, "OS-FLV-EXT-DATA:ephemeral": 0, "id": "c1", "disk": 1, "ram": 256, "name": "cirros256"}} {{(pid=104442) _process_stack /opt/stack/nova/nova/api/openstack/wsgi.py:511}}
Oct 12 21:50:16.335071 n-d-861111-1 devstack@n-api.service[104442]: INFO nova.api.openstack.requestlog [None req-e8169f7d-6d8a-4314-ad0c-197f892050b6 admin admin] 10.222.0.16 "POST /compute/v2.1/flavors" status: 200 len: 407 microversion: 2.61 time: 0.488503
Oct 12 21:50:16.335844 n-d-861111-1 devstack@n-api.service[104442]: [pid: 104442|app: 0|req: 2/5] 10.222.0.16 () {64 vars in 1283 bytes} [Wed Oct 12 21:50:15 2022] POST /compute/v2.1/flavors => generated 407 bytes in 490 msecs (HTTP/1.1 200) 9 headers in 359 bytes (1 switches on core 0)
Oct 12 21:50:16.349315 n-d-861111-1 devstack@n-api.service[104443]: DEBUG dbcounter [-] [104443] Writing DB stats nova_api:SELECT=3 {{(pid=104443) stat_writer /usr/local/lib/python3.8/dist-packages/dbcounter.py:114}}
Oct 12 21:50:16.350167 n-d-861111-1 devstack@n-api.service[104443]: DEBUG dbcounter [-] [104443] Writing DB stats nova_cell0:SELECT=3 {{(pid=104443) stat_writer /usr/local/lib/python3.8/dist-packages/dbcounter.py:114}}
Oct 12 21:50:16.352193 n-d-861111-1 devstack@n-api.service[104443]: DEBUG dbcounter [-] [104443] Writing DB stats nova_cell1:SELECT=3 {{(pid=104443) stat_writer /usr/local/lib/python3.8/dist-packages/dbcounter.py:114}}
Oct 12 21:50:16.353008 n-d-861111-1 devstack@n-api.service[104443]: DEBUG dbcounter [-] [104443] Writing DB stats nova_cell0:SELECT=6,nova_cell0:INSERT=1 {{(pid=104443) stat_writer /usr/local/lib/python3.8/dist-packages/dbcounter.py:114}}
Oct 12 21:50:16.556554 n-d-861111-1 devstack@n-api.service[104443]: DEBUG nova.api.openstack.wsgi [None req-1d3f4737-a25e-4934-93a4-2a06e8868219 admin admin] Action: 'create', calling method: >, body: {"extra_specs": {"hw_rng:allowed": "True"}} {{(pid=104443) _process_stack /opt/stack/nova/nova/api/openstack/wsgi.py:511}}
Oct 12 21:50:16.625973 n-d-861111-1 devstack@n-api.service[104443]: INFO nova.api.openstack.requestlog [None req-1d3f4737-a25e-4934-93a4-2a06e8868219 admin admin] 10.222.0.16 "POST /compute/v2.1/flavors/c1/os-extra_specs" status: 200 len: 43 microversion: 2.61 time: 0.281815
Oct 12 21:50:16.626558 n-d-861111-1 devstack@n-api.service[104443]: [pid: 104443|app: 0|req: 4/6] 10.222.0.16 () {64 vars in 1336 bytes} [Wed Oct 12 21:50:16 2022] POST /compute/v2.1/flavors/c1/os-extra_specs => generated 43 bytes in 283 msecs (HTTP/1.1 200) 9 headers in 358 bytes (1 switches on core 0)
Oct 12 21:50:19.221483 n-d-861111-1 devstack@n-api.service[104442]: DEBUG nova.api.openstack.wsgi [None req-e8169f7d-6d8a-4314-ad0c-197f892050b6 admin admin] Calling method '>' {{(pid=104442) _process_stack /opt/stack/nova/nova/api/openstack/wsgi.py:513}}
Oct 12 21:50:19.222635 n-d-861111-1 devstack@n-api.service[104442]: INFO nova.api.openstack.requestlog [None req-e8169f7d-6d8a-4314-ad0c-197f892050b6 admin admin] 10.222.0.16 "GET /compute/v2.1" status: 200 len: 388 microversion: 2.1 time: 0.001686
Oct 12 21:50:19.223132 n-d-861111-1 devstack@n-api.service[104442]: [pid: 104442|app: 0|req: 3/7] 10.222.0.16 () {54 vars in 931 bytes} [Wed Oct 12 21:50:19 2022] GET /compute/v2.1 => generated 388 bytes in 3 msecs (HTTP/1.1 200) 9 headers in 357 bytes (1 switches on core 0)
Oct 12 21:50:20.012173 n-d-861111-1 devstack@n-api.service[104443]: DEBUG nova.api.openstack.wsgi [None req-a02b6f2c-0be2-4904-a891-c509aeec56a1 admin admin] Action: 'create', calling method: >, body: {"flavor": {"id": "d1", "rxtx_factor": 1.0, "disk": 5, "vcpus": 1, "ram": 512, "OS-FLV-EXT-DATA:ephemeral": 0, "name": "ds512M", "os-flavor-access:is_public": true, "swap": 0}} {{(pid=104443) _process_stack /opt/stack/nova/nova/api/openstack/wsgi.py:511}}
Oct 12 21:50:20.068773 n-d-861111-1 devstack@n-api.service[104443]: INFO nova.api.openstack.requestlog [None req-a02b6f2c-0be2-4904-a891-c509aeec56a1 admin admin] 10.222.0.16 "POST /compute/v2.1/flavors" status: 200 len: 404 microversion: 2.61 time: 0.838852
Oct 12 21:50:20.070942 n-d-861111-1 devstack@n-api.service[104443]: [pid: 104443|app: 0|req: 5/8] 10.222.0.16 () {64 vars in 1283 bytes} [Wed Oct 12 21:50:19 2022] POST /compute/v2.1/flavors => generated 404 bytes in 842 msecs (HTTP/1.1 200) 9 headers in 359 bytes (1 switches on core 0)
Oct 12 21:50:20.083682 n-d-861111-1 devstack@n-api.service[104442]: DEBUG nova.api.openstack.wsgi [None req-d5e7e47d-3667-4687-9e40-a5afb6b17a8f admin admin] Action: 'create', calling method: >, body: {"extra_specs": {"hw_rng:allowed": "True"}} {{(pid=104442) _process_stack /opt/stack/nova/nova/api/openstack/wsgi.py:511}}
Oct 12 21:50:20.125404 n-d-861111-1 devstack@n-api.service[104442]: INFO nova.api.openstack.requestlog [None req-d5e7e47d-3667-4687-9e40-a5afb6b17a8f admin admin] 10.222.0.16 "POST /compute/v2.1/flavors/d1/os-extra_specs" status: 200 len: 43 microversion: 2.61 time: 0.046107
Oct 12 21:50:20.126198 n-d-861111-1 devstack@n-api.service[104442]: [pid: 104442|app: 0|req: 4/9] 10.222.0.16 () {64 vars in 1336 bytes} [Wed Oct 12 21:50:20 2022] POST /compute/v2.1/flavors/d1/os-extra_specs => generated 43 bytes in 48 msecs (HTTP/1.1 200) 9 headers in 358 bytes (1 switches on core 0)
Oct 12 21:50:22.931261 n-d-861111-1 devstack@n-api.service[104443]: DEBUG nova.api.openstack.wsgi [None req-a02b6f2c-0be2-4904-a891-c509aeec56a1 admin admin] Calling method '>' {{(pid=104443) _process_stack /opt/stack/nova/nova/api/openstack/wsgi.py:513}}
Oct 12 21:50:22.931261 n-d-861111-1 devstack@n-api.service[104443]: INFO nova.api.openstack.requestlog [None req-a02b6f2c-0be2-4904-a891-c509aeec56a1 admin admin] 10.222.0.16 "GET /compute/v2.1" status: 200 len: 388 microversion: 2.1 time: 0.002608
Oct 12 21:50:22.931261 n-d-861111-1 devstack@n-api.service[104443]: [pid: 104443|app: 0|req: 6/10] 10.222.0.16 () {54 vars in 931 bytes} [Wed Oct 12 21:50:22 2022] GET /compute/v2.1 => generated 388 bytes in 4 msecs (HTTP/1.1 200) 9 headers in 357 bytes (1 switches on core 0)
Oct 12 21:50:23.607824 n-d-861111-1 devstack@n-api.service[104442]: DEBUG nova.api.openstack.wsgi [None req-cbf12321-8e56-4304-9391-973385a66d15 admin admin] Action: 'create', calling method: >, body: {"flavor": {"disk": 10, "swap": 0, "os-flavor-access:is_public": true, "ram": 1024, "rxtx_factor": 1.0, "vcpus": 1, "id": "d2", "OS-FLV-EXT-DATA:ephemeral": 0, "name": "ds1G"}} {{(pid=104442) _process_stack /opt/stack/nova/nova/api/openstack/wsgi.py:511}}
Oct 12 21:50:23.628754 n-d-861111-1 devstack@n-api.service[104442]: INFO nova.api.openstack.requestlog [None req-cbf12321-8e56-4304-9391-973385a66d15 admin admin] 10.222.0.16 "POST /compute/v2.1/flavors" status: 200 len: 404 microversion: 2.61 time: 0.694015
Oct 12 21:50:23.629309 n-d-861111-1 devstack@n-api.service[104442]: [pid: 104442|app: 0|req: 5/11] 10.222.0.16 () {64 vars in 1283 bytes} [Wed Oct 12 21:50:22 2022] POST /compute/v2.1/flavors => generated 404 bytes in 696 msecs (HTTP/1.1 200) 9 headers in 359 bytes (1 switches on core 0)
Oct 12 21:50:23.642069 n-d-861111-1 devstack@n-api.service[104443]: DEBUG nova.api.openstack.wsgi [None req-beff04c3-91e9-4ad0-a14e-8013e52c484a admin admin] Action: 'create', calling method: >, body: {"extra_specs": {"hw_rng:allowed": "True"}} {{(pid=104443) _process_stack /opt/stack/nova/nova/api/openstack/wsgi.py:511}}
Oct 12 21:50:23.670657 n-d-861111-1 devstack@n-api.service[104443]: INFO nova.api.openstack.requestlog [None req-beff04c3-91e9-4ad0-a14e-8013e52c484a admin admin] 10.222.0.16 "POST /compute/v2.1/flavors/d2/os-extra_specs" status: 200 len: 43 microversion: 2.61 time: 0.032188
Oct 12 21:50:23.671837 n-d-861111-1 devstack@n-api.service[104443]: [pid: 104443|app: 0|req: 7/12] 10.222.0.16 () {64 vars in 1336 bytes} [Wed Oct 12 21:50:23 2022] POST /compute/v2.1/flavors/d2/os-extra_specs => generated 43 bytes in 34 msecs (HTTP/1.1 200) 9 headers in 358 bytes (1 switches on core 0)
Oct 12 21:50:26.282280 n-d-861111-1 devstack@n-api.service[104442]: DEBUG nova.api.openstack.wsgi [None req-cbf12321-8e56-4304-9391-973385a66d15 admin admin] Calling method '>' {{(pid=104442) _process_stack /opt/stack/nova/nova/api/openstack/wsgi.py:513}}
Oct 12 21:50:26.283332 n-d-861111-1 devstack@n-api.service[104442]: INFO nova.api.openstack.requestlog [None req-cbf12321-8e56-4304-9391-973385a66d15 admin admin] 10.222.0.16 "GET /compute/v2.1" status: 200 len: 388 microversion: 2.1 time: 0.001487
Oct 12 21:50:26.283960 n-d-861111-1 devstack@n-api.service[104442]: [pid: 104442|app: 0|req: 6/13] 10.222.0.16 () {54 vars in 931 bytes} [Wed Oct 12 21:50:26 2022] GET /compute/v2.1 => generated 388 bytes in 2 msecs (HTTP/1.1 200) 9 headers in 357 bytes (1 switches on core 0)
Oct 12 21:50:26.741403 n-d-861111-1 devstack@n-api.service[104443]: DEBUG nova.api.openstack.wsgi [None req-44e098a9-7b41-42fe-9182-9688d70010b3 admin admin] Action: 'create', calling method: >, body: {"flavor": {"id": "d3", "os-flavor-access:is_public": true, "rxtx_factor": 1.0, "ram": 2048, "name": "ds2G", "swap": 0, "disk": 10, "vcpus": 2, "OS-FLV-EXT-DATA:ephemeral": 0}} {{(pid=104443) _process_stack /opt/stack/nova/nova/api/openstack/wsgi.py:511}}
Oct 12 21:50:26.760491 n-d-861111-1 devstack@n-api.service[104443]: INFO nova.api.openstack.requestlog [None req-44e098a9-7b41-42fe-9182-9688d70010b3 admin admin] 10.222.0.16 "POST /compute/v2.1/flavors" status: 200 len: 404 microversion: 2.61 time: 0.470377
Oct 12 21:50:26.761045 n-d-861111-1 devstack@n-api.service[104443]: [pid: 104443|app: 0|req: 8/14] 10.222.0.16 () {64 vars in 1283 bytes} [Wed Oct 12 21:50:26 2022] POST /compute/v2.1/flavors => generated 404 bytes in 472 msecs (HTTP/1.1 200) 9 headers in 359 bytes (1 switches on core 0)
Oct 12 21:50:26.773806 n-d-861111-1 devstack@n-api.service[104442]: DEBUG nova.api.openstack.wsgi [None req-5d075786-4575-4aaf-901c-a062708f67a8 admin admin] Action: 'create', calling method: >, body: {"extra_specs": {"hw_rng:allowed": "True"}} {{(pid=104442) _process_stack /opt/stack/nova/nova/api/openstack/wsgi.py:511}}
Oct 12 21:50:26.808272 n-d-861111-1 devstack@n-api.service[104442]: INFO nova.api.openstack.requestlog [None req-5d075786-4575-4aaf-901c-a062708f67a8 admin admin] 10.222.0.16 "POST /compute/v2.1/flavors/d3/os-extra_specs" status: 200 len: 43 microversion: 2.61 time: 0.038606
Oct 12 21:50:26.810117 n-d-861111-1 devstack@n-api.service[104442]: [pid: 104442|app: 0|req: 7/15] 10.222.0.16 () {64 vars in 1336 bytes} [Wed Oct 12 21:50:26 2022] POST /compute/v2.1/flavors/d3/os-extra_specs => generated 43 bytes in 41 msecs (HTTP/1.1 200) 9 headers in 358 bytes (1 switches on core 0)
Oct 12 21:50:29.517985 n-d-861111-1 devstack@n-api.service[104443]: DEBUG nova.api.openstack.wsgi [None req-44e098a9-7b41-42fe-9182-9688d70010b3 admin admin] Calling method '>' {{(pid=104443) _process_stack /opt/stack/nova/nova/api/openstack/wsgi.py:513}}
Oct 12 21:50:29.519861 n-d-861111-1 devstack@n-api.service[104443]: INFO nova.api.openstack.requestlog [None req-44e098a9-7b41-42fe-9182-9688d70010b3 admin admin] 10.222.0.16 "GET /compute/v2.1" status: 200 len: 388 microversion: 2.1 time: 0.002305
Oct 12 21:50:29.526935 n-d-861111-1 devstack@n-api.service[104443]: [pid: 104443|app: 0|req: 9/16] 10.222.0.16 () {54 vars in 931 bytes} [Wed Oct 12 21:50:29 2022] GET /compute/v2.1 => generated 388 bytes in 10 msecs (HTTP/1.1 200) 9 headers in 357 bytes (1 switches on core 0)
Oct 12 21:50:29.992202 n-d-861111-1 devstack@n-api.service[104442]: DEBUG nova.api.openstack.wsgi [None req-a8616b09-0c7a-4a50-9054-9ea35f5f3438 admin admin] Action: 'create', calling method: >, body: {"flavor": {"rxtx_factor": 1.0, "os-flavor-access:is_public": true, "vcpus": 4, "disk": 20, "ram": 4096, "name": "ds4G", "OS-FLV-EXT-DATA:ephemeral": 0, "id": "d4", "swap": 0}} {{(pid=104442) _process_stack /opt/stack/nova/nova/api/openstack/wsgi.py:511}}
Oct 12 21:50:30.014079 n-d-861111-1 devstack@n-api.service[104442]: INFO nova.api.openstack.requestlog [None req-a8616b09-0c7a-4a50-9054-9ea35f5f3438 admin admin] 10.222.0.16 "POST /compute/v2.1/flavors" status: 200 len: 404 microversion: 2.61 time: 0.485182
Oct 12 21:50:30.027610 n-d-861111-1 devstack@n-api.service[104443]: DEBUG nova.api.openstack.wsgi [None req-4bfc4ae0-6712-4519-a1c0-50278c0525dd admin admin] Action: 'create', calling method: >, body: {"extra_specs": {"hw_rng:allowed": "True"}} {{(pid=104443) _process_stack /opt/stack/nova/nova/api/openstack/wsgi.py:511}}
Oct 12 21:50:30.033170 n-d-861111-1 devstack@n-api.service[104442]: [pid: 104442|app: 0|req: 8/17] 10.222.0.16 () {64 vars in 1283 bytes} [Wed Oct 12 21:50:29 2022] POST /compute/v2.1/flavors => generated 404 bytes in 505 msecs (HTTP/1.1 200) 9 headers in 359 bytes (2 switches on core 0)
Oct 12 21:50:30.055275 n-d-861111-1 devstack@n-api.service[104443]: INFO nova.api.openstack.requestlog [None req-4bfc4ae0-6712-4519-a1c0-50278c0525dd admin admin] 10.222.0.16 "POST /compute/v2.1/flavors/d4/os-extra_specs" status: 200 len: 43 microversion: 2.61 time: 0.031301
Oct 12 21:50:30.067884 n-d-861111-1 devstack@n-api.service[104443]: [pid: 104443|app: 0|req: 10/18] 10.222.0.16 () {64 vars in 1336 bytes} [Wed Oct 12 21:50:30 2022] POST /compute/v2.1/flavors/d4/os-extra_specs => generated 43 bytes in 44 msecs (HTTP/1.1 200) 9 headers in 358 bytes (1 switches on core 0)
Oct 12 21:50:32.695578 n-d-861111-1 devstack@n-api.service[104442]: DEBUG nova.api.openstack.wsgi [None req-a8616b09-0c7a-4a50-9054-9ea35f5f3438 admin admin] Calling method '>' {{(pid=104442) _process_stack /opt/stack/nova/nova/api/openstack/wsgi.py:513}}
Oct 12 21:50:32.696574 n-d-861111-1 devstack@n-api.service[104442]: INFO nova.api.openstack.requestlog [None req-a8616b09-0c7a-4a50-9054-9ea35f5f3438 admin admin] 10.222.0.16 "GET /compute/v2.1" status: 200 len: 388 microversion: 2.1 time: 0.001449
Oct 12 21:50:32.699547 n-d-861111-1 devstack@n-api.service[104442]: [pid: 104442|app: 0|req: 9/19] 10.222.0.16 () {54 vars in 931 bytes} [Wed Oct 12 21:50:32 2022] GET /compute/v2.1 => generated 388 bytes in 5 msecs (HTTP/1.1 200) 9 headers in 357 bytes (1 switches on core 0)
Oct 12 21:50:33.180248 n-d-861111-1 devstack@n-api.service[104443]: DEBUG nova.api.openstack.wsgi [None req-f08794bf-bdd7-49cc-974e-4a12744c2fc9 admin admin] Calling method '>' {{(pid=104443) _process_stack /opt/stack/nova/nova/api/openstack/wsgi.py:513}}
Oct 12 21:50:33.204445 n-d-861111-1 devstack@n-api.service[104443]: INFO nova.api.openstack.requestlog [None req-f08794bf-bdd7-49cc-974e-4a12744c2fc9 admin admin] 10.222.0.16 "GET /compute/v2.1/flavors/detail?is_public=True" status: 200 len: 2106 microversion: 2.61 time: 0.501494
Oct 12 21:50:33.204920 n-d-861111-1 devstack@n-api.service[104443]: [pid: 104443|app: 0|req: 11/20] 10.222.0.16 () {60 vars in 1292 bytes} [Wed Oct 12 21:50:32 2022] GET /compute/v2.1/flavors/detail?is_public=True => generated 2106 bytes in 503 msecs (HTTP/1.1 200) 9 headers in 360 bytes (1 switches on core 0)
Oct 12 21:50:35.748130 n-d-861111-1 devstack@n-api.service[104442]: DEBUG nova.api.openstack.wsgi [None req-a8616b09-0c7a-4a50-9054-9ea35f5f3438 admin admin] Calling method '>' {{(pid=104442) _process_stack /opt/stack/nova/nova/api/openstack/wsgi.py:513}}
Oct 12 21:50:35.749159 n-d-861111-1 devstack@n-api.service[104442]: INFO nova.api.openstack.requestlog [None req-a8616b09-0c7a-4a50-9054-9ea35f5f3438 admin admin] 10.222.0.16 "GET /compute/v2.1" status: 200 len: 388 microversion: 2.1 time: 0.001564
Oct 12 21:50:35.749569 n-d-861111-1 devstack@n-api.service[104442]: [pid: 104442|app: 0|req: 10/21] 10.222.0.16 () {54 vars in 931 bytes} [Wed Oct 12 21:50:35 2022] GET /compute/v2.1 => generated 388 bytes in 2 msecs (HTTP/1.1 200) 9 headers in 357 bytes (1 switches on core 0)
Oct 12 21:50:36.164401 n-d-861111-1 devstack@n-api.service[104443]: DEBUG nova.api.openstack.wsgi [None req-d30f1252-1663-47c3-a87f-7c5aa5a5b150 admin admin] Action: 'create', calling method: >, body: {"flavor": {"rxtx_factor": 1.0, "ram": 512, "OS-FLV-EXT-DATA:ephemeral": 0, "name": "m1.tiny", "id": "1", "vcpus": 1, "disk": 1, "os-flavor-access:is_public": true, "swap": 0}} {{(pid=104443) _process_stack /opt/stack/nova/nova/api/openstack/wsgi.py:511}}
Oct 12 21:50:36.183179 n-d-861111-1 devstack@n-api.service[104443]: INFO nova.api.openstack.requestlog [None req-d30f1252-1663-47c3-a87f-7c5aa5a5b150 admin admin] 10.222.0.16 "POST /compute/v2.1/flavors" status: 200 len: 402 microversion: 2.61 time: 0.427625
Oct 12 21:50:36.183760 n-d-861111-1 devstack@n-api.service[104443]: [pid: 104443|app: 0|req: 12/22] 10.222.0.16 () {64 vars in 1283 bytes} [Wed Oct 12 21:50:35 2022] POST /compute/v2.1/flavors => generated 402 bytes in 429 msecs (HTTP/1.1 200) 9 headers in 359 bytes (1 switches on core 0)
Oct 12 21:50:36.196182 n-d-861111-1 devstack@n-api.service[104442]: DEBUG nova.api.openstack.wsgi [None req-f6cac7e8-3c6a-4615-86fe-0497599869b4 admin admin] Action: 'create', calling method: >, body: {"extra_specs": {"hw_rng:allowed": "True"}} {{(pid=104442) _process_stack /opt/stack/nova/nova/api/openstack/wsgi.py:511}}
Oct 12 21:50:36.225727 n-d-861111-1 devstack@n-api.service[104442]: INFO nova.api.openstack.requestlog [None req-f6cac7e8-3c6a-4615-86fe-0497599869b4 admin admin] 10.222.0.16 "POST /compute/v2.1/flavors/1/os-extra_specs" status: 200 len: 43 microversion: 2.61 time: 0.033680
Oct 12 21:50:36.226315 n-d-861111-1 devstack@n-api.service[104442]: [pid: 104442|app: 0|req: 11/23] 10.222.0.16 () {64 vars in 1333 bytes} [Wed Oct 12 21:50:36 2022] POST /compute/v2.1/flavors/1/os-extra_specs => generated 43 bytes in 35 msecs (HTTP/1.1 200) 9 headers in 358 bytes (1 switches on core 0)
Oct 12 21:50:38.822078 n-d-861111-1 devstack@n-api.service[104443]: DEBUG nova.api.openstack.wsgi [None req-d30f1252-1663-47c3-a87f-7c5aa5a5b150 admin admin] Calling method '>' {{(pid=104443) _process_stack /opt/stack/nova/nova/api/openstack/wsgi.py:513}}
Oct 12 21:50:38.823097 n-d-861111-1 devstack@n-api.service[104443]: INFO nova.api.openstack.requestlog [None req-d30f1252-1663-47c3-a87f-7c5aa5a5b150 admin admin] 10.222.0.16 "GET /compute/v2.1" status: 200 len: 388 microversion: 2.1 time: 0.001466
Oct 12 21:50:38.823553 n-d-861111-1 devstack@n-api.service[104443]: [pid: 104443|app: 0|req: 13/24] 10.222.0.16 () {54 vars in 931 bytes} [Wed Oct 12 21:50:38 2022] GET /compute/v2.1 => generated 388 bytes in 2 msecs (HTTP/1.1 200) 9 headers in 357 bytes (1 switches on core 0)
Oct 12 21:50:39.232475 n-d-861111-1 devstack@n-api.service[104442]: DEBUG nova.api.openstack.wsgi [None req-e8d3468a-ef82-40a5-9486-0da35e331d42 admin admin] Action: 'create', calling method: >, body: {"flavor": {"disk": 20, "swap": 0, "rxtx_factor": 1.0, "ram": 2048, "vcpus": 1, "name": "m1.small", "id": "2", "OS-FLV-EXT-DATA:ephemeral": 0, "os-flavor-access:is_public": true}} {{(pid=104442) _process_stack /opt/stack/nova/nova/api/openstack/wsgi.py:511}}
Oct 12 21:50:39.251597 n-d-861111-1 devstack@n-api.service[104442]: INFO nova.api.openstack.requestlog [None req-e8d3468a-ef82-40a5-9486-0da35e331d42 admin admin] 10.222.0.16 "POST /compute/v2.1/flavors" status: 200 len: 405 microversion: 2.61 time: 0.421615
Oct 12 21:50:39.252255 n-d-861111-1 devstack@n-api.service[104442]: [pid: 104442|app: 0|req: 12/25] 10.222.0.16 () {64 vars in 1283 bytes} [Wed Oct 12 21:50:38 2022] POST /compute/v2.1/flavors => generated 405 bytes in 423 msecs (HTTP/1.1 200) 9 headers in 359 bytes (1 switches on core 0)
Oct 12 21:50:39.265190 n-d-861111-1 devstack@n-api.service[104443]: DEBUG nova.api.openstack.wsgi [None req-9037ecfe-bfac-47cf-a711-bdeb41ded2e0 admin admin] Action: 'create', calling method: >, body: {"extra_specs": {"hw_rng:allowed": "True"}} {{(pid=104443) _process_stack /opt/stack/nova/nova/api/openstack/wsgi.py:511}}
Oct 12 21:50:39.295320 n-d-861111-1 devstack@n-api.service[104443]: INFO nova.api.openstack.requestlog [None req-9037ecfe-bfac-47cf-a711-bdeb41ded2e0 admin admin] 10.222.0.16 "POST /compute/v2.1/flavors/2/os-extra_specs" status: 200 len: 43 microversion: 2.61 time: 0.033763
Oct 12 21:50:39.295917 n-d-861111-1 devstack@n-api.service[104443]: [pid: 104443|app: 0|req: 14/26] 10.222.0.16 () {64 vars in 1333 bytes} [Wed Oct 12 21:50:39 2022] POST /compute/v2.1/flavors/2/os-extra_specs => generated 43 bytes in 35 msecs (HTTP/1.1 200) 9 headers in 358 bytes (1 switches on core 0)
Oct 12 21:50:41.886345 n-d-861111-1 devstack@n-api.service[104442]: DEBUG nova.api.openstack.wsgi [None req-e8d3468a-ef82-40a5-9486-0da35e331d42 admin admin] Calling method '>' {{(pid=104442) _process_stack /opt/stack/nova/nova/api/openstack/wsgi.py:513}}
Oct 12 21:50:41.887322 n-d-861111-1 devstack@n-api.service[104442]: INFO nova.api.openstack.requestlog [None req-e8d3468a-ef82-40a5-9486-0da35e331d42 admin admin] 10.222.0.16 "GET /compute/v2.1" status: 200 len: 388 microversion: 2.1 time: 0.001444
Oct 12 21:50:41.887998 n-d-861111-1 devstack@n-api.service[104442]: [pid: 104442|app: 0|req: 13/27] 10.222.0.16 () {54 vars in 931 bytes} [Wed Oct 12 21:50:41 2022] GET /compute/v2.1 => generated 388 bytes in 2 msecs (HTTP/1.1 200) 9 headers in 357 bytes (1 switches on core 0)
Oct 12 21:50:42.270552 n-d-861111-1 devstack@n-api.service[104443]: DEBUG nova.api.openstack.wsgi [None req-f5f9a12b-fe53-45de-afdb-9205802e8d33 admin admin] Action: 'create', calling method: >, body: {"flavor": {"name": "m1.medium", "id": "3", "ram": 4096, "OS-FLV-EXT-DATA:ephemeral": 0, "os-flavor-access:is_public": true, "rxtx_factor": 1.0, "disk": 40, "vcpus": 2, "swap": 0}} {{(pid=104443) _process_stack /opt/stack/nova/nova/api/openstack/wsgi.py:511}}
Oct 12 21:50:42.292697 n-d-861111-1 devstack@n-api.service[104443]: INFO nova.api.openstack.requestlog [None req-f5f9a12b-fe53-45de-afdb-9205802e8d33 admin admin] 10.222.0.16 "POST /compute/v2.1/flavors" status: 200 len: 406 microversion: 2.61 time: 0.398237
Oct 12 21:50:42.293428 n-d-861111-1 devstack@n-api.service[104443]: [pid: 104443|app: 0|req: 15/28] 10.222.0.16 () {64 vars in 1283 bytes} [Wed Oct 12 21:50:41 2022] POST /compute/v2.1/flavors => generated 406 bytes in 400 msecs (HTTP/1.1 200) 9 headers in 359 bytes (1 switches on core 0)
Oct 12 21:50:42.307407 n-d-861111-1 devstack@n-api.service[104442]: DEBUG nova.api.openstack.wsgi [None req-9a70fa48-6505-4b2e-aa50-25ee0f3aee52 admin admin] Action: 'create', calling method: >, body: {"extra_specs": {"hw_rng:allowed": "True"}} {{(pid=104442) _process_stack /opt/stack/nova/nova/api/openstack/wsgi.py:511}}
Oct 12 21:50:42.337899 n-d-861111-1 devstack@n-api.service[104442]: INFO nova.api.openstack.requestlog [None req-9a70fa48-6505-4b2e-aa50-25ee0f3aee52 admin admin] 10.222.0.16 "POST /compute/v2.1/flavors/3/os-extra_specs" status: 200 len: 43 microversion: 2.61 time: 0.035676
Oct 12 21:50:42.338486 n-d-861111-1 devstack@n-api.service[104442]: [pid: 104442|app: 0|req: 14/29] 10.222.0.16 () {64 vars in 1333 bytes} [Wed Oct 12 21:50:42 2022] POST /compute/v2.1/flavors/3/os-extra_specs => generated 43 bytes in 37 msecs (HTTP/1.1 200) 9 headers in 358 bytes (1 switches on core 0)
Oct 12 21:50:44.959591 n-d-861111-1 devstack@n-api.service[104443]: DEBUG nova.api.openstack.wsgi [None req-f5f9a12b-fe53-45de-afdb-9205802e8d33 admin admin] Calling method '>' {{(pid=104443) _process_stack /opt/stack/nova/nova/api/openstack/wsgi.py:513}}
Oct 12 21:50:44.960606 n-d-861111-1 devstack@n-api.service[104443]: INFO nova.api.openstack.requestlog [None req-f5f9a12b-fe53-45de-afdb-9205802e8d33 admin admin] 10.222.0.16 "GET /compute/v2.1" status: 200 len: 388 microversion: 2.1 time: 0.002267
Oct 12 21:50:44.961233 n-d-861111-1 devstack@n-api.service[104443]: [pid: 104443|app: 0|req: 16/30] 10.222.0.16 () {54 vars in 931 bytes} [Wed Oct 12 21:50:44 2022] GET /compute/v2.1 => generated 388 bytes in 3 msecs (HTTP/1.1 200) 9 headers in 357 bytes (1 switches on core 0)
Oct 12 21:50:45.400803 n-d-861111-1 devstack@n-api.service[104442]: DEBUG nova.api.openstack.wsgi [None req-927ae158-7037-443a-bab4-a66a8dc104dc admin admin] Action: 'create', calling method: >, body: {"flavor": {"id": "4", "os-flavor-access:is_public": true, "name": "m1.large", "vcpus": 4, "swap": 0, "disk": 80, "ram": 8192, "rxtx_factor": 1.0, "OS-FLV-EXT-DATA:ephemeral": 0}} {{(pid=104442) _process_stack /opt/stack/nova/nova/api/openstack/wsgi.py:511}}
Oct 12 21:50:45.407075 n-d-861111-1 devstack@n-api.service[104442]: DEBUG dbcounter [-] [104442] Writing DB stats nova_api:SELECT=39,nova_api:INSERT=8,nova_api:SAVEPOINT=4,nova_api:RELEASE=4 {{(pid=104442) stat_writer /usr/local/lib/python3.8/dist-packages/dbcounter.py:114}}
Oct 12 21:50:45.423474 n-d-861111-1 devstack@n-api.service[104442]: INFO nova.api.openstack.requestlog [None req-927ae158-7037-443a-bab4-a66a8dc104dc admin admin] 10.222.0.16 "POST /compute/v2.1/flavors" status: 200 len: 405 microversion: 2.61 time: 0.455927
Oct 12 21:50:45.424153 n-d-861111-1 devstack@n-api.service[104442]: [pid: 104442|app: 0|req: 15/31] 10.222.0.16 () {64 vars in 1283 bytes} [Wed Oct 12 21:50:44 2022] POST /compute/v2.1/flavors => generated 405 bytes in 457 msecs (HTTP/1.1 200) 9 headers in 359 bytes (1 switches on core 0)
Oct 12 21:50:45.436278 n-d-861111-1 devstack@n-api.service[104443]: DEBUG nova.api.openstack.wsgi [None req-bf553d27-6b4f-46fe-b3bf-691a974e26bb admin admin] Action: 'create', calling method: >, body: {"extra_specs": {"hw_rng:allowed": "True"}} {{(pid=104443) _process_stack /opt/stack/nova/nova/api/openstack/wsgi.py:511}}
Oct 12 21:50:45.463025 n-d-861111-1 devstack@n-api.service[104443]: INFO nova.api.openstack.requestlog [None req-bf553d27-6b4f-46fe-b3bf-691a974e26bb admin admin] 10.222.0.16 "POST /compute/v2.1/flavors/4/os-extra_specs" status: 200 len: 43 microversion: 2.61 time: 0.030347
Oct 12 21:50:45.464030 n-d-861111-1 devstack@n-api.service[104443]: [pid: 104443|app: 0|req: 17/32] 10.222.0.16 () {64 vars in 1333 bytes} [Wed Oct 12 21:50:45 2022] POST /compute/v2.1/flavors/4/os-extra_specs => generated 43 bytes in 32 msecs (HTTP/1.1 200) 9 headers in 358 bytes (1 switches on core 0)
Oct 12 21:50:48.076588 n-d-861111-1 devstack@n-api.service[104442]: DEBUG nova.api.openstack.wsgi [None req-927ae158-7037-443a-bab4-a66a8dc104dc admin admin] Calling method '>' {{(pid=104442) _process_stack /opt/stack/nova/nova/api/openstack/wsgi.py:513}}
Oct 12 21:50:48.077601 n-d-861111-1 devstack@n-api.service[104442]: INFO nova.api.openstack.requestlog [None req-927ae158-7037-443a-bab4-a66a8dc104dc admin admin] 10.222.0.16 "GET /compute/v2.1" status: 200 len: 388 microversion: 2.1 time: 0.001457
Oct 12 21:50:48.077997 n-d-861111-1 devstack@n-api.service[104442]: [pid: 104442|app: 0|req: 16/33] 10.222.0.16 () {54 vars in 931 bytes} [Wed Oct 12 21:50:48 2022] GET /compute/v2.1 => generated 388 bytes in 2 msecs (HTTP/1.1 200) 9 headers in 357 bytes (1 switches on core 0)
Oct 12 21:50:48.587525 n-d-861111-1 devstack@n-api.service[104443]: DEBUG nova.api.openstack.wsgi [None req-aa69d795-5a8f-4b9f-81af-ae092d01eaa3 admin admin] Action: 'create', calling method: >, body: {"flavor": {"name": "m1.xlarge", "OS-FLV-EXT-DATA:ephemeral": 0, "os-flavor-access:is_public": true, "vcpus": 8, "disk": 160, "rxtx_factor": 1.0, "swap": 0, "id": "5", "ram": 16384}} {{(pid=104443) _process_stack /opt/stack/nova/nova/api/openstack/wsgi.py:511}}
Oct 12 21:50:48.597488 n-d-861111-1 devstack@n-api.service[104443]: DEBUG dbcounter [-] [104443] Writing DB stats nova_api:SELECT=45,nova_api:SAVEPOINT=5,nova_api:INSERT=9,nova_api:RELEASE=5 {{(pid=104443) stat_writer /usr/local/lib/python3.8/dist-packages/dbcounter.py:114}}
Oct 12 21:50:48.613965 n-d-861111-1 devstack@n-api.service[104443]: INFO nova.api.openstack.requestlog [None req-aa69d795-5a8f-4b9f-81af-ae092d01eaa3 admin admin] 10.222.0.16 "POST /compute/v2.1/flavors" status: 200 len: 408 microversion: 2.61 time: 0.529884
Oct 12 21:50:48.614490 n-d-861111-1 devstack@n-api.service[104443]: [pid: 104443|app: 0|req: 18/34] 10.222.0.16 () {64 vars in 1283 bytes} [Wed Oct 12 21:50:48 2022] POST /compute/v2.1/flavors => generated 408 bytes in 531 msecs (HTTP/1.1 200) 9 headers in 359 bytes (1 switches on core 0)
Oct 12 21:50:48.626360 n-d-861111-1 devstack@n-api.service[104442]: DEBUG nova.api.openstack.wsgi [None req-12efd062-45e5-4089-9830-31ee0d4b40e4 admin admin] Action: 'create', calling method: >, body: {"extra_specs": {"hw_rng:allowed": "True"}} {{(pid=104442) _process_stack /opt/stack/nova/nova/api/openstack/wsgi.py:511}}
Oct 12 21:50:48.651800 n-d-861111-1 devstack@n-api.service[104442]: INFO nova.api.openstack.requestlog [None req-12efd062-45e5-4089-9830-31ee0d4b40e4 admin admin] 10.222.0.16 "POST /compute/v2.1/flavors/5/os-extra_specs" status: 200 len: 43 microversion: 2.61 time: 0.029011
Oct 12 21:50:48.655314 n-d-861111-1 devstack@n-api.service[104442]: [pid: 104442|app: 0|req: 17/35] 10.222.0.16 () {64 vars in 1333 bytes} [Wed Oct 12 21:50:48 2022] POST /compute/v2.1/flavors/5/os-extra_specs => generated 43 bytes in 30 msecs (HTTP/1.1 200) 9 headers in 358 bytes (2 switches on core 0)
Oct 12 21:51:10.012482 n-d-861111-1 devstack@n-api.service[104443]: DEBUG nova.api.openstack.wsgi [None req-aa69d795-5a8f-4b9f-81af-ae092d01eaa3 admin admin] Calling method '>' {{(pid=104443) _process_stack /opt/stack/nova/nova/api/openstack/wsgi.py:513}}
Oct 12 21:51:10.013497 n-d-861111-1 devstack@n-api.service[104443]: INFO nova.api.openstack.requestlog [None req-aa69d795-5a8f-4b9f-81af-ae092d01eaa3 admin admin] 10.222.0.16 "GET /compute/v2.1" status: 200 len: 388 microversion: 2.1 time: 0.001458
Oct 12 21:51:10.013902 n-d-861111-1 devstack@n-api.service[104443]: [pid: 104443|app: 0|req: 19/36] 10.222.0.16 () {54 vars in 931 bytes} [Wed Oct 12 21:51:10 2022] GET /compute/v2.1 => generated 388 bytes in 2 msecs (HTTP/1.1 200) 9 headers in 357 bytes (1 switches on core 0)
Oct 12 21:51:10.026745 n-d-861111-1 devstack@n-api.service[104442]: DEBUG dbcounter [-] [104442] Writing DB stats nova_api:INSERT=2,nova_api:SELECT=8,nova_api:SAVEPOINT=1,nova_api:RELEASE=1 {{(pid=104442) stat_writer /usr/local/lib/python3.8/dist-packages/dbcounter.py:114}}
Oct 12 21:51:10.400707 n-d-861111-1 devstack@n-api.service[104442]: DEBUG nova.api.openstack.wsgi [None req-e6e058f9-27c3-496f-9d6c-adfe3de4e2dd admin admin] Calling method '>' {{(pid=104442) _process_stack /opt/stack/nova/nova/api/openstack/wsgi.py:513}}
Oct 12 21:51:10.418586 n-d-861111-1 devstack@n-api.service[104442]: INFO nova.api.openstack.requestlog [None req-e6e058f9-27c3-496f-9d6c-adfe3de4e2dd admin admin] 10.222.0.16 "GET /compute/v2.1/flavors/detail?is_public=True" status: 200 len: 4202 microversion: 2.61 time: 0.398440
Oct 12 21:51:10.419117 n-d-861111-1 devstack@n-api.service[104442]: [pid: 104442|app: 0|req: 18/37] 10.222.0.16 () {60 vars in 1292 bytes} [Wed Oct 12 21:51:10 2022] GET /compute/v2.1/flavors/detail?is_public=True => generated 4202 bytes in 400 msecs (HTTP/1.1 200) 9 headers in 360 bytes (1 switches on core 0)
Oct 12 21:51:11.713162 n-d-861111-1 devstack@n-api.service[104443]: DEBUG nova.api.openstack.wsgi [None req-aa69d795-5a8f-4b9f-81af-ae092d01eaa3 admin admin] Calling method '>' {{(pid=104443) _process_stack /opt/stack/nova/nova/api/openstack/wsgi.py:513}}
Oct 12 21:51:11.714205 n-d-861111-1 devstack@n-api.service[104443]: INFO nova.api.openstack.requestlog [None req-aa69d795-5a8f-4b9f-81af-ae092d01eaa3 admin admin] 10.222.0.16 "GET /compute/v2.1" status: 200 len: 388 microversion: 2.1 time: 0.001466
