Oct 13 11:26:37.490524 n-d-861076-3 devstack@n-api.service[120955]: DEBUG oslo_concurrency.lockutils [None req-8512bbf4-d070-4b7b-8bcb-229e73e6b59d tempest-DeleteServersAdminTestJSON-1962713977 tempest-DeleteServersAdminTestJSON-1962713977-project] Acquiring lock "927aeabf-815e-4ba5-81c2-8cf52f374806" by "nova.context.set_target_cell..get_or_set_cached_cell_and_set_connections" {{(pid=120955) inner /usr/local/lib/python3.8/dist-packages/oslo_concurrency/lockutils.py:404}}
Oct 13 11:26:37.495912 n-d-861076-3 devstack@n-api.service[120955]: DEBUG oslo_concurrency.lockutils [None req-8512bbf4-d070-4b7b-8bcb-229e73e6b59d tempest-DeleteServersAdminTestJSON-1962713977 tempest-DeleteServersAdminTestJSON-1962713977-project] Lock "927aeabf-815e-4ba5-81c2-8cf52f374806" acquired by "nova.context.set_target_cell..get_or_set_cached_cell_and_set_connections" :: waited 0.005s {{(pid=120955) inner /usr/local/lib/python3.8/dist-packages/oslo_concurrency/lockutils.py:409}}
Oct 13 11:26:37.499412 n-d-861076-3 devstack@n-api.service[120955]: DEBUG oslo_concurrency.lockutils [None req-8512bbf4-d070-4b7b-8bcb-229e73e6b59d tempest-DeleteServersAdminTestJSON-1962713977 tempest-DeleteServersAdminTestJSON-1962713977-project] Lock "927aeabf-815e-4ba5-81c2-8cf52f374806" "released" by "nova.context.set_target_cell..get_or_set_cached_cell_and_set_connections" :: held 0.003s {{(pid=120955) inner /usr/local/lib/python3.8/dist-packages/oslo_concurrency/lockutils.py:423}}
Oct 13 11:26:37.517455 n-d-861076-3 devstack@n-api.service[120956]: INFO nova.api.openstack.requestlog [None req-2c39d54b-6248-43b8-8dbf-288d932dee69 tempest-UnshelveToHostMultiNodesTest-645052768 tempest-UnshelveToHostMultiNodesTest-645052768-project] 10.222.0.27 "GET /compute/v2.1/servers/b31a269d-538d-4522-93c6-1a92e6d4f46b" status: 200 len: 1512 microversion: 2.91 time: 0.270550
Oct 13 11:26:37.523980 n-d-861076-3 devstack@n-api.service[120956]: [pid: 120956|app: 0|req: 45/103] 10.222.0.27 () {60 vars in 1277 bytes} [Thu Oct 13 11:26:37 2022] GET /compute/v2.1/servers/b31a269d-538d-4522-93c6-1a92e6d4f46b => generated 1512 bytes in 279 msecs (HTTP/1.1 200) 9 headers in 360 bytes (1 switches on core 0)
Oct 13 11:26:37.560933 n-d-861076-3 devstack@n-api.service[120955]: DEBUG dbcounter [-] [120955] Writing DB stats nova_cell1:SELECT=100 {{(pid=120955) stat_writer /usr/local/lib/python3.8/dist-packages/dbcounter.py:114}}
Oct 13 11:26:37.740925 n-d-861076-3 devstack@n-api.service[120956]: DEBUG nova.api.openstack.wsgi [None req-35f2fd92-d368-4be0-83fd-3d9d4752b049 tempest-AggregatesAdminTestJSON-1394786544 tempest-AggregatesAdminTestJSON-1394786544-project] Calling method '>' {{(pid=120956) _process_stack /opt/stack/nova/nova/api/openstack/wsgi.py:513}}
Oct 13 11:26:37.741547 n-d-861076-3 devstack@n-api.service[120956]: DEBUG nova.compute.api [None req-35f2fd92-d368-4be0-83fd-3d9d4752b049 tempest-AggregatesAdminTestJSON-1394786544 tempest-AggregatesAdminTestJSON-1394786544-project] [instance: 7d7338ed-822c-4a53-b83c-02502ada5235] Fetching instance by UUID {{(pid=120956) get /opt/stack/nova/nova/compute/api.py:2975}}
Oct 13 11:26:37.752354 n-d-861076-3 devstack@n-api.service[120956]: DEBUG oslo_concurrency.lockutils [None req-35f2fd92-d368-4be0-83fd-3d9d4752b049 tempest-AggregatesAdminTestJSON-1394786544 tempest-AggregatesAdminTestJSON-1394786544-project] Acquiring lock "927aeabf-815e-4ba5-81c2-8cf52f374806" by "nova.context.set_target_cell..get_or_set_cached_cell_and_set_connections" {{(pid=120956) inner /usr/local/lib/python3.8/dist-packages/oslo_concurrency/lockutils.py:404}}
Oct 13 11:26:37.753101 n-d-861076-3 devstack@n-api.service[120956]: DEBUG oslo_concurrency.lockutils [None req-35f2fd92-d368-4be0-83fd-3d9d4752b049 tempest-AggregatesAdminTestJSON-1394786544 tempest-AggregatesAdminTestJSON-1394786544-project] Lock "927aeabf-815e-4ba5-81c2-8cf52f374806" acquired by "nova.context.set_target_cell..get_or_set_cached_cell_and_set_connections" :: waited 0.001s {{(pid=120956) inner /usr/local/lib/python3.8/dist-packages/oslo_concurrency/lockutils.py:409}}
Oct 13 11:26:37.753708 n-d-861076-3 devstack@n-api.service[120956]: DEBUG oslo_concurrency.lockutils [None req-35f2fd92-d368-4be0-83fd-3d9d4752b049 tempest-AggregatesAdminTestJSON-1394786544 tempest-AggregatesAdminTestJSON-1394786544-project] Lock "927aeabf-815e-4ba5-81c2-8cf52f374806" "released" by "nova.context.set_target_cell..get_or_set_cached_cell_and_set_connections" :: held 0.001s {{(pid=120956) inner /usr/local/lib/python3.8/dist-packages/oslo_concurrency/lockutils.py:423}}
Oct 13 11:26:37.754890 n-d-861076-3 devstack@n-api.service[120956]: DEBUG oslo_concurrency.lockutils [None req-35f2fd92-d368-4be0-83fd-3d9d4752b049 tempest-AggregatesAdminTestJSON-1394786544 tempest-AggregatesAdminTestJSON-1394786544-project] Acquiring lock "927aeabf-815e-4ba5-81c2-8cf52f374806" by "nova.context.set_target_cell..get_or_set_cached_cell_and_set_connections" {{(pid=120956) inner /usr/local/lib/python3.8/dist-packages/oslo_concurrency/lockutils.py:404}}
Oct 13 11:26:37.755531 n-d-861076-3 devstack@n-api.service[120956]: DEBUG oslo_concurrency.lockutils [None req-35f2fd92-d368-4be0-83fd-3d9d4752b049 tempest-AggregatesAdminTestJSON-1394786544 tempest-AggregatesAdminTestJSON-1394786544-project] Lock "927aeabf-815e-4ba5-81c2-8cf52f374806" acquired by "nova.context.set_target_cell..get_or_set_cached_cell_and_set_connections" :: waited 0.001s {{(pid=120956) inner /usr/local/lib/python3.8/dist-packages/oslo_concurrency/lockutils.py:409}}
Oct 13 11:26:37.756291 n-d-861076-3 devstack@n-api.service[120956]: DEBUG oslo_concurrency.lockutils [None req-35f2fd92-d368-4be0-83fd-3d9d4752b049 tempest-AggregatesAdminTestJSON-1394786544 tempest-AggregatesAdminTestJSON-1394786544-project] Lock "927aeabf-815e-4ba5-81c2-8cf52f374806" "released" by "nova.context.set_target_cell..get_or_set_cached_cell_and_set_connections" :: held 0.001s {{(pid=120956) inner /usr/local/lib/python3.8/dist-packages/oslo_concurrency/lockutils.py:423}}
Oct 13 11:26:37.914249 n-d-861076-3 devstack@n-api.service[120955]: DEBUG nova.policy [None req-8512bbf4-d070-4b7b-8bcb-229e73e6b59d tempest-DeleteServersAdminTestJSON-1962713977 tempest-DeleteServersAdminTestJSON-1962713977-project] Policy check for os_compute_api:os-extended-server-attributes failed with credentials {'is_admin': False, 'user_id': 'cfd526738dda4d869a35f4e99fdc367b', 'user_domain_id': 'default', 'system_scope': None, 'domain_id': None, 'project_id': '8d1239174bed4aaa82df2557b6840d53', 'project_domain_id': 'default', 'roles': ['member', 'reader'], 'is_admin_project': True, 'service_user_id': None, 'service_user_domain_id': None, 'service_project_id': None, 'service_project_domain_id': None, 'service_roles': []} {{(pid=120955) authorize /opt/stack/nova/nova/policy.py:199}}
Oct 13 11:26:37.926368 n-d-861076-3 devstack@n-api.service[120955]: INFO nova.api.openstack.requestlog [None req-8512bbf4-d070-4b7b-8bcb-229e73e6b59d tempest-DeleteServersAdminTestJSON-1962713977 tempest-DeleteServersAdminTestJSON-1962713977-project] 10.222.0.27 "GET /compute/v2.1/servers/fb7369ab-de5f-41fb-9941-5f9ae93434dd" status: 200 len: 1341 microversion: 2.1 time: 0.477116
Oct 13 11:26:37.928088 n-d-861076-3 devstack@n-api.service[120955]: [pid: 120955|app: 0|req: 59/104] 10.222.0.27 () {58 vars in 1236 bytes} [Thu Oct 13 11:26:37 2022] GET /compute/v2.1/servers/fb7369ab-de5f-41fb-9941-5f9ae93434dd => generated 1341 bytes in 480 msecs (HTTP/1.1 200) 9 headers in 358 bytes (2 switches on core 0)
Oct 13 11:26:38.106386 n-d-861076-3 devstack@n-api.service[120956]: DEBUG nova.policy [None req-35f2fd92-d368-4be0-83fd-3d9d4752b049 tempest-AggregatesAdminTestJSON-1394786544 tempest-AggregatesAdminTestJSON-1394786544-project] Policy check for os_compute_api:os-extended-server-attributes failed with credentials {'is_admin': False, 'user_id': '47f5af95436c41bcbb85d035a1db90a9', 'user_domain_id': 'default', 'system_scope': None, 'domain_id': None, 'project_id': '9a81ce048e8140a09bc136b4015a9915', 'project_domain_id': 'default', 'roles': ['member', 'reader'], 'is_admin_project': True, 'service_user_id': None, 'service_user_domain_id': None, 'service_project_id': None, 'service_project_domain_id': None, 'service_roles': []} {{(pid=120956) authorize /opt/stack/nova/nova/policy.py:199}}
Oct 13 11:26:38.132973 n-d-861076-3 devstack@n-api.service[120956]: INFO nova.api.openstack.requestlog [None req-35f2fd92-d368-4be0-83fd-3d9d4752b049 tempest-AggregatesAdminTestJSON-1394786544 tempest-AggregatesAdminTestJSON-1394786544-project] 10.222.0.27 "GET /compute/v2.1/servers/7d7338ed-822c-4a53-b83c-02502ada5235" status: 200 len: 1338 microversion: 2.1 time: 0.395533
Oct 13 11:26:38.137424 n-d-861076-3 devstack@n-api.service[120956]: [pid: 120956|app: 0|req: 46/105] 10.222.0.27 () {58 vars in 1236 bytes} [Thu Oct 13 11:26:37 2022] GET /compute/v2.1/servers/7d7338ed-822c-4a53-b83c-02502ada5235 => generated 1338 bytes in 403 msecs (HTTP/1.1 200) 9 headers in 358 bytes (2 switches on core 0)
Oct 13 11:26:38.558054 n-d-861076-3 devstack@n-api.service[120956]: DEBUG nova.api.openstack.wsgi [None req-57874d48-00a1-44d0-b131-5ff9691d1f89 tempest-UnshelveToHostMultiNodesTest-645052768 tempest-UnshelveToHostMultiNodesTest-645052768-project] Calling method '>' {{(pid=120956) _process_stack /opt/stack/nova/nova/api/openstack/wsgi.py:513}}
Oct 13 11:26:38.560632 n-d-861076-3 devstack@n-api.service[120956]: DEBUG nova.compute.api [None req-57874d48-00a1-44d0-b131-5ff9691d1f89 tempest-UnshelveToHostMultiNodesTest-645052768 tempest-UnshelveToHostMultiNodesTest-645052768-project] [instance: b31a269d-538d-4522-93c6-1a92e6d4f46b] Fetching instance by UUID {{(pid=120956) get /opt/stack/nova/nova/compute/api.py:2975}}
Oct 13 11:26:38.568630 n-d-861076-3 devstack@n-api.service[120956]: DEBUG oslo_concurrency.lockutils [None req-57874d48-00a1-44d0-b131-5ff9691d1f89 tempest-UnshelveToHostMultiNodesTest-645052768 tempest-UnshelveToHostMultiNodesTest-645052768-project] Acquiring lock "927aeabf-815e-4ba5-81c2-8cf52f374806" by "nova.context.set_target_cell..get_or_set_cached_cell_and_set_connections" {{(pid=120956) inner /usr/local/lib/python3.8/dist-packages/oslo_concurrency/lockutils.py:404}}
Oct 13 11:26:38.569387 n-d-861076-3 devstack@n-api.service[120956]: DEBUG oslo_concurrency.lockutils [None req-57874d48-00a1-44d0-b131-5ff9691d1f89 tempest-UnshelveToHostMultiNodesTest-645052768 tempest-UnshelveToHostMultiNodesTest-645052768-project] Lock "927aeabf-815e-4ba5-81c2-8cf52f374806" acquired by "nova.context.set_target_cell..get_or_set_cached_cell_and_set_connections" :: waited 0.001s {{(pid=120956) inner /usr/local/lib/python3.8/dist-packages/oslo_concurrency/lockutils.py:409}}
Oct 13 11:26:38.570545 n-d-861076-3 devstack@n-api.service[120956]: DEBUG oslo_concurrency.lockutils [None req-57874d48-00a1-44d0-b131-5ff9691d1f89 tempest-UnshelveToHostMultiNodesTest-645052768 tempest-UnshelveToHostMultiNodesTest-645052768-project] Lock "927aeabf-815e-4ba5-81c2-8cf52f374806" "released" by "nova.context.set_target_cell..get_or_set_cached_cell_and_set_connections" :: held 0.001s {{(pid=120956) inner /usr/local/lib/python3.8/dist-packages/oslo_concurrency/lockutils.py:423}}
Oct 13 11:26:38.570661 n-d-861076-3 devstack@n-api.service[120955]: DEBUG nova.api.openstack.wsgi [None req-229b8a7d-407b-4142-a054-b8ece42690b0 tempest-KeyPairsV210TestJSON-839101174 tempest-KeyPairsV210TestJSON-839101174-project-admin] Action: 'create', calling method: .version_select at 0x7f7c69398ca0>, body: {"keypair": {"name": "tempest-keypair-1616608494", "type": "ssh", "user_id": "0ecd88531ed141d9a2778a77d35b6d8e", "public_key": "ecdsa-sha2-nistp384 AAAAE2VjZHNhLXNoYTItbmlzdHAzODQAAAAIbmlzdHAzODQAAABhBOu92sUWsCpyYxzuwYpHKqCi/+NG+NrryH3dwCyOeLbzdr4yuPKCC6zn5HgxYYsrwJfAzF2MbNYXKOxJYSSm17hw9kwJHH6Sip7d2lsTJ7XyzqBK6fVlLTrrE5tmSJldHg=="}} {{(pid=120955) _process_stack /opt/stack/nova/nova/api/openstack/wsgi.py:511}}
Oct 13 11:26:38.574525 n-d-861076-3 devstack@n-api.service[120956]: DEBUG oslo_concurrency.lockutils [None req-57874d48-00a1-44d0-b131-5ff9691d1f89 tempest-UnshelveToHostMultiNodesTest-645052768 tempest-UnshelveToHostMultiNodesTest-645052768-project] Acquiring lock "927aeabf-815e-4ba5-81c2-8cf52f374806" by "nova.context.set_target_cell..get_or_set_cached_cell_and_set_connections" {{(pid=120956) inner /usr/local/lib/python3.8/dist-packages/oslo_concurrency/lockutils.py:404}}
Oct 13 11:26:38.575322 n-d-861076-3 devstack@n-api.service[120956]: DEBUG oslo_concurrency.lockutils [None req-57874d48-00a1-44d0-b131-5ff9691d1f89 tempest-UnshelveToHostMultiNodesTest-645052768 tempest-UnshelveToHostMultiNodesTest-645052768-project] Lock "927aeabf-815e-4ba5-81c2-8cf52f374806" acquired by "nova.context.set_target_cell..get_or_set_cached_cell_and_set_connections" :: waited 0.001s {{(pid=120956) inner /usr/local/lib/python3.8/dist-packages/oslo_concurrency/lockutils.py:409}}
Oct 13 11:26:38.576040 n-d-861076-3 devstack@n-api.service[120956]: DEBUG oslo_concurrency.lockutils [None req-57874d48-00a1-44d0-b131-5ff9691d1f89 tempest-UnshelveToHostMultiNodesTest-645052768 tempest-UnshelveToHostMultiNodesTest-645052768-project] Lock "927aeabf-815e-4ba5-81c2-8cf52f374806" "released" by "nova.context.set_target_cell..get_or_set_cached_cell_and_set_connections" :: held 0.001s {{(pid=120956) inner /usr/local/lib/python3.8/dist-packages/oslo_concurrency/lockutils.py:423}}
Oct 13 11:26:38.631602 n-d-861076-3 devstack@n-api.service[120955]: DEBUG nova.quota [None req-229b8a7d-407b-4142-a054-b8ece42690b0 tempest-KeyPairsV210TestJSON-839101174 tempest-KeyPairsV210TestJSON-839101174-project-admin] Getting quotas for project e3822bf0e0854655bab7f034787a37a6. Resources: {'key_pairs'} {{(pid=120955) _get_quotas /opt/stack/nova/nova/quota.py:393}}
Oct 13 11:26:38.648263 n-d-861076-3 devstack@n-api.service[120955]: DEBUG nova.quota [None req-229b8a7d-407b-4142-a054-b8ece42690b0 tempest-KeyPairsV210TestJSON-839101174 tempest-KeyPairsV210TestJSON-839101174-project-admin] Getting quotas for user 0f8ddaed63dd4d4290c2adb73726aea5 and project e3822bf0e0854655bab7f034787a37a6. Resources: {'key_pairs'} {{(pid=120955) _get_quotas /opt/stack/nova/nova/quota.py:383}}
Oct 13 11:26:38.789204 n-d-861076-3 devstack@n-api.service[120955]: INFO nova.api.openstack.requestlog [None req-229b8a7d-407b-4142-a054-b8ece42690b0 tempest-KeyPairsV210TestJSON-839101174 tempest-KeyPairsV210TestJSON-839101174-project-admin] 10.222.0.27 "POST /compute/v2.1/os-keypairs" status: 201 len: 401 microversion: 2.10 time: 0.485668
Oct 13 11:26:38.790237 n-d-861076-3 devstack@n-api.service[120955]: [pid: 120955|app: 0|req: 60/106] 10.222.0.27 () {62 vars in 1200 bytes} [Thu Oct 13 11:26:38 2022] POST /compute/v2.1/os-keypairs => generated 401 bytes in 487 msecs (HTTP/1.1 201) 9 headers in 364 bytes (2 switches on core 0)
Oct 13 11:26:38.805402 n-d-861076-3 devstack@n-api.service[120955]: DEBUG nova.api.openstack.wsgi [None req-d40eeb7c-07f3-48d7-93cc-058358a54d2e tempest-KeyPairsV210TestJSON-839101174 tempest-KeyPairsV210TestJSON-839101174-project-admin] Action: 'create', calling method: .version_select at 0x7f7c6942c820>, body: {"keypair": {"name": "tempest-keypair-2121533597", "type": "ssh", "user_id": "0ecd88531ed141d9a2778a77d35b6d8e", "public_key": "ecdsa-sha2-nistp384 AAAAE2VjZHNhLXNoYTItbmlzdHAzODQAAAAIbmlzdHAzODQAAABhBMiX8EqBFRA/uO+hKXjws2oEOzabrbiLOTXuL0KfEbGG37GZksPdUVLGr5QOgkF3AZyjCB//3mpQMTZIRnsHNEBeAHnj90cGiyY64uq4MujijAR9ey8zvJ2KnUSBKs4i9A=="}} {{(pid=120955) _process_stack /opt/stack/nova/nova/api/openstack/wsgi.py:511}}
Oct 13 11:26:38.831407 n-d-861076-3 devstack@n-api.service[120955]: DEBUG nova.quota [None req-d40eeb7c-07f3-48d7-93cc-058358a54d2e tempest-KeyPairsV210TestJSON-839101174 tempest-KeyPairsV210TestJSON-839101174-project-admin] Getting quotas for project e3822bf0e0854655bab7f034787a37a6. Resources: {'key_pairs'} {{(pid=120955) _get_quotas /opt/stack/nova/nova/quota.py:393}}
Oct 13 11:26:38.837509 n-d-861076-3 devstack@n-api.service[120955]: DEBUG nova.quota [None req-d40eeb7c-07f3-48d7-93cc-058358a54d2e tempest-KeyPairsV210TestJSON-839101174 tempest-KeyPairsV210TestJSON-839101174-project-admin] Getting quotas for user 0f8ddaed63dd4d4290c2adb73726aea5 and project e3822bf0e0854655bab7f034787a37a6. Resources: {'key_pairs'} {{(pid=120955) _get_quotas /opt/stack/nova/nova/quota.py:383}}
Oct 13 11:26:38.910458 n-d-861076-3 devstack@n-api.service[120956]: DEBUG nova.policy [None req-57874d48-00a1-44d0-b131-5ff9691d1f89 tempest-UnshelveToHostMultiNodesTest-645052768 tempest-UnshelveToHostMultiNodesTest-645052768-project] Policy check for os_compute_api:os-extended-server-attributes failed with credentials {'is_admin': False, 'user_id': '66a772904ce8464e86f45610c1283206', 'user_domain_id': 'default', 'system_scope': None, 'domain_id': None, 'project_id': '35f3fa8e3b544137831216d5ff6e1bcb', 'project_domain_id': 'default', 'roles': ['member', 'reader'], 'is_admin_project': True, 'service_user_id': None, 'service_user_domain_id': None, 'service_project_id': None, 'service_project_domain_id': None, 'service_roles': []} {{(pid=120956) authorize /opt/stack/nova/nova/policy.py:199}}
Oct 13 11:26:38.929503 n-d-861076-3 devstack@n-api.service[120956]: DEBUG nova.policy [None req-57874d48-00a1-44d0-b131-5ff9691d1f89 tempest-UnshelveToHostMultiNodesTest-645052768 tempest-UnshelveToHostMultiNodesTest-645052768-project] Policy check for os_compute_api:servers:show:host_status failed with credentials {'is_admin': False, 'user_id': '66a772904ce8464e86f45610c1283206', 'user_domain_id': 'default', 'system_scope': None, 'domain_id': None, 'project_id': '35f3fa8e3b544137831216d5ff6e1bcb', 'project_domain_id': 'default', 'roles': ['member', 'reader'], 'is_admin_project': True, 'service_user_id': None, 'service_user_domain_id': None, 'service_project_id': None, 'service_project_domain_id': None, 'service_roles': []} {{(pid=120956) authorize /opt/stack/nova/nova/policy.py:199}}
Oct 13 11:26:38.931026 n-d-861076-3 devstack@n-api.service[120956]: DEBUG nova.policy [None req-57874d48-00a1-44d0-b131-5ff9691d1f89 tempest-UnshelveToHostMultiNodesTest-645052768 tempest-UnshelveToHostMultiNodesTest-645052768-project] Policy check for os_compute_api:servers:show:host_status:unknown-only failed with credentials {'is_admin': False, 'user_id': '66a772904ce8464e86f45610c1283206', 'user_domain_id': 'default', 'system_scope': None, 'domain_id': None, 'project_id': '35f3fa8e3b544137831216d5ff6e1bcb', 'project_domain_id': 'default', 'roles': ['member', 'reader'], 'is_admin_project': True, 'service_user_id': None, 'service_user_domain_id': None, 'service_project_id': None, 'service_project_domain_id': None, 'service_roles': []} {{(pid=120956) authorize /opt/stack/nova/nova/policy.py:199}}
Oct 13 11:26:38.953775 n-d-861076-3 devstack@n-api.service[120956]: INFO nova.api.openstack.requestlog [None req-57874d48-00a1-44d0-b131-5ff9691d1f89 tempest-UnshelveToHostMultiNodesTest-645052768 tempest-UnshelveToHostMultiNodesTest-645052768-project] 10.222.0.27 "GET /compute/v2.1/servers/b31a269d-538d-4522-93c6-1a92e6d4f46b" status: 200 len: 1512 microversion: 2.91 time: 0.400281
Oct 13 11:26:38.956116 n-d-861076-3 devstack@n-api.service[120956]: [pid: 120956|app: 0|req: 47/107] 10.222.0.27 () {60 vars in 1277 bytes} [Thu Oct 13 11:26:38 2022] GET /compute/v2.1/servers/b31a269d-538d-4522-93c6-1a92e6d4f46b => generated 1512 bytes in 404 msecs (HTTP/1.1 200) 9 headers in 360 bytes (2 switches on core 0)
Oct 13 11:26:38.964965 n-d-861076-3 devstack@n-api.service[120956]: DEBUG nova.api.openstack.wsgi [None req-b4c40fad-c810-44ea-9cc3-c57c6315bbd0 tempest-DeleteServersAdminTestJSON-1962713977 tempest-DeleteServersAdminTestJSON-1962713977-project] Calling method '>' {{(pid=120956) _process_stack /opt/stack/nova/nova/api/openstack/wsgi.py:513}}
Oct 13 11:26:38.966157 n-d-861076-3 devstack@n-api.service[120956]: DEBUG nova.compute.api [None req-b4c40fad-c810-44ea-9cc3-c57c6315bbd0 tempest-DeleteServersAdminTestJSON-1962713977 tempest-DeleteServersAdminTestJSON-1962713977-project] [instance: fb7369ab-de5f-41fb-9941-5f9ae93434dd] Fetching instance by UUID {{(pid=120956) get /opt/stack/nova/nova/compute/api.py:2975}}
Oct 13 11:26:38.984738 n-d-861076-3 devstack@n-api.service[120956]: DEBUG oslo_concurrency.lockutils [None req-b4c40fad-c810-44ea-9cc3-c57c6315bbd0 tempest-DeleteServersAdminTestJSON-1962713977 tempest-DeleteServersAdminTestJSON-1962713977-project] Acquiring lock "927aeabf-815e-4ba5-81c2-8cf52f374806" by "nova.context.set_target_cell..get_or_set_cached_cell_and_set_connections" {{(pid=120956) inner /usr/local/lib/python3.8/dist-packages/oslo_concurrency/lockutils.py:404}}
Oct 13 11:26:38.985228 n-d-861076-3 devstack@n-api.service[120956]: DEBUG oslo_concurrency.lockutils [None req-b4c40fad-c810-44ea-9cc3-c57c6315bbd0 tempest-DeleteServersAdminTestJSON-1962713977 tempest-DeleteServersAdminTestJSON-1962713977-project] Lock "927aeabf-815e-4ba5-81c2-8cf52f374806" acquired by "nova.context.set_target_cell..get_or_set_cached_cell_and_set_connections" :: waited 0.001s {{(pid=120956) inner /usr/local/lib/python3.8/dist-packages/oslo_concurrency/lockutils.py:409}}
Oct 13 11:26:38.985832 n-d-861076-3 devstack@n-api.service[120956]: DEBUG oslo_concurrency.lockutils [None req-b4c40fad-c810-44ea-9cc3-c57c6315bbd0 tempest-DeleteServersAdminTestJSON-1962713977 tempest-DeleteServersAdminTestJSON-1962713977-project] Lock "927aeabf-815e-4ba5-81c2-8cf52f374806" "released" by "nova.context.set_target_cell..get_or_set_cached_cell_and_set_connections" :: held 0.001s {{(pid=120956) inner /usr/local/lib/python3.8/dist-packages/oslo_concurrency/lockutils.py:423}}
Oct 13 11:26:38.986689 n-d-861076-3 devstack@n-api.service[120956]: DEBUG oslo_concurrency.lockutils [None req-b4c40fad-c810-44ea-9cc3-c57c6315bbd0 tempest-DeleteServersAdminTestJSON-1962713977 tempest-DeleteServersAdminTestJSON-1962713977-project] Acquiring lock "927aeabf-815e-4ba5-81c2-8cf52f374806" by "nova.context.set_target_cell..get_or_set_cached_cell_and_set_connections" {{(pid=120956) inner /usr/local/lib/python3.8/dist-packages/oslo_concurrency/lockutils.py:404}}
Oct 13 11:26:38.987304 n-d-861076-3 devstack@n-api.service[120956]: DEBUG oslo_concurrency.lockutils [None req-b4c40fad-c810-44ea-9cc3-c57c6315bbd0 tempest-DeleteServersAdminTestJSON-1962713977 tempest-DeleteServersAdminTestJSON-1962713977-project] Lock "927aeabf-815e-4ba5-81c2-8cf52f374806" acquired by "nova.context.set_target_cell..get_or_set_cached_cell_and_set_connections" :: waited 0.001s {{(pid=120956) inner /usr/local/lib/python3.8/dist-packages/oslo_concurrency/lockutils.py:409}}
Oct 13 11:26:38.987871 n-d-861076-3 devstack@n-api.service[120956]: DEBUG oslo_concurrency.lockutils [None req-b4c40fad-c810-44ea-9cc3-c57c6315bbd0 tempest-DeleteServersAdminTestJSON-1962713977 tempest-DeleteServersAdminTestJSON-1962713977-project] Lock "927aeabf-815e-4ba5-81c2-8cf52f374806" "released" by "nova.context.set_target_cell..get_or_set_cached_cell_and_set_connections" :: held 0.001s {{(pid=120956) inner /usr/local/lib/python3.8/dist-packages/oslo_concurrency/lockutils.py:423}}
Oct 13 11:26:39.001127 n-d-861076-3 devstack@n-api.service[120955]: INFO nova.api.openstack.requestlog [None req-d40eeb7c-07f3-48d7-93cc-058358a54d2e tempest-KeyPairsV210TestJSON-839101174 tempest-KeyPairsV210TestJSON-839101174-project-admin] 10.222.0.27 "POST /compute/v2.1/os-keypairs" status: 201 len: 401 microversion: 2.10 time: 0.199112
Oct 13 11:26:39.008110 n-d-861076-3 devstack@n-api.service[120955]: [pid: 120955|app: 0|req: 61/108] 10.222.0.27 () {62 vars in 1200 bytes} [Thu Oct 13 11:26:38 2022] POST /compute/v2.1/os-keypairs => generated 401 bytes in 208 msecs (HTTP/1.1 201) 9 headers in 364 bytes (2 switches on core 0)
Oct 13 11:26:39.021171 n-d-861076-3 devstack@n-api.service[120955]: DEBUG nova.api.openstack.wsgi [None req-92db01c2-fded-42ce-bda4-438aa04c62e6 tempest-KeyPairsV210TestJSON-839101174 tempest-KeyPairsV210TestJSON-839101174-project-admin] Calling method '.version_select at 0x7f7c69345700>' {{(pid=120955) _process_stack /opt/stack/nova/nova/api/openstack/wsgi.py:513}}
Oct 13 11:26:39.033088 n-d-861076-3 devstack@n-api.service[120956]: DEBUG dbcounter [-] [120956] Writing DB stats nova_cell1:SELECT=100 {{(pid=120956) stat_writer /usr/local/lib/python3.8/dist-packages/dbcounter.py:114}}
Oct 13 11:26:39.061677 n-d-861076-3 devstack@n-api.service[120955]: INFO nova.api.openstack.requestlog [None req-92db01c2-fded-42ce-bda4-438aa04c62e6 tempest-KeyPairsV210TestJSON-839101174 tempest-KeyPairsV210TestJSON-839101174-project-admin] 10.222.0.27 "GET /compute/v2.1/os-keypairs/tempest-keypair-1616608494?user_id=0ecd88531ed141d9a2778a77d35b6d8e" status: 200 len: 512 microversion: 2.10 time: 0.044383
Oct 13 11:26:39.064019 n-d-861076-3 devstack@n-api.service[120955]: [pid: 120955|app: 0|req: 62/109] 10.222.0.27 () {60 vars in 1340 bytes} [Thu Oct 13 11:26:39 2022] GET /compute/v2.1/os-keypairs/tempest-keypair-1616608494?user_id=0ecd88531ed141d9a2778a77d35b6d8e => generated 512 bytes in 51 msecs (HTTP/1.1 200) 9 headers in 359 bytes (1 switches on core 0)
Oct 13 11:26:39.079426 n-d-861076-3 devstack@n-api.service[120955]: DEBUG nova.api.openstack.wsgi [None req-d30ea0c9-3b9a-4451-991d-b557a6bb56fb tempest-KeyPairsV210TestJSON-839101174 tempest-KeyPairsV210TestJSON-839101174-project-admin] Action: 'create', calling method: .version_select at 0x7f7c69345790>, body: {"keypair": {"name": "tempest-KeyPairsV210TestJSON-keypair-891675779", "type": "ssh", "public_key": "ecdsa-sha2-nistp384 AAAAE2VjZHNhLXNoYTItbmlzdHAzODQAAAAIbmlzdHAzODQAAABhBNVVzMCFHrQc9SNgwtxUb6MoKuxblPzFq7AvPrT8gOZHA7V8AhIuUwkz6ZR7FSb1ql9lGwSi3lNO68JpHFCtyyVxIkkSXRQtGTJ1W5IAJp/nSccjzpD/0DXWF1sESJygLw=="}} {{(pid=120955) _process_stack /opt/stack/nova/nova/api/openstack/wsgi.py:511}}
Oct 13 11:26:39.099497 n-d-861076-3 devstack@n-api.service[120955]: DEBUG nova.quota [None req-d30ea0c9-3b9a-4451-991d-b557a6bb56fb tempest-KeyPairsV210TestJSON-839101174 tempest-KeyPairsV210TestJSON-839101174-project-admin] Getting quotas for project e3822bf0e0854655bab7f034787a37a6. Resources: {'key_pairs'} {{(pid=120955) _get_quotas /opt/stack/nova/nova/quota.py:393}}
Oct 13 11:26:39.105038 n-d-861076-3 devstack@n-api.service[120955]: DEBUG nova.quota [None req-d30ea0c9-3b9a-4451-991d-b557a6bb56fb tempest-KeyPairsV210TestJSON-839101174 tempest-KeyPairsV210TestJSON-839101174-project-admin] Getting quotas for user 0f8ddaed63dd4d4290c2adb73726aea5 and project e3822bf0e0854655bab7f034787a37a6. Resources: {'key_pairs'} {{(pid=120955) _get_quotas /opt/stack/nova/nova/quota.py:383}}
Oct 13 11:26:39.194781 n-d-861076-3 devstack@n-api.service[120955]: INFO nova.api.openstack.requestlog [None req-d30ea0c9-3b9a-4451-991d-b557a6bb56fb tempest-KeyPairsV210TestJSON-839101174 tempest-KeyPairsV210TestJSON-839101174-project-admin] 10.222.0.27 "POST /compute/v2.1/os-keypairs" status: 201 len: 421 microversion: 2.10 time: 0.120685
Oct 13 11:26:39.203855 n-d-861076-3 devstack@n-api.service[120955]: [pid: 120955|app: 0|req: 63/110] 10.222.0.27 () {62 vars in 1200 bytes} [Thu Oct 13 11:26:39 2022] POST /compute/v2.1/os-keypairs => generated 421 bytes in 122 msecs (HTTP/1.1 201) 9 headers in 364 bytes (1 switches on core 0)
Oct 13 11:26:39.203855 n-d-861076-3 devstack@n-api.service[120955]: DEBUG nova.api.openstack.wsgi [None req-d0976397-3af2-442a-a08e-134e7cec33fd tempest-AggregatesAdminTestJSON-1394786544 tempest-AggregatesAdminTestJSON-1394786544-project] Calling method '>' {{(pid=120955) _process_stack /opt/stack/nova/nova/api/openstack/wsgi.py:513}}
Oct 13 11:26:39.203855 n-d-861076-3 devstack@n-api.service[120955]: DEBUG nova.compute.api [None req-d0976397-3af2-442a-a08e-134e7cec33fd tempest-AggregatesAdminTestJSON-1394786544 tempest-AggregatesAdminTestJSON-1394786544-project] [instance: 7d7338ed-822c-4a53-b83c-02502ada5235] Fetching instance by UUID {{(pid=120955) get /opt/stack/nova/nova/compute/api.py:2975}}
Oct 13 11:26:39.209098 n-d-861076-3 devstack@n-api.service[120955]: DEBUG oslo_concurrency.lockutils [None req-d0976397-3af2-442a-a08e-134e7cec33fd tempest-AggregatesAdminTestJSON-1394786544 tempest-AggregatesAdminTestJSON-1394786544-project] Acquiring lock "927aeabf-815e-4ba5-81c2-8cf52f374806" by "nova.context.set_target_cell..get_or_set_cached_cell_and_set_connections" {{(pid=120955) inner /usr/local/lib/python3.8/dist-packages/oslo_concurrency/lockutils.py:404}}
Oct 13 11:26:39.209880 n-d-861076-3 devstack@n-api.service[120955]: DEBUG oslo_concurrency.lockutils [None req-d0976397-3af2-442a-a08e-134e7cec33fd tempest-AggregatesAdminTestJSON-1394786544 tempest-AggregatesAdminTestJSON-1394786544-project] Lock "927aeabf-815e-4ba5-81c2-8cf52f374806" acquired by "nova.context.set_target_cell..get_or_set_cached_cell_and_set_connections" :: waited 0.001s {{(pid=120955) inner /usr/local/lib/python3.8/dist-packages/oslo_concurrency/lockutils.py:409}}
Oct 13 11:26:39.210558 n-d-861076-3 devstack@n-api.service[120955]: DEBUG oslo_concurrency.lockutils [None req-d0976397-3af2-442a-a08e-134e7cec33fd tempest-AggregatesAdminTestJSON-1394786544 tempest-AggregatesAdminTestJSON-1394786544-project] Lock "927aeabf-815e-4ba5-81c2-8cf52f374806" "released" by "nova.context.set_target_cell..get_or_set_cached_cell_and_set_connections" :: held 0.001s {{(pid=120955) inner /usr/local/lib/python3.8/dist-packages/oslo_concurrency/lockutils.py:423}}
Oct 13 11:26:39.211546 n-d-861076-3 devstack@n-api.service[120955]: DEBUG oslo_concurrency.lockutils [None req-d0976397-3af2-442a-a08e-134e7cec33fd tempest-AggregatesAdminTestJSON-1394786544 tempest-AggregatesAdminTestJSON-1394786544-project] Acquiring lock "927aeabf-815e-4ba5-81c2-8cf52f374806" by "nova.context.set_target_cell..get_or_set_cached_cell_and_set_connections" {{(pid=120955) inner /usr/local/lib/python3.8/dist-packages/oslo_concurrency/lockutils.py:404}}
Oct 13 11:26:39.212275 n-d-861076-3 devstack@n-api.service[120955]: DEBUG oslo_concurrency.lockutils [None req-d0976397-3af2-442a-a08e-134e7cec33fd tempest-AggregatesAdminTestJSON-1394786544 tempest-AggregatesAdminTestJSON-1394786544-project] Lock "927aeabf-815e-4ba5-81c2-8cf52f374806" acquired by "nova.context.set_target_cell..get_or_set_cached_cell_and_set_connections" :: waited 0.001s {{(pid=120955) inner /usr/local/lib/python3.8/dist-packages/oslo_concurrency/lockutils.py:409}}
Oct 13 11:26:39.213087 n-d-861076-3 devstack@n-api.service[120955]: DEBUG oslo_concurrency.lockutils [None req-d0976397-3af2-442a-a08e-134e7cec33fd tempest-AggregatesAdminTestJSON-1394786544 tempest-AggregatesAdminTestJSON-1394786544-project] Lock "927aeabf-815e-4ba5-81c2-8cf52f374806" "released" by "nova.context.set_target_cell..get_or_set_cached_cell_and_set_connections" :: held 0.001s {{(pid=120955) inner /usr/local/lib/python3.8/dist-packages/oslo_concurrency/lockutils.py:423}}
Oct 13 11:26:39.475832 n-d-861076-3 devstack@n-api.service[120956]: DEBUG nova.policy [None req-b4c40fad-c810-44ea-9cc3-c57c6315bbd0 tempest-DeleteServersAdminTestJSON-1962713977 tempest-DeleteServersAdminTestJSON-1962713977-project] Policy check for os_compute_api:os-extended-server-attributes failed with credentials {'is_admin': False, 'user_id': 'cfd526738dda4d869a35f4e99fdc367b', 'user_domain_id': 'default', 'system_scope': None, 'domain_id': None, 'project_id': '8d1239174bed4aaa82df2557b6840d53', 'project_domain_id': 'default', 'roles': ['member', 'reader'], 'is_admin_project': True, 'service_user_id': None, 'service_user_domain_id': None, 'service_project_id': None, 'service_project_domain_id': None, 'service_roles': []} {{(pid=120956) authorize /opt/stack/nova/nova/policy.py:199}}
Oct 13 11:26:39.491790 n-d-861076-3 devstack@n-api.service[120956]: INFO nova.api.openstack.requestlog [None req-b4c40fad-c810-44ea-9cc3-c57c6315bbd0 tempest-DeleteServersAdminTestJSON-1962713977 tempest-DeleteServersAdminTestJSON-1962713977-project] 10.222.0.27 "GET /compute/v2.1/servers/fb7369ab-de5f-41fb-9941-5f9ae93434dd" status: 200 len: 1341 microversion: 2.1 time: 0.534534
Oct 13 11:26:39.503414 n-d-861076-3 devstack@n-api.service[120956]: [pid: 120956|app: 0|req: 48/111] 10.222.0.27 () {58 vars in 1236 bytes} [Thu Oct 13 11:26:38 2022] GET /compute/v2.1/servers/fb7369ab-de5f-41fb-9941-5f9ae93434dd => generated 1341 bytes in 547 msecs (HTTP/1.1 200) 9 headers in 358 bytes (1 switches on core 0)
Oct 13 11:26:39.512363 n-d-861076-3 devstack@n-api.service[120955]: DEBUG nova.policy [None req-d0976397-3af2-442a-a08e-134e7cec33fd tempest-AggregatesAdminTestJSON-1394786544 tempest-AggregatesAdminTestJSON-1394786544-project] Policy check for os_compute_api:os-extended-server-attributes failed with credentials {'is_admin': False, 'user_id': '47f5af95436c41bcbb85d035a1db90a9', 'user_domain_id': 'default', 'system_scope': None, 'domain_id': None, 'project_id': '9a81ce048e8140a09bc136b4015a9915', 'project_domain_id': 'default', 'roles': ['member', 'reader'], 'is_admin_project': True, 'service_user_id': None, 'service_user_domain_id': None, 'service_project_id': None, 'service_project_domain_id': None, 'service_roles': []} {{(pid=120955) authorize /opt/stack/nova/nova/policy.py:199}}
Oct 13 11:26:39.513959 n-d-861076-3 devstack@n-api.service[120956]: DEBUG nova.api.openstack.wsgi [None req-24ba0f80-4386-4d93-a803-31bd63e8eae7 tempest-KeyPairsV210TestJSON-839101174 tempest-KeyPairsV210TestJSON-839101174-project-admin] Calling method '.version_select at 0x7f7c695dad30>' {{(pid=120956) _process_stack /opt/stack/nova/nova/api/openstack/wsgi.py:513}}
Oct 13 11:26:39.523734 n-d-861076-3 devstack@n-api.service[120955]: INFO nova.api.openstack.requestlog [None req-d0976397-3af2-442a-a08e-134e7cec33fd tempest-AggregatesAdminTestJSON-1394786544 tempest-AggregatesAdminTestJSON-1394786544-project] 10.222.0.27 "GET /compute/v2.1/servers/7d7338ed-822c-4a53-b83c-02502ada5235" status: 200 len: 1338 microversion: 2.1 time: 0.327206
Oct 13 11:26:39.524660 n-d-861076-3 devstack@n-api.service[120955]: [pid: 120955|app: 0|req: 64/112] 10.222.0.27 () {58 vars in 1236 bytes} [Thu Oct 13 11:26:39 2022] GET /compute/v2.1/servers/7d7338ed-822c-4a53-b83c-02502ada5235 => generated 1338 bytes in 328 msecs (HTTP/1.1 200) 9 headers in 358 bytes (1 switches on core 0)
Oct 13 11:26:39.536421 n-d-861076-3 devstack@n-api.service[120956]: WARNING oslo_db.sqlalchemy.utils [None req-24ba0f80-4386-4d93-a803-31bd63e8eae7 tempest-KeyPairsV210TestJSON-839101174 tempest-KeyPairsV210TestJSON-839101174-project-admin] Unique keys not in sort_keys. The sorting order may be unstable.
Oct 13 11:26:39.572418 n-d-861076-3 devstack@n-api.service[120956]: INFO nova.api.openstack.requestlog [None req-24ba0f80-4386-4d93-a803-31bd63e8eae7 tempest-KeyPairsV210TestJSON-839101174 tempest-KeyPairsV210TestJSON-839101174-project-admin] 10.222.0.27 "GET /compute/v2.1/os-keypairs?user_id=0ecd88531ed141d9a2778a77d35b6d8e" status: 200 len: 726 microversion: 2.10 time: 0.067487
Oct 13 11:26:39.576349 n-d-861076-3 devstack@n-api.service[120956]: [pid: 120956|app: 0|req: 49/113] 10.222.0.27 () {60 vars in 1259 bytes} [Thu Oct 13 11:26:39 2022] GET /compute/v2.1/os-keypairs?user_id=0ecd88531ed141d9a2778a77d35b6d8e => generated 726 bytes in 72 msecs (HTTP/1.1 200) 9 headers in 359 bytes (1 switches on core 0)
Oct 13 11:26:39.588026 n-d-861076-3 devstack@n-api.service[120955]: DEBUG nova.api.openstack.wsgi [None req-6a18b6f2-7685-4f8e-97ac-b74f7ba2ffcc tempest-KeyPairsV210TestJSON-839101174 tempest-KeyPairsV210TestJSON-839101174-project-admin] Calling method '.version_select at 0x7f7c69345af0>' {{(pid=120955) _process_stack /opt/stack/nova/nova/api/openstack/wsgi.py:513}}
Oct 13 11:26:39.671420 n-d-861076-3 devstack@n-api.service[120955]: INFO nova.api.openstack.requestlog [None req-6a18b6f2-7685-4f8e-97ac-b74f7ba2ffcc tempest-KeyPairsV210TestJSON-839101174 tempest-KeyPairsV210TestJSON-839101174-project-admin] 10.222.0.27 "DELETE /compute/v2.1/os-keypairs/tempest-KeyPairsV210TestJSON-keypair-891675779" status: 204 len: 0 microversion: 2.10 time: 0.089774
Oct 13 11:26:39.672418 n-d-861076-3 devstack@n-api.service[120955]: [pid: 120955|app: 0|req: 65/114] 10.222.0.27 () {60 vars in 1322 bytes} [Thu Oct 13 11:26:39 2022] DELETE /compute/v2.1/os-keypairs/tempest-KeyPairsV210TestJSON-keypair-891675779 => generated 0 bytes in 91 msecs (HTTP/1.1 204) 9 headers in 365 bytes (1 switches on core 0)
Oct 13 11:26:39.683447 n-d-861076-3 devstack@n-api.service[120956]: DEBUG nova.api.openstack.wsgi [None req-dce69f8d-fdb6-41fa-9329-7652bcfdb314 tempest-KeyPairsV210TestJSON-839101174 tempest-KeyPairsV210TestJSON-839101174-project-admin] Calling method '.version_select at 0x7f7c6961ea60>' {{(pid=120956) _process_stack /opt/stack/nova/nova/api/openstack/wsgi.py:513}}
Oct 13 11:26:39.817084 n-d-861076-3 devstack@n-api.service[120956]: INFO nova.api.openstack.requestlog [None req-dce69f8d-fdb6-41fa-9329-7652bcfdb314 tempest-KeyPairsV210TestJSON-839101174 tempest-KeyPairsV210TestJSON-839101174-project-admin] 10.222.0.27 "DELETE /compute/v2.1/os-keypairs/tempest-keypair-2121533597?user_id=0ecd88531ed141d9a2778a77d35b6d8e" status: 204 len: 0 microversion: 2.10 time: 0.138546
Oct 13 11:26:39.818024 n-d-861076-3 devstack@n-api.service[120956]: [pid: 120956|app: 0|req: 50/115] 10.222.0.27 () {60 vars in 1343 bytes} [Thu Oct 13 11:26:39 2022] DELETE /compute/v2.1/os-keypairs/tempest-keypair-2121533597?user_id=0ecd88531ed141d9a2778a77d35b6d8e => generated 0 bytes in 141 msecs (HTTP/1.1 204) 9 headers in 365 bytes (1 switches on core 0)
Oct 13 11:26:39.831399 n-d-861076-3 devstack@n-api.service[120956]: DEBUG nova.api.openstack.wsgi [None req-fe139625-e375-4898-b7e7-bb4625e4fe88 tempest-KeyPairsV210TestJSON-839101174 tempest-KeyPairsV210TestJSON-839101174-project-admin] Calling method '.version_select at 0x7f7c69639940>' {{(pid=120956) _process_stack /opt/stack/nova/nova/api/openstack/wsgi.py:513}}
Oct 13 11:26:39.952327 n-d-861076-3 devstack@n-api.service[120956]: INFO nova.api.openstack.requestlog [None req-fe139625-e375-4898-b7e7-bb4625e4fe88 tempest-KeyPairsV210TestJSON-839101174 tempest-KeyPairsV210TestJSON-839101174-project-admin] 10.222.0.27 "DELETE /compute/v2.1/os-keypairs/tempest-keypair-1616608494?user_id=0ecd88531ed141d9a2778a77d35b6d8e" status: 204 len: 0 microversion: 2.10 time: 0.128440
Oct 13 11:26:39.958901 n-d-861076-3 devstack@n-api.service[120956]: [pid: 120956|app: 0|req: 51/116] 10.222.0.27 () {60 vars in 1343 bytes} [Thu Oct 13 11:26:39 2022] DELETE /compute/v2.1/os-keypairs/tempest-keypair-1616608494?user_id=0ecd88531ed141d9a2778a77d35b6d8e => generated 0 bytes in 131 msecs (HTTP/1.1 204) 9 headers in 365 bytes (1 switches on core 0)
Oct 13 11:26:39.999862 n-d-861076-3 devstack@n-api.service[120956]: DEBUG nova.api.openstack.wsgi [None req-c796fd92-6dbf-4aba-a815-7db3b1aefe64 tempest-UnshelveToHostMultiNodesTest-645052768 tempest-UnshelveToHostMultiNodesTest-645052768-project] Calling method '>' {{(pid=120956) _process_stack /opt/stack/nova/nova/api/openstack/wsgi.py:513}}
Oct 13 11:26:40.000982 n-d-861076-3 devstack@n-api.service[120956]: DEBUG nova.compute.api [None req-c796fd92-6dbf-4aba-a815-7db3b1aefe64 tempest-UnshelveToHostMultiNodesTest-645052768 tempest-UnshelveToHostMultiNodesTest-645052768-project] [instance: b31a269d-538d-4522-93c6-1a92e6d4f46b] Fetching instance by UUID {{(pid=120956) get /opt/stack/nova/nova/compute/api.py:2975}}
Oct 13 11:26:40.026646 n-d-861076-3 devstack@n-api.service[120956]: DEBUG oslo_concurrency.lockutils [None req-c796fd92-6dbf-4aba-a815-7db3b1aefe64 tempest-UnshelveToHostMultiNodesTest-645052768 tempest-UnshelveToHostMultiNodesTest-645052768-project] Acquiring lock "927aeabf-815e-4ba5-81c2-8cf52f374806" by "nova.context.set_target_cell..get_or_set_cached_cell_and_set_connections" {{(pid=120956) inner /usr/local/lib/python3.8/dist-packages/oslo_concurrency/lockutils.py:404}}
Oct 13 11:26:40.027918 n-d-861076-3 devstack@n-api.service[120956]: DEBUG oslo_concurrency.lockutils [None req-c796fd92-6dbf-4aba-a815-7db3b1aefe64 tempest-UnshelveToHostMultiNodesTest-645052768 tempest-UnshelveToHostMultiNodesTest-645052768-project] Lock "927aeabf-815e-4ba5-81c2-8cf52f374806" acquired by "nova.context.set_target_cell..get_or_set_cached_cell_and_set_connections" :: waited 0.003s {{(pid=120956) inner /usr/local/lib/python3.8/dist-packages/oslo_concurrency/lockutils.py:409}}
Oct 13 11:26:40.028701 n-d-861076-3 devstack@n-api.service[120956]: DEBUG oslo_concurrency.lockutils [None req-c796fd92-6dbf-4aba-a815-7db3b1aefe64 tempest-UnshelveToHostMultiNodesTest-645052768 tempest-UnshelveToHostMultiNodesTest-645052768-project] Lock "927aeabf-815e-4ba5-81c2-8cf52f374806" "released" by "nova.context.set_target_cell..get_or_set_cached_cell_and_set_connections" :: held 0.001s {{(pid=120956) inner /usr/local/lib/python3.8/dist-packages/oslo_concurrency/lockutils.py:423}}
Oct 13 11:26:40.029811 n-d-861076-3 devstack@n-api.service[120956]: DEBUG oslo_concurrency.lockutils [None req-c796fd92-6dbf-4aba-a815-7db3b1aefe64 tempest-UnshelveToHostMultiNodesTest-645052768 tempest-UnshelveToHostMultiNodesTest-645052768-project] Acquiring lock "927aeabf-815e-4ba5-81c2-8cf52f374806" by "nova.context.set_target_cell..get_or_set_cached_cell_and_set_connections" {{(pid=120956) inner /usr/local/lib/python3.8/dist-packages/oslo_concurrency/lockutils.py:404}}
Oct 13 11:26:40.030567 n-d-861076-3 devstack@n-api.service[120956]: DEBUG oslo_concurrency.lockutils [None req-c796fd92-6dbf-4aba-a815-7db3b1aefe64 tempest-UnshelveToHostMultiNodesTest-645052768 tempest-UnshelveToHostMultiNodesTest-645052768-project] Lock "927aeabf-815e-4ba5-81c2-8cf52f374806" acquired by "nova.context.set_target_cell..get_or_set_cached_cell_and_set_connections" :: waited 0.001s {{(pid=120956) inner /usr/local/lib/python3.8/dist-packages/oslo_concurrency/lockutils.py:409}}
Oct 13 11:26:40.032117 n-d-861076-3 devstack@n-api.service[120956]: DEBUG oslo_concurrency.lockutils [None req-c796fd92-6dbf-4aba-a815-7db3b1aefe64 tempest-UnshelveToHostMultiNodesTest-645052768 tempest-UnshelveToHostMultiNodesTest-645052768-project] Lock "927aeabf-815e-4ba5-81c2-8cf52f374806" "released" by "nova.context.set_target_cell..get_or_set_cached_cell_and_set_connections" :: held 0.001s {{(pid=120956) inner /usr/local/lib/python3.8/dist-packages/oslo_concurrency/lockutils.py:423}}
Oct 13 11:26:40.189851 n-d-861076-3 devstack@n-api.service[120956]: DEBUG nova.policy [None req-c796fd92-6dbf-4aba-a815-7db3b1aefe64 tempest-UnshelveToHostMultiNodesTest-645052768 tempest-UnshelveToHostMultiNodesTest-645052768-project] Policy check for os_compute_api:os-extended-server-attributes failed with credentials {'is_admin': False, 'user_id': '66a772904ce8464e86f45610c1283206', 'user_domain_id': 'default', 'system_scope': None, 'domain_id': None, 'project_id': '35f3fa8e3b544137831216d5ff6e1bcb', 'project_domain_id': 'default', 'roles': ['member', 'reader'], 'is_admin_project': True, 'service_user_id': None, 'service_user_domain_id': None, 'service_project_id': None, 'service_project_domain_id': None, 'service_roles': []} {{(pid=120956) authorize /opt/stack/nova/nova/policy.py:199}}
Oct 13 11:26:40.203384 n-d-861076-3 devstack@n-api.service[120955]: DEBUG dbcounter [-] [120955] Writing DB stats nova_cell0:SELECT=4 {{(pid=120955) stat_writer /usr/local/lib/python3.8/dist-packages/dbcounter.py:114}}
Oct 13 11:26:40.211206 n-d-861076-3 devstack@n-api.service[120956]: DEBUG nova.policy [None req-c796fd92-6dbf-4aba-a815-7db3b1aefe64 tempest-UnshelveToHostMultiNodesTest-645052768 tempest-UnshelveToHostMultiNodesTest-645052768-project] Policy check for os_compute_api:servers:show:host_status failed with credentials {'is_admin': False, 'user_id': '66a772904ce8464e86f45610c1283206', 'user_domain_id': 'default', 'system_scope': None, 'domain_id': None, 'project_id': '35f3fa8e3b544137831216d5ff6e1bcb', 'project_domain_id': 'default', 'roles': ['member', 'reader'], 'is_admin_project': True, 'service_user_id': None, 'service_user_domain_id': None, 'service_project_id': None, 'service_project_domain_id': None, 'service_roles': []} {{(pid=120956) authorize /opt/stack/nova/nova/policy.py:199}}
Oct 13 11:26:40.213798 n-d-861076-3 devstack@n-api.service[120956]: DEBUG nova.policy [None req-c796fd92-6dbf-4aba-a815-7db3b1aefe64 tempest-UnshelveToHostMultiNodesTest-645052768 tempest-UnshelveToHostMultiNodesTest-645052768-project] Policy check for os_compute_api:servers:show:host_status:unknown-only failed with credentials {'is_admin': False, 'user_id': '66a772904ce8464e86f45610c1283206', 'user_domain_id': 'default', 'system_scope': None, 'domain_id': None, 'project_id': '35f3fa8e3b544137831216d5ff6e1bcb', 'project_domain_id': 'default', 'roles': ['member', 'reader'], 'is_admin_project': True, 'service_user_id': None, 'service_user_domain_id': None, 'service_project_id': None, 'service_project_domain_id': None, 'service_roles': []} {{(pid=120956) authorize /opt/stack/nova/nova/policy.py:199}}
Oct 13 11:26:40.215695 n-d-861076-3 devstack@n-api.service[120955]: DEBUG nova.api.openstack.wsgi [None req-23be1d63-6e22-4b03-ae9c-4d528c67500b tempest-ServersWithSpecificFlavorTestJSON-100760756 tempest-ServersWithSpecificFlavorTestJSON-100760756-project] Calling method '>' {{(pid=120955) _process_stack /opt/stack/nova/nova/api/openstack/wsgi.py:513}}
Oct 13 11:26:40.226439 n-d-861076-3 devstack@n-api.service[120956]: INFO nova.api.openstack.requestlog [None req-c796fd92-6dbf-4aba-a815-7db3b1aefe64 tempest-UnshelveToHostMultiNodesTest-645052768 tempest-UnshelveToHostMultiNodesTest-645052768-project] 10.222.0.27 "GET /compute/v2.1/servers/b31a269d-538d-4522-93c6-1a92e6d4f46b" status: 200 len: 1512 microversion: 2.91 time: 0.230275
Oct 13 11:26:40.231654 n-d-861076-3 devstack@n-api.service[120956]: [pid: 120956|app: 0|req: 52/117] 10.222.0.27 () {60 vars in 1277 bytes} [Thu Oct 13 11:26:39 2022] GET /compute/v2.1/servers/b31a269d-538d-4522-93c6-1a92e6d4f46b => generated 1512 bytes in 237 msecs (HTTP/1.1 200) 9 headers in 360 bytes (1 switches on core 0)
Oct 13 11:26:40.240940 n-d-861076-3 devstack@n-api.service[120955]: INFO nova.api.openstack.requestlog [None req-23be1d63-6e22-4b03-ae9c-4d528c67500b tempest-ServersWithSpecificFlavorTestJSON-100760756 tempest-ServersWithSpecificFlavorTestJSON-100760756-project] 10.222.0.27 "GET /compute/v2.1/flavors/452" status: 200 len: 370 microversion: 2.1 time: 0.468488
Oct 13 11:26:40.241818 n-d-861076-3 devstack@n-api.service[120955]: [pid: 120955|app: 0|req: 66/118] 10.222.0.27 () {58 vars in 1137 bytes} [Thu Oct 13 11:26:39 2022] GET /compute/v2.1/flavors/452 => generated 370 bytes in 471 msecs (HTTP/1.1 200) 9 headers in 357 bytes (1 switches on core 0)
Oct 13 11:26:40.537140 n-d-861076-3 devstack@n-api.service[120955]: DEBUG nova.api.openstack.wsgi [None req-c2e4a94a-b9ed-4477-8c11-7326ba27a960 tempest-DeleteServersAdminTestJSON-1962713977 tempest-DeleteServersAdminTestJSON-1962713977-project] Calling method '>' {{(pid=120955) _process_stack /opt/stack/nova/nova/api/openstack/wsgi.py:513}}
Oct 13 11:26:40.537140 n-d-861076-3 devstack@n-api.service[120955]: DEBUG nova.compute.api [None req-c2e4a94a-b9ed-4477-8c11-7326ba27a960 tempest-DeleteServersAdminTestJSON-1962713977 tempest-DeleteServersAdminTestJSON-1962713977-project] [instance: fb7369ab-de5f-41fb-9941-5f9ae93434dd] Fetching instance by UUID {{(pid=120955) get /opt/stack/nova/nova/compute/api.py:2975}}
Oct 13 11:26:40.537140 n-d-861076-3 devstack@n-api.service[120955]: DEBUG oslo_concurrency.lockutils [None req-c2e4a94a-b9ed-4477-8c11-7326ba27a960 tempest-DeleteServersAdminTestJSON-1962713977 tempest-DeleteServersAdminTestJSON-1962713977-project] Acquiring lock "927aeabf-815e-4ba5-81c2-8cf52f374806" by "nova.context.set_target_cell..get_or_set_cached_cell_and_set_connections" {{(pid=120955) inner /usr/local/lib/python3.8/dist-packages/oslo_concurrency/lockutils.py:404}}
Oct 13 11:26:40.537140 n-d-861076-3 devstack@n-api.service[120955]: DEBUG oslo_concurrency.lockutils [None req-c2e4a94a-b9ed-4477-8c11-7326ba27a960 tempest-DeleteServersAdminTestJSON-1962713977 tempest-DeleteServersAdminTestJSON-1962713977-project] Lock "927aeabf-815e-4ba5-81c2-8cf52f374806" acquired by "nova.context.set_target_cell..get_or_set_cached_cell_and_set_connections" :: waited 0.001s {{(pid=120955) inner /usr/local/lib/python3.8/dist-packages/oslo_concurrency/lockutils.py:409}}
Oct 13 11:26:40.537543 n-d-861076-3 devstack@n-api.service[120955]: DEBUG oslo_concurrency.lockutils [None req-c2e4a94a-b9ed-4477-8c11-7326ba27a960 tempest-DeleteServersAdminTestJSON-1962713977 tempest-DeleteServersAdminTestJSON-1962713977-project] Lock "927aeabf-815e-4ba5-81c2-8cf52f374806" "released" by "nova.context.set_target_cell..get_or_set_cached_cell_and_set_connections" :: held 0.000s {{(pid=120955) inner /usr/local/lib/python3.8/dist-packages/oslo_concurrency/lockutils.py:423}}
Oct 13 11:26:40.537543 n-d-861076-3 devstack@n-api.service[120955]: DEBUG oslo_concurrency.lockutils [None req-c2e4a94a-b9ed-4477-8c11-7326ba27a960 tempest-DeleteServersAdminTestJSON-1962713977 tempest-DeleteServersAdminTestJSON-1962713977-project] Acquiring lock "927aeabf-815e-4ba5-81c2-8cf52f374806" by "nova.context.set_target_cell..get_or_set_cached_cell_and_set_connections" {{(pid=120955) inner /usr/local/lib/python3.8/dist-packages/oslo_concurrency/lockutils.py:404}}
Oct 13 11:26:40.537543 n-d-861076-3 devstack@n-api.service[120955]: DEBUG oslo_concurrency.lockutils [None req-c2e4a94a-b9ed-4477-8c11-7326ba27a960 tempest-DeleteServersAdminTestJSON-1962713977 tempest-DeleteServersAdminTestJSON-1962713977-project] Lock "927aeabf-815e-4ba5-81c2-8cf52f374806" acquired by "nova.context.set_target_cell..get_or_set_cached_cell_and_set_connections" :: waited 0.001s {{(pid=120955) inner /usr/local/lib/python3.8/dist-packages/oslo_concurrency/lockutils.py:409}}
