Oct 11 10:07:48.885016 n-d-860930-1 devstack@keystone.service[81986]: ERROR keystone.server.flask.application
File "/opt/stack/keystone/keystone/api/roles.py", line 50, in get
Oct 11 10:07:48.885016 n-d-860930-1 devstack@keystone.service[81986]: ERROR keystone.server.flask.application return self._get_role(role_id)
Oct 11 10:07:48.885016 n-d-860930-1 devstack@keystone.service[81986]: ERROR keystone.server.flask.application
File "/opt/stack/keystone/keystone/api/roles.py", line 70, in _get_role
Oct 11 10:07:48.885016 n-d-860930-1 devstack@keystone.service[81986]: ERROR keystone.server.flask.application ENFORCER.enforce_call(action='identity:get_role')
Oct 11 10:07:48.886163 n-d-860930-1 devstack@keystone.service[81986]: ERROR keystone.server.flask.application
File "/opt/stack/keystone/keystone/common/rbac_enforcer/enforcer.py", line 402, in enforce_call
Oct 11 10:07:48.886163 n-d-860930-1 devstack@keystone.service[81986]: ERROR keystone.server.flask.application policy_dict.update(cls._extract_member_target_data(
Oct 11 10:07:48.886163 n-d-860930-1 devstack@keystone.service[81986]: ERROR keystone.server.flask.application
File "/opt/stack/keystone/keystone/common/rbac_enforcer/enforcer.py", line 234, in _extract_member_target_data
Oct 11 10:07:48.886163 n-d-860930-1 devstack@keystone.service[81986]: ERROR keystone.server.flask.application member_name: func(flask.request.view_args[key])
Oct 11 10:07:48.886163 n-d-860930-1 devstack@keystone.service[81986]: ERROR keystone.server.flask.application
File "/opt/stack/keystone/keystone/common/manager.py", line 115, in wrapped
Oct 11 10:07:48.886163 n-d-860930-1 devstack@keystone.service[81986]: ERROR keystone.server.flask.application __ret_val = __f(*args, **kwargs)
Oct 11 10:07:48.886163 n-d-860930-1 devstack@keystone.service[81986]: ERROR keystone.server.flask.application
File "/usr/local/lib/python3.8/dist-packages/decorator.py", line 232, in fun
Oct 11 10:07:48.886163 n-d-860930-1 devstack@keystone.service[81986]: ERROR keystone.server.flask.application return caller(func, *(extras + args), **kw)
Oct 11 10:07:48.886163 n-d-860930-1 devstack@keystone.service[81986]: ERROR keystone.server.flask.application
File "/usr/local/lib/python3.8/dist-packages/dogpile/cache/region.py", line 1577, in get_or_create_for_user_func
Oct 11 10:07:48.886163 n-d-860930-1 devstack@keystone.service[81986]: ERROR keystone.server.flask.application return self.get_or_create(
Oct 11 10:07:48.886163 n-d-860930-1 devstack@keystone.service[81986]: ERROR keystone.server.flask.application
File "/usr/local/lib/python3.8/dist-packages/dogpile/cache/region.py", line 1042, in get_or_create
Oct 11 10:07:48.886163 n-d-860930-1 devstack@keystone.service[81986]: ERROR keystone.server.flask.application with Lock(
Oct 11 10:07:48.886163 n-d-860930-1 devstack@keystone.service[81986]: ERROR keystone.server.flask.application
File "/usr/local/lib/python3.8/dist-packages/dogpile/lock.py", line 185, in __enter__
Oct 11 10:07:48.886163 n-d-860930-1 devstack@keystone.service[81986]: ERROR keystone.server.flask.application return self._enter()
Oct 11 10:07:48.886163 n-d-860930-1 devstack@keystone.service[81986]: ERROR keystone.server.flask.application
File "/usr/local/lib/python3.8/dist-packages/dogpile/lock.py", line 94, in _enter
Oct 11 10:07:48.886163 n-d-860930-1 devstack@keystone.service[81986]: ERROR keystone.server.flask.application generated = self._enter_create(value, createdtime)
Oct 11 10:07:48.887269 n-d-860930-1 devstack@keystone.service[81986]: ERROR keystone.server.flask.application
File "/usr/local/lib/python3.8/dist-packages/dogpile/lock.py", line 178, in _enter_create
Oct 11 10:07:48.887269 n-d-860930-1 devstack@keystone.service[81986]: ERROR keystone.server.flask.application return self.creator()
Oct 11 10:07:48.887269 n-d-860930-1 devstack@keystone.service[81986]: ERROR keystone.server.flask.application
File "/usr/local/lib/python3.8/dist-packages/dogpile/cache/region.py", line 995, in gen_value
Oct 11 10:07:48.887269 n-d-860930-1 devstack@keystone.service[81986]: ERROR keystone.server.flask.application created_value = creator(
Oct 11 10:07:48.887269 n-d-860930-1 devstack@keystone.service[81986]: ERROR keystone.server.flask.application
File "/opt/stack/keystone/keystone/assignment/core.py", line 1276, in get_role
Oct 11 10:07:48.887269 n-d-860930-1 devstack@keystone.service[81986]: ERROR keystone.server.flask.application return self.driver.get_role(role_id)
Oct 11 10:07:48.887269 n-d-860930-1 devstack@keystone.service[81986]: ERROR keystone.server.flask.application
File "/opt/stack/keystone/keystone/assignment/role_backends/sql.py", line 70, in get_role
Oct 11 10:07:48.887269 n-d-860930-1 devstack@keystone.service[81986]: ERROR keystone.server.flask.application return self._get_role(session, role_id).to_dict()
Oct 11 10:07:48.887269 n-d-860930-1 devstack@keystone.service[81986]: ERROR keystone.server.flask.application
File "/opt/stack/keystone/keystone/assignment/role_backends/sql.py", line 65, in _get_role
Oct 11 10:07:48.887269 n-d-860930-1 devstack@keystone.service[81986]: ERROR keystone.server.flask.application raise exception.RoleNotFound(role_id=role_id)
Oct 11 10:07:48.887269 n-d-860930-1 devstack@keystone.service[81986]: ERROR keystone.server.flask.application keystone.exception.RoleNotFound: Could not find role: reader.
Oct 11 10:07:48.887269 n-d-860930-1 devstack@keystone.service[81986]: ERROR keystone.server.flask.application
Oct 11 10:07:48.887269 n-d-860930-1 devstack@keystone.service[81986]: [pid: 81986|app: 0|req: 133/247] 10.222.0.13 () {56 vars in 1099 bytes} [Tue Oct 11 10:07:48 2022] GET /identity/v3/roles/reader => generated 84 bytes in 158 msecs (HTTP/1.1 404) 5 headers in 183 bytes (2 switches on core 0)
Oct 11 10:07:48.887269 n-d-860930-1 devstack@keystone.service[81986]: DEBUG keystone.server.flask.request_processing.middleware.auth_context [None req-97207006-0fb1-44ad-93d3-78ce61ae9f2d None admin] Authenticating user token {{(pid=81986) process_request /usr/local/lib/python3.8/dist-packages/keystonemiddleware/auth_token/__init__.py:407}}
Oct 11 10:07:48.982993 n-d-860930-1 devstack@keystone.service[81986]: DEBUG keystone.server.flask.request_processing.middleware.auth_context [None req-97207006-0fb1-44ad-93d3-78ce61ae9f2d None admin] Validating token access rules against request {{(pid=81986) validate_allowed_request /usr/local/lib/python3.8/dist-packages/keystonemiddleware/auth_token/__init__.py:545}}
Oct 11 10:07:49.007956 n-d-860930-1 devstack@keystone.service[81986]: DEBUG dbcounter [-] [81986] Writing DB stats keystone:SELECT=100 {{(pid=81986) stat_writer /usr/local/lib/python3.8/dist-packages/dbcounter.py:114}}
Oct 11 10:07:49.016528 n-d-860930-1 devstack@keystone.service[81986]: DEBUG keystone.server.flask.request_processing.middleware.auth_context [None req-2e92f304-b25e-4c9a-9b5a-ff23944f9d8f None admin] RBAC: auth_context: {'token': , 'domain_id': None, 'trust_id': None, 'trustor_id': None, 'trustee_id': None, 'domain_name': None, 'group_ids': [], 'user_id': '79b2bc89bf9246deaeee3344c1bd38dc', 'user_domain_id': 'default', 'system_scope': 'all', 'project_id': None, 'project_domain_id': None, 'roles': ['admin', 'member', 'reader'], 'is_admin_project': True, 'service_user_id': None, 'service_user_domain_id': None, 'service_project_id': None, 'service_project_domain_id': None, 'service_roles': []} {{(pid=81986) fill_context /opt/stack/keystone/keystone/server/flask/request_processing/middleware/auth_context.py:478}}
Oct 11 10:07:49.017149 n-d-860930-1 devstack@keystone.service[81986]: DEBUG keystone.server.flask.request_processing.req_logging [None req-2e92f304-b25e-4c9a-9b5a-ff23944f9d8f None admin] REQUEST_METHOD: `GET` {{(pid=81986) log_request_info /opt/stack/keystone/keystone/server/flask/request_processing/req_logging.py:27}}
Oct 11 10:07:49.017428 n-d-860930-1 devstack@keystone.service[81986]: DEBUG keystone.server.flask.request_processing.req_logging [None req-2e92f304-b25e-4c9a-9b5a-ff23944f9d8f None admin] SCRIPT_NAME: `/identity` {{(pid=81986) log_request_info /opt/stack/keystone/keystone/server/flask/request_processing/req_logging.py:28}}
Oct 11 10:07:49.017699 n-d-860930-1 devstack@keystone.service[81986]: DEBUG keystone.server.flask.request_processing.req_logging [None req-2e92f304-b25e-4c9a-9b5a-ff23944f9d8f None admin] PATH_INFO: `/v3/roles/member` {{(pid=81986) log_request_info /opt/stack/keystone/keystone/server/flask/request_processing/req_logging.py:29}}
Oct 11 10:07:49.028566 n-d-860930-1 devstack@keystone.service[81986]: DEBUG keystone.common.rbac_enforcer.enforcer [None req-2e92f304-b25e-4c9a-9b5a-ff23944f9d8f None admin] Extracting inferred target data resulted in "NOT FOUND (404)". {{(pid=81986) enforce_call /opt/stack/keystone/keystone/common/rbac_enforcer/enforcer.py:409}}
Oct 11 10:07:49.033419 n-d-860930-1 devstack@keystone.service[81986]: ERROR keystone.server.flask.application [None req-2e92f304-b25e-4c9a-9b5a-ff23944f9d8f None admin] Could not find role: member.: keystone.exception.RoleNotFound: Could not find role: member.
Oct 11 10:07:49.033419 n-d-860930-1 devstack@keystone.service[81986]: ERROR keystone.server.flask.application
Traceback (most recent call last):
Oct 11 10:07:49.033419 n-d-860930-1 devstack@keystone.service[81986]: ERROR keystone.server.flask.application
File "/usr/local/lib/python3.8/dist-packages/flask/app.py", line 1820, in full_dispatch_request
Oct 11 10:07:49.033419 n-d-860930-1 devstack@keystone.service[81986]: ERROR keystone.server.flask.application rv = self.dispatch_request()
Oct 11 10:07:49.033419 n-d-860930-1 devstack@keystone.service[81986]: ERROR keystone.server.flask.application
File "/usr/local/lib/python3.8/dist-packages/flask/app.py", line 1796, in dispatch_request
Oct 11 10:07:49.033419 n-d-860930-1 devstack@keystone.service[81986]: ERROR keystone.server.flask.application return self.ensure_sync(self.view_functions[rule.endpoint])(**view_args)
Oct 11 10:07:49.033419 n-d-860930-1 devstack@keystone.service[81986]: ERROR keystone.server.flask.application
File "/usr/local/lib/python3.8/dist-packages/flask_restful/__init__.py", line 467, in wrapper
Oct 11 10:07:49.033419 n-d-860930-1 devstack@keystone.service[81986]: ERROR keystone.server.flask.application resp = resource(*args, **kwargs)
Oct 11 10:07:49.033419 n-d-860930-1 devstack@keystone.service[81986]: ERROR keystone.server.flask.application
File "/usr/local/lib/python3.8/dist-packages/flask/views.py", line 107, in view
Oct 11 10:07:49.033419 n-d-860930-1 devstack@keystone.service[81986]: ERROR keystone.server.flask.application return current_app.ensure_sync(self.dispatch_request)(**kwargs)
Oct 11 10:07:49.033419 n-d-860930-1 devstack@keystone.service[81986]: ERROR keystone.server.flask.application
File "/usr/local/lib/python3.8/dist-packages/flask_restful/__init__.py", line 582, in dispatch_request
Oct 11 10:07:49.033419 n-d-860930-1 devstack@keystone.service[81986]: ERROR keystone.server.flask.application resp = meth(*args, **kwargs)
Oct 11 10:07:49.033419 n-d-860930-1 devstack@keystone.service[81986]: ERROR keystone.server.flask.application
File "/opt/stack/keystone/keystone/api/roles.py", line 50, in get
Oct 11 10:07:49.033419 n-d-860930-1 devstack@keystone.service[81986]: ERROR keystone.server.flask.application return self._get_role(role_id)
Oct 11 10:07:49.033419 n-d-860930-1 devstack@keystone.service[81986]: ERROR keystone.server.flask.application
File "/opt/stack/keystone/keystone/api/roles.py", line 70, in _get_role
Oct 11 10:07:49.033419 n-d-860930-1 devstack@keystone.service[81986]: ERROR keystone.server.flask.application ENFORCER.enforce_call(action='identity:get_role')
Oct 11 10:07:49.034468 n-d-860930-1 devstack@keystone.service[81986]: ERROR keystone.server.flask.application
File "/opt/stack/keystone/keystone/common/rbac_enforcer/enforcer.py", line 402, in enforce_call
Oct 11 10:07:49.034468 n-d-860930-1 devstack@keystone.service[81986]: ERROR keystone.server.flask.application policy_dict.update(cls._extract_member_target_data(
Oct 11 10:07:49.034468 n-d-860930-1 devstack@keystone.service[81986]: ERROR keystone.server.flask.application
File "/opt/stack/keystone/keystone/common/rbac_enforcer/enforcer.py", line 234, in _extract_member_target_data
Oct 11 10:07:49.034468 n-d-860930-1 devstack@keystone.service[81986]: ERROR keystone.server.flask.application member_name: func(flask.request.view_args[key])
Oct 11 10:07:49.034468 n-d-860930-1 devstack@keystone.service[81986]: ERROR keystone.server.flask.application
File "/opt/stack/keystone/keystone/common/manager.py", line 115, in wrapped
Oct 11 10:07:49.034468 n-d-860930-1 devstack@keystone.service[81986]: ERROR keystone.server.flask.application __ret_val = __f(*args, **kwargs)
Oct 11 10:07:49.034468 n-d-860930-1 devstack@keystone.service[81986]: ERROR keystone.server.flask.application
File "/usr/local/lib/python3.8/dist-packages/decorator.py", line 232, in fun
Oct 11 10:07:49.034468 n-d-860930-1 devstack@keystone.service[81986]: ERROR keystone.server.flask.application return caller(func, *(extras + args), **kw)
Oct 11 10:07:49.034468 n-d-860930-1 devstack@keystone.service[81986]: ERROR keystone.server.flask.application
File "/usr/local/lib/python3.8/dist-packages/dogpile/cache/region.py", line 1577, in get_or_create_for_user_func
Oct 11 10:07:49.034468 n-d-860930-1 devstack@keystone.service[81986]: ERROR keystone.server.flask.application return self.get_or_create(
Oct 11 10:07:49.034468 n-d-860930-1 devstack@keystone.service[81986]: ERROR keystone.server.flask.application
File "/usr/local/lib/python3.8/dist-packages/dogpile/cache/region.py", line 1042, in get_or_create
Oct 11 10:07:49.034468 n-d-860930-1 devstack@keystone.service[81986]: ERROR keystone.server.flask.application with Lock(
Oct 11 10:07:49.034468 n-d-860930-1 devstack@keystone.service[81986]: ERROR keystone.server.flask.application
File "/usr/local/lib/python3.8/dist-packages/dogpile/lock.py", line 185, in __enter__
Oct 11 10:07:49.034468 n-d-860930-1 devstack@keystone.service[81986]: ERROR keystone.server.flask.application return self._enter()
Oct 11 10:07:49.034468 n-d-860930-1 devstack@keystone.service[81986]: ERROR keystone.server.flask.application
File "/usr/local/lib/python3.8/dist-packages/dogpile/lock.py", line 94, in _enter
Oct 11 10:07:49.034468 n-d-860930-1 devstack@keystone.service[81986]: ERROR keystone.server.flask.application generated = self._enter_create(value, createdtime)
Oct 11 10:07:49.035329 n-d-860930-1 devstack@keystone.service[81986]: ERROR keystone.server.flask.application
File "/usr/local/lib/python3.8/dist-packages/dogpile/lock.py", line 178, in _enter_create
Oct 11 10:07:49.035329 n-d-860930-1 devstack@keystone.service[81986]: ERROR keystone.server.flask.application return self.creator()
Oct 11 10:07:49.035329 n-d-860930-1 devstack@keystone.service[81986]: ERROR keystone.server.flask.application
File "/usr/local/lib/python3.8/dist-packages/dogpile/cache/region.py", line 995, in gen_value
Oct 11 10:07:49.035329 n-d-860930-1 devstack@keystone.service[81986]: ERROR keystone.server.flask.application created_value = creator(
Oct 11 10:07:49.035329 n-d-860930-1 devstack@keystone.service[81986]: ERROR keystone.server.flask.application
File "/opt/stack/keystone/keystone/assignment/core.py", line 1276, in get_role
Oct 11 10:07:49.035329 n-d-860930-1 devstack@keystone.service[81986]: ERROR keystone.server.flask.application return self.driver.get_role(role_id)
Oct 11 10:07:49.035329 n-d-860930-1 devstack@keystone.service[81986]: ERROR keystone.server.flask.application
File "/opt/stack/keystone/keystone/assignment/role_backends/sql.py", line 70, in get_role
Oct 11 10:07:49.035329 n-d-860930-1 devstack@keystone.service[81986]: ERROR keystone.server.flask.application return self._get_role(session, role_id).to_dict()
Oct 11 10:07:49.035329 n-d-860930-1 devstack@keystone.service[81986]: ERROR keystone.server.flask.application
File "/opt/stack/keystone/keystone/assignment/role_backends/sql.py", line 65, in _get_role
Oct 11 10:07:49.035329 n-d-860930-1 devstack@keystone.service[81986]: ERROR keystone.server.flask.application raise exception.RoleNotFound(role_id=role_id)
Oct 11 10:07:49.035329 n-d-860930-1 devstack@keystone.service[81986]: ERROR keystone.server.flask.application keystone.exception.RoleNotFound: Could not find role: member.
Oct 11 10:07:49.035329 n-d-860930-1 devstack@keystone.service[81986]: ERROR keystone.server.flask.application
Oct 11 10:07:49.035329 n-d-860930-1 devstack@keystone.service[81986]: [pid: 81986|app: 0|req: 134/248] 10.222.0.13 () {56 vars in 1099 bytes} [Tue Oct 11 10:07:48 2022] GET /identity/v3/roles/member => generated 84 bytes in 148 msecs (HTTP/1.1 404) 5 headers in 183 bytes (1 switches on core 0)
Oct 11 10:07:49.036023 n-d-860930-1 devstack@keystone.service[81986]: DEBUG keystone.server.flask.request_processing.middleware.auth_context [None req-2e92f304-b25e-4c9a-9b5a-ff23944f9d8f None admin] Authenticating user token {{(pid=81986) process_request /usr/local/lib/python3.8/dist-packages/keystonemiddleware/auth_token/__init__.py:407}}
Oct 11 10:07:49.050051 n-d-860930-1 devstack@keystone.service[81987]: [pid: 81987|app: 0|req: 115/249] 10.222.0.13 () {60 vars in 1134 bytes} [Tue Oct 11 10:07:48 2022] POST /identity/v3/groups => generated 226 bytes in 323 msecs (HTTP/1.1 201) 5 headers in 182 bytes (1 switches on core 0)
Oct 11 10:07:49.050051 n-d-860930-1 devstack@keystone.service[81987]: DEBUG keystone.server.flask.request_processing.middleware.auth_context [None req-1eb1bdd9-94fd-4b57-a87f-c36e2614415f None admin] Authenticating user token {{(pid=81987) process_request /usr/local/lib/python3.8/dist-packages/keystonemiddleware/auth_token/__init__.py:407}}
Oct 11 10:07:49.107396 n-d-860930-1 devstack@keystone.service[81987]: DEBUG dbcounter [-] [81987] Writing DB stats keystone:SELECT=99,keystone:INSERT=1 {{(pid=81987) stat_writer /usr/local/lib/python3.8/dist-packages/dbcounter.py:114}}
Oct 11 10:07:49.152211 n-d-860930-1 devstack@keystone.service[81986]: DEBUG keystone.server.flask.request_processing.middleware.auth_context [None req-2e92f304-b25e-4c9a-9b5a-ff23944f9d8f None admin] Validating token access rules against request {{(pid=81986) validate_allowed_request /usr/local/lib/python3.8/dist-packages/keystonemiddleware/auth_token/__init__.py:545}}
Oct 11 10:07:49.156771 n-d-860930-1 devstack@keystone.service[81987]: DEBUG keystone.server.flask.request_processing.middleware.auth_context [None req-1eb1bdd9-94fd-4b57-a87f-c36e2614415f None admin] Validating token access rules against request {{(pid=81987) validate_allowed_request /usr/local/lib/python3.8/dist-packages/keystonemiddleware/auth_token/__init__.py:545}}
Oct 11 10:07:49.192357 n-d-860930-1 devstack@keystone.service[81986]: DEBUG keystone.server.flask.request_processing.middleware.auth_context [None req-b8b0a99e-5b9a-42c6-9d08-2f21f0f37490 None admin] RBAC: auth_context: {'token': , 'domain_id': None, 'trust_id': None, 'trustor_id': None, 'trustee_id': None, 'domain_name': None, 'group_ids': [], 'user_id': '79b2bc89bf9246deaeee3344c1bd38dc', 'user_domain_id': 'default', 'system_scope': 'all', 'project_id': None, 'project_domain_id': None, 'roles': ['admin', 'member', 'reader'], 'is_admin_project': True, 'service_user_id': None, 'service_user_domain_id': None, 'service_project_id': None, 'service_project_domain_id': None, 'service_roles': []} {{(pid=81986) fill_context /opt/stack/keystone/keystone/server/flask/request_processing/middleware/auth_context.py:478}}
Oct 11 10:07:49.192974 n-d-860930-1 devstack@keystone.service[81986]: DEBUG keystone.server.flask.request_processing.req_logging [None req-b8b0a99e-5b9a-42c6-9d08-2f21f0f37490 None admin] REQUEST_METHOD: `GET` {{(pid=81986) log_request_info /opt/stack/keystone/keystone/server/flask/request_processing/req_logging.py:27}}
Oct 11 10:07:49.193253 n-d-860930-1 devstack@keystone.service[81986]: DEBUG keystone.server.flask.request_processing.req_logging [None req-b8b0a99e-5b9a-42c6-9d08-2f21f0f37490 None admin] SCRIPT_NAME: `/identity` {{(pid=81986) log_request_info /opt/stack/keystone/keystone/server/flask/request_processing/req_logging.py:28}}
Oct 11 10:07:49.193519 n-d-860930-1 devstack@keystone.service[81986]: DEBUG keystone.server.flask.request_processing.req_logging [None req-b8b0a99e-5b9a-42c6-9d08-2f21f0f37490 None admin] PATH_INFO: `/v3/roles` {{(pid=81986) log_request_info /opt/stack/keystone/keystone/server/flask/request_processing/req_logging.py:29}}
Oct 11 10:07:49.194236 n-d-860930-1 devstack@keystone.service[81986]: DEBUG keystone.common.rbac_enforcer.enforcer [None req-b8b0a99e-5b9a-42c6-9d08-2f21f0f37490 None admin] RBAC: Adding query filter params (name=reader) {{(pid=81986) _extract_filter_values /opt/stack/keystone/keystone/common/rbac_enforcer/enforcer.py:167}}
Oct 11 10:07:49.194527 n-d-860930-1 devstack@keystone.service[81986]: DEBUG keystone.common.rbac_enforcer.enforcer [None req-b8b0a99e-5b9a-42c6-9d08-2f21f0f37490 None admin] RBAC: Authorizing `identity:list_roles()` {{(pid=81986) enforce_call /opt/stack/keystone/keystone/common/rbac_enforcer/enforcer.py:449}}
Oct 11 10:07:49.195384 n-d-860930-1 devstack@keystone.service[81987]: DEBUG keystone.server.flask.request_processing.middleware.auth_context [None req-3b460892-7d7e-4e62-a059-985d25e02ad2 None admin] RBAC: auth_context: {'token': , 'domain_id': None, 'trust_id': None, 'trustor_id': None, 'trustee_id': None, 'domain_name': None, 'group_ids': [], 'user_id': '79b2bc89bf9246deaeee3344c1bd38dc', 'user_domain_id': 'default', 'system_scope': 'all', 'project_id': None, 'project_domain_id': None, 'roles': ['admin', 'member', 'reader'], 'is_admin_project': True, 'service_user_id': None, 'service_user_domain_id': None, 'service_project_id': None, 'service_project_domain_id': None, 'service_roles': []} {{(pid=81987) fill_context /opt/stack/keystone/keystone/server/flask/request_processing/middleware/auth_context.py:478}}
Oct 11 10:07:49.195913 n-d-860930-1 devstack@keystone.service[81986]: DEBUG keystone.common.rbac_enforcer.enforcer [None req-b8b0a99e-5b9a-42c6-9d08-2f21f0f37490 None admin] RBAC: Authorization granted {{(pid=81986) enforce_call /opt/stack/keystone/keystone/common/rbac_enforcer/enforcer.py:457}}
Oct 11 10:07:49.196019 n-d-860930-1 devstack@keystone.service[81987]: DEBUG keystone.server.flask.request_processing.req_logging [None req-3b460892-7d7e-4e62-a059-985d25e02ad2 None admin] REQUEST_METHOD: `GET` {{(pid=81987) log_request_info /opt/stack/keystone/keystone/server/flask/request_processing/req_logging.py:27}}
Oct 11 10:07:49.196282 n-d-860930-1 devstack@keystone.service[81987]: DEBUG keystone.server.flask.request_processing.req_logging [None req-3b460892-7d7e-4e62-a059-985d25e02ad2 None admin] SCRIPT_NAME: `/identity` {{(pid=81987) log_request_info /opt/stack/keystone/keystone/server/flask/request_processing/req_logging.py:28}}
Oct 11 10:07:49.196554 n-d-860930-1 devstack@keystone.service[81987]: DEBUG keystone.server.flask.request_processing.req_logging [None req-3b460892-7d7e-4e62-a059-985d25e02ad2 None admin] PATH_INFO: `/v3/roles` {{(pid=81987) log_request_info /opt/stack/keystone/keystone/server/flask/request_processing/req_logging.py:29}}
Oct 11 10:07:49.197267 n-d-860930-1 devstack@keystone.service[81987]: DEBUG keystone.common.rbac_enforcer.enforcer [None req-3b460892-7d7e-4e62-a059-985d25e02ad2 None admin] RBAC: Adding query filter params (name=member) {{(pid=81987) _extract_filter_values /opt/stack/keystone/keystone/common/rbac_enforcer/enforcer.py:167}}
Oct 11 10:07:49.197579 n-d-860930-1 devstack@keystone.service[81987]: DEBUG keystone.common.rbac_enforcer.enforcer [None req-3b460892-7d7e-4e62-a059-985d25e02ad2 None admin] RBAC: Authorizing `identity:list_roles()` {{(pid=81987) enforce_call /opt/stack/keystone/keystone/common/rbac_enforcer/enforcer.py:449}}
Oct 11 10:07:49.199001 n-d-860930-1 devstack@keystone.service[81987]: DEBUG keystone.common.rbac_enforcer.enforcer [None req-3b460892-7d7e-4e62-a059-985d25e02ad2 None admin] RBAC: Authorization granted {{(pid=81987) enforce_call /opt/stack/keystone/keystone/common/rbac_enforcer/enforcer.py:457}}
Oct 11 10:07:49.206787 n-d-860930-1 devstack@keystone.service[81986]: [pid: 81986|app: 0|req: 135/250] 10.222.0.13 () {56 vars in 1101 bytes} [Tue Oct 11 10:07:49 2022] GET /identity/v3/roles?name=reader => generated 341 bytes in 172 msecs (HTTP/1.1 200) 5 headers in 177 bytes (1 switches on core 0)
Oct 11 10:07:49.209895 n-d-860930-1 devstack@keystone.service[81987]: [pid: 81987|app: 0|req: 116/251] 10.222.0.13 () {56 vars in 1101 bytes} [Tue Oct 11 10:07:49 2022] GET /identity/v3/roles?name=member => generated 341 bytes in 167 msecs (HTTP/1.1 200) 5 headers in 177 bytes (1 switches on core 0)
Oct 11 10:07:49.214215 n-d-860930-1 devstack@keystone.service[81986]: DEBUG keystone.server.flask.request_processing.middleware.auth_context [None req-b8b0a99e-5b9a-42c6-9d08-2f21f0f37490 None admin] Authenticating user token {{(pid=81986) process_request /usr/local/lib/python3.8/dist-packages/keystonemiddleware/auth_token/__init__.py:407}}
Oct 11 10:07:49.214662 n-d-860930-1 devstack@keystone.service[81987]: DEBUG keystone.server.flask.request_processing.middleware.auth_context [None req-3b460892-7d7e-4e62-a059-985d25e02ad2 None admin] Authenticating user token {{(pid=81987) process_request /usr/local/lib/python3.8/dist-packages/keystonemiddleware/auth_token/__init__.py:407}}
Oct 11 10:07:49.270153 n-d-860930-1 devstack@keystone.service[81986]: DEBUG dbcounter [-] [81986] Writing DB stats keystone:SELECT=100 {{(pid=81986) stat_writer /usr/local/lib/python3.8/dist-packages/dbcounter.py:114}}
Oct 11 10:07:49.335340 n-d-860930-1 devstack@keystone.service[81986]: DEBUG keystone.server.flask.request_processing.middleware.auth_context [None req-b8b0a99e-5b9a-42c6-9d08-2f21f0f37490 None admin] Validating token access rules against request {{(pid=81986) validate_allowed_request /usr/local/lib/python3.8/dist-packages/keystonemiddleware/auth_token/__init__.py:545}}
Oct 11 10:07:49.342991 n-d-860930-1 devstack@keystone.service[81987]: DEBUG keystone.server.flask.request_processing.middleware.auth_context [None req-3b460892-7d7e-4e62-a059-985d25e02ad2 None admin] Validating token access rules against request {{(pid=81987) validate_allowed_request /usr/local/lib/python3.8/dist-packages/keystonemiddleware/auth_token/__init__.py:545}}
Oct 11 10:07:49.366081 n-d-860930-1 devstack@keystone.service[81987]: DEBUG dbcounter [-] [81987] Writing DB stats keystone:SELECT=100 {{(pid=81987) stat_writer /usr/local/lib/python3.8/dist-packages/dbcounter.py:114}}
Oct 11 10:07:49.381347 n-d-860930-1 devstack@keystone.service[81986]: DEBUG keystone.server.flask.request_processing.middleware.auth_context [None req-9437bc17-e662-4f07-b246-d18bcd895812 None admin] RBAC: auth_context: {'token': , 'domain_id': None, 'trust_id': None, 'trustor_id': None, 'trustee_id': None, 'domain_name': None, 'group_ids': [], 'user_id': '79b2bc89bf9246deaeee3344c1bd38dc', 'user_domain_id': 'default', 'system_scope': 'all', 'project_id': None, 'project_domain_id': None, 'roles': ['admin', 'member', 'reader'], 'is_admin_project': True, 'service_user_id': None, 'service_user_domain_id': None, 'service_project_id': None, 'service_project_domain_id': None, 'service_roles': []} {{(pid=81986) fill_context /opt/stack/keystone/keystone/server/flask/request_processing/middleware/auth_context.py:478}}
Oct 11 10:07:49.381781 n-d-860930-1 devstack@keystone.service[81986]: DEBUG keystone.server.flask.request_processing.req_logging [None req-9437bc17-e662-4f07-b246-d18bcd895812 None admin] REQUEST_METHOD: `GET` {{(pid=81986) log_request_info /opt/stack/keystone/keystone/server/flask/request_processing/req_logging.py:27}}
Oct 11 10:07:49.382120 n-d-860930-1 devstack@keystone.service[81986]: DEBUG keystone.server.flask.request_processing.req_logging [None req-9437bc17-e662-4f07-b246-d18bcd895812 None admin] SCRIPT_NAME: `/identity` {{(pid=81986) log_request_info /opt/stack/keystone/keystone/server/flask/request_processing/req_logging.py:28}}
Oct 11 10:07:49.382599 n-d-860930-1 devstack@keystone.service[81986]: DEBUG keystone.server.flask.request_processing.req_logging [None req-9437bc17-e662-4f07-b246-d18bcd895812 None admin] PATH_INFO: `/v3/users/541f43f6ec404d40983f076db07e8b4e` {{(pid=81986) log_request_info /opt/stack/keystone/keystone/server/flask/request_processing/req_logging.py:29}}
Oct 11 10:07:49.395033 n-d-860930-1 devstack@keystone.service[81986]: DEBUG keystone.common.rbac_enforcer.enforcer [None req-9437bc17-e662-4f07-b246-d18bcd895812 None admin] RBAC: Authorizing `identity:get_user(user_id=541f43f6ec404d40983f076db07e8b4e)` {{(pid=81986) enforce_call /opt/stack/keystone/keystone/common/rbac_enforcer/enforcer.py:449}}
Oct 11 10:07:49.395033 n-d-860930-1 devstack@keystone.service[81986]: DEBUG keystone.common.rbac_enforcer.enforcer [None req-9437bc17-e662-4f07-b246-d18bcd895812 None admin] RBAC: Authorization granted {{(pid=81986) enforce_call /opt/stack/keystone/keystone/common/rbac_enforcer/enforcer.py:457}}
Oct 11 10:07:49.395033 n-d-860930-1 devstack@keystone.service[81986]: [pid: 81986|app: 0|req: 136/252] 10.222.0.13 () {56 vars in 1177 bytes} [Tue Oct 11 10:07:49 2022] GET /identity/v3/users/541f43f6ec404d40983f076db07e8b4e => generated 293 bytes in 174 msecs (HTTP/1.1 200) 5 headers in 177 bytes (1 switches on core 0)
Oct 11 10:07:49.395289 n-d-860930-1 devstack@keystone.service[81987]: DEBUG keystone.server.flask.request_processing.middleware.auth_context [None req-229c4159-01ac-432a-944d-0cdfe8efc51a None admin] RBAC: auth_context: {'token': , 'domain_id': None, 'trust_id': None, 'trustor_id': None, 'trustee_id': None, 'domain_name': None, 'group_ids': [], 'user_id': '79b2bc89bf9246deaeee3344c1bd38dc', 'user_domain_id': 'default', 'system_scope': 'all', 'project_id': None, 'project_domain_id': None, 'roles': ['admin', 'member', 'reader'], 'is_admin_project': True, 'service_user_id': None, 'service_user_domain_id': None, 'service_project_id': None, 'service_project_domain_id': None, 'service_roles': []} {{(pid=81987) fill_context /opt/stack/keystone/keystone/server/flask/request_processing/middleware/auth_context.py:478}}
Oct 11 10:07:49.395289 n-d-860930-1 devstack@keystone.service[81987]: DEBUG keystone.server.flask.request_processing.req_logging [None req-229c4159-01ac-432a-944d-0cdfe8efc51a None admin] REQUEST_METHOD: `GET` {{(pid=81987) log_request_info /opt/stack/keystone/keystone/server/flask/request_processing/req_logging.py:27}}
Oct 11 10:07:49.395289 n-d-860930-1 devstack@keystone.service[81987]: DEBUG keystone.server.flask.request_processing.req_logging [None req-229c4159-01ac-432a-944d-0cdfe8efc51a None admin] SCRIPT_NAME: `/identity` {{(pid=81987) log_request_info /opt/stack/keystone/keystone/server/flask/request_processing/req_logging.py:28}}
Oct 11 10:07:49.395289 n-d-860930-1 devstack@keystone.service[81987]: DEBUG keystone.server.flask.request_processing.req_logging [None req-229c4159-01ac-432a-944d-0cdfe8efc51a None admin] PATH_INFO: `/v3/users/113a5e6673804b6984a2c88160b70ff9` {{(pid=81987) log_request_info /opt/stack/keystone/keystone/server/flask/request_processing/req_logging.py:29}}
Oct 11 10:07:49.395557 n-d-860930-1 devstack@keystone.service[81987]: DEBUG keystone.common.rbac_enforcer.enforcer [None req-229c4159-01ac-432a-944d-0cdfe8efc51a None admin] RBAC: Authorizing `identity:get_user(user_id=113a5e6673804b6984a2c88160b70ff9)` {{(pid=81987) enforce_call /opt/stack/keystone/keystone/common/rbac_enforcer/enforcer.py:449}}
Oct 11 10:07:49.395557 n-d-860930-1 devstack@keystone.service[81987]: DEBUG keystone.common.rbac_enforcer.enforcer [None req-229c4159-01ac-432a-944d-0cdfe8efc51a None admin] RBAC: Authorization granted {{(pid=81987) enforce_call /opt/stack/keystone/keystone/common/rbac_enforcer/enforcer.py:457}}
Oct 11 10:07:49.395676 n-d-860930-1 devstack@keystone.service[81986]: DEBUG keystone.server.flask.request_processing.middleware.auth_context [None req-9437bc17-e662-4f07-b246-d18bcd895812 None admin] Authenticating user token {{(pid=81986) process_request /usr/local/lib/python3.8/dist-packages/keystonemiddleware/auth_token/__init__.py:407}}
Oct 11 10:07:49.395816 n-d-860930-1 devstack@keystone.service[81987]: [pid: 81987|app: 0|req: 117/253] 10.222.0.13 () {56 vars in 1177 bytes} [Tue Oct 11 10:07:49 2022] GET /identity/v3/users/113a5e6673804b6984a2c88160b70ff9 => generated 293 bytes in 180 msecs (HTTP/1.1 200) 5 headers in 177 bytes (2 switches on core 0)
Oct 11 10:07:49.400733 n-d-860930-1 devstack@keystone.service[81987]: DEBUG keystone.server.flask.request_processing.middleware.auth_context [None req-229c4159-01ac-432a-944d-0cdfe8efc51a None admin] Authenticating user token {{(pid=81987) process_request /usr/local/lib/python3.8/dist-packages/keystonemiddleware/auth_token/__init__.py:407}}
Oct 11 10:07:49.522336 n-d-860930-1 devstack@keystone.service[81986]: DEBUG keystone.server.flask.request_processing.middleware.auth_context [None req-9437bc17-e662-4f07-b246-d18bcd895812 None admin] Validating token access rules against request {{(pid=81986) validate_allowed_request /usr/local/lib/python3.8/dist-packages/keystonemiddleware/auth_token/__init__.py:545}}
Oct 11 10:07:49.540005 n-d-860930-1 devstack@keystone.service[81986]: DEBUG dbcounter [-] [81986] Writing DB stats keystone:SELECT=100 {{(pid=81986) stat_writer /usr/local/lib/python3.8/dist-packages/dbcounter.py:114}}
Oct 11 10:07:49.540977 n-d-860930-1 devstack@keystone.service[81987]: DEBUG keystone.server.flask.request_processing.middleware.auth_context [None req-229c4159-01ac-432a-944d-0cdfe8efc51a None admin] Validating token access rules against request {{(pid=81987) validate_allowed_request /usr/local/lib/python3.8/dist-packages/keystonemiddleware/auth_token/__init__.py:545}}
Oct 11 10:07:49.560981 n-d-860930-1 devstack@keystone.service[81986]: DEBUG keystone.server.flask.request_processing.middleware.auth_context [None req-f63c95cd-e734-4b46-a303-87244ca564a8 None admin] RBAC: auth_context: {'token': , 'domain_id': None, 'trust_id': None, 'trustor_id': None, 'trustee_id': None, 'domain_name': None, 'group_ids': [], 'user_id': '79b2bc89bf9246deaeee3344c1bd38dc', 'user_domain_id': 'default', 'system_scope': 'all', 'project_id': None, 'project_domain_id': None, 'roles': ['admin', 'member', 'reader'], 'is_admin_project': True, 'service_user_id': None, 'service_user_domain_id': None, 'service_project_id': None, 'service_project_domain_id': None, 'service_roles': []} {{(pid=81986) fill_context /opt/stack/keystone/keystone/server/flask/request_processing/middleware/auth_context.py:478}}
Oct 11 10:07:49.561720 n-d-860930-1 devstack@keystone.service[81986]: DEBUG keystone.server.flask.request_processing.req_logging [None req-f63c95cd-e734-4b46-a303-87244ca564a8 None admin] REQUEST_METHOD: `PUT` {{(pid=81986) log_request_info /opt/stack/keystone/keystone/server/flask/request_processing/req_logging.py:27}}
Oct 11 10:07:49.562125 n-d-860930-1 devstack@keystone.service[81986]: DEBUG keystone.server.flask.request_processing.req_logging [None req-f63c95cd-e734-4b46-a303-87244ca564a8 None admin] SCRIPT_NAME: `/identity` {{(pid=81986) log_request_info /opt/stack/keystone/keystone/server/flask/request_processing/req_logging.py:28}}
Oct 11 10:07:49.562472 n-d-860930-1 devstack@keystone.service[81986]: DEBUG keystone.server.flask.request_processing.req_logging [None req-f63c95cd-e734-4b46-a303-87244ca564a8 None admin] PATH_INFO: `/v3/system/users/541f43f6ec404d40983f076db07e8b4e/roles/3a700dbbb383404791f1b9878a58c983` {{(pid=81986) log_request_info /opt/stack/keystone/keystone/server/flask/request_processing/req_logging.py:29}}
Oct 11 10:07:49.564472 n-d-860930-1 devstack@keystone.service[81986]: DEBUG keystone.common.rbac_enforcer.enforcer [None req-f63c95cd-e734-4b46-a303-87244ca564a8 None admin] RBAC: Authorizing `identity:create_system_grant_for_user(user_id=541f43f6ec404d40983f076db07e8b4e, role_id=3a700dbbb383404791f1b9878a58c983)` {{(pid=81986) enforce_call /opt/stack/keystone/keystone/common/rbac_enforcer/enforcer.py:449}}
Oct 11 10:07:49.565972 n-d-860930-1 devstack@keystone.service[81986]: DEBUG keystone.common.rbac_enforcer.enforcer [None req-f63c95cd-e734-4b46-a303-87244ca564a8 None admin] RBAC: Authorization granted {{(pid=81986) enforce_call /opt/stack/keystone/keystone/common/rbac_enforcer/enforcer.py:457}}
Oct 11 10:07:49.586044 n-d-860930-1 devstack@keystone.service[81987]: DEBUG keystone.server.flask.request_processing.middleware.auth_context [None req-fcdffdfb-20af-492d-8d22-23fc943a75ef None admin] RBAC: auth_context: {'token': , 'domain_id': None, 'trust_id': None, 'trustor_id': None, 'trustee_id': None, 'domain_name': None, 'group_ids': [], 'user_id': '79b2bc89bf9246deaeee3344c1bd38dc', 'user_domain_id': 'default', 'system_scope': 'all', 'project_id': None, 'project_domain_id': None, 'roles': ['admin', 'member', 'reader'], 'is_admin_project': True, 'service_user_id': None, 'service_user_domain_id': None, 'service_project_id': None, 'service_project_domain_id': None, 'service_roles': []} {{(pid=81987) fill_context /opt/stack/keystone/keystone/server/flask/request_processing/middleware/auth_context.py:478}}
Oct 11 10:07:49.586910 n-d-860930-1 devstack@keystone.service[81987]: DEBUG keystone.server.flask.request_processing.req_logging [None req-fcdffdfb-20af-492d-8d22-23fc943a75ef None admin] REQUEST_METHOD: `GET` {{(pid=81987) log_request_info /opt/stack/keystone/keystone/server/flask/request_processing/req_logging.py:27}}
Oct 11 10:07:49.587191 n-d-860930-1 devstack@keystone.service[81987]: DEBUG keystone.server.flask.request_processing.req_logging [None req-fcdffdfb-20af-492d-8d22-23fc943a75ef None admin] SCRIPT_NAME: `/identity` {{(pid=81987) log_request_info /opt/stack/keystone/keystone/server/flask/request_processing/req_logging.py:28}}
Oct 11 10:07:49.587462 n-d-860930-1 devstack@keystone.service[81987]: DEBUG keystone.server.flask.request_processing.req_logging [None req-fcdffdfb-20af-492d-8d22-23fc943a75ef None admin] PATH_INFO: `/v3/role_assignments` {{(pid=81987) log_request_info /opt/stack/keystone/keystone/server/flask/request_processing/req_logging.py:29}}
Oct 11 10:07:49.588195 n-d-860930-1 devstack@keystone.service[81987]: DEBUG keystone.common.rbac_enforcer.enforcer [None req-fcdffdfb-20af-492d-8d22-23fc943a75ef None admin] RBAC: Adding query filter params (role.id=2e19ee6f186c4882abbad5fff702ddbd, user.id=113a5e6673804b6984a2c88160b70ff9, scope.system=all) {{(pid=81987) _extract_filter_values /opt/stack/keystone/keystone/common/rbac_enforcer/enforcer.py:167}}
Oct 11 10:07:49.588504 n-d-860930-1 devstack@keystone.service[81987]: DEBUG keystone.common.rbac_enforcer.enforcer [None req-fcdffdfb-20af-492d-8d22-23fc943a75ef None admin] RBAC: Authorizing `identity:list_role_assignments()` {{(pid=81987) enforce_call /opt/stack/keystone/keystone/common/rbac_enforcer/enforcer.py:449}}
Oct 11 10:07:49.591647 n-d-860930-1 devstack@keystone.service[81987]: DEBUG keystone.common.rbac_enforcer.enforcer [None req-fcdffdfb-20af-492d-8d22-23fc943a75ef None admin] RBAC: Authorization granted {{(pid=81987) enforce_call /opt/stack/keystone/keystone/common/rbac_enforcer/enforcer.py:457}}
Oct 11 10:07:49.603939 n-d-860930-1 devstack@keystone.service[81987]: [pid: 81987|app: 0|req: 118/254] 10.222.0.13 () {56 vars in 1308 bytes} [Tue Oct 11 10:07:49 2022] GET /identity/v3/role_assignments?user.id=113a5e6673804b6984a2c88160b70ff9&scope.system=all&role.id=2e19ee6f186c4882abbad5fff702ddbd => generated 510 bytes in 203 msecs (HTTP/1.1 200) 5 headers in 177 bytes (1 switches on core 0)
Oct 11 10:07:49.634005 n-d-860930-1 devstack@keystone.service[81986]: [pid: 81986|app: 0|req: 137/255] 10.222.0.13 () {58 vars in 1334 bytes} [Tue Oct 11 10:07:49 2022] PUT /identity/v3/system/users/541f43f6ec404d40983f076db07e8b4e/roles/3a700dbbb383404791f1b9878a58c983 => generated 0 bytes in 240 msecs (HTTP/1.1 204) 3 headers in 132 bytes (1 switches on core 0)
Oct 11 10:07:51.570264 n-d-860930-1 devstack@keystone.service[81987]: DEBUG keystone.server.flask.request_processing.req_logging [None req-8548b681-4159-42ae-b6d6-94f87970fb01 None None] REQUEST_METHOD: `GET` {{(pid=81987) log_request_info /opt/stack/keystone/keystone/server/flask/request_processing/req_logging.py:27}}
Oct 11 10:07:51.570759 n-d-860930-1 devstack@keystone.service[81987]: DEBUG keystone.server.flask.request_processing.req_logging [None req-8548b681-4159-42ae-b6d6-94f87970fb01 None None] SCRIPT_NAME: `/identity` {{(pid=81987) log_request_info /opt/stack/keystone/keystone/server/flask/request_processing/req_logging.py:28}}
Oct 11 10:07:51.570759 n-d-860930-1 devstack@keystone.service[81987]: DEBUG keystone.server.flask.request_processing.req_logging [None req-8548b681-4159-42ae-b6d6-94f87970fb01 None None] PATH_INFO: `/` {{(pid=81987) log_request_info /opt/stack/keystone/keystone/server/flask/request_processing/req_logging.py:29}}
Oct 11 10:07:51.572236 n-d-860930-1 devstack@keystone.service[81987]: [pid: 81987|app: 0|req: 119/256] 10.222.0.13 () {54 vars in 927 bytes} [Tue Oct 11 10:07:51 2022] GET /identity => generated 270 bytes in 3 msecs (HTTP/1.1 300) 6 headers in 234 bytes (1 switches on core 0)
Oct 11 10:07:51.585524 n-d-860930-1 devstack@keystone.service[81986]: DEBUG keystone.server.flask.request_processing.req_logging [None req-76253549-0b3e-467c-baab-9dad8d02ebf3 None None] REQUEST_METHOD: `POST` {{(pid=81986) log_request_info /opt/stack/keystone/keystone/server/flask/request_processing/req_logging.py:27}}
Oct 11 10:07:51.586035 n-d-860930-1 devstack@keystone.service[81986]: DEBUG keystone.server.flask.request_processing.req_logging [None req-76253549-0b3e-467c-baab-9dad8d02ebf3 None None] SCRIPT_NAME: `/identity` {{(pid=81986) log_request_info /opt/stack/keystone/keystone/server/flask/request_processing/req_logging.py:28}}
Oct 11 10:07:51.586142 n-d-860930-1 devstack@keystone.service[81986]: DEBUG keystone.server.flask.request_processing.req_logging [None req-76253549-0b3e-467c-baab-9dad8d02ebf3 None None] PATH_INFO: `/v3/auth/tokens` {{(pid=81986) log_request_info /opt/stack/keystone/keystone/server/flask/request_processing/req_logging.py:29}}
Oct 11 10:07:51.615041 n-d-860930-1 devstack@keystone.service[81986]: DEBUG keystone.auth.core [None req-76253549-0b3e-467c-baab-9dad8d02ebf3 None None] MFA Rules not processed for user `79b2bc89bf9246deaeee3344c1bd38dc`. Rule list: `[]` (Enabled: `True`). {{(pid=81986) check_auth_methods_against_rules /opt/stack/keystone/keystone/auth/core.py:438}}
Oct 11 10:07:51.616267 n-d-860930-1 devstack@keystone.service[81986]: DEBUG keystone.common.fernet_utils [None req-76253549-0b3e-467c-baab-9dad8d02ebf3 None None] Loaded 2 Fernet keys from /etc/keystone/fernet-keys/, but `[fernet_tokens] max_active_keys = 3`; perhaps there have not been enough key rotations to reach `max_active_keys` yet? {{(pid=81986) load_keys /opt/stack/keystone/keystone/common/fernet_utils.py:286}}
Oct 11 10:07:51.696462 n-d-860930-1 devstack@keystone.service[81986]: [pid: 81986|app: 0|req: 138/257] 10.222.0.13 () {58 vars in 1024 bytes} [Tue Oct 11 10:07:51 2022] POST /identity/v3/auth/tokens => generated 914 bytes in 112 msecs (HTTP/1.1 201) 6 headers in 384 bytes (1 switches on core 0)
Oct 11 10:07:51.790905 n-d-860930-1 devstack@keystone.service[81987]: DEBUG keystone.server.flask.request_processing.req_logging [None req-af10ff00-020b-4261-af99-7f30beb3cb37 None None] REQUEST_METHOD: `GET` {{(pid=81987) log_request_info /opt/stack/keystone/keystone/server/flask/request_processing/req_logging.py:27}}
Oct 11 10:07:51.791245 n-d-860930-1 devstack@keystone.service[81987]: DEBUG keystone.server.flask.request_processing.req_logging [None req-af10ff00-020b-4261-af99-7f30beb3cb37 None None] SCRIPT_NAME: `/identity` {{(pid=81987) log_request_info /opt/stack/keystone/keystone/server/flask/request_processing/req_logging.py:28}}
Oct 11 10:07:51.791463 n-d-860930-1 devstack@keystone.service[81987]: DEBUG keystone.server.flask.request_processing.req_logging [None req-af10ff00-020b-4261-af99-7f30beb3cb37 None None] PATH_INFO: `/` {{(pid=81987) log_request_info /opt/stack/keystone/keystone/server/flask/request_processing/req_logging.py:29}}
Oct 11 10:07:51.793209 n-d-860930-1 devstack@keystone.service[81987]: [pid: 81987|app: 0|req: 120/258] 10.222.0.13 () {54 vars in 927 bytes} [Tue Oct 11 10:07:51 2022] GET /identity => generated 270 bytes in 3 msecs (HTTP/1.1 300) 6 headers in 234 bytes (1 switches on core 0)
Oct 11 10:07:51.798302 n-d-860930-1 devstack@keystone.service[81986]: DEBUG keystone.server.flask.request_processing.req_logging [None req-e1bfa435-3b3e-410d-9f9c-6915b5959bdf None None] REQUEST_METHOD: `POST` {{(pid=81986) log_request_info /opt/stack/keystone/keystone/server/flask/request_processing/req_logging.py:27}}
Oct 11 10:07:51.798592 n-d-860930-1 devstack@keystone.service[81986]: DEBUG keystone.server.flask.request_processing.req_logging [None req-e1bfa435-3b3e-410d-9f9c-6915b5959bdf None None] SCRIPT_NAME: `/identity` {{(pid=81986) log_request_info /opt/stack/keystone/keystone/server/flask/request_processing/req_logging.py:28}}
Oct 11 10:07:51.798868 n-d-860930-1 devstack@keystone.service[81986]: DEBUG keystone.server.flask.request_processing.req_logging [None req-e1bfa435-3b3e-410d-9f9c-6915b5959bdf None None] PATH_INFO: `/v3/auth/tokens` {{(pid=81986) log_request_info /opt/stack/keystone/keystone/server/flask/request_processing/req_logging.py:29}}
Oct 11 10:07:51.821730 n-d-860930-1 devstack@keystone.service[81986]: DEBUG keystone.auth.core [None req-e1bfa435-3b3e-410d-9f9c-6915b5959bdf None None] MFA Rules not processed for user `79b2bc89bf9246deaeee3344c1bd38dc`. Rule list: `[]` (Enabled: `True`). {{(pid=81986) check_auth_methods_against_rules /opt/stack/keystone/keystone/auth/core.py:438}}
Oct 11 10:07:51.822919 n-d-860930-1 devstack@keystone.service[81986]: DEBUG keystone.common.fernet_utils [None req-e1bfa435-3b3e-410d-9f9c-6915b5959bdf None None] Loaded 2 Fernet keys from /etc/keystone/fernet-keys/, but `[fernet_tokens] max_active_keys = 3`; perhaps there have not been enough key rotations to reach `max_active_keys` yet? {{(pid=81986) load_keys /opt/stack/keystone/keystone/common/fernet_utils.py:286}}
Oct 11 10:07:51.833368 n-d-860930-1 devstack@keystone.service[81986]: [pid: 81986|app: 0|req: 139/259] 10.222.0.13 () {58 vars in 1024 bytes} [Tue Oct 11 10:07:51 2022] POST /identity/v3/auth/tokens => generated 914 bytes in 36 msecs (HTTP/1.1 201) 6 headers in 384 bytes (1 switches on core 0)
Oct 11 10:07:52.172772 n-d-860930-1 devstack@keystone.service[81987]: DEBUG keystone.server.flask.request_processing.req_logging [None req-dbdb8c90-6ace-4913-9f5b-9157153c1167 None None] REQUEST_METHOD: `GET` {{(pid=81987) log_request_info /opt/stack/keystone/keystone/server/flask/request_processing/req_logging.py:27}}
Oct 11 10:07:52.173105 n-d-860930-1 devstack@keystone.service[81987]: DEBUG keystone.server.flask.request_processing.req_logging [None req-dbdb8c90-6ace-4913-9f5b-9157153c1167 None None] SCRIPT_NAME: `/identity` {{(pid=81987) log_request_info /opt/stack/keystone/keystone/server/flask/request_processing/req_logging.py:28}}
Oct 11 10:07:52.173277 n-d-860930-1 devstack@keystone.service[81987]: DEBUG keystone.server.flask.request_processing.req_logging [None req-dbdb8c90-6ace-4913-9f5b-9157153c1167 None None] PATH_INFO: `/` {{(pid=81987) log_request_info /opt/stack/keystone/keystone/server/flask/request_processing/req_logging.py:29}}
Oct 11 10:07:52.174802 n-d-860930-1 devstack@keystone.service[81987]: [pid: 81987|app: 0|req: 121/260] 10.222.0.13 () {54 vars in 927 bytes} [Tue Oct 11 10:07:52 2022] GET /identity => generated 270 bytes in 3 msecs (HTTP/1.1 300) 6 headers in 234 bytes (1 switches on core 0)
Oct 11 10:07:52.181252 n-d-860930-1 devstack@keystone.service[81986]: DEBUG keystone.server.flask.request_processing.req_logging [None req-c030bf1b-a392-4b57-8d4b-fe3482ad0291 None None] REQUEST_METHOD: `POST` {{(pid=81986) log_request_info /opt/stack/keystone/keystone/server/flask/request_processing/req_logging.py:27}}
Oct 11 10:07:52.181525 n-d-860930-1 devstack@keystone.service[81986]: DEBUG keystone.server.flask.request_processing.req_logging [None req-c030bf1b-a392-4b57-8d4b-fe3482ad0291 None None] SCRIPT_NAME: `/identity` {{(pid=81986) log_request_info /opt/stack/keystone/keystone/server/flask/request_processing/req_logging.py:28}}
Oct 11 10:07:52.181802 n-d-860930-1 devstack@keystone.service[81986]: DEBUG keystone.server.flask.request_processing.req_logging [None req-c030bf1b-a392-4b57-8d4b-fe3482ad0291 None None] PATH_INFO: `/v3/auth/tokens` {{(pid=81986) log_request_info /opt/stack/keystone/keystone/server/flask/request_processing/req_logging.py:29}}
Oct 11 10:07:52.203957 n-d-860930-1 devstack@keystone.service[81987]: DEBUG keystone.server.flask.request_processing.middleware.auth_context [None req-dbdb8c90-6ace-4913-9f5b-9157153c1167 None None] Authenticating user token {{(pid=81987) process_request /usr/local/lib/python3.8/dist-packages/keystonemiddleware/auth_token/__init__.py:407}}
Oct 11 10:07:52.204138 n-d-860930-1 devstack@keystone.service[81986]: DEBUG keystone.auth.core [None req-c030bf1b-a392-4b57-8d4b-fe3482ad0291 None None] MFA Rules not processed for user `79b2bc89bf9246deaeee3344c1bd38dc`. Rule list: `[]` (Enabled: `True`). {{(pid=81986) check_auth_methods_against_rules /opt/stack/keystone/keystone/auth/core.py:438}}
Oct 11 10:07:52.205422 n-d-860930-1 devstack@keystone.service[81986]: DEBUG keystone.common.fernet_utils [None req-c030bf1b-a392-4b57-8d4b-fe3482ad0291 None None] Loaded 2 Fernet keys from /etc/keystone/fernet-keys/, but `[fernet_tokens] max_active_keys = 3`; perhaps there have not been enough key rotations to reach `max_active_keys` yet? {{(pid=81986) load_keys /opt/stack/keystone/keystone/common/fernet_utils.py:286}}
