Oct 12 15:27:06.158212 n-d-860864-5 devstack@placement-api.service[106015]: DEBUG placement.requestlog [req-62429c40-43cc-467e-8286-aecb8c54db85 req-0719d660-ef03-4473-b323-972eea8b8d8f None None] Starting request: 10.222.0.43 "GET /placement/resource_providers/17d99c10-b0db-4e85-8ae7-0da655ca352c/allocations" {{(pid=106015) __call__ /opt/stack/placement/placement/requestlog.py:55}}
Oct 12 15:27:06.171033 n-d-860864-5 devstack@placement-api.service[106015]: DEBUG dbcounter [-] [106015] Writing DB stats placement:SELECT=65,placement:DELETE=4,placement:INSERT=6,placement:UPDATE=2 {{(pid=106015) stat_writer /usr/local/lib/python3.8/dist-packages/dbcounter.py:114}}
Oct 12 15:27:06.223680 n-d-860864-5 devstack@placement-api.service[106015]: INFO placement.requestlog [req-62429c40-43cc-467e-8286-aecb8c54db85 req-0719d660-ef03-4473-b323-972eea8b8d8f service placement] 10.222.0.43 "GET /placement/resource_providers/17d99c10-b0db-4e85-8ae7-0da655ca352c/allocations" status: 200 len: 255 microversion: 1.0
Oct 12 15:27:06.227746 n-d-860864-5 devstack@placement-api.service[106015]: [pid: 106015|app: 0|req: 695/1383] 10.222.0.43 () {58 vars in 1390 bytes} [Wed Oct 12 15:27:06 2022] GET /placement/resource_providers/17d99c10-b0db-4e85-8ae7-0da655ca352c/allocations => generated 255 bytes in 71 msecs (HTTP/1.1 200) 6 headers in 224 bytes (1 switches on core 0)
Oct 12 15:27:06.284067 n-d-860864-5 devstack@placement-api.service[106014]: DEBUG placement.requestlog [req-c3f2b0ae-8c82-4e27-b612-b70e93039378 req-1b00c903-5832-44b2-9bc2-7d154c825452 None None] Starting request: 10.222.0.20 "GET /placement/resource_providers/052be942-0147-4f91-9540-7cdd3f88be6e/allocations" {{(pid=106014) __call__ /opt/stack/placement/placement/requestlog.py:55}}
Oct 12 15:27:06.295612 n-d-860864-5 devstack@placement-api.service[106014]: DEBUG dbcounter [-] [106014] Writing DB stats placement:SELECT=68,placement:INSERT=6,placement:DELETE=2,placement:UPDATE=2 {{(pid=106014) stat_writer /usr/local/lib/python3.8/dist-packages/dbcounter.py:114}}
Oct 12 15:27:06.339171 n-d-860864-5 devstack@placement-api.service[106014]: INFO placement.requestlog [req-c3f2b0ae-8c82-4e27-b612-b70e93039378 req-1b00c903-5832-44b2-9bc2-7d154c825452 service placement] 10.222.0.20 "GET /placement/resource_providers/052be942-0147-4f91-9540-7cdd3f88be6e/allocations" status: 200 len: 154 microversion: 1.0
Oct 12 15:27:06.341857 n-d-860864-5 devstack@placement-api.service[106014]: [pid: 106014|app: 0|req: 689/1384] 10.222.0.20 () {58 vars in 1390 bytes} [Wed Oct 12 15:27:06 2022] GET /placement/resource_providers/052be942-0147-4f91-9540-7cdd3f88be6e/allocations => generated 154 bytes in 58 msecs (HTTP/1.1 200) 6 headers in 224 bytes (1 switches on core 0)
Oct 12 15:27:06.350843 n-d-860864-5 devstack@placement-api.service[106015]: DEBUG placement.requestlog [req-62429c40-43cc-467e-8286-aecb8c54db85 req-feea190e-e4d5-45d8-b5a3-4a5232d16b9d None None] Starting request: 10.222.0.43 "GET /placement/resource_providers/17d99c10-b0db-4e85-8ae7-0da655ca352c/allocations" {{(pid=106015) __call__ /opt/stack/placement/placement/requestlog.py:55}}
Oct 12 15:27:06.422339 n-d-860864-5 devstack@placement-api.service[106014]: DEBUG placement.requestlog [req-c3f2b0ae-8c82-4e27-b612-b70e93039378 req-e7adf64f-be98-4307-8de5-99d6dfb05fb9 None None] Starting request: 10.222.0.20 "GET /placement/resource_providers/052be942-0147-4f91-9540-7cdd3f88be6e/allocations" {{(pid=106014) __call__ /opt/stack/placement/placement/requestlog.py:55}}
Oct 12 15:27:06.432964 n-d-860864-5 devstack@placement-api.service[106015]: INFO placement.requestlog [req-62429c40-43cc-467e-8286-aecb8c54db85 req-feea190e-e4d5-45d8-b5a3-4a5232d16b9d service placement] 10.222.0.43 "GET /placement/resource_providers/17d99c10-b0db-4e85-8ae7-0da655ca352c/allocations" status: 200 len: 255 microversion: 1.0
Oct 12 15:27:06.436886 n-d-860864-5 devstack@placement-api.service[106015]: [pid: 106015|app: 0|req: 696/1385] 10.222.0.43 () {58 vars in 1390 bytes} [Wed Oct 12 15:27:06 2022] GET /placement/resource_providers/17d99c10-b0db-4e85-8ae7-0da655ca352c/allocations => generated 255 bytes in 84 msecs (HTTP/1.1 200) 6 headers in 224 bytes (1 switches on core 0)
Oct 12 15:27:06.445881 n-d-860864-5 devstack@placement-api.service[106015]: DEBUG placement.requestlog [req-62429c40-43cc-467e-8286-aecb8c54db85 req-2772339a-3a7e-4722-bb3f-8a672f6041b3 None None] Starting request: 10.222.0.43 "GET /placement/allocations/876a4329-dc91-477c-8183-44ac8cd78f63" {{(pid=106015) __call__ /opt/stack/placement/placement/requestlog.py:55}}
Oct 12 15:27:06.489081 n-d-860864-5 devstack@placement-api.service[106015]: INFO placement.requestlog [req-62429c40-43cc-467e-8286-aecb8c54db85 req-2772339a-3a7e-4722-bb3f-8a672f6041b3 service placement] 10.222.0.43 "GET /placement/allocations/876a4329-dc91-477c-8183-44ac8cd78f63" status: 200 len: 259 microversion: 1.28
Oct 12 15:27:06.490130 n-d-860864-5 devstack@placement-api.service[106015]: [pid: 106015|app: 0|req: 697/1386] 10.222.0.43 () {60 vars in 1377 bytes} [Wed Oct 12 15:27:06 2022] GET /placement/allocations/876a4329-dc91-477c-8183-44ac8cd78f63 => generated 259 bytes in 46 msecs (HTTP/1.1 200) 8 headers in 296 bytes (2 switches on core 0)
Oct 12 15:27:06.503341 n-d-860864-5 devstack@placement-api.service[106015]: DEBUG placement.requestlog [req-62429c40-43cc-467e-8286-aecb8c54db85 req-8d164468-da3d-4947-9938-c5af17706012 None None] Starting request: 10.222.0.43 "GET /placement/allocations/f5ea0a93-06b7-4c00-b230-03318b295536" {{(pid=106015) __call__ /opt/stack/placement/placement/requestlog.py:55}}
Oct 12 15:27:06.522963 n-d-860864-5 devstack@placement-api.service[106014]: INFO placement.requestlog [req-c3f2b0ae-8c82-4e27-b612-b70e93039378 req-e7adf64f-be98-4307-8de5-99d6dfb05fb9 service placement] 10.222.0.20 "GET /placement/resource_providers/052be942-0147-4f91-9540-7cdd3f88be6e/allocations" status: 200 len: 154 microversion: 1.0
Oct 12 15:27:06.527799 n-d-860864-5 devstack@placement-api.service[106014]: [pid: 106014|app: 0|req: 690/1387] 10.222.0.20 () {58 vars in 1390 bytes} [Wed Oct 12 15:27:06 2022] GET /placement/resource_providers/052be942-0147-4f91-9540-7cdd3f88be6e/allocations => generated 154 bytes in 105 msecs (HTTP/1.1 200) 6 headers in 224 bytes (1 switches on core 0)
Oct 12 15:27:06.535414 n-d-860864-5 devstack@placement-api.service[106015]: INFO placement.requestlog [req-62429c40-43cc-467e-8286-aecb8c54db85 req-8d164468-da3d-4947-9938-c5af17706012 service placement] 10.222.0.43 "GET /placement/allocations/f5ea0a93-06b7-4c00-b230-03318b295536" status: 200 len: 259 microversion: 1.28
Oct 12 15:27:06.535812 n-d-860864-5 devstack@placement-api.service[106015]: [pid: 106015|app: 0|req: 698/1388] 10.222.0.43 () {60 vars in 1377 bytes} [Wed Oct 12 15:27:06 2022] GET /placement/allocations/f5ea0a93-06b7-4c00-b230-03318b295536 => generated 259 bytes in 33 msecs (HTTP/1.1 200) 8 headers in 296 bytes (2 switches on core 0)
Oct 12 15:27:06.545019 n-d-860864-5 devstack@placement-api.service[106014]: DEBUG placement.requestlog [req-c3f2b0ae-8c82-4e27-b612-b70e93039378 req-22f6991a-c69e-49c1-bff2-94d81b4fcf8b None None] Starting request: 10.222.0.20 "GET /placement/allocations/561dd98b-50bf-450b-bb41-7bd307272ced" {{(pid=106014) __call__ /opt/stack/placement/placement/requestlog.py:55}}
Oct 12 15:27:06.615010 n-d-860864-5 devstack@placement-api.service[106014]: INFO placement.requestlog [req-c3f2b0ae-8c82-4e27-b612-b70e93039378 req-22f6991a-c69e-49c1-bff2-94d81b4fcf8b service placement] 10.222.0.20 "GET /placement/allocations/561dd98b-50bf-450b-bb41-7bd307272ced" status: 200 len: 259 microversion: 1.28
Oct 12 15:27:06.616516 n-d-860864-5 devstack@placement-api.service[106014]: [pid: 106014|app: 0|req: 691/1389] 10.222.0.20 () {60 vars in 1377 bytes} [Wed Oct 12 15:27:06 2022] GET /placement/allocations/561dd98b-50bf-450b-bb41-7bd307272ced => generated 259 bytes in 72 msecs (HTTP/1.1 200) 8 headers in 296 bytes (1 switches on core 0)
Oct 12 15:27:11.623279 n-d-860864-5 devstack@placement-api.service[106015]: DEBUG placement.requestlog [req-2b3e99da-b783-4622-8784-44d93c466f50 req-db49df5a-2625-4a79-9597-8eeeead1d265 None None] Starting request: 10.222.0.18 "GET /placement/allocation_candidates?limit=1000&resources=DISK_GB%3A1%2CMEMORY_MB%3A1024%2CVCPU%3A1&root_required=%21COMPUTE_STATUS_DISABLED" {{(pid=106015) __call__ /opt/stack/placement/placement/requestlog.py:55}}
Oct 12 15:27:11.758650 n-d-860864-5 devstack@placement-api.service[106015]: DEBUG placement.objects.research_context [req-2b3e99da-b783-4622-8784-44d93c466f50 req-db49df5a-2625-4a79-9597-8eeeead1d265 service placement] getting providers with 1 DISK_GB {{(pid=106015) __init__ /opt/stack/placement/placement/objects/research_context.py:136}}
Oct 12 15:27:11.789857 n-d-860864-5 devstack@placement-api.service[106015]: DEBUG placement.objects.research_context [req-2b3e99da-b783-4622-8784-44d93c466f50 req-db49df5a-2625-4a79-9597-8eeeead1d265 service placement] getting providers with 1024 MEMORY_MB {{(pid=106015) __init__ /opt/stack/placement/placement/objects/research_context.py:136}}
Oct 12 15:27:11.827168 n-d-860864-5 devstack@placement-api.service[106015]: DEBUG placement.objects.research_context [req-2b3e99da-b783-4622-8784-44d93c466f50 req-db49df5a-2625-4a79-9597-8eeeead1d265 service placement] getting providers with 1 VCPU {{(pid=106015) __init__ /opt/stack/placement/placement/objects/research_context.py:136}}
Oct 12 15:27:11.848694 n-d-860864-5 devstack@placement-api.service[106015]: DEBUG placement.objects.research_context [req-2b3e99da-b783-4622-8784-44d93c466f50 req-db49df5a-2625-4a79-9597-8eeeead1d265 service placement] found 2 providers with available 1 DISK_GB {{(pid=106015) get_provider_ids_matching /opt/stack/placement/placement/objects/research_context.py:563}}
Oct 12 15:27:11.848974 n-d-860864-5 devstack@placement-api.service[106015]: DEBUG placement.objects.research_context [req-2b3e99da-b783-4622-8784-44d93c466f50 req-db49df5a-2625-4a79-9597-8eeeead1d265 service placement] found 2 providers with available 1024 MEMORY_MB {{(pid=106015) get_provider_ids_matching /opt/stack/placement/placement/objects/research_context.py:563}}
Oct 12 15:27:11.850526 n-d-860864-5 devstack@placement-api.service[106015]: DEBUG placement.objects.research_context [req-2b3e99da-b783-4622-8784-44d93c466f50 req-db49df5a-2625-4a79-9597-8eeeead1d265 service placement] found 2 providers after filtering by previous result {{(pid=106015) get_provider_ids_matching /opt/stack/placement/placement/objects/research_context.py:594}}
Oct 12 15:27:11.850791 n-d-860864-5 devstack@placement-api.service[106015]: DEBUG placement.objects.research_context [req-2b3e99da-b783-4622-8784-44d93c466f50 req-db49df5a-2625-4a79-9597-8eeeead1d265 service placement] found 2 providers with available 1 VCPU {{(pid=106015) get_provider_ids_matching /opt/stack/placement/placement/objects/research_context.py:563}}
Oct 12 15:27:11.851060 n-d-860864-5 devstack@placement-api.service[106015]: DEBUG placement.objects.research_context [req-2b3e99da-b783-4622-8784-44d93c466f50 req-db49df5a-2625-4a79-9597-8eeeead1d265 service placement] found 2 providers after filtering by previous result {{(pid=106015) get_provider_ids_matching /opt/stack/placement/placement/objects/research_context.py:594}}
Oct 12 15:27:11.866368 n-d-860864-5 devstack@placement-api.service[106015]: DEBUG placement.objects.allocation_candidate [req-2b3e99da-b783-4622-8784-44d93c466f50 req-db49df5a-2625-4a79-9597-8eeeead1d265 service placement] RequestGroup(use_same_provider=False, resources={DISK_GB:1, MEMORY_MB:1024, VCPU:1}, traits=(), aggregates=[]) (suffix '') returned 2 matches {{(pid=106015) _get_by_requests /opt/stack/placement/placement/objects/allocation_candidate.py:156}}
Oct 12 15:27:11.867008 n-d-860864-5 devstack@placement-api.service[106015]: DEBUG placement.objects.allocation_candidate [req-2b3e99da-b783-4622-8784-44d93c466f50 req-db49df5a-2625-4a79-9597-8eeeead1d265 service placement] Merging candidates yields 2 allocation requests and 2 provider summaries {{(pid=106015) _merge_candidates /opt/stack/placement/placement/objects/allocation_candidate.py:809}}
Oct 12 15:27:11.868942 n-d-860864-5 devstack@placement-api.service[106015]: INFO placement.requestlog [req-2b3e99da-b783-4622-8784-44d93c466f50 req-db49df5a-2625-4a79-9597-8eeeead1d265 service placement] 10.222.0.18 "GET /placement/allocation_candidates?limit=1000&resources=DISK_GB%3A1%2CMEMORY_MB%3A1024%2CVCPU%3A1&root_required=%21COMPUTE_STATUS_DISABLED" status: 200 len: 1309 microversion: 1.36
Oct 12 15:27:11.876395 n-d-860864-5 devstack@placement-api.service[106015]: [pid: 106015|app: 0|req: 699/1390] 10.222.0.18 () {60 vars in 1506 bytes} [Wed Oct 12 15:27:11 2022] GET /placement/allocation_candidates?limit=1000&resources=DISK_GB%3A1%2CMEMORY_MB%3A1024%2CVCPU%3A1&root_required=%21COMPUTE_STATUS_DISABLED => generated 1309 bytes in 254 msecs (HTTP/1.1 200) 8 headers in 297 bytes (1 switches on core 0)
Oct 12 15:27:11.976015 n-d-860864-5 devstack@placement-api.service[106014]: DEBUG placement.requestlog [req-2b3e99da-b783-4622-8784-44d93c466f50 req-b4f91292-3f83-464b-a3c2-98237e2c868d None None] Starting request: 10.222.0.18 "GET /placement/allocations/4efb00e7-1594-4bcf-8e41-1e011261fa4f" {{(pid=106014) __call__ /opt/stack/placement/placement/requestlog.py:55}}
Oct 12 15:27:11.990788 n-d-860864-5 devstack@placement-api.service[106014]: INFO placement.requestlog [req-2b3e99da-b783-4622-8784-44d93c466f50 req-b4f91292-3f83-464b-a3c2-98237e2c868d service placement] 10.222.0.18 "GET /placement/allocations/4efb00e7-1594-4bcf-8e41-1e011261fa4f" status: 200 len: 19 microversion: 1.28
Oct 12 15:27:11.998750 n-d-860864-5 devstack@placement-api.service[106014]: [pid: 106014|app: 0|req: 692/1391] 10.222.0.18 () {60 vars in 1380 bytes} [Wed Oct 12 15:27:11 2022] GET /placement/allocations/4efb00e7-1594-4bcf-8e41-1e011261fa4f => generated 19 bytes in 23 msecs (HTTP/1.1 200) 8 headers in 295 bytes (1 switches on core 0)
Oct 12 15:27:12.001891 n-d-860864-5 devstack@placement-api.service[106015]: DEBUG placement.requestlog [req-2b3e99da-b783-4622-8784-44d93c466f50 req-dd5b3e14-202c-451d-a89d-3bf86ebf6287 None None] Starting request: 10.222.0.18 "PUT /placement/allocations/4efb00e7-1594-4bcf-8e41-1e011261fa4f" {{(pid=106015) __call__ /opt/stack/placement/placement/requestlog.py:55}}
Oct 12 15:27:12.232675 n-d-860864-5 devstack@placement-api.service[106015]: DEBUG placement.handlers.allocation [req-2b3e99da-b783-4622-8784-44d93c466f50 req-dd5b3e14-202c-451d-a89d-3bf86ebf6287 service placement] Successfully wrote allocations [, , ] {{(pid=106015) _update_consumers_and_create_allocations /opt/stack/placement/placement/handlers/allocation.py:462}}
Oct 12 15:27:12.243380 n-d-860864-5 devstack@placement-api.service[106015]: INFO placement.requestlog [req-2b3e99da-b783-4622-8784-44d93c466f50 req-dd5b3e14-202c-451d-a89d-3bf86ebf6287 service placement] 10.222.0.18 "PUT /placement/allocations/4efb00e7-1594-4bcf-8e41-1e011261fa4f" status: 204 len: 0 microversion: 1.36
Oct 12 15:27:12.244558 n-d-860864-5 devstack@placement-api.service[106015]: [pid: 106015|app: 0|req: 700/1392] 10.222.0.18 () {64 vars in 1433 bytes} [Wed Oct 12 15:27:11 2022] PUT /placement/allocations/4efb00e7-1594-4bcf-8e41-1e011261fa4f => generated 0 bytes in 244 msecs (HTTP/1.1 204) 5 headers in 199 bytes (1 switches on core 0)
Oct 12 15:27:12.841536 n-d-860864-5 devstack@placement-api.service[106014]: DEBUG placement.requestlog [req-2b3e99da-b783-4622-8784-44d93c466f50 req-dfdb29a1-6d26-428c-8697-c778763acbf6 None None] Starting request: 10.222.0.20 "GET /placement/allocations/4efb00e7-1594-4bcf-8e41-1e011261fa4f" {{(pid=106014) __call__ /opt/stack/placement/placement/requestlog.py:55}}
Oct 12 15:27:12.878855 n-d-860864-5 devstack@placement-api.service[106014]: INFO placement.requestlog [req-2b3e99da-b783-4622-8784-44d93c466f50 req-dfdb29a1-6d26-428c-8697-c778763acbf6 service placement] 10.222.0.20 "GET /placement/allocations/4efb00e7-1594-4bcf-8e41-1e011261fa4f" status: 200 len: 259 microversion: 1.28
Oct 12 15:27:12.879526 n-d-860864-5 devstack@placement-api.service[106014]: [pid: 106014|app: 0|req: 693/1393] 10.222.0.20 () {60 vars in 1377 bytes} [Wed Oct 12 15:27:12 2022] GET /placement/allocations/4efb00e7-1594-4bcf-8e41-1e011261fa4f => generated 259 bytes in 38 msecs (HTTP/1.1 200) 8 headers in 296 bytes (1 switches on core 0)
Oct 12 15:27:13.081499 n-d-860864-5 devstack@placement-api.service[106015]: DEBUG placement.requestlog [req-2b3e99da-b783-4622-8784-44d93c466f50 req-f589983d-116f-4b8d-a380-f7b933c9655b None None] Starting request: 10.222.0.20 "GET /placement/resource_providers/052be942-0147-4f91-9540-7cdd3f88be6e/allocations" {{(pid=106015) __call__ /opt/stack/placement/placement/requestlog.py:55}}
Oct 12 15:27:13.143223 n-d-860864-5 devstack@placement-api.service[106015]: INFO placement.requestlog [req-2b3e99da-b783-4622-8784-44d93c466f50 req-f589983d-116f-4b8d-a380-f7b933c9655b service placement] 10.222.0.20 "GET /placement/resource_providers/052be942-0147-4f91-9540-7cdd3f88be6e/allocations" status: 200 len: 255 microversion: 1.0
Oct 12 15:27:13.143985 n-d-860864-5 devstack@placement-api.service[106015]: [pid: 106015|app: 0|req: 701/1394] 10.222.0.20 () {58 vars in 1390 bytes} [Wed Oct 12 15:27:13 2022] GET /placement/resource_providers/052be942-0147-4f91-9540-7cdd3f88be6e/allocations => generated 255 bytes in 66 msecs (HTTP/1.1 200) 6 headers in 224 bytes (1 switches on core 0)
Oct 12 15:27:13.151099 n-d-860864-5 devstack@placement-api.service[106014]: DEBUG placement.requestlog [req-2b3e99da-b783-4622-8784-44d93c466f50 req-6aad80c5-42fe-4562-a47f-ea04f89e3850 None None] Starting request: 10.222.0.20 "GET /placement/allocations/561dd98b-50bf-450b-bb41-7bd307272ced" {{(pid=106014) __call__ /opt/stack/placement/placement/requestlog.py:55}}
Oct 12 15:27:13.190238 n-d-860864-5 devstack@placement-api.service[106014]: INFO placement.requestlog [req-2b3e99da-b783-4622-8784-44d93c466f50 req-6aad80c5-42fe-4562-a47f-ea04f89e3850 service placement] 10.222.0.20 "GET /placement/allocations/561dd98b-50bf-450b-bb41-7bd307272ced" status: 200 len: 259 microversion: 1.28
Oct 12 15:27:13.192035 n-d-860864-5 devstack@placement-api.service[106014]: [pid: 106014|app: 0|req: 694/1395] 10.222.0.20 () {60 vars in 1377 bytes} [Wed Oct 12 15:27:13 2022] GET /placement/allocations/561dd98b-50bf-450b-bb41-7bd307272ced => generated 259 bytes in 41 msecs (HTTP/1.1 200) 8 headers in 296 bytes (1 switches on core 0)
Oct 12 15:27:13.200344 n-d-860864-5 devstack@placement-api.service[106015]: DEBUG placement.requestlog [req-2b3e99da-b783-4622-8784-44d93c466f50 req-a1c5a7fd-f6c3-42f1-a845-03139821ca4d None None] Starting request: 10.222.0.20 "GET /placement/allocations/4efb00e7-1594-4bcf-8e41-1e011261fa4f" {{(pid=106015) __call__ /opt/stack/placement/placement/requestlog.py:55}}
Oct 12 15:27:13.247989 n-d-860864-5 devstack@placement-api.service[106015]: INFO placement.requestlog [req-2b3e99da-b783-4622-8784-44d93c466f50 req-a1c5a7fd-f6c3-42f1-a845-03139821ca4d service placement] 10.222.0.20 "GET /placement/allocations/4efb00e7-1594-4bcf-8e41-1e011261fa4f" status: 200 len: 259 microversion: 1.28
Oct 12 15:27:13.248840 n-d-860864-5 devstack@placement-api.service[106015]: [pid: 106015|app: 0|req: 702/1396] 10.222.0.20 () {60 vars in 1377 bytes} [Wed Oct 12 15:27:13 2022] GET /placement/allocations/4efb00e7-1594-4bcf-8e41-1e011261fa4f => generated 259 bytes in 49 msecs (HTTP/1.1 200) 8 headers in 296 bytes (1 switches on core 0)
Oct 12 15:27:13.272396 n-d-860864-5 devstack@placement-api.service[106014]: DEBUG placement.requestlog [req-17431600-6644-4b79-a294-cba82172f3cd req-9322bc1c-2f7a-43ca-90de-76ea623db335 None None] Starting request: 10.222.0.18 "GET /placement/allocation_candidates?limit=1000&resources=DISK_GB%3A1%2CMEMORY_MB%3A1024%2CVCPU%3A1&root_required=%21COMPUTE_STATUS_DISABLED" {{(pid=106014) __call__ /opt/stack/placement/placement/requestlog.py:55}}
Oct 12 15:27:13.385650 n-d-860864-5 devstack@placement-api.service[106014]: DEBUG placement.objects.research_context [req-17431600-6644-4b79-a294-cba82172f3cd req-9322bc1c-2f7a-43ca-90de-76ea623db335 service placement] getting providers with 1 DISK_GB {{(pid=106014) __init__ /opt/stack/placement/placement/objects/research_context.py:136}}
Oct 12 15:27:13.393110 n-d-860864-5 devstack@placement-api.service[106014]: DEBUG placement.objects.research_context [req-17431600-6644-4b79-a294-cba82172f3cd req-9322bc1c-2f7a-43ca-90de-76ea623db335 service placement] getting providers with 1024 MEMORY_MB {{(pid=106014) __init__ /opt/stack/placement/placement/objects/research_context.py:136}}
Oct 12 15:27:13.404125 n-d-860864-5 devstack@placement-api.service[106014]: DEBUG placement.objects.research_context [req-17431600-6644-4b79-a294-cba82172f3cd req-9322bc1c-2f7a-43ca-90de-76ea623db335 service placement] getting providers with 1 VCPU {{(pid=106014) __init__ /opt/stack/placement/placement/objects/research_context.py:136}}
Oct 12 15:27:13.411715 n-d-860864-5 devstack@placement-api.service[106014]: DEBUG placement.objects.research_context [req-17431600-6644-4b79-a294-cba82172f3cd req-9322bc1c-2f7a-43ca-90de-76ea623db335 service placement] found 2 providers with available 1 DISK_GB {{(pid=106014) get_provider_ids_matching /opt/stack/placement/placement/objects/research_context.py:563}}
Oct 12 15:27:13.412211 n-d-860864-5 devstack@placement-api.service[106014]: DEBUG placement.objects.research_context [req-17431600-6644-4b79-a294-cba82172f3cd req-9322bc1c-2f7a-43ca-90de-76ea623db335 service placement] found 2 providers with available 1024 MEMORY_MB {{(pid=106014) get_provider_ids_matching /opt/stack/placement/placement/objects/research_context.py:563}}
Oct 12 15:27:13.412970 n-d-860864-5 devstack@placement-api.service[106014]: DEBUG placement.objects.research_context [req-17431600-6644-4b79-a294-cba82172f3cd req-9322bc1c-2f7a-43ca-90de-76ea623db335 service placement] found 2 providers after filtering by previous result {{(pid=106014) get_provider_ids_matching /opt/stack/placement/placement/objects/research_context.py:594}}
Oct 12 15:27:13.413367 n-d-860864-5 devstack@placement-api.service[106014]: DEBUG placement.objects.research_context [req-17431600-6644-4b79-a294-cba82172f3cd req-9322bc1c-2f7a-43ca-90de-76ea623db335 service placement] found 2 providers with available 1 VCPU {{(pid=106014) get_provider_ids_matching /opt/stack/placement/placement/objects/research_context.py:563}}
Oct 12 15:27:13.413767 n-d-860864-5 devstack@placement-api.service[106014]: DEBUG placement.objects.research_context [req-17431600-6644-4b79-a294-cba82172f3cd req-9322bc1c-2f7a-43ca-90de-76ea623db335 service placement] found 2 providers after filtering by previous result {{(pid=106014) get_provider_ids_matching /opt/stack/placement/placement/objects/research_context.py:594}}
Oct 12 15:27:13.427285 n-d-860864-5 devstack@placement-api.service[106014]: DEBUG placement.objects.allocation_candidate [req-17431600-6644-4b79-a294-cba82172f3cd req-9322bc1c-2f7a-43ca-90de-76ea623db335 service placement] RequestGroup(use_same_provider=False, resources={DISK_GB:1, MEMORY_MB:1024, VCPU:1}, traits=(), aggregates=[]) (suffix '') returned 2 matches {{(pid=106014) _get_by_requests /opt/stack/placement/placement/objects/allocation_candidate.py:156}}
Oct 12 15:27:13.427999 n-d-860864-5 devstack@placement-api.service[106014]: DEBUG placement.objects.allocation_candidate [req-17431600-6644-4b79-a294-cba82172f3cd req-9322bc1c-2f7a-43ca-90de-76ea623db335 service placement] Merging candidates yields 2 allocation requests and 2 provider summaries {{(pid=106014) _merge_candidates /opt/stack/placement/placement/objects/allocation_candidate.py:809}}
Oct 12 15:27:13.429767 n-d-860864-5 devstack@placement-api.service[106014]: INFO placement.requestlog [req-17431600-6644-4b79-a294-cba82172f3cd req-9322bc1c-2f7a-43ca-90de-76ea623db335 service placement] 10.222.0.18 "GET /placement/allocation_candidates?limit=1000&resources=DISK_GB%3A1%2CMEMORY_MB%3A1024%2CVCPU%3A1&root_required=%21COMPUTE_STATUS_DISABLED" status: 200 len: 1309 microversion: 1.36
Oct 12 15:27:13.435840 n-d-860864-5 devstack@placement-api.service[106014]: [pid: 106014|app: 0|req: 695/1397] 10.222.0.18 () {60 vars in 1506 bytes} [Wed Oct 12 15:27:13 2022] GET /placement/allocation_candidates?limit=1000&resources=DISK_GB%3A1%2CMEMORY_MB%3A1024%2CVCPU%3A1&root_required=%21COMPUTE_STATUS_DISABLED => generated 1309 bytes in 164 msecs (HTTP/1.1 200) 8 headers in 297 bytes (1 switches on core 0)
Oct 12 15:27:13.534448 n-d-860864-5 devstack@placement-api.service[106015]: DEBUG placement.requestlog [req-17431600-6644-4b79-a294-cba82172f3cd req-62d4cbe8-cd91-4b8d-b22f-54ac1d1c5238 None None] Starting request: 10.222.0.18 "GET /placement/allocations/67ae309d-b4c4-43ba-a043-c1e95223796f" {{(pid=106015) __call__ /opt/stack/placement/placement/requestlog.py:55}}
Oct 12 15:27:13.550587 n-d-860864-5 devstack@placement-api.service[106015]: INFO placement.requestlog [req-17431600-6644-4b79-a294-cba82172f3cd req-62d4cbe8-cd91-4b8d-b22f-54ac1d1c5238 service placement] 10.222.0.18 "GET /placement/allocations/67ae309d-b4c4-43ba-a043-c1e95223796f" status: 200 len: 19 microversion: 1.28
Oct 12 15:27:13.555766 n-d-860864-5 devstack@placement-api.service[106015]: [pid: 106015|app: 0|req: 703/1398] 10.222.0.18 () {60 vars in 1380 bytes} [Wed Oct 12 15:27:13 2022] GET /placement/allocations/67ae309d-b4c4-43ba-a043-c1e95223796f => generated 19 bytes in 22 msecs (HTTP/1.1 200) 8 headers in 295 bytes (1 switches on core 0)
Oct 12 15:27:13.559571 n-d-860864-5 devstack@placement-api.service[106014]: DEBUG placement.requestlog [req-17431600-6644-4b79-a294-cba82172f3cd req-3a64ad43-05ae-4a1e-8004-c4bb738b6d17 None None] Starting request: 10.222.0.18 "PUT /placement/allocations/67ae309d-b4c4-43ba-a043-c1e95223796f" {{(pid=106014) __call__ /opt/stack/placement/placement/requestlog.py:55}}
Oct 12 15:27:13.643099 n-d-860864-5 devstack@placement-api.service[106014]: DEBUG placement.handlers.allocation [req-17431600-6644-4b79-a294-cba82172f3cd req-3a64ad43-05ae-4a1e-8004-c4bb738b6d17 service placement] Successfully wrote allocations [, , ] {{(pid=106014) _update_consumers_and_create_allocations /opt/stack/placement/placement/handlers/allocation.py:462}}
Oct 12 15:27:13.660124 n-d-860864-5 devstack@placement-api.service[106014]: INFO placement.requestlog [req-17431600-6644-4b79-a294-cba82172f3cd req-3a64ad43-05ae-4a1e-8004-c4bb738b6d17 service placement] 10.222.0.18 "PUT /placement/allocations/67ae309d-b4c4-43ba-a043-c1e95223796f" status: 204 len: 0 microversion: 1.36
Oct 12 15:27:13.674728 n-d-860864-5 devstack@placement-api.service[106014]: [pid: 106014|app: 0|req: 696/1399] 10.222.0.18 () {64 vars in 1433 bytes} [Wed Oct 12 15:27:13 2022] PUT /placement/allocations/67ae309d-b4c4-43ba-a043-c1e95223796f => generated 0 bytes in 104 msecs (HTTP/1.1 204) 5 headers in 199 bytes (2 switches on core 0)
Oct 12 15:27:14.297927 n-d-860864-5 devstack@placement-api.service[106015]: DEBUG placement.requestlog [req-f88228db-85ca-4da9-9a59-0e45da66227a req-43ac5870-9f11-4397-b857-c08b487ac29d None None] Starting request: 10.222.0.43 "DELETE /placement/allocations/f5ea0a93-06b7-4c00-b230-03318b295536" {{(pid=106015) __call__ /opt/stack/placement/placement/requestlog.py:55}}
Oct 12 15:27:14.361369 n-d-860864-5 devstack@placement-api.service[106015]: DEBUG placement.handlers.allocation [req-f88228db-85ca-4da9-9a59-0e45da66227a req-43ac5870-9f11-4397-b857-c08b487ac29d service placement] Successfully deleted allocations [, , ] {{(pid=106015) delete_allocations /opt/stack/placement/placement/handlers/allocation.py:627}}
Oct 12 15:27:14.362401 n-d-860864-5 devstack@placement-api.service[106015]: INFO placement.requestlog [req-f88228db-85ca-4da9-9a59-0e45da66227a req-43ac5870-9f11-4397-b857-c08b487ac29d service placement] 10.222.0.43 "DELETE /placement/allocations/f5ea0a93-06b7-4c00-b230-03318b295536" status: 204 len: 0 microversion: 1.0
Oct 12 15:27:14.363308 n-d-860864-5 devstack@placement-api.service[106015]: [pid: 106015|app: 0|req: 704/1400] 10.222.0.43 () {60 vars in 1355 bytes} [Wed Oct 12 15:27:14 2022] DELETE /placement/allocations/f5ea0a93-06b7-4c00-b230-03318b295536 => generated 0 bytes in 66 msecs (HTTP/1.1 204) 5 headers in 198 bytes (1 switches on core 0)
Oct 12 15:27:14.380320 n-d-860864-5 devstack@placement-api.service[106014]: DEBUG placement.requestlog [req-17431600-6644-4b79-a294-cba82172f3cd req-ffc2411d-ff67-45e8-9041-63319bbc3c32 None None] Starting request: 10.222.0.43 "GET /placement/allocations/67ae309d-b4c4-43ba-a043-c1e95223796f" {{(pid=106014) __call__ /opt/stack/placement/placement/requestlog.py:55}}
Oct 12 15:27:14.411689 n-d-860864-5 devstack@placement-api.service[106014]: INFO placement.requestlog [req-17431600-6644-4b79-a294-cba82172f3cd req-ffc2411d-ff67-45e8-9041-63319bbc3c32 service placement] 10.222.0.43 "GET /placement/allocations/67ae309d-b4c4-43ba-a043-c1e95223796f" status: 200 len: 259 microversion: 1.28
Oct 12 15:27:14.412714 n-d-860864-5 devstack@placement-api.service[106014]: [pid: 106014|app: 0|req: 697/1401] 10.222.0.43 () {60 vars in 1377 bytes} [Wed Oct 12 15:27:14 2022] GET /placement/allocations/67ae309d-b4c4-43ba-a043-c1e95223796f => generated 259 bytes in 33 msecs (HTTP/1.1 200) 8 headers in 296 bytes (1 switches on core 0)
Oct 12 15:27:14.613908 n-d-860864-5 devstack@placement-api.service[106015]: DEBUG placement.requestlog [req-17431600-6644-4b79-a294-cba82172f3cd req-ba13d475-ecfe-4211-b5a4-81e66f93d300 None None] Starting request: 10.222.0.43 "GET /placement/resource_providers/17d99c10-b0db-4e85-8ae7-0da655ca352c/allocations" {{(pid=106015) __call__ /opt/stack/placement/placement/requestlog.py:55}}
Oct 12 15:27:14.654506 n-d-860864-5 devstack@placement-api.service[106015]: INFO placement.requestlog [req-17431600-6644-4b79-a294-cba82172f3cd req-ba13d475-ecfe-4211-b5a4-81e66f93d300 service placement] 10.222.0.43 "GET /placement/resource_providers/17d99c10-b0db-4e85-8ae7-0da655ca352c/allocations" status: 200 len: 255 microversion: 1.0
Oct 12 15:27:14.655260 n-d-860864-5 devstack@placement-api.service[106015]: [pid: 106015|app: 0|req: 705/1402] 10.222.0.43 () {58 vars in 1390 bytes} [Wed Oct 12 15:27:14 2022] GET /placement/resource_providers/17d99c10-b0db-4e85-8ae7-0da655ca352c/allocations => generated 255 bytes in 42 msecs (HTTP/1.1 200) 6 headers in 224 bytes (1 switches on core 0)
Oct 12 15:27:14.667254 n-d-860864-5 devstack@placement-api.service[106014]: DEBUG placement.requestlog [req-17431600-6644-4b79-a294-cba82172f3cd req-2b534758-510b-4aa9-ad11-80a756817ac1 None None] Starting request: 10.222.0.43 "GET /placement/allocations/876a4329-dc91-477c-8183-44ac8cd78f63" {{(pid=106014) __call__ /opt/stack/placement/placement/requestlog.py:55}}
Oct 12 15:27:14.701315 n-d-860864-5 devstack@placement-api.service[106014]: INFO placement.requestlog [req-17431600-6644-4b79-a294-cba82172f3cd req-2b534758-510b-4aa9-ad11-80a756817ac1 service placement] 10.222.0.43 "GET /placement/allocations/876a4329-dc91-477c-8183-44ac8cd78f63" status: 200 len: 259 microversion: 1.28
Oct 12 15:27:14.701814 n-d-860864-5 devstack@placement-api.service[106014]: [pid: 106014|app: 0|req: 698/1403] 10.222.0.43 () {60 vars in 1377 bytes} [Wed Oct 12 15:27:14 2022] GET /placement/allocations/876a4329-dc91-477c-8183-44ac8cd78f63 => generated 259 bytes in 35 msecs (HTTP/1.1 200) 8 headers in 296 bytes (1 switches on core 0)
Oct 12 15:27:14.711141 n-d-860864-5 devstack@placement-api.service[106015]: DEBUG placement.requestlog [req-17431600-6644-4b79-a294-cba82172f3cd req-c024b508-d64c-495e-ad94-ec5868313522 None None] Starting request: 10.222.0.43 "GET /placement/allocations/67ae309d-b4c4-43ba-a043-c1e95223796f" {{(pid=106015) __call__ /opt/stack/placement/placement/requestlog.py:55}}
Oct 12 15:27:14.756784 n-d-860864-5 devstack@placement-api.service[106015]: INFO placement.requestlog [req-17431600-6644-4b79-a294-cba82172f3cd req-c024b508-d64c-495e-ad94-ec5868313522 service placement] 10.222.0.43 "GET /placement/allocations/67ae309d-b4c4-43ba-a043-c1e95223796f" status: 200 len: 259 microversion: 1.28
Oct 12 15:27:14.757225 n-d-860864-5 devstack@placement-api.service[106015]: [pid: 106015|app: 0|req: 706/1404] 10.222.0.43 () {60 vars in 1377 bytes} [Wed Oct 12 15:27:14 2022] GET /placement/allocations/67ae309d-b4c4-43ba-a043-c1e95223796f => generated 259 bytes in 46 msecs (HTTP/1.1 200) 8 headers in 296 bytes (1 switches on core 0)
Oct 12 15:27:15.009969 n-d-860864-5 devstack@placement-api.service[106014]: DEBUG placement.requestlog [req-92ab5232-3bc8-4405-9761-561d7d852e0d req-b28aa025-5ddf-4acf-b5f5-79d11ccae7a9 None None] Starting request: 10.222.0.18 "GET /placement/allocation_candidates?limit=1000&resources=DISK_GB%3A1%2CMEMORY_MB%3A1024%2CVCPU%3A1&root_required=%21COMPUTE_STATUS_DISABLED" {{(pid=106014) __call__ /opt/stack/placement/placement/requestlog.py:55}}
Oct 12 15:27:15.108565 n-d-860864-5 devstack@placement-api.service[106014]: DEBUG placement.objects.research_context [req-92ab5232-3bc8-4405-9761-561d7d852e0d req-b28aa025-5ddf-4acf-b5f5-79d11ccae7a9 service placement] getting providers with 1 DISK_GB {{(pid=106014) __init__ /opt/stack/placement/placement/objects/research_context.py:136}}
Oct 12 15:27:15.119061 n-d-860864-5 devstack@placement-api.service[106014]: DEBUG placement.objects.research_context [req-92ab5232-3bc8-4405-9761-561d7d852e0d req-b28aa025-5ddf-4acf-b5f5-79d11ccae7a9 service placement] getting providers with 1024 MEMORY_MB {{(pid=106014) __init__ /opt/stack/placement/placement/objects/research_context.py:136}}
Oct 12 15:27:15.126354 n-d-860864-5 devstack@placement-api.service[106015]: DEBUG placement.requestlog [req-f88228db-85ca-4da9-9a59-0e45da66227a req-bf9801d7-edcc-45f6-a1d5-ac9b77bdc225 None None] Starting request: 10.222.0.43 "GET /placement/resource_providers/17d99c10-b0db-4e85-8ae7-0da655ca352c/allocations" {{(pid=106015) __call__ /opt/stack/placement/placement/requestlog.py:55}}
Oct 12 15:27:15.129195 n-d-860864-5 devstack@placement-api.service[106014]: DEBUG placement.objects.research_context [req-92ab5232-3bc8-4405-9761-561d7d852e0d req-b28aa025-5ddf-4acf-b5f5-79d11ccae7a9 service placement] getting providers with 1 VCPU {{(pid=106014) __init__ /opt/stack/placement/placement/objects/research_context.py:136}}
Oct 12 15:27:15.146826 n-d-860864-5 devstack@placement-api.service[106014]: DEBUG placement.objects.research_context [req-92ab5232-3bc8-4405-9761-561d7d852e0d req-b28aa025-5ddf-4acf-b5f5-79d11ccae7a9 service placement] found 2 providers with available 1 DISK_GB {{(pid=106014) get_provider_ids_matching /opt/stack/placement/placement/objects/research_context.py:563}}
Oct 12 15:27:15.147484 n-d-860864-5 devstack@placement-api.service[106014]: DEBUG placement.objects.research_context [req-92ab5232-3bc8-4405-9761-561d7d852e0d req-b28aa025-5ddf-4acf-b5f5-79d11ccae7a9 service placement] found 2 providers with available 1024 MEMORY_MB {{(pid=106014) get_provider_ids_matching /opt/stack/placement/placement/objects/research_context.py:563}}
Oct 12 15:27:15.147946 n-d-860864-5 devstack@placement-api.service[106014]: DEBUG placement.objects.research_context [req-92ab5232-3bc8-4405-9761-561d7d852e0d req-b28aa025-5ddf-4acf-b5f5-79d11ccae7a9 service placement] found 2 providers after filtering by previous result {{(pid=106014) get_provider_ids_matching /opt/stack/placement/placement/objects/research_context.py:594}}
Oct 12 15:27:15.148856 n-d-860864-5 devstack@placement-api.service[106014]: DEBUG placement.objects.research_context [req-92ab5232-3bc8-4405-9761-561d7d852e0d req-b28aa025-5ddf-4acf-b5f5-79d11ccae7a9 service placement] found 2 providers with available 1 VCPU {{(pid=106014) get_provider_ids_matching /opt/stack/placement/placement/objects/research_context.py:563}}
Oct 12 15:27:15.149337 n-d-860864-5 devstack@placement-api.service[106014]: DEBUG placement.objects.research_context [req-92ab5232-3bc8-4405-9761-561d7d852e0d req-b28aa025-5ddf-4acf-b5f5-79d11ccae7a9 service placement] found 2 providers after filtering by previous result {{(pid=106014) get_provider_ids_matching /opt/stack/placement/placement/objects/research_context.py:594}}
Oct 12 15:27:15.180045 n-d-860864-5 devstack@placement-api.service[106014]: DEBUG placement.objects.allocation_candidate [req-92ab5232-3bc8-4405-9761-561d7d852e0d req-b28aa025-5ddf-4acf-b5f5-79d11ccae7a9 service placement] RequestGroup(use_same_provider=False, resources={DISK_GB:1, MEMORY_MB:1024, VCPU:1}, traits=(), aggregates=[]) (suffix '') returned 2 matches {{(pid=106014) _get_by_requests /opt/stack/placement/placement/objects/allocation_candidate.py:156}}
Oct 12 15:27:15.180782 n-d-860864-5 devstack@placement-api.service[106014]: DEBUG placement.objects.allocation_candidate [req-92ab5232-3bc8-4405-9761-561d7d852e0d req-b28aa025-5ddf-4acf-b5f5-79d11ccae7a9 service placement] Merging candidates yields 2 allocation requests and 2 provider summaries {{(pid=106014) _merge_candidates /opt/stack/placement/placement/objects/allocation_candidate.py:809}}
Oct 12 15:27:15.195189 n-d-860864-5 devstack@placement-api.service[106014]: INFO placement.requestlog [req-92ab5232-3bc8-4405-9761-561d7d852e0d req-b28aa025-5ddf-4acf-b5f5-79d11ccae7a9 service placement] 10.222.0.18 "GET /placement/allocation_candidates?limit=1000&resources=DISK_GB%3A1%2CMEMORY_MB%3A1024%2CVCPU%3A1&root_required=%21COMPUTE_STATUS_DISABLED" status: 200 len: 1309 microversion: 1.36
Oct 12 15:27:15.195751 n-d-860864-5 devstack@placement-api.service[106014]: [pid: 106014|app: 0|req: 699/1405] 10.222.0.18 () {60 vars in 1506 bytes} [Wed Oct 12 15:27:15 2022] GET /placement/allocation_candidates?limit=1000&resources=DISK_GB%3A1%2CMEMORY_MB%3A1024%2CVCPU%3A1&root_required=%21COMPUTE_STATUS_DISABLED => generated 1309 bytes in 187 msecs (HTTP/1.1 200) 8 headers in 297 bytes (1 switches on core 0)
Oct 12 15:27:15.215842 n-d-860864-5 devstack@placement-api.service[106015]: INFO placement.requestlog [req-f88228db-85ca-4da9-9a59-0e45da66227a req-bf9801d7-edcc-45f6-a1d5-ac9b77bdc225 service placement] 10.222.0.43 "GET /placement/resource_providers/17d99c10-b0db-4e85-8ae7-0da655ca352c/allocations" status: 200 len: 255 microversion: 1.0
Oct 12 15:27:15.218818 n-d-860864-5 devstack@placement-api.service[106015]: [pid: 106015|app: 0|req: 707/1406] 10.222.0.43 () {58 vars in 1390 bytes} [Wed Oct 12 15:27:15 2022] GET /placement/resource_providers/17d99c10-b0db-4e85-8ae7-0da655ca352c/allocations => generated 255 bytes in 93 msecs (HTTP/1.1 200) 6 headers in 224 bytes (2 switches on core 0)
Oct 12 15:27:15.244404 n-d-860864-5 devstack@placement-api.service[106014]: DEBUG placement.requestlog [req-f88228db-85ca-4da9-9a59-0e45da66227a req-a4ec8e64-d3e6-4911-869e-d3f28847219e None None] Starting request: 10.222.0.43 "GET /placement/allocations/876a4329-dc91-477c-8183-44ac8cd78f63" {{(pid=106014) __call__ /opt/stack/placement/placement/requestlog.py:55}}
Oct 12 15:27:15.278588 n-d-860864-5 devstack@placement-api.service[106014]: INFO placement.requestlog [req-f88228db-85ca-4da9-9a59-0e45da66227a req-a4ec8e64-d3e6-4911-869e-d3f28847219e service placement] 10.222.0.43 "GET /placement/allocations/876a4329-dc91-477c-8183-44ac8cd78f63" status: 200 len: 259 microversion: 1.28
Oct 12 15:27:15.280461 n-d-860864-5 devstack@placement-api.service[106014]: [pid: 106014|app: 0|req: 700/1407] 10.222.0.43 () {60 vars in 1377 bytes} [Wed Oct 12 15:27:15 2022] GET /placement/allocations/876a4329-dc91-477c-8183-44ac8cd78f63 => generated 259 bytes in 38 msecs (HTTP/1.1 200) 8 headers in 296 bytes (1 switches on core 0)
Oct 12 15:27:15.305992 n-d-860864-5 devstack@placement-api.service[106015]: DEBUG placement.requestlog [req-f88228db-85ca-4da9-9a59-0e45da66227a req-05ecab64-8d4b-473c-aaa6-95ce00937bac None None] Starting request: 10.222.0.43 "GET /placement/allocations/67ae309d-b4c4-43ba-a043-c1e95223796f" {{(pid=106015) __call__ /opt/stack/placement/placement/requestlog.py:55}}
Oct 12 15:27:15.342721 n-d-860864-5 devstack@placement-api.service[106014]: DEBUG placement.requestlog [req-92ab5232-3bc8-4405-9761-561d7d852e0d req-9166f02d-8cb0-4095-a52c-6d5971c31ffe None None] Starting request: 10.222.0.18 "GET /placement/allocations/52d52e01-5e84-4ffb-8a1b-eaa7603758a5" {{(pid=106014) __call__ /opt/stack/placement/placement/requestlog.py:55}}
Oct 12 15:27:15.374000 n-d-860864-5 devstack@placement-api.service[106014]: INFO placement.requestlog [req-92ab5232-3bc8-4405-9761-561d7d852e0d req-9166f02d-8cb0-4095-a52c-6d5971c31ffe service placement] 10.222.0.18 "GET /placement/allocations/52d52e01-5e84-4ffb-8a1b-eaa7603758a5" status: 200 len: 19 microversion: 1.28
Oct 12 15:27:15.379129 n-d-860864-5 devstack@placement-api.service[106014]: [pid: 106014|app: 0|req: 701/1408] 10.222.0.18 () {60 vars in 1380 bytes} [Wed Oct 12 15:27:15 2022] GET /placement/allocations/52d52e01-5e84-4ffb-8a1b-eaa7603758a5 => generated 19 bytes in 36 msecs (HTTP/1.1 200) 8 headers in 295 bytes (1 switches on core 0)
Oct 12 15:27:15.381195 n-d-860864-5 devstack@placement-api.service[106015]: INFO placement.requestlog [req-f88228db-85ca-4da9-9a59-0e45da66227a req-05ecab64-8d4b-473c-aaa6-95ce00937bac service placement] 10.222.0.43 "GET /placement/allocations/67ae309d-b4c4-43ba-a043-c1e95223796f" status: 200 len: 259 microversion: 1.28
Oct 12 15:27:15.384964 n-d-860864-5 devstack@placement-api.service[106014]: DEBUG placement.requestlog [req-92ab5232-3bc8-4405-9761-561d7d852e0d req-9cbed2fd-a072-47df-8e3e-0a70932a9ba1 None None] Starting request: 10.222.0.18 "PUT /placement/allocations/52d52e01-5e84-4ffb-8a1b-eaa7603758a5" {{(pid=106014) __call__ /opt/stack/placement/placement/requestlog.py:55}}
Oct 12 15:27:15.385778 n-d-860864-5 devstack@placement-api.service[106015]: [pid: 106015|app: 0|req: 708/1409] 10.222.0.43 () {60 vars in 1377 bytes} [Wed Oct 12 15:27:15 2022] GET /placement/allocations/67ae309d-b4c4-43ba-a043-c1e95223796f => generated 259 bytes in 78 msecs (HTTP/1.1 200) 8 headers in 296 bytes (1 switches on core 0)
Oct 12 15:27:15.536525 n-d-860864-5 devstack@placement-api.service[106014]: DEBUG dbcounter [-] [106014] Writing DB stats placement:SELECT=88,placement:INSERT=7,placement:DELETE=3,placement:UPDATE=2 {{(pid=106014) stat_writer /usr/local/lib/python3.8/dist-packages/dbcounter.py:114}}
Oct 12 15:27:15.570097 n-d-860864-5 devstack@placement-api.service[106014]: DEBUG placement.handlers.allocation [req-92ab5232-3bc8-4405-9761-561d7d852e0d req-9cbed2fd-a072-47df-8e3e-0a70932a9ba1 service placement] Successfully wrote allocations [, , ] {{(pid=106014) _update_consumers_and_create_allocations /opt/stack/placement/placement/handlers/allocation.py:462}}
Oct 12 15:27:15.580468 n-d-860864-5 devstack@placement-api.service[106014]: INFO placement.requestlog [req-92ab5232-3bc8-4405-9761-561d7d852e0d req-9cbed2fd-a072-47df-8e3e-0a70932a9ba1 service placement] 10.222.0.18 "PUT /placement/allocations/52d52e01-5e84-4ffb-8a1b-eaa7603758a5" status: 204 len: 0 microversion: 1.36
Oct 12 15:27:15.581330 n-d-860864-5 devstack@placement-api.service[106014]: [pid: 106014|app: 0|req: 702/1410] 10.222.0.18 () {64 vars in 1433 bytes} [Wed Oct 12 15:27:15 2022] PUT /placement/allocations/52d52e01-5e84-4ffb-8a1b-eaa7603758a5 => generated 0 bytes in 196 msecs (HTTP/1.1 204) 5 headers in 199 bytes (1 switches on core 0)
Oct 12 15:27:15.604087 n-d-860864-5 devstack@placement-api.service[106015]: DEBUG placement.requestlog [req-45c9dbf5-2f57-4688-8c46-7b99cd321553 req-6297c662-81f8-4752-9d80-318766b214df None None] Starting request: 10.222.0.18 "GET /placement/allocation_candidates?in_tree=052be942-0147-4f91-9540-7cdd3f88be6e&limit=1000&resources=DISK_GB%3A1%2CMEMORY_MB%3A1024%2CVCPU%3A1&root_required=%21COMPUTE_STATUS_DISABLED" {{(pid=106015) __call__ /opt/stack/placement/placement/requestlog.py:55}}
Oct 12 15:27:15.732226 n-d-860864-5 devstack@placement-api.service[106015]: DEBUG dbcounter [-] [106015] Writing DB stats placement:SELECT=88,placement:INSERT=6,placement:DELETE=4,placement:UPDATE=2 {{(pid=106015) stat_writer /usr/local/lib/python3.8/dist-packages/dbcounter.py:114}}
Oct 12 15:27:15.890461 n-d-860864-5 devstack@placement-api.service[106015]: DEBUG placement.objects.research_context [req-45c9dbf5-2f57-4688-8c46-7b99cd321553 req-6297c662-81f8-4752-9d80-318766b214df service placement] Group getting allocation candidates in the same tree with the root provider 052be942-0147-4f91-9540-7cdd3f88be6e {{(pid=106015) __init__ /opt/stack/placement/placement/objects/research_context.py:124}}
Oct 12 15:27:15.890745 n-d-860864-5 devstack@placement-api.service[106015]: DEBUG placement.objects.research_context [req-45c9dbf5-2f57-4688-8c46-7b99cd321553 req-6297c662-81f8-4752-9d80-318766b214df service placement] getting providers with 1 DISK_GB {{(pid=106015) __init__ /opt/stack/placement/placement/objects/research_context.py:136}}
Oct 12 15:27:15.927318 n-d-860864-5 devstack@placement-api.service[106015]: DEBUG placement.objects.research_context [req-45c9dbf5-2f57-4688-8c46-7b99cd321553 req-6297c662-81f8-4752-9d80-318766b214df service placement] getting providers with 1024 MEMORY_MB {{(pid=106015) __init__ /opt/stack/placement/placement/objects/research_context.py:136}}
Oct 12 15:27:15.956733 n-d-860864-5 devstack@placement-api.service[106015]: DEBUG placement.objects.research_context [req-45c9dbf5-2f57-4688-8c46-7b99cd321553 req-6297c662-81f8-4752-9d80-318766b214df service placement] getting providers with 1 VCPU {{(pid=106015) __init__ /opt/stack/placement/placement/objects/research_context.py:136}}
Oct 12 15:27:15.968389 n-d-860864-5 devstack@placement-api.service[106015]: DEBUG placement.objects.research_context [req-45c9dbf5-2f57-4688-8c46-7b99cd321553 req-6297c662-81f8-4752-9d80-318766b214df service placement] found 1 providers with available 1 DISK_GB {{(pid=106015) get_provider_ids_matching /opt/stack/placement/placement/objects/research_context.py:563}}
Oct 12 15:27:15.968911 n-d-860864-5 devstack@placement-api.service[106015]: DEBUG placement.objects.research_context [req-45c9dbf5-2f57-4688-8c46-7b99cd321553 req-6297c662-81f8-4752-9d80-318766b214df service placement] found 1 providers with available 1024 MEMORY_MB {{(pid=106015) get_provider_ids_matching /opt/stack/placement/placement/objects/research_context.py:563}}
Oct 12 15:27:15.969903 n-d-860864-5 devstack@placement-api.service[106015]: DEBUG placement.objects.research_context [req-45c9dbf5-2f57-4688-8c46-7b99cd321553 req-6297c662-81f8-4752-9d80-318766b214df service placement] found 1 providers after filtering by previous result {{(pid=106015) get_provider_ids_matching /opt/stack/placement/placement/objects/research_context.py:594}}
Oct 12 15:27:15.971124 n-d-860864-5 devstack@placement-api.service[106015]: DEBUG placement.objects.research_context [req-45c9dbf5-2f57-4688-8c46-7b99cd321553 req-6297c662-81f8-4752-9d80-318766b214df service placement] found 1 providers with available 1 VCPU {{(pid=106015) get_provider_ids_matching /opt/stack/placement/placement/objects/research_context.py:563}}
Oct 12 15:27:15.977898 n-d-860864-5 devstack@placement-api.service[106015]: DEBUG placement.objects.research_context [req-45c9dbf5-2f57-4688-8c46-7b99cd321553 req-6297c662-81f8-4752-9d80-318766b214df service placement] found 1 providers after filtering by previous result {{(pid=106015) get_provider_ids_matching /opt/stack/placement/placement/objects/research_context.py:594}}
Oct 12 15:27:15.996696 n-d-860864-5 devstack@placement-api.service[106015]: DEBUG placement.objects.allocation_candidate [req-45c9dbf5-2f57-4688-8c46-7b99cd321553 req-6297c662-81f8-4752-9d80-318766b214df service placement] RequestGroup(use_same_provider=False, resources={DISK_GB:1, MEMORY_MB:1024, VCPU:1}, traits=(), aggregates=[]) (suffix '') returned 1 matches {{(pid=106015) _get_by_requests /opt/stack/placement/placement/objects/allocation_candidate.py:156}}
Oct 12 15:27:15.997127 n-d-860864-5 devstack@placement-api.service[106015]: DEBUG placement.objects.allocation_candidate [req-45c9dbf5-2f57-4688-8c46-7b99cd321553 req-6297c662-81f8-4752-9d80-318766b214df service placement] Merging candidates yields 1 allocation requests and 1 provider summaries {{(pid=106015) _merge_candidates /opt/stack/placement/placement/objects/allocation_candidate.py:809}}
Oct 12 15:27:16.002216 n-d-860864-5 devstack@placement-api.service[106015]: INFO placement.requestlog [req-45c9dbf5-2f57-4688-8c46-7b99cd321553 req-6297c662-81f8-4752-9d80-318766b214df service placement] 10.222.0.18 "GET /placement/allocation_candidates?in_tree=052be942-0147-4f91-9540-7cdd3f88be6e&limit=1000&resources=DISK_GB%3A1%2CMEMORY_MB%3A1024%2CVCPU%3A1&root_required=%21COMPUTE_STATUS_DISABLED" status: 200 len: 679 microversion: 1.36
Oct 12 15:27:16.003102 n-d-860864-5 devstack@placement-api.service[106015]: [pid: 106015|app: 0|req: 709/1411] 10.222.0.18 () {60 vars in 1596 bytes} [Wed Oct 12 15:27:15 2022] GET /placement/allocation_candidates?in_tree=052be942-0147-4f91-9540-7cdd3f88be6e&limit=1000&resources=DISK_GB%3A1%2CMEMORY_MB%3A1024%2CVCPU%3A1&root_required=%21COMPUTE_STATUS_DISABLED => generated 679 bytes in 399 msecs (HTTP/1.1 200) 8 headers in 296 bytes (1 switches on core 0)
Oct 12 15:27:16.087650 n-d-860864-5 devstack@placement-api.service[106014]: DEBUG placement.requestlog [req-45c9dbf5-2f57-4688-8c46-7b99cd321553 req-16ad4b28-8bc5-4355-936b-3ef816d0e385 None None] Starting request: 10.222.0.18 "GET /placement/allocations/f5ea0a93-06b7-4c00-b230-03318b295536" {{(pid=106014) __call__ /opt/stack/placement/placement/requestlog.py:55}}
Oct 12 15:27:16.113685 n-d-860864-5 devstack@placement-api.service[106014]: INFO placement.requestlog [req-45c9dbf5-2f57-4688-8c46-7b99cd321553 req-16ad4b28-8bc5-4355-936b-3ef816d0e385 service placement] 10.222.0.18 "GET /placement/allocations/f5ea0a93-06b7-4c00-b230-03318b295536" status: 200 len: 19 microversion: 1.28
