Oct 10 23:21:28.160437 n-d-860864-2 devstack@placement-api.service[106053]: INFO placement.requestlog [req-a8680282-15bc-46c2-a75f-d2cb051b091e req-987a6e30-2bb3-48a2-977f-267c034e01ab service placement] 10.222.0.40 "GET /placement/allocations/76f81164-31f2-4f4b-9ec5-1e2ee8416c7b" status: 200 len: 258 microversion: 1.28
Oct 10 23:21:28.163851 n-d-860864-2 devstack@placement-api.service[106053]: [pid: 106053|app: 0|req: 457/905] 10.222.0.40 () {60 vars in 1377 bytes} [Mon Oct 10 23:21:28 2022] GET /placement/allocations/76f81164-31f2-4f4b-9ec5-1e2ee8416c7b => generated 258 bytes in 43 msecs (HTTP/1.1 200) 8 headers in 296 bytes (1 switches on core 0)
Oct 10 23:21:28.172723 n-d-860864-2 devstack@placement-api.service[106053]: DEBUG placement.requestlog [req-a8680282-15bc-46c2-a75f-d2cb051b091e req-722a0fde-f63f-4e2f-9edc-7d8dd1c15be5 None None] Starting request: 10.222.0.40 "GET /placement/allocations/87be6fab-2ad1-4a49-8b54-8eb2e50c3e29" {{(pid=106053) __call__ /opt/stack/placement/placement/requestlog.py:55}}
Oct 10 23:21:28.183733 n-d-860864-2 devstack@placement-api.service[106052]: INFO placement.requestlog [req-a8680282-15bc-46c2-a75f-d2cb051b091e req-8f68e869-c323-450b-869e-4b14ee49c78c service placement] 10.222.0.27 "GET /placement/allocations/d7ca2b3f-28f3-4df3-bdd5-2ea24dce51bd" status: 200 len: 259 microversion: 1.28
Oct 10 23:21:28.184404 n-d-860864-2 devstack@placement-api.service[106052]: [pid: 106052|app: 0|req: 449/906] 10.222.0.27 () {60 vars in 1377 bytes} [Mon Oct 10 23:21:28 2022] GET /placement/allocations/d7ca2b3f-28f3-4df3-bdd5-2ea24dce51bd => generated 259 bytes in 41 msecs (HTTP/1.1 200) 8 headers in 296 bytes (1 switches on core 0)
Oct 10 23:21:28.199596 n-d-860864-2 devstack@placement-api.service[106052]: DEBUG placement.requestlog [req-a8680282-15bc-46c2-a75f-d2cb051b091e req-4c2f22c1-78fb-4e3b-9a71-fa555fdcb4d7 None None] Starting request: 10.222.0.27 "GET /placement/allocations/6656fd97-0371-4915-a530-5741f3d335bd" {{(pid=106052) __call__ /opt/stack/placement/placement/requestlog.py:55}}
Oct 10 23:21:28.214267 n-d-860864-2 devstack@placement-api.service[106053]: INFO placement.requestlog [req-a8680282-15bc-46c2-a75f-d2cb051b091e req-722a0fde-f63f-4e2f-9edc-7d8dd1c15be5 service placement] 10.222.0.40 "GET /placement/allocations/87be6fab-2ad1-4a49-8b54-8eb2e50c3e29" status: 200 len: 259 microversion: 1.28
Oct 10 23:21:28.216513 n-d-860864-2 devstack@placement-api.service[106053]: [pid: 106053|app: 0|req: 458/907] 10.222.0.40 () {60 vars in 1377 bytes} [Mon Oct 10 23:21:28 2022] GET /placement/allocations/87be6fab-2ad1-4a49-8b54-8eb2e50c3e29 => generated 259 bytes in 44 msecs (HTTP/1.1 200) 8 headers in 296 bytes (2 switches on core 0)
Oct 10 23:21:28.220478 n-d-860864-2 devstack@placement-api.service[106053]: DEBUG placement.requestlog [req-7ec1d044-c3b0-4db2-8040-22958b71292c req-12e1820f-8cb1-4ff6-91f6-83b612c7d733 None None] Starting request: 10.222.0.23 "GET /placement/allocations/90cc20e4-bd05-44fc-931c-ddffba1494e6" {{(pid=106053) __call__ /opt/stack/placement/placement/requestlog.py:55}}
Oct 10 23:21:28.235247 n-d-860864-2 devstack@placement-api.service[106052]: INFO placement.requestlog [req-a8680282-15bc-46c2-a75f-d2cb051b091e req-4c2f22c1-78fb-4e3b-9a71-fa555fdcb4d7 service placement] 10.222.0.27 "GET /placement/allocations/6656fd97-0371-4915-a530-5741f3d335bd" status: 200 len: 259 microversion: 1.28
Oct 10 23:21:28.235616 n-d-860864-2 devstack@placement-api.service[106052]: [pid: 106052|app: 0|req: 450/908] 10.222.0.27 () {60 vars in 1377 bytes} [Mon Oct 10 23:21:28 2022] GET /placement/allocations/6656fd97-0371-4915-a530-5741f3d335bd => generated 259 bytes in 36 msecs (HTTP/1.1 200) 8 headers in 296 bytes (1 switches on core 0)
Oct 10 23:21:28.236843 n-d-860864-2 devstack@placement-api.service[106052]: DEBUG placement.requestlog [req-a8680282-15bc-46c2-a75f-d2cb051b091e req-8a6bb23d-9953-4531-98f7-381372c42f4d None None] Starting request: 10.222.0.40 "GET /placement/allocations/cb45a427-0de8-46e7-bcd5-bd96b85e3bcd" {{(pid=106052) __call__ /opt/stack/placement/placement/requestlog.py:55}}
Oct 10 23:21:28.244350 n-d-860864-2 devstack@placement-api.service[106053]: INFO placement.requestlog [req-7ec1d044-c3b0-4db2-8040-22958b71292c req-12e1820f-8cb1-4ff6-91f6-83b612c7d733 service placement] 10.222.0.23 "GET /placement/allocations/90cc20e4-bd05-44fc-931c-ddffba1494e6" status: 200 len: 259 microversion: 1.28
Oct 10 23:21:28.244572 n-d-860864-2 devstack@placement-api.service[106052]: DEBUG dbcounter [-] [106052] Writing DB stats placement:SELECT=90,placement:INSERT=6,placement:DELETE=2,placement:UPDATE=2 {{(pid=106052) stat_writer /usr/local/lib/python3.8/dist-packages/dbcounter.py:114}}
Oct 10 23:21:28.245414 n-d-860864-2 devstack@placement-api.service[106053]: [pid: 106053|app: 0|req: 459/909] 10.222.0.23 () {60 vars in 1380 bytes} [Mon Oct 10 23:21:28 2022] GET /placement/allocations/90cc20e4-bd05-44fc-931c-ddffba1494e6 => generated 259 bytes in 25 msecs (HTTP/1.1 200) 8 headers in 296 bytes (1 switches on core 0)
Oct 10 23:21:28.253650 n-d-860864-2 devstack@placement-api.service[106053]: DEBUG placement.requestlog [req-7ec1d044-c3b0-4db2-8040-22958b71292c req-5fbaf59c-df71-4dd0-bacf-2061896fe78f None None] Starting request: 10.222.0.23 "GET /placement/allocations/90cc20e4-bd05-44fc-931c-ddffba1494e6" {{(pid=106053) __call__ /opt/stack/placement/placement/requestlog.py:55}}
Oct 10 23:21:28.274501 n-d-860864-2 devstack@placement-api.service[106052]: INFO placement.requestlog [req-a8680282-15bc-46c2-a75f-d2cb051b091e req-8a6bb23d-9953-4531-98f7-381372c42f4d service placement] 10.222.0.40 "GET /placement/allocations/cb45a427-0de8-46e7-bcd5-bd96b85e3bcd" status: 200 len: 259 microversion: 1.28
Oct 10 23:21:28.275180 n-d-860864-2 devstack@placement-api.service[106052]: [pid: 106052|app: 0|req: 451/910] 10.222.0.40 () {60 vars in 1377 bytes} [Mon Oct 10 23:21:28 2022] GET /placement/allocations/cb45a427-0de8-46e7-bcd5-bd96b85e3bcd => generated 259 bytes in 38 msecs (HTTP/1.1 200) 8 headers in 296 bytes (1 switches on core 0)
Oct 10 23:21:28.275789 n-d-860864-2 devstack@placement-api.service[106052]: DEBUG placement.requestlog [req-a8680282-15bc-46c2-a75f-d2cb051b091e req-e9da91b6-8c09-49af-95a0-b4877f5eec64 None None] Starting request: 10.222.0.27 "GET /placement/allocations/2391b441-47e3-4bf3-b134-3aa316543f10" {{(pid=106052) __call__ /opt/stack/placement/placement/requestlog.py:55}}
Oct 10 23:21:28.292288 n-d-860864-2 devstack@placement-api.service[106053]: INFO placement.requestlog [req-7ec1d044-c3b0-4db2-8040-22958b71292c req-5fbaf59c-df71-4dd0-bacf-2061896fe78f service placement] 10.222.0.23 "GET /placement/allocations/90cc20e4-bd05-44fc-931c-ddffba1494e6" status: 200 len: 259 microversion: 1.28
Oct 10 23:21:28.300908 n-d-860864-2 devstack@placement-api.service[106053]: [pid: 106053|app: 0|req: 460/911] 10.222.0.23 () {60 vars in 1380 bytes} [Mon Oct 10 23:21:28 2022] GET /placement/allocations/90cc20e4-bd05-44fc-931c-ddffba1494e6 => generated 259 bytes in 48 msecs (HTTP/1.1 200) 8 headers in 296 bytes (1 switches on core 0)
Oct 10 23:21:28.301725 n-d-860864-2 devstack@placement-api.service[106053]: DEBUG placement.requestlog [req-7ec1d044-c3b0-4db2-8040-22958b71292c req-8666663a-ad46-487d-b542-28467b2e2c34 None None] Starting request: 10.222.0.23 "GET /placement/allocations/eb15f458-0d7d-42d3-a6cb-d30011316b9b" {{(pid=106053) __call__ /opt/stack/placement/placement/requestlog.py:55}}
Oct 10 23:21:28.309086 n-d-860864-2 devstack@placement-api.service[106053]: DEBUG dbcounter [-] [106053] Writing DB stats placement:SELECT=78,placement:INSERT=11,placement:UPDATE=6,placement:DELETE=5 {{(pid=106053) stat_writer /usr/local/lib/python3.8/dist-packages/dbcounter.py:114}}
Oct 10 23:21:28.314483 n-d-860864-2 devstack@placement-api.service[106052]: INFO placement.requestlog [req-a8680282-15bc-46c2-a75f-d2cb051b091e req-e9da91b6-8c09-49af-95a0-b4877f5eec64 service placement] 10.222.0.27 "GET /placement/allocations/2391b441-47e3-4bf3-b134-3aa316543f10" status: 200 len: 259 microversion: 1.28
Oct 10 23:21:28.315029 n-d-860864-2 devstack@placement-api.service[106052]: [pid: 106052|app: 0|req: 452/912] 10.222.0.27 () {60 vars in 1377 bytes} [Mon Oct 10 23:21:28 2022] GET /placement/allocations/2391b441-47e3-4bf3-b134-3aa316543f10 => generated 259 bytes in 39 msecs (HTTP/1.1 200) 8 headers in 296 bytes (1 switches on core 0)
Oct 10 23:21:28.315436 n-d-860864-2 devstack@placement-api.service[106052]: DEBUG placement.requestlog [req-a8680282-15bc-46c2-a75f-d2cb051b091e req-14fdcd02-57f2-4830-a95d-c1e69b325c89 None None] Starting request: 10.222.0.40 "GET /placement/allocations/d9d0be5f-c878-4a44-8433-56d0d850ea56" {{(pid=106052) __call__ /opt/stack/placement/placement/requestlog.py:55}}
Oct 10 23:21:28.327814 n-d-860864-2 devstack@placement-api.service[106053]: INFO placement.requestlog [req-7ec1d044-c3b0-4db2-8040-22958b71292c req-8666663a-ad46-487d-b542-28467b2e2c34 service placement] 10.222.0.23 "GET /placement/allocations/eb15f458-0d7d-42d3-a6cb-d30011316b9b" status: 200 len: 19 microversion: 1.28
Oct 10 23:21:28.328396 n-d-860864-2 devstack@placement-api.service[106053]: [pid: 106053|app: 0|req: 461/913] 10.222.0.23 () {60 vars in 1380 bytes} [Mon Oct 10 23:21:28 2022] GET /placement/allocations/eb15f458-0d7d-42d3-a6cb-d30011316b9b => generated 19 bytes in 27 msecs (HTTP/1.1 200) 8 headers in 295 bytes (1 switches on core 0)
Oct 10 23:21:28.329221 n-d-860864-2 devstack@placement-api.service[106053]: DEBUG placement.requestlog [req-a8680282-15bc-46c2-a75f-d2cb051b091e req-59ae900a-eb03-4f4c-8272-12269eababed None None] Starting request: 10.222.0.27 "GET /placement/allocations/7a793bab-7cf8-422b-8158-6c1cd268eaac" {{(pid=106053) __call__ /opt/stack/placement/placement/requestlog.py:55}}
Oct 10 23:21:28.347419 n-d-860864-2 devstack@placement-api.service[106052]: INFO placement.requestlog [req-a8680282-15bc-46c2-a75f-d2cb051b091e req-14fdcd02-57f2-4830-a95d-c1e69b325c89 service placement] 10.222.0.40 "GET /placement/allocations/d9d0be5f-c878-4a44-8433-56d0d850ea56" status: 200 len: 259 microversion: 1.28
Oct 10 23:21:28.348675 n-d-860864-2 devstack@placement-api.service[106052]: [pid: 106052|app: 0|req: 453/914] 10.222.0.40 () {60 vars in 1377 bytes} [Mon Oct 10 23:21:28 2022] GET /placement/allocations/d9d0be5f-c878-4a44-8433-56d0d850ea56 => generated 259 bytes in 33 msecs (HTTP/1.1 200) 8 headers in 296 bytes (1 switches on core 0)
Oct 10 23:21:28.351066 n-d-860864-2 devstack@placement-api.service[106052]: DEBUG placement.requestlog [req-7ec1d044-c3b0-4db2-8040-22958b71292c req-d098c9b4-610c-437c-afbf-6bfa67345868 None None] Starting request: 10.222.0.23 "POST /placement/allocations" {{(pid=106052) __call__ /opt/stack/placement/placement/requestlog.py:55}}
Oct 10 23:21:28.372343 n-d-860864-2 devstack@placement-api.service[106053]: INFO placement.requestlog [req-a8680282-15bc-46c2-a75f-d2cb051b091e req-59ae900a-eb03-4f4c-8272-12269eababed service placement] 10.222.0.27 "GET /placement/allocations/7a793bab-7cf8-422b-8158-6c1cd268eaac" status: 200 len: 259 microversion: 1.28
Oct 10 23:21:28.373608 n-d-860864-2 devstack@placement-api.service[106053]: [pid: 106053|app: 0|req: 462/915] 10.222.0.27 () {60 vars in 1377 bytes} [Mon Oct 10 23:21:28 2022] GET /placement/allocations/7a793bab-7cf8-422b-8158-6c1cd268eaac => generated 259 bytes in 44 msecs (HTTP/1.1 200) 8 headers in 296 bytes (1 switches on core 0)
Oct 10 23:21:28.374451 n-d-860864-2 devstack@placement-api.service[106053]: DEBUG placement.requestlog [req-a8680282-15bc-46c2-a75f-d2cb051b091e req-fb847db5-55fb-4231-9c56-c560d0cec39a None None] Starting request: 10.222.0.40 "GET /placement/allocations/a6ae5edf-fc2a-431a-9360-201b079daf30" {{(pid=106053) __call__ /opt/stack/placement/placement/requestlog.py:55}}
Oct 10 23:21:28.412879 n-d-860864-2 devstack@placement-api.service[106053]: INFO placement.requestlog [req-a8680282-15bc-46c2-a75f-d2cb051b091e req-fb847db5-55fb-4231-9c56-c560d0cec39a service placement] 10.222.0.40 "GET /placement/allocations/a6ae5edf-fc2a-431a-9360-201b079daf30" status: 200 len: 259 microversion: 1.28
Oct 10 23:21:28.413949 n-d-860864-2 devstack@placement-api.service[106053]: [pid: 106053|app: 0|req: 463/916] 10.222.0.40 () {60 vars in 1377 bytes} [Mon Oct 10 23:21:28 2022] GET /placement/allocations/a6ae5edf-fc2a-431a-9360-201b079daf30 => generated 259 bytes in 39 msecs (HTTP/1.1 200) 8 headers in 296 bytes (1 switches on core 0)
Oct 10 23:21:28.414737 n-d-860864-2 devstack@placement-api.service[106053]: DEBUG placement.requestlog [req-a8680282-15bc-46c2-a75f-d2cb051b091e req-450a19f0-a2ae-4510-b5e5-c9cb9793fcd2 None None] Starting request: 10.222.0.27 "GET /placement/allocations/c3bb20a8-8b13-470d-ac2b-50b7a7bea206" {{(pid=106053) __call__ /opt/stack/placement/placement/requestlog.py:55}}
Oct 10 23:21:28.460579 n-d-860864-2 devstack@placement-api.service[106053]: INFO placement.requestlog [req-a8680282-15bc-46c2-a75f-d2cb051b091e req-450a19f0-a2ae-4510-b5e5-c9cb9793fcd2 service placement] 10.222.0.27 "GET /placement/allocations/c3bb20a8-8b13-470d-ac2b-50b7a7bea206" status: 200 len: 259 microversion: 1.28
Oct 10 23:21:28.463287 n-d-860864-2 devstack@placement-api.service[106053]: [pid: 106053|app: 0|req: 464/917] 10.222.0.27 () {60 vars in 1377 bytes} [Mon Oct 10 23:21:28 2022] GET /placement/allocations/c3bb20a8-8b13-470d-ac2b-50b7a7bea206 => generated 259 bytes in 48 msecs (HTTP/1.1 200) 8 headers in 296 bytes (1 switches on core 0)
Oct 10 23:21:28.464131 n-d-860864-2 devstack@placement-api.service[106053]: DEBUG placement.requestlog [req-a8680282-15bc-46c2-a75f-d2cb051b091e req-fe26b382-082e-4b61-9a83-f60d474b298f None None] Starting request: 10.222.0.40 "GET /placement/allocations/58fcd7f0-d348-47b1-9b3d-f7514b940eb3" {{(pid=106053) __call__ /opt/stack/placement/placement/requestlog.py:55}}
Oct 10 23:21:28.514468 n-d-860864-2 devstack@placement-api.service[106053]: INFO placement.requestlog [req-a8680282-15bc-46c2-a75f-d2cb051b091e req-fe26b382-082e-4b61-9a83-f60d474b298f service placement] 10.222.0.40 "GET /placement/allocations/58fcd7f0-d348-47b1-9b3d-f7514b940eb3" status: 200 len: 259 microversion: 1.28
Oct 10 23:21:28.514972 n-d-860864-2 devstack@placement-api.service[106053]: [pid: 106053|app: 0|req: 465/918] 10.222.0.40 () {60 vars in 1377 bytes} [Mon Oct 10 23:21:28 2022] GET /placement/allocations/58fcd7f0-d348-47b1-9b3d-f7514b940eb3 => generated 259 bytes in 51 msecs (HTTP/1.1 200) 8 headers in 296 bytes (1 switches on core 0)
Oct 10 23:21:28.516990 n-d-860864-2 devstack@placement-api.service[106053]: DEBUG placement.requestlog [req-a8680282-15bc-46c2-a75f-d2cb051b091e req-4c41830a-6ef8-4e86-9868-47f47a46b0ba None None] Starting request: 10.222.0.27 "GET /placement/allocations/1847e3cf-10bd-40d5-b668-d5a1c73fc189" {{(pid=106053) __call__ /opt/stack/placement/placement/requestlog.py:55}}
Oct 10 23:21:28.578809 n-d-860864-2 devstack@placement-api.service[106052]: DEBUG placement.handlers.allocation [req-7ec1d044-c3b0-4db2-8040-22958b71292c req-d098c9b4-610c-437c-afbf-6bfa67345868 service placement] Successfully wrote allocations [, , , , , ] {{(pid=106052) _update_consumers_and_create_allocations /opt/stack/placement/placement/handlers/allocation.py:572}}
Oct 10 23:21:28.583878 n-d-860864-2 devstack@placement-api.service[106052]: INFO placement.requestlog [req-7ec1d044-c3b0-4db2-8040-22958b71292c req-d098c9b4-610c-437c-afbf-6bfa67345868 service placement] 10.222.0.23 "POST /placement/allocations" status: 204 len: 0 microversion: 1.28
Oct 10 23:21:28.584665 n-d-860864-2 devstack@placement-api.service[106052]: [pid: 106052|app: 0|req: 454/919] 10.222.0.23 () {64 vars in 1323 bytes} [Mon Oct 10 23:21:28 2022] POST /placement/allocations => generated 0 bytes in 235 msecs (HTTP/1.1 204) 5 headers in 199 bytes (1 switches on core 0)
Oct 10 23:21:28.596966 n-d-860864-2 devstack@placement-api.service[106052]: DEBUG placement.requestlog [req-a8680282-15bc-46c2-a75f-d2cb051b091e req-e9a2fb4c-f1c6-40d0-b7d4-8f30fb623b17 None None] Starting request: 10.222.0.40 "GET /placement/allocations/c528ef78-5144-437a-83e3-38376725259a" {{(pid=106052) __call__ /opt/stack/placement/placement/requestlog.py:55}}
Oct 10 23:21:28.600983 n-d-860864-2 devstack@placement-api.service[106053]: INFO placement.requestlog [req-a8680282-15bc-46c2-a75f-d2cb051b091e req-4c41830a-6ef8-4e86-9868-47f47a46b0ba service placement] 10.222.0.27 "GET /placement/allocations/1847e3cf-10bd-40d5-b668-d5a1c73fc189" status: 200 len: 259 microversion: 1.28
Oct 10 23:21:28.607165 n-d-860864-2 devstack@placement-api.service[106053]: [pid: 106053|app: 0|req: 466/920] 10.222.0.27 () {60 vars in 1377 bytes} [Mon Oct 10 23:21:28 2022] GET /placement/allocations/1847e3cf-10bd-40d5-b668-d5a1c73fc189 => generated 259 bytes in 91 msecs (HTTP/1.1 200) 8 headers in 296 bytes (1 switches on core 0)
Oct 10 23:21:28.621283 n-d-860864-2 devstack@placement-api.service[106053]: DEBUG placement.requestlog [req-a8680282-15bc-46c2-a75f-d2cb051b091e req-12c53bc2-f6bb-4f02-9c85-04e3fa558df1 None None] Starting request: 10.222.0.27 "GET /placement/allocations/a45a7de2-2607-4f13-87e3-2c7e74785470" {{(pid=106053) __call__ /opt/stack/placement/placement/requestlog.py:55}}
Oct 10 23:21:28.623832 n-d-860864-2 devstack@placement-api.service[106052]: INFO placement.requestlog [req-a8680282-15bc-46c2-a75f-d2cb051b091e req-e9a2fb4c-f1c6-40d0-b7d4-8f30fb623b17 service placement] 10.222.0.40 "GET /placement/allocations/c528ef78-5144-437a-83e3-38376725259a" status: 200 len: 258 microversion: 1.28
Oct 10 23:21:28.626242 n-d-860864-2 devstack@placement-api.service[106052]: [pid: 106052|app: 0|req: 455/921] 10.222.0.40 () {60 vars in 1377 bytes} [Mon Oct 10 23:21:28 2022] GET /placement/allocations/c528ef78-5144-437a-83e3-38376725259a => generated 258 bytes in 29 msecs (HTTP/1.1 200) 8 headers in 296 bytes (2 switches on core 0)
Oct 10 23:21:28.667567 n-d-860864-2 devstack@placement-api.service[106053]: INFO placement.requestlog [req-a8680282-15bc-46c2-a75f-d2cb051b091e req-12c53bc2-f6bb-4f02-9c85-04e3fa558df1 service placement] 10.222.0.27 "GET /placement/allocations/a45a7de2-2607-4f13-87e3-2c7e74785470" status: 200 len: 259 microversion: 1.28
Oct 10 23:21:28.669563 n-d-860864-2 devstack@placement-api.service[106053]: [pid: 106053|app: 0|req: 467/922] 10.222.0.27 () {60 vars in 1377 bytes} [Mon Oct 10 23:21:28 2022] GET /placement/allocations/a45a7de2-2607-4f13-87e3-2c7e74785470 => generated 259 bytes in 48 msecs (HTTP/1.1 200) 8 headers in 296 bytes (2 switches on core 0)
Oct 10 23:21:28.680165 n-d-860864-2 devstack@placement-api.service[106052]: DEBUG placement.requestlog [req-7ec1d044-c3b0-4db2-8040-22958b71292c req-b097eec2-5b0a-4d60-8830-76c31f5ec6d3 None None] Starting request: 10.222.0.23 "GET /placement/allocations/90cc20e4-bd05-44fc-931c-ddffba1494e6" {{(pid=106052) __call__ /opt/stack/placement/placement/requestlog.py:55}}
Oct 10 23:21:28.702618 n-d-860864-2 devstack@placement-api.service[106052]: INFO placement.requestlog [req-7ec1d044-c3b0-4db2-8040-22958b71292c req-b097eec2-5b0a-4d60-8830-76c31f5ec6d3 service placement] 10.222.0.23 "GET /placement/allocations/90cc20e4-bd05-44fc-931c-ddffba1494e6" status: 200 len: 19 microversion: 1.28
Oct 10 23:21:28.703371 n-d-860864-2 devstack@placement-api.service[106052]: [pid: 106052|app: 0|req: 456/923] 10.222.0.23 () {60 vars in 1380 bytes} [Mon Oct 10 23:21:28 2022] GET /placement/allocations/90cc20e4-bd05-44fc-931c-ddffba1494e6 => generated 19 bytes in 23 msecs (HTTP/1.1 200) 8 headers in 295 bytes (1 switches on core 0)
Oct 10 23:21:28.709526 n-d-860864-2 devstack@placement-api.service[106053]: DEBUG placement.requestlog [req-7ec1d044-c3b0-4db2-8040-22958b71292c req-7eed311e-c288-4394-beb8-aedfdfa5cafb None None] Starting request: 10.222.0.23 "PUT /placement/allocations/90cc20e4-bd05-44fc-931c-ddffba1494e6" {{(pid=106053) __call__ /opt/stack/placement/placement/requestlog.py:55}}
Oct 10 23:21:28.871699 n-d-860864-2 devstack@placement-api.service[106053]: DEBUG placement.handlers.allocation [req-7ec1d044-c3b0-4db2-8040-22958b71292c req-7eed311e-c288-4394-beb8-aedfdfa5cafb service placement] Successfully wrote allocations [, , ] {{(pid=106053) _update_consumers_and_create_allocations /opt/stack/placement/placement/handlers/allocation.py:462}}
Oct 10 23:21:28.883931 n-d-860864-2 devstack@placement-api.service[106053]: INFO placement.requestlog [req-7ec1d044-c3b0-4db2-8040-22958b71292c req-7eed311e-c288-4394-beb8-aedfdfa5cafb service placement] 10.222.0.23 "PUT /placement/allocations/90cc20e4-bd05-44fc-931c-ddffba1494e6" status: 204 len: 0 microversion: 1.28
Oct 10 23:21:28.884640 n-d-860864-2 devstack@placement-api.service[106053]: [pid: 106053|app: 0|req: 468/924] 10.222.0.23 () {64 vars in 1433 bytes} [Mon Oct 10 23:21:28 2022] PUT /placement/allocations/90cc20e4-bd05-44fc-931c-ddffba1494e6 => generated 0 bytes in 175 msecs (HTTP/1.1 204) 5 headers in 199 bytes (1 switches on core 0)
Oct 10 23:21:29.161218 n-d-860864-2 devstack@placement-api.service[106052]: DEBUG placement.requestlog [req-7ec1d044-c3b0-4db2-8040-22958b71292c req-958fae9c-a348-48a1-b653-4dcb76fb8ba8 None None] Starting request: 10.222.0.27 "GET /placement/allocations/90cc20e4-bd05-44fc-931c-ddffba1494e6" {{(pid=106052) __call__ /opt/stack/placement/placement/requestlog.py:55}}
Oct 10 23:21:29.189781 n-d-860864-2 devstack@placement-api.service[106052]: INFO placement.requestlog [req-7ec1d044-c3b0-4db2-8040-22958b71292c req-958fae9c-a348-48a1-b653-4dcb76fb8ba8 service placement] 10.222.0.27 "GET /placement/allocations/90cc20e4-bd05-44fc-931c-ddffba1494e6" status: 200 len: 259 microversion: 1.28
Oct 10 23:21:29.190505 n-d-860864-2 devstack@placement-api.service[106052]: [pid: 106052|app: 0|req: 457/925] 10.222.0.27 () {60 vars in 1377 bytes} [Mon Oct 10 23:21:29 2022] GET /placement/allocations/90cc20e4-bd05-44fc-931c-ddffba1494e6 => generated 259 bytes in 30 msecs (HTTP/1.1 200) 8 headers in 296 bytes (1 switches on core 0)
Oct 10 23:21:29.533282 n-d-860864-2 devstack@placement-api.service[106053]: DEBUG placement.requestlog [req-409af9ad-57b5-473e-9e65-6d74f455e89f req-63bd505c-d5a1-4402-a62d-9b60b3b74306 None None] Starting request: 10.222.0.40 "GET /placement/resource_providers/388338f8-3845-41f9-af72-daf3ec297c2f/allocations" {{(pid=106053) __call__ /opt/stack/placement/placement/requestlog.py:55}}
Oct 10 23:21:29.580905 n-d-860864-2 devstack@placement-api.service[106053]: INFO placement.requestlog [req-409af9ad-57b5-473e-9e65-6d74f455e89f req-63bd505c-d5a1-4402-a62d-9b60b3b74306 service placement] 10.222.0.40 "GET /placement/resource_providers/388338f8-3845-41f9-af72-daf3ec297c2f/allocations" status: 200 len: 859 microversion: 1.0
Oct 10 23:21:29.581883 n-d-860864-2 devstack@placement-api.service[106053]: [pid: 106053|app: 0|req: 469/926] 10.222.0.40 () {58 vars in 1390 bytes} [Mon Oct 10 23:21:29 2022] GET /placement/resource_providers/388338f8-3845-41f9-af72-daf3ec297c2f/allocations => generated 859 bytes in 49 msecs (HTTP/1.1 200) 6 headers in 224 bytes (1 switches on core 0)
Oct 10 23:21:29.829427 n-d-860864-2 devstack@placement-api.service[106052]: DEBUG placement.requestlog [req-409af9ad-57b5-473e-9e65-6d74f455e89f req-c1a0d9d4-6b96-4b27-8940-69e9b0e5c598 None None] Starting request: 10.222.0.40 "GET /placement/resource_providers/388338f8-3845-41f9-af72-daf3ec297c2f/allocations" {{(pid=106052) __call__ /opt/stack/placement/placement/requestlog.py:55}}
Oct 10 23:21:29.882219 n-d-860864-2 devstack@placement-api.service[106052]: INFO placement.requestlog [req-409af9ad-57b5-473e-9e65-6d74f455e89f req-c1a0d9d4-6b96-4b27-8940-69e9b0e5c598 service placement] 10.222.0.40 "GET /placement/resource_providers/388338f8-3845-41f9-af72-daf3ec297c2f/allocations" status: 200 len: 859 microversion: 1.0
Oct 10 23:21:29.883336 n-d-860864-2 devstack@placement-api.service[106052]: [pid: 106052|app: 0|req: 458/927] 10.222.0.40 () {58 vars in 1390 bytes} [Mon Oct 10 23:21:29 2022] GET /placement/resource_providers/388338f8-3845-41f9-af72-daf3ec297c2f/allocations => generated 859 bytes in 54 msecs (HTTP/1.1 200) 6 headers in 224 bytes (1 switches on core 0)
Oct 10 23:21:29.891987 n-d-860864-2 devstack@placement-api.service[106053]: DEBUG placement.requestlog [req-409af9ad-57b5-473e-9e65-6d74f455e89f req-dedca318-7b73-4aa7-8fa3-55469e126d00 None None] Starting request: 10.222.0.40 "GET /placement/allocations/76f81164-31f2-4f4b-9ec5-1e2ee8416c7b" {{(pid=106053) __call__ /opt/stack/placement/placement/requestlog.py:55}}
Oct 10 23:21:29.927886 n-d-860864-2 devstack@placement-api.service[106053]: INFO placement.requestlog [req-409af9ad-57b5-473e-9e65-6d74f455e89f req-dedca318-7b73-4aa7-8fa3-55469e126d00 service placement] 10.222.0.40 "GET /placement/allocations/76f81164-31f2-4f4b-9ec5-1e2ee8416c7b" status: 200 len: 258 microversion: 1.28
Oct 10 23:21:29.929053 n-d-860864-2 devstack@placement-api.service[106053]: [pid: 106053|app: 0|req: 470/928] 10.222.0.40 () {60 vars in 1377 bytes} [Mon Oct 10 23:21:29 2022] GET /placement/allocations/76f81164-31f2-4f4b-9ec5-1e2ee8416c7b => generated 258 bytes in 37 msecs (HTTP/1.1 200) 8 headers in 296 bytes (1 switches on core 0)
Oct 10 23:21:29.937065 n-d-860864-2 devstack@placement-api.service[106052]: DEBUG placement.requestlog [req-409af9ad-57b5-473e-9e65-6d74f455e89f req-78ca30f2-b944-494c-af02-401781562d94 None None] Starting request: 10.222.0.40 "GET /placement/allocations/87be6fab-2ad1-4a49-8b54-8eb2e50c3e29" {{(pid=106052) __call__ /opt/stack/placement/placement/requestlog.py:55}}
Oct 10 23:21:29.965526 n-d-860864-2 devstack@placement-api.service[106052]: INFO placement.requestlog [req-409af9ad-57b5-473e-9e65-6d74f455e89f req-78ca30f2-b944-494c-af02-401781562d94 service placement] 10.222.0.40 "GET /placement/allocations/87be6fab-2ad1-4a49-8b54-8eb2e50c3e29" status: 200 len: 259 microversion: 1.28
Oct 10 23:21:29.969110 n-d-860864-2 devstack@placement-api.service[106052]: [pid: 106052|app: 0|req: 459/929] 10.222.0.40 () {60 vars in 1377 bytes} [Mon Oct 10 23:21:29 2022] GET /placement/allocations/87be6fab-2ad1-4a49-8b54-8eb2e50c3e29 => generated 259 bytes in 32 msecs (HTTP/1.1 200) 8 headers in 296 bytes (1 switches on core 0)
Oct 10 23:21:29.978915 n-d-860864-2 devstack@placement-api.service[106053]: DEBUG placement.requestlog [req-409af9ad-57b5-473e-9e65-6d74f455e89f req-e8d6f941-ac14-4b18-a6c6-786b8aa9022f None None] Starting request: 10.222.0.40 "GET /placement/allocations/cb45a427-0de8-46e7-bcd5-bd96b85e3bcd" {{(pid=106053) __call__ /opt/stack/placement/placement/requestlog.py:55}}
Oct 10 23:21:30.022132 n-d-860864-2 devstack@placement-api.service[106053]: INFO placement.requestlog [req-409af9ad-57b5-473e-9e65-6d74f455e89f req-e8d6f941-ac14-4b18-a6c6-786b8aa9022f service placement] 10.222.0.40 "GET /placement/allocations/cb45a427-0de8-46e7-bcd5-bd96b85e3bcd" status: 200 len: 259 microversion: 1.28
Oct 10 23:21:30.024167 n-d-860864-2 devstack@placement-api.service[106053]: [pid: 106053|app: 0|req: 471/930] 10.222.0.40 () {60 vars in 1377 bytes} [Mon Oct 10 23:21:29 2022] GET /placement/allocations/cb45a427-0de8-46e7-bcd5-bd96b85e3bcd => generated 259 bytes in 45 msecs (HTTP/1.1 200) 8 headers in 296 bytes (2 switches on core 0)
Oct 10 23:21:30.031119 n-d-860864-2 devstack@placement-api.service[106052]: DEBUG placement.requestlog [req-409af9ad-57b5-473e-9e65-6d74f455e89f req-907c7c5a-cf40-4a09-b305-45a20d669513 None None] Starting request: 10.222.0.40 "GET /placement/allocations/eb15f458-0d7d-42d3-a6cb-d30011316b9b" {{(pid=106052) __call__ /opt/stack/placement/placement/requestlog.py:55}}
Oct 10 23:21:30.052390 n-d-860864-2 devstack@placement-api.service[106052]: INFO placement.requestlog [req-409af9ad-57b5-473e-9e65-6d74f455e89f req-907c7c5a-cf40-4a09-b305-45a20d669513 service placement] 10.222.0.40 "GET /placement/allocations/eb15f458-0d7d-42d3-a6cb-d30011316b9b" status: 200 len: 259 microversion: 1.28
Oct 10 23:21:30.053407 n-d-860864-2 devstack@placement-api.service[106052]: [pid: 106052|app: 0|req: 460/931] 10.222.0.40 () {60 vars in 1377 bytes} [Mon Oct 10 23:21:30 2022] GET /placement/allocations/eb15f458-0d7d-42d3-a6cb-d30011316b9b => generated 259 bytes in 22 msecs (HTTP/1.1 200) 8 headers in 296 bytes (1 switches on core 0)
Oct 10 23:21:30.062689 n-d-860864-2 devstack@placement-api.service[106053]: DEBUG placement.requestlog [req-409af9ad-57b5-473e-9e65-6d74f455e89f req-7bd2a608-ec96-46b2-b1d5-ec3c799c5f7e None None] Starting request: 10.222.0.40 "GET /placement/allocations/d9d0be5f-c878-4a44-8433-56d0d850ea56" {{(pid=106053) __call__ /opt/stack/placement/placement/requestlog.py:55}}
Oct 10 23:21:30.089979 n-d-860864-2 devstack@placement-api.service[106053]: INFO placement.requestlog [req-409af9ad-57b5-473e-9e65-6d74f455e89f req-7bd2a608-ec96-46b2-b1d5-ec3c799c5f7e service placement] 10.222.0.40 "GET /placement/allocations/d9d0be5f-c878-4a44-8433-56d0d850ea56" status: 200 len: 259 microversion: 1.28
Oct 10 23:21:30.090795 n-d-860864-2 devstack@placement-api.service[106053]: [pid: 106053|app: 0|req: 472/932] 10.222.0.40 () {60 vars in 1377 bytes} [Mon Oct 10 23:21:30 2022] GET /placement/allocations/d9d0be5f-c878-4a44-8433-56d0d850ea56 => generated 259 bytes in 30 msecs (HTTP/1.1 200) 8 headers in 296 bytes (1 switches on core 0)
Oct 10 23:21:30.099069 n-d-860864-2 devstack@placement-api.service[106052]: DEBUG placement.requestlog [req-409af9ad-57b5-473e-9e65-6d74f455e89f req-ec9db810-af31-49a3-838c-0afb6c4a572f None None] Starting request: 10.222.0.40 "GET /placement/allocations/a6ae5edf-fc2a-431a-9360-201b079daf30" {{(pid=106052) __call__ /opt/stack/placement/placement/requestlog.py:55}}
Oct 10 23:21:30.127727 n-d-860864-2 devstack@placement-api.service[106052]: INFO placement.requestlog [req-409af9ad-57b5-473e-9e65-6d74f455e89f req-ec9db810-af31-49a3-838c-0afb6c4a572f service placement] 10.222.0.40 "GET /placement/allocations/a6ae5edf-fc2a-431a-9360-201b079daf30" status: 200 len: 259 microversion: 1.28
Oct 10 23:21:30.128761 n-d-860864-2 devstack@placement-api.service[106052]: [pid: 106052|app: 0|req: 461/933] 10.222.0.40 () {60 vars in 1377 bytes} [Mon Oct 10 23:21:30 2022] GET /placement/allocations/a6ae5edf-fc2a-431a-9360-201b079daf30 => generated 259 bytes in 31 msecs (HTTP/1.1 200) 8 headers in 296 bytes (2 switches on core 0)
Oct 10 23:21:30.138018 n-d-860864-2 devstack@placement-api.service[106053]: DEBUG placement.requestlog [req-409af9ad-57b5-473e-9e65-6d74f455e89f req-d9fdafa7-15e9-47ba-b07b-2b1d16bfe6d5 None None] Starting request: 10.222.0.40 "GET /placement/allocations/58fcd7f0-d348-47b1-9b3d-f7514b940eb3" {{(pid=106053) __call__ /opt/stack/placement/placement/requestlog.py:55}}
Oct 10 23:21:30.171880 n-d-860864-2 devstack@placement-api.service[106053]: INFO placement.requestlog [req-409af9ad-57b5-473e-9e65-6d74f455e89f req-d9fdafa7-15e9-47ba-b07b-2b1d16bfe6d5 service placement] 10.222.0.40 "GET /placement/allocations/58fcd7f0-d348-47b1-9b3d-f7514b940eb3" status: 200 len: 259 microversion: 1.28
Oct 10 23:21:30.172885 n-d-860864-2 devstack@placement-api.service[106053]: [pid: 106053|app: 0|req: 473/934] 10.222.0.40 () {60 vars in 1377 bytes} [Mon Oct 10 23:21:30 2022] GET /placement/allocations/58fcd7f0-d348-47b1-9b3d-f7514b940eb3 => generated 259 bytes in 35 msecs (HTTP/1.1 200) 8 headers in 296 bytes (1 switches on core 0)
Oct 10 23:21:30.180690 n-d-860864-2 devstack@placement-api.service[106052]: DEBUG placement.requestlog [req-409af9ad-57b5-473e-9e65-6d74f455e89f req-3db30beb-47c7-4c8f-8fed-5a40f5d18242 None None] Starting request: 10.222.0.40 "GET /placement/allocations/c528ef78-5144-437a-83e3-38376725259a" {{(pid=106052) __call__ /opt/stack/placement/placement/requestlog.py:55}}
Oct 10 23:21:30.209459 n-d-860864-2 devstack@placement-api.service[106052]: INFO placement.requestlog [req-409af9ad-57b5-473e-9e65-6d74f455e89f req-3db30beb-47c7-4c8f-8fed-5a40f5d18242 service placement] 10.222.0.40 "GET /placement/allocations/c528ef78-5144-437a-83e3-38376725259a" status: 200 len: 258 microversion: 1.28
Oct 10 23:21:30.210848 n-d-860864-2 devstack@placement-api.service[106052]: [pid: 106052|app: 0|req: 462/935] 10.222.0.40 () {60 vars in 1377 bytes} [Mon Oct 10 23:21:30 2022] GET /placement/allocations/c528ef78-5144-437a-83e3-38376725259a => generated 258 bytes in 30 msecs (HTTP/1.1 200) 8 headers in 296 bytes (2 switches on core 0)
Oct 10 23:21:34.013983 n-d-860864-2 devstack@placement-api.service[106053]: DEBUG placement.requestlog [req-81a79653-7704-4e7c-a77a-352e4a6871c8 req-7e3c1509-0d2f-4875-acc7-a954e3356fb6 None None] Starting request: 10.222.0.27 "GET /placement/resource_providers/12197467-e1c4-4277-9484-fa3acf749edd/allocations" {{(pid=106053) __call__ /opt/stack/placement/placement/requestlog.py:55}}
Oct 10 23:21:34.046776 n-d-860864-2 devstack@placement-api.service[106053]: INFO placement.requestlog [req-81a79653-7704-4e7c-a77a-352e4a6871c8 req-7e3c1509-0d2f-4875-acc7-a954e3356fb6 service placement] 10.222.0.27 "GET /placement/resource_providers/12197467-e1c4-4277-9484-fa3acf749edd/allocations" status: 200 len: 861 microversion: 1.0
Oct 10 23:21:34.047172 n-d-860864-2 devstack@placement-api.service[106053]: [pid: 106053|app: 0|req: 474/936] 10.222.0.27 () {58 vars in 1390 bytes} [Mon Oct 10 23:21:34 2022] GET /placement/resource_providers/12197467-e1c4-4277-9484-fa3acf749edd/allocations => generated 861 bytes in 34 msecs (HTTP/1.1 200) 6 headers in 224 bytes (1 switches on core 0)
Oct 10 23:21:34.115942 n-d-860864-2 devstack@placement-api.service[106052]: DEBUG placement.requestlog [req-81a79653-7704-4e7c-a77a-352e4a6871c8 req-34646565-a414-4425-846f-97ab087a879f None None] Starting request: 10.222.0.27 "GET /placement/resource_providers/12197467-e1c4-4277-9484-fa3acf749edd/allocations" {{(pid=106052) __call__ /opt/stack/placement/placement/requestlog.py:55}}
Oct 10 23:21:34.158226 n-d-860864-2 devstack@placement-api.service[106052]: INFO placement.requestlog [req-81a79653-7704-4e7c-a77a-352e4a6871c8 req-34646565-a414-4425-846f-97ab087a879f service placement] 10.222.0.27 "GET /placement/resource_providers/12197467-e1c4-4277-9484-fa3acf749edd/allocations" status: 200 len: 861 microversion: 1.0
Oct 10 23:21:34.160161 n-d-860864-2 devstack@placement-api.service[106052]: [pid: 106052|app: 0|req: 463/937] 10.222.0.27 () {58 vars in 1390 bytes} [Mon Oct 10 23:21:34 2022] GET /placement/resource_providers/12197467-e1c4-4277-9484-fa3acf749edd/allocations => generated 861 bytes in 45 msecs (HTTP/1.1 200) 6 headers in 224 bytes (1 switches on core 0)
Oct 10 23:21:34.167847 n-d-860864-2 devstack@placement-api.service[106053]: DEBUG placement.requestlog [req-81a79653-7704-4e7c-a77a-352e4a6871c8 req-16f2c766-7e72-4fa6-8905-01a0a66ebdb3 None None] Starting request: 10.222.0.27 "GET /placement/allocations/d7ca2b3f-28f3-4df3-bdd5-2ea24dce51bd" {{(pid=106053) __call__ /opt/stack/placement/placement/requestlog.py:55}}
Oct 10 23:21:34.185845 n-d-860864-2 devstack@placement-api.service[106053]: INFO placement.requestlog [req-81a79653-7704-4e7c-a77a-352e4a6871c8 req-16f2c766-7e72-4fa6-8905-01a0a66ebdb3 service placement] 10.222.0.27 "GET /placement/allocations/d7ca2b3f-28f3-4df3-bdd5-2ea24dce51bd" status: 200 len: 259 microversion: 1.28
Oct 10 23:21:34.187241 n-d-860864-2 devstack@placement-api.service[106053]: [pid: 106053|app: 0|req: 475/938] 10.222.0.27 () {60 vars in 1377 bytes} [Mon Oct 10 23:21:34 2022] GET /placement/allocations/d7ca2b3f-28f3-4df3-bdd5-2ea24dce51bd => generated 259 bytes in 20 msecs (HTTP/1.1 200) 8 headers in 296 bytes (1 switches on core 0)
Oct 10 23:21:34.194242 n-d-860864-2 devstack@placement-api.service[106052]: DEBUG placement.requestlog [req-81a79653-7704-4e7c-a77a-352e4a6871c8 req-192832c8-06ba-472d-b218-68ba523fa5eb None None] Starting request: 10.222.0.27 "GET /placement/allocations/6656fd97-0371-4915-a530-5741f3d335bd" {{(pid=106052) __call__ /opt/stack/placement/placement/requestlog.py:55}}
Oct 10 23:21:34.212903 n-d-860864-2 devstack@placement-api.service[106052]: INFO placement.requestlog [req-81a79653-7704-4e7c-a77a-352e4a6871c8 req-192832c8-06ba-472d-b218-68ba523fa5eb service placement] 10.222.0.27 "GET /placement/allocations/6656fd97-0371-4915-a530-5741f3d335bd" status: 200 len: 259 microversion: 1.28
Oct 10 23:21:34.213621 n-d-860864-2 devstack@placement-api.service[106052]: [pid: 106052|app: 0|req: 464/939] 10.222.0.27 () {60 vars in 1377 bytes} [Mon Oct 10 23:21:34 2022] GET /placement/allocations/6656fd97-0371-4915-a530-5741f3d335bd => generated 259 bytes in 19 msecs (HTTP/1.1 200) 8 headers in 296 bytes (1 switches on core 0)
Oct 10 23:21:34.219940 n-d-860864-2 devstack@placement-api.service[106053]: DEBUG placement.requestlog [req-81a79653-7704-4e7c-a77a-352e4a6871c8 req-d6b8187e-2252-415a-a53a-f015460dbfd9 None None] Starting request: 10.222.0.27 "GET /placement/allocations/c3bb20a8-8b13-470d-ac2b-50b7a7bea206" {{(pid=106053) __call__ /opt/stack/placement/placement/requestlog.py:55}}
Oct 10 23:21:34.240191 n-d-860864-2 devstack@placement-api.service[106053]: INFO placement.requestlog [req-81a79653-7704-4e7c-a77a-352e4a6871c8 req-d6b8187e-2252-415a-a53a-f015460dbfd9 service placement] 10.222.0.27 "GET /placement/allocations/c3bb20a8-8b13-470d-ac2b-50b7a7bea206" status: 200 len: 259 microversion: 1.28
Oct 10 23:21:34.241614 n-d-860864-2 devstack@placement-api.service[106053]: [pid: 106053|app: 0|req: 476/940] 10.222.0.27 () {60 vars in 1377 bytes} [Mon Oct 10 23:21:34 2022] GET /placement/allocations/c3bb20a8-8b13-470d-ac2b-50b7a7bea206 => generated 259 bytes in 22 msecs (HTTP/1.1 200) 8 headers in 296 bytes (1 switches on core 0)
Oct 10 23:21:34.249989 n-d-860864-2 devstack@placement-api.service[106052]: DEBUG placement.requestlog [req-81a79653-7704-4e7c-a77a-352e4a6871c8 req-f0575dfc-0c37-4fad-8e64-a13dcd36dd30 None None] Starting request: 10.222.0.27 "GET /placement/allocations/1847e3cf-10bd-40d5-b668-d5a1c73fc189" {{(pid=106052) __call__ /opt/stack/placement/placement/requestlog.py:55}}
Oct 10 23:21:34.267020 n-d-860864-2 devstack@placement-api.service[106052]: INFO placement.requestlog [req-81a79653-7704-4e7c-a77a-352e4a6871c8 req-f0575dfc-0c37-4fad-8e64-a13dcd36dd30 service placement] 10.222.0.27 "GET /placement/allocations/1847e3cf-10bd-40d5-b668-d5a1c73fc189" status: 200 len: 259 microversion: 1.28
Oct 10 23:21:34.267643 n-d-860864-2 devstack@placement-api.service[106052]: [pid: 106052|app: 0|req: 465/941] 10.222.0.27 () {60 vars in 1377 bytes} [Mon Oct 10 23:21:34 2022] GET /placement/allocations/1847e3cf-10bd-40d5-b668-d5a1c73fc189 => generated 259 bytes in 18 msecs (HTTP/1.1 200) 8 headers in 296 bytes (1 switches on core 0)
Oct 10 23:21:34.274201 n-d-860864-2 devstack@placement-api.service[106053]: DEBUG placement.requestlog [req-81a79653-7704-4e7c-a77a-352e4a6871c8 req-624adf9c-d562-4fa8-841d-e7647934e586 None None] Starting request: 10.222.0.27 "GET /placement/allocations/a45a7de2-2607-4f13-87e3-2c7e74785470" {{(pid=106053) __call__ /opt/stack/placement/placement/requestlog.py:55}}
Oct 10 23:21:34.291031 n-d-860864-2 devstack@placement-api.service[106053]: INFO placement.requestlog [req-81a79653-7704-4e7c-a77a-352e4a6871c8 req-624adf9c-d562-4fa8-841d-e7647934e586 service placement] 10.222.0.27 "GET /placement/allocations/a45a7de2-2607-4f13-87e3-2c7e74785470" status: 200 len: 259 microversion: 1.28
Oct 10 23:21:34.291565 n-d-860864-2 devstack@placement-api.service[106053]: [pid: 106053|app: 0|req: 477/942] 10.222.0.27 () {60 vars in 1377 bytes} [Mon Oct 10 23:21:34 2022] GET /placement/allocations/a45a7de2-2607-4f13-87e3-2c7e74785470 => generated 259 bytes in 18 msecs (HTTP/1.1 200) 8 headers in 296 bytes (2 switches on core 0)
Oct 10 23:21:34.298841 n-d-860864-2 devstack@placement-api.service[106052]: DEBUG placement.requestlog [req-81a79653-7704-4e7c-a77a-352e4a6871c8 req-1c72dfc7-e14e-493b-bcdc-18c0a2fb1218 None None] Starting request: 10.222.0.27 "GET /placement/allocations/2391b441-47e3-4bf3-b134-3aa316543f10" {{(pid=106052) __call__ /opt/stack/placement/placement/requestlog.py:55}}
Oct 10 23:21:34.322673 n-d-860864-2 devstack@placement-api.service[106052]: INFO placement.requestlog [req-81a79653-7704-4e7c-a77a-352e4a6871c8 req-1c72dfc7-e14e-493b-bcdc-18c0a2fb1218 service placement] 10.222.0.27 "GET /placement/allocations/2391b441-47e3-4bf3-b134-3aa316543f10" status: 200 len: 259 microversion: 1.28
Oct 10 23:21:34.323738 n-d-860864-2 devstack@placement-api.service[106052]: [pid: 106052|app: 0|req: 466/943] 10.222.0.27 () {60 vars in 1377 bytes} [Mon Oct 10 23:21:34 2022] GET /placement/allocations/2391b441-47e3-4bf3-b134-3aa316543f10 => generated 259 bytes in 26 msecs (HTTP/1.1 200) 8 headers in 296 bytes (1 switches on core 0)
Oct 10 23:21:34.330278 n-d-860864-2 devstack@placement-api.service[106053]: DEBUG placement.requestlog [req-81a79653-7704-4e7c-a77a-352e4a6871c8 req-afd9173e-cb2f-4759-a308-776099460a59 None None] Starting request: 10.222.0.27 "GET /placement/allocations/7a793bab-7cf8-422b-8158-6c1cd268eaac" {{(pid=106053) __call__ /opt/stack/placement/placement/requestlog.py:55}}
Oct 10 23:21:34.349749 n-d-860864-2 devstack@placement-api.service[106053]: INFO placement.requestlog [req-81a79653-7704-4e7c-a77a-352e4a6871c8 req-afd9173e-cb2f-4759-a308-776099460a59 service placement] 10.222.0.27 "GET /placement/allocations/7a793bab-7cf8-422b-8158-6c1cd268eaac" status: 200 len: 259 microversion: 1.28
Oct 10 23:21:34.352173 n-d-860864-2 devstack@placement-api.service[106053]: [pid: 106053|app: 0|req: 478/944] 10.222.0.27 () {60 vars in 1377 bytes} [Mon Oct 10 23:21:34 2022] GET /placement/allocations/7a793bab-7cf8-422b-8158-6c1cd268eaac => generated 259 bytes in 22 msecs (HTTP/1.1 200) 8 headers in 296 bytes (1 switches on core 0)
Oct 10 23:21:34.360851 n-d-860864-2 devstack@placement-api.service[106052]: DEBUG placement.requestlog [req-81a79653-7704-4e7c-a77a-352e4a6871c8 req-a2c39f10-5c2a-4c54-9827-ff0f8ee68550 None None] Starting request: 10.222.0.27 "GET /placement/allocations/90cc20e4-bd05-44fc-931c-ddffba1494e6" {{(pid=106052) __call__ /opt/stack/placement/placement/requestlog.py:55}}
Oct 10 23:21:34.379843 n-d-860864-2 devstack@placement-api.service[106052]: INFO placement.requestlog [req-81a79653-7704-4e7c-a77a-352e4a6871c8 req-a2c39f10-5c2a-4c54-9827-ff0f8ee68550 service placement] 10.222.0.27 "GET /placement/allocations/90cc20e4-bd05-44fc-931c-ddffba1494e6" status: 200 len: 259 microversion: 1.28
Oct 10 23:21:34.380796 n-d-860864-2 devstack@placement-api.service[106052]: [pid: 106052|app: 0|req: 467/945] 10.222.0.27 () {60 vars in 1377 bytes} [Mon Oct 10 23:21:34 2022] GET /placement/allocations/90cc20e4-bd05-44fc-931c-ddffba1494e6 => generated 259 bytes in 20 msecs (HTTP/1.1 200) 8 headers in 296 bytes (1 switches on core 0)
Oct 10 23:21:35.955296 n-d-860864-2 devstack@placement-api.service[106053]: DEBUG placement.requestlog [req-092fdc1c-67a2-4dc6-9371-9705d3665018 req-90188d5f-48db-4cae-a3f7-e75b809b0490 None None] Starting request: 10.222.0.40 "GET /placement/allocations/c528ef78-5144-437a-83e3-38376725259a" {{(pid=106053) __call__ /opt/stack/placement/placement/requestlog.py:55}}
Oct 10 23:21:35.975380 n-d-860864-2 devstack@placement-api.service[106053]: INFO placement.requestlog [req-092fdc1c-67a2-4dc6-9371-9705d3665018 req-90188d5f-48db-4cae-a3f7-e75b809b0490 service placement] 10.222.0.40 "GET /placement/allocations/c528ef78-5144-437a-83e3-38376725259a" status: 200 len: 258 microversion: 1.28
Oct 10 23:21:35.976585 n-d-860864-2 devstack@placement-api.service[106053]: [pid: 106053|app: 0|req: 479/946] 10.222.0.40 () {60 vars in 1377 bytes} [Mon Oct 10 23:21:35 2022] GET /placement/allocations/c528ef78-5144-437a-83e3-38376725259a => generated 258 bytes in 22 msecs (HTTP/1.1 200) 8 headers in 296 bytes (1 switches on core 0)
Oct 10 23:21:44.376835 n-d-860864-2 devstack@placement-api.service[106052]: DEBUG dbcounter [-] [106052] Writing DB stats placement:SELECT=87,placement:INSERT=4,placement:DELETE=3,placement:UPDATE=3 {{(pid=106052) stat_writer /usr/local/lib/python3.8/dist-packages/dbcounter.py:114}}
Oct 10 23:21:44.655884 n-d-860864-2 devstack@placement-api.service[106052]: DEBUG placement.requestlog [req-b423670d-6c8e-433b-8583-a8e7e609d32c req-c4fcfa3f-8150-48d6-a70d-e5c9f8a5dfb1 None None] Starting request: 10.222.0.23 "GET /placement/allocation_candidates?limit=1000&resources=DISK_GB%3A1%2CMEMORY_MB%3A1024%2CVCPU%3A1&root_required=%21COMPUTE_STATUS_DISABLED" {{(pid=106052) __call__ /opt/stack/placement/placement/requestlog.py:55}}
Oct 10 23:21:44.939995 n-d-860864-2 devstack@placement-api.service[106052]: DEBUG placement.objects.research_context [req-b423670d-6c8e-433b-8583-a8e7e609d32c req-c4fcfa3f-8150-48d6-a70d-e5c9f8a5dfb1 service placement] getting providers with 1 DISK_GB {{(pid=106052) __init__ /opt/stack/placement/placement/objects/research_context.py:136}}
Oct 10 23:21:44.950318 n-d-860864-2 devstack@placement-api.service[106052]: DEBUG placement.objects.research_context [req-b423670d-6c8e-433b-8583-a8e7e609d32c req-c4fcfa3f-8150-48d6-a70d-e5c9f8a5dfb1 service placement] getting providers with 1024 MEMORY_MB {{(pid=106052) __init__ /opt/stack/placement/placement/objects/research_context.py:136}}
Oct 10 23:21:44.957875 n-d-860864-2 devstack@placement-api.service[106052]: DEBUG placement.objects.research_context [req-b423670d-6c8e-433b-8583-a8e7e609d32c req-c4fcfa3f-8150-48d6-a70d-e5c9f8a5dfb1 service placement] getting providers with 1 VCPU {{(pid=106052) __init__ /opt/stack/placement/placement/objects/research_context.py:136}}
Oct 10 23:21:44.964984 n-d-860864-2 devstack@placement-api.service[106052]: DEBUG placement.objects.research_context [req-b423670d-6c8e-433b-8583-a8e7e609d32c req-c4fcfa3f-8150-48d6-a70d-e5c9f8a5dfb1 service placement] found 2 providers with available 1 DISK_GB {{(pid=106052) get_provider_ids_matching /opt/stack/placement/placement/objects/research_context.py:563}}
Oct 10 23:21:44.965492 n-d-860864-2 devstack@placement-api.service[106052]: DEBUG placement.objects.research_context [req-b423670d-6c8e-433b-8583-a8e7e609d32c req-c4fcfa3f-8150-48d6-a70d-e5c9f8a5dfb1 service placement] found 2 providers with available 1024 MEMORY_MB {{(pid=106052) get_provider_ids_matching /opt/stack/placement/placement/objects/research_context.py:563}}
Oct 10 23:21:44.965947 n-d-860864-2 devstack@placement-api.service[106052]: DEBUG placement.objects.research_context [req-b423670d-6c8e-433b-8583-a8e7e609d32c req-c4fcfa3f-8150-48d6-a70d-e5c9f8a5dfb1 service placement] found 2 providers after filtering by previous result {{(pid=106052) get_provider_ids_matching /opt/stack/placement/placement/objects/research_context.py:594}}
Oct 10 23:21:44.967221 n-d-860864-2 devstack@placement-api.service[106052]: DEBUG placement.objects.research_context [req-b423670d-6c8e-433b-8583-a8e7e609d32c req-c4fcfa3f-8150-48d6-a70d-e5c9f8a5dfb1 service placement] found 2 providers with available 1 VCPU {{(pid=106052) get_provider_ids_matching /opt/stack/placement/placement/objects/research_context.py:563}}
Oct 10 23:21:44.968002 n-d-860864-2 devstack@placement-api.service[106052]: DEBUG placement.objects.research_context [req-b423670d-6c8e-433b-8583-a8e7e609d32c req-c4fcfa3f-8150-48d6-a70d-e5c9f8a5dfb1 service placement] found 2 providers after filtering by previous result {{(pid=106052) get_provider_ids_matching /opt/stack/placement/placement/objects/research_context.py:594}}
Oct 10 23:21:44.985596 n-d-860864-2 devstack@placement-api.service[106052]: DEBUG placement.objects.allocation_candidate [req-b423670d-6c8e-433b-8583-a8e7e609d32c req-c4fcfa3f-8150-48d6-a70d-e5c9f8a5dfb1 service placement] RequestGroup(use_same_provider=False, resources={DISK_GB:1, MEMORY_MB:1024, VCPU:1}, traits=(), aggregates=[]) (suffix '') returned 2 matches {{(pid=106052) _get_by_requests /opt/stack/placement/placement/objects/allocation_candidate.py:156}}
Oct 10 23:21:44.985968 n-d-860864-2 devstack@placement-api.service[106052]: DEBUG placement.objects.allocation_candidate [req-b423670d-6c8e-433b-8583-a8e7e609d32c req-c4fcfa3f-8150-48d6-a70d-e5c9f8a5dfb1 service placement] Merging candidates yields 2 allocation requests and 2 provider summaries {{(pid=106052) _merge_candidates /opt/stack/placement/placement/objects/allocation_candidate.py:809}}
Oct 10 23:21:44.989027 n-d-860864-2 devstack@placement-api.service[106052]: INFO placement.requestlog [req-b423670d-6c8e-433b-8583-a8e7e609d32c req-c4fcfa3f-8150-48d6-a70d-e5c9f8a5dfb1 service placement] 10.222.0.23 "GET /placement/allocation_candidates?limit=1000&resources=DISK_GB%3A1%2CMEMORY_MB%3A1024%2CVCPU%3A1&root_required=%21COMPUTE_STATUS_DISABLED" status: 200 len: 1309 microversion: 1.36
Oct 10 23:21:44.996217 n-d-860864-2 devstack@placement-api.service[106052]: [pid: 106052|app: 0|req: 468/947] 10.222.0.23 () {60 vars in 1506 bytes} [Mon Oct 10 23:21:44 2022] GET /placement/allocation_candidates?limit=1000&resources=DISK_GB%3A1%2CMEMORY_MB%3A1024%2CVCPU%3A1&root_required=%21COMPUTE_STATUS_DISABLED => generated 1309 bytes in 340 msecs (HTTP/1.1 200) 8 headers in 297 bytes (1 switches on core 0)
Oct 10 23:21:45.068824 n-d-860864-2 devstack@placement-api.service[106053]: DEBUG placement.requestlog [req-b423670d-6c8e-433b-8583-a8e7e609d32c req-f436d79e-f9da-4f11-a3e9-db84bd6d6599 None None] Starting request: 10.222.0.23 "GET /placement/allocations/3480d89d-6a7a-4814-bc55-63ab2350750d" {{(pid=106053) __call__ /opt/stack/placement/placement/requestlog.py:55}}
Oct 10 23:21:45.080714 n-d-860864-2 devstack@placement-api.service[106053]: INFO placement.requestlog [req-b423670d-6c8e-433b-8583-a8e7e609d32c req-f436d79e-f9da-4f11-a3e9-db84bd6d6599 service placement] 10.222.0.23 "GET /placement/allocations/3480d89d-6a7a-4814-bc55-63ab2350750d" status: 200 len: 19 microversion: 1.28
