Oct 10 23:05:57.079347 n-d-860864-2 devstack@n-api.service[104745]: DEBUG oslo_db.sqlalchemy.engines [None req-9144a45c-5fce-45ad-86cb-31531c5d1ed6 None None] MySQL server mode set to STRICT_TRANS_TABLES,STRICT_ALL_TABLES,NO_ZERO_IN_DATE,NO_ZERO_DATE,ERROR_FOR_DIVISION_BY_ZERO,TRADITIONAL,NO_ENGINE_SUBSTITUTION {{(pid=104745) _check_effective_sql_mode /usr/local/lib/python3.8/dist-packages/oslo_db/sqlalchemy/engines.py:314}}
Oct 10 23:05:57.086240 n-d-860864-2 devstack@n-api.service[104745]: DEBUG dbcounter [-] [104745] Writer thread running {{(pid=104745) stat_writer /usr/local/lib/python3.8/dist-packages/dbcounter.py:99}}
Oct 10 23:05:57.121995 n-d-860864-2 devstack@n-api.service[104746]: DEBUG nova.context [None req-5992892e-2718-401e-a5aa-fc5b063c7d78 None None] Found 2 cells: 00000000-0000-0000-0000-000000000000(cell0),c35e3cac-0e4f-44cc-a53a-8910e1eecc88(cell1) {{(pid=104746) load_cells /opt/stack/nova/nova/context.py:464}}
Oct 10 23:05:57.125984 n-d-860864-2 devstack@n-api.service[104746]: DEBUG oslo_concurrency.lockutils [None req-5992892e-2718-401e-a5aa-fc5b063c7d78 None None] Acquiring lock "00000000-0000-0000-0000-000000000000" by "nova.context.set_target_cell..get_or_set_cached_cell_and_set_connections" {{(pid=104746) inner /usr/local/lib/python3.8/dist-packages/oslo_concurrency/lockutils.py:404}}
Oct 10 23:05:57.126462 n-d-860864-2 devstack@n-api.service[104746]: DEBUG oslo_concurrency.lockutils [None req-5992892e-2718-401e-a5aa-fc5b063c7d78 None None] Lock "00000000-0000-0000-0000-000000000000" acquired by "nova.context.set_target_cell..get_or_set_cached_cell_and_set_connections" :: waited 0.001s {{(pid=104746) inner /usr/local/lib/python3.8/dist-packages/oslo_concurrency/lockutils.py:409}}
Oct 10 23:05:57.128030 n-d-860864-2 devstack@n-api.service[104746]: DEBUG oslo_concurrency.lockutils [None req-5992892e-2718-401e-a5aa-fc5b063c7d78 None None] Lock "00000000-0000-0000-0000-000000000000" "released" by "nova.context.set_target_cell..get_or_set_cached_cell_and_set_connections" :: held 0.002s {{(pid=104746) inner /usr/local/lib/python3.8/dist-packages/oslo_concurrency/lockutils.py:423}}
Oct 10 23:05:57.128782 n-d-860864-2 devstack@n-api.service[104746]: DEBUG oslo_concurrency.lockutils [None req-5992892e-2718-401e-a5aa-fc5b063c7d78 None None] Acquiring lock "c35e3cac-0e4f-44cc-a53a-8910e1eecc88" by "nova.context.set_target_cell..get_or_set_cached_cell_and_set_connections" {{(pid=104746) inner /usr/local/lib/python3.8/dist-packages/oslo_concurrency/lockutils.py:404}}
Oct 10 23:05:57.129226 n-d-860864-2 devstack@n-api.service[104746]: DEBUG oslo_concurrency.lockutils [None req-5992892e-2718-401e-a5aa-fc5b063c7d78 None None] Lock "c35e3cac-0e4f-44cc-a53a-8910e1eecc88" acquired by "nova.context.set_target_cell..get_or_set_cached_cell_and_set_connections" :: waited 0.000s {{(pid=104746) inner /usr/local/lib/python3.8/dist-packages/oslo_concurrency/lockutils.py:409}}
Oct 10 23:05:57.131244 n-d-860864-2 devstack@n-api.service[104746]: DEBUG oslo_concurrency.lockutils [None req-5992892e-2718-401e-a5aa-fc5b063c7d78 None None] Lock "c35e3cac-0e4f-44cc-a53a-8910e1eecc88" "released" by "nova.context.set_target_cell..get_or_set_cached_cell_and_set_connections" :: held 0.002s {{(pid=104746) inner /usr/local/lib/python3.8/dist-packages/oslo_concurrency/lockutils.py:423}}
Oct 10 23:05:57.133260 n-d-860864-2 devstack@n-api.service[104746]: INFO dbcounter [None req-5992892e-2718-401e-a5aa-fc5b063c7d78 None None] Registered counter for database nova_cell0
Oct 10 23:05:57.137859 n-d-860864-2 devstack@n-api.service[104746]: INFO dbcounter [None req-5992892e-2718-401e-a5aa-fc5b063c7d78 None None] Registered counter for database nova_cell1
Oct 10 23:05:57.145469 n-d-860864-2 devstack@n-api.service[104746]: DEBUG oslo_db.sqlalchemy.engines [None req-5992892e-2718-401e-a5aa-fc5b063c7d78 None None] MySQL server mode set to STRICT_TRANS_TABLES,STRICT_ALL_TABLES,NO_ZERO_IN_DATE,NO_ZERO_DATE,ERROR_FOR_DIVISION_BY_ZERO,TRADITIONAL,NO_ENGINE_SUBSTITUTION {{(pid=104746) _check_effective_sql_mode /usr/local/lib/python3.8/dist-packages/oslo_db/sqlalchemy/engines.py:314}}
Oct 10 23:05:57.147033 n-d-860864-2 devstack@n-api.service[104745]: DEBUG nova.context [None req-9144a45c-5fce-45ad-86cb-31531c5d1ed6 None None] Found 2 cells: 00000000-0000-0000-0000-000000000000(cell0),c35e3cac-0e4f-44cc-a53a-8910e1eecc88(cell1) {{(pid=104745) load_cells /opt/stack/nova/nova/context.py:464}}
Oct 10 23:05:57.147182 n-d-860864-2 devstack@n-api.service[104746]: DEBUG oslo_db.sqlalchemy.engines [None req-5992892e-2718-401e-a5aa-fc5b063c7d78 None None] MySQL server mode set to STRICT_TRANS_TABLES,STRICT_ALL_TABLES,NO_ZERO_IN_DATE,NO_ZERO_DATE,ERROR_FOR_DIVISION_BY_ZERO,TRADITIONAL,NO_ENGINE_SUBSTITUTION {{(pid=104746) _check_effective_sql_mode /usr/local/lib/python3.8/dist-packages/oslo_db/sqlalchemy/engines.py:314}}
Oct 10 23:05:57.150988 n-d-860864-2 devstack@n-api.service[104745]: DEBUG oslo_concurrency.lockutils [None req-9144a45c-5fce-45ad-86cb-31531c5d1ed6 None None] Acquiring lock "00000000-0000-0000-0000-000000000000" by "nova.context.set_target_cell..get_or_set_cached_cell_and_set_connections" {{(pid=104745) inner /usr/local/lib/python3.8/dist-packages/oslo_concurrency/lockutils.py:404}}
Oct 10 23:05:57.151465 n-d-860864-2 devstack@n-api.service[104745]: DEBUG oslo_concurrency.lockutils [None req-9144a45c-5fce-45ad-86cb-31531c5d1ed6 None None] Lock "00000000-0000-0000-0000-000000000000" acquired by "nova.context.set_target_cell..get_or_set_cached_cell_and_set_connections" :: waited 0.001s {{(pid=104745) inner /usr/local/lib/python3.8/dist-packages/oslo_concurrency/lockutils.py:409}}
Oct 10 23:05:57.153235 n-d-860864-2 devstack@n-api.service[104746]: DEBUG dbcounter [-] [104746] Writer thread running {{(pid=104746) stat_writer /usr/local/lib/python3.8/dist-packages/dbcounter.py:99}}
Oct 10 23:05:57.154218 n-d-860864-2 devstack@n-api.service[104745]: DEBUG oslo_concurrency.lockutils [None req-9144a45c-5fce-45ad-86cb-31531c5d1ed6 None None] Lock "00000000-0000-0000-0000-000000000000" "released" by "nova.context.set_target_cell..get_or_set_cached_cell_and_set_connections" :: held 0.003s {{(pid=104745) inner /usr/local/lib/python3.8/dist-packages/oslo_concurrency/lockutils.py:423}}
Oct 10 23:05:57.154958 n-d-860864-2 devstack@n-api.service[104745]: DEBUG oslo_concurrency.lockutils [None req-9144a45c-5fce-45ad-86cb-31531c5d1ed6 None None] Acquiring lock "c35e3cac-0e4f-44cc-a53a-8910e1eecc88" by "nova.context.set_target_cell..get_or_set_cached_cell_and_set_connections" {{(pid=104745) inner /usr/local/lib/python3.8/dist-packages/oslo_concurrency/lockutils.py:404}}
Oct 10 23:05:57.155401 n-d-860864-2 devstack@n-api.service[104745]: DEBUG oslo_concurrency.lockutils [None req-9144a45c-5fce-45ad-86cb-31531c5d1ed6 None None] Lock "c35e3cac-0e4f-44cc-a53a-8910e1eecc88" acquired by "nova.context.set_target_cell..get_or_set_cached_cell_and_set_connections" :: waited 0.000s {{(pid=104745) inner /usr/local/lib/python3.8/dist-packages/oslo_concurrency/lockutils.py:409}}
Oct 10 23:05:57.157423 n-d-860864-2 devstack@n-api.service[104745]: DEBUG oslo_concurrency.lockutils [None req-9144a45c-5fce-45ad-86cb-31531c5d1ed6 None None] Lock "c35e3cac-0e4f-44cc-a53a-8910e1eecc88" "released" by "nova.context.set_target_cell..get_or_set_cached_cell_and_set_connections" :: held 0.002s {{(pid=104745) inner /usr/local/lib/python3.8/dist-packages/oslo_concurrency/lockutils.py:423}}
Oct 10 23:05:57.158488 n-d-860864-2 devstack@n-api.service[104746]: DEBUG dbcounter [-] [104746] Writer thread running {{(pid=104746) stat_writer /usr/local/lib/python3.8/dist-packages/dbcounter.py:99}}
Oct 10 23:05:57.159438 n-d-860864-2 devstack@n-api.service[104745]: INFO dbcounter [None req-9144a45c-5fce-45ad-86cb-31531c5d1ed6 None None] Registered counter for database nova_cell0
Oct 10 23:05:57.163575 n-d-860864-2 devstack@n-api.service[104745]: INFO dbcounter [None req-9144a45c-5fce-45ad-86cb-31531c5d1ed6 None None] Registered counter for database nova_cell1
Oct 10 23:05:57.171576 n-d-860864-2 devstack@n-api.service[104745]: DEBUG oslo_db.sqlalchemy.engines [None req-9144a45c-5fce-45ad-86cb-31531c5d1ed6 None None] MySQL server mode set to STRICT_TRANS_TABLES,STRICT_ALL_TABLES,NO_ZERO_IN_DATE,NO_ZERO_DATE,ERROR_FOR_DIVISION_BY_ZERO,TRADITIONAL,NO_ENGINE_SUBSTITUTION {{(pid=104745) _check_effective_sql_mode /usr/local/lib/python3.8/dist-packages/oslo_db/sqlalchemy/engines.py:314}}
Oct 10 23:05:57.174835 n-d-860864-2 devstack@n-api.service[104745]: DEBUG oslo_db.sqlalchemy.engines [None req-9144a45c-5fce-45ad-86cb-31531c5d1ed6 None None] MySQL server mode set to STRICT_TRANS_TABLES,STRICT_ALL_TABLES,NO_ZERO_IN_DATE,NO_ZERO_DATE,ERROR_FOR_DIVISION_BY_ZERO,TRADITIONAL,NO_ENGINE_SUBSTITUTION {{(pid=104745) _check_effective_sql_mode /usr/local/lib/python3.8/dist-packages/oslo_db/sqlalchemy/engines.py:314}}
Oct 10 23:05:57.178509 n-d-860864-2 devstack@n-api.service[104745]: DEBUG dbcounter [-] [104745] Writer thread running {{(pid=104745) stat_writer /usr/local/lib/python3.8/dist-packages/dbcounter.py:99}}
Oct 10 23:05:57.184804 n-d-860864-2 devstack@n-api.service[104745]: DEBUG dbcounter [-] [104745] Writer thread running {{(pid=104745) stat_writer /usr/local/lib/python3.8/dist-packages/dbcounter.py:99}}
Oct 10 23:05:57.303555 n-d-860864-2 devstack@n-api.service[104746]: INFO dbcounter [None req-5992892e-2718-401e-a5aa-fc5b063c7d78 None None] Registered counter for database nova_cell0
Oct 10 23:05:57.312582 n-d-860864-2 devstack@n-api.service[104746]: DEBUG oslo_db.sqlalchemy.engines [None req-5992892e-2718-401e-a5aa-fc5b063c7d78 None None] MySQL server mode set to STRICT_TRANS_TABLES,STRICT_ALL_TABLES,NO_ZERO_IN_DATE,NO_ZERO_DATE,ERROR_FOR_DIVISION_BY_ZERO,TRADITIONAL,NO_ENGINE_SUBSTITUTION {{(pid=104746) _check_effective_sql_mode /usr/local/lib/python3.8/dist-packages/oslo_db/sqlalchemy/engines.py:314}}
Oct 10 23:05:57.317922 n-d-860864-2 devstack@n-api.service[104746]: DEBUG dbcounter [-] [104746] Writer thread running {{(pid=104746) stat_writer /usr/local/lib/python3.8/dist-packages/dbcounter.py:99}}
Oct 10 23:05:57.333405 n-d-860864-2 devstack@n-api.service[104745]: INFO dbcounter [None req-9144a45c-5fce-45ad-86cb-31531c5d1ed6 None None] Registered counter for database nova_cell0
Oct 10 23:05:57.344047 n-d-860864-2 devstack@n-api.service[104745]: DEBUG oslo_db.sqlalchemy.engines [None req-9144a45c-5fce-45ad-86cb-31531c5d1ed6 None None] MySQL server mode set to STRICT_TRANS_TABLES,STRICT_ALL_TABLES,NO_ZERO_IN_DATE,NO_ZERO_DATE,ERROR_FOR_DIVISION_BY_ZERO,TRADITIONAL,NO_ENGINE_SUBSTITUTION {{(pid=104745) _check_effective_sql_mode /usr/local/lib/python3.8/dist-packages/oslo_db/sqlalchemy/engines.py:314}}
Oct 10 23:05:57.349710 n-d-860864-2 devstack@n-api.service[104745]: DEBUG dbcounter [-] [104745] Writer thread running {{(pid=104745) stat_writer /usr/local/lib/python3.8/dist-packages/dbcounter.py:99}}
Oct 10 23:05:57.665664 n-d-860864-2 devstack@n-api.service[104746]: WARNING keystonemiddleware.auth_token [None req-5992892e-2718-401e-a5aa-fc5b063c7d78 None None] AuthToken middleware is set with keystone_authtoken.service_token_roles_required set to False. This is backwards compatible but deprecated behaviour. Please set this to True.
Oct 10 23:05:57.673127 n-d-860864-2 devstack@n-api.service[104746]: WARNING keystonemiddleware.auth_token [None req-5992892e-2718-401e-a5aa-fc5b063c7d78 None None] Configuring www_authenticate_uri to point to the public identity endpoint is required; clients may not be able to authenticate against an admin endpoint
Oct 10 23:05:57.673783 n-d-860864-2 devstack@n-api.service[104745]: WARNING keystonemiddleware.auth_token [None req-9144a45c-5fce-45ad-86cb-31531c5d1ed6 None None] AuthToken middleware is set with keystone_authtoken.service_token_roles_required set to False. This is backwards compatible but deprecated behaviour. Please set this to True.
Oct 10 23:05:57.681224 n-d-860864-2 devstack@n-api.service[104745]: WARNING keystonemiddleware.auth_token [None req-9144a45c-5fce-45ad-86cb-31531c5d1ed6 None None] Configuring www_authenticate_uri to point to the public identity endpoint is required; clients may not be able to authenticate against an admin endpoint
Oct 10 23:05:58.021802 n-d-860864-2 devstack@n-api.service[104746]: WARNING keystonemiddleware.auth_token [None req-5992892e-2718-401e-a5aa-fc5b063c7d78 None None] AuthToken middleware is set with keystone_authtoken.service_token_roles_required set to False. This is backwards compatible but deprecated behaviour. Please set this to True.
Oct 10 23:05:58.027249 n-d-860864-2 devstack@n-api.service[104745]: WARNING keystonemiddleware.auth_token [None req-9144a45c-5fce-45ad-86cb-31531c5d1ed6 None None] AuthToken middleware is set with keystone_authtoken.service_token_roles_required set to False. This is backwards compatible but deprecated behaviour. Please set this to True.
Oct 10 23:05:58.027896 n-d-860864-2 devstack@n-api.service[104746]: WARNING keystonemiddleware.auth_token [None req-5992892e-2718-401e-a5aa-fc5b063c7d78 None None] Configuring www_authenticate_uri to point to the public identity endpoint is required; clients may not be able to authenticate against an admin endpoint
Oct 10 23:05:58.033629 n-d-860864-2 devstack@n-api.service[104745]: WARNING keystonemiddleware.auth_token [None req-9144a45c-5fce-45ad-86cb-31531c5d1ed6 None None] Configuring www_authenticate_uri to point to the public identity endpoint is required; clients may not be able to authenticate against an admin endpoint
Oct 10 23:05:58.034070 n-d-860864-2 devstack@n-api.service[104746]: WSGI app 0 (mountpoint='') ready in 6 seconds on interpreter 0x56393202e9c0 pid: 104746 (default app)
Oct 10 23:05:58.036203 n-d-860864-2 devstack@n-api.service[104746]: DEBUG nova.api.openstack.wsgi [None req-5992892e-2718-401e-a5aa-fc5b063c7d78 None None] Calling method '>' {{(pid=104746) _process_stack /opt/stack/nova/nova/api/openstack/wsgi.py:513}}
Oct 10 23:05:58.037411 n-d-860864-2 devstack@n-api.service[104746]: INFO nova.api.openstack.requestlog [None req-5992892e-2718-401e-a5aa-fc5b063c7d78 None None] 10.222.0.23 "GET /compute/v2.1/" status: 200 len: 388 microversion: 2.1 time: 0.001781
Oct 10 23:05:58.038247 n-d-860864-2 devstack@n-api.service[104746]: [pid: 104746|app: 0|req: 1/1] 10.222.0.23 () {50 vars in 788 bytes} [Mon Oct 10 23:05:58 2022] GET /compute/v2.1/ => generated 388 bytes in 3 msecs (HTTP/1.1 200) 9 headers in 357 bytes (1 switches on core 0)
Oct 10 23:05:58.039030 n-d-860864-2 devstack@n-api.service[104745]: WSGI app 0 (mountpoint='') ready in 6 seconds on interpreter 0x56393202e9c0 pid: 104745 (default app)
Oct 10 23:07:23.155110 n-d-860864-2 devstack@n-api.service[104746]: DEBUG nova.api.openstack.wsgi [None req-5992892e-2718-401e-a5aa-fc5b063c7d78 None None] Calling method '>' {{(pid=104746) _process_stack /opt/stack/nova/nova/api/openstack/wsgi.py:513}}
Oct 10 23:07:23.157036 n-d-860864-2 devstack@n-api.service[104746]: INFO nova.api.openstack.requestlog [None req-5992892e-2718-401e-a5aa-fc5b063c7d78 None None] 10.222.0.23 "GET /compute/v2.1" status: 200 len: 388 microversion: 2.1 time: 0.002639
Oct 10 23:07:23.157899 n-d-860864-2 devstack@n-api.service[104746]: [pid: 104746|app: 0|req: 2/2] 10.222.0.23 () {54 vars in 931 bytes} [Mon Oct 10 23:07:23 2022] GET /compute/v2.1 => generated 388 bytes in 5 msecs (HTTP/1.1 200) 9 headers in 357 bytes (1 switches on core 0)
Oct 10 23:07:23.179361 n-d-860864-2 devstack@n-api.service[104745]: DEBUG dbcounter [-] [104745] Writing DB stats nova_api:SELECT=3 {{(pid=104745) stat_writer /usr/local/lib/python3.8/dist-packages/dbcounter.py:114}}
Oct 10 23:07:23.180833 n-d-860864-2 devstack@n-api.service[104745]: DEBUG dbcounter [-] [104745] Writing DB stats nova_cell0:SELECT=3 {{(pid=104745) stat_writer /usr/local/lib/python3.8/dist-packages/dbcounter.py:114}}
Oct 10 23:07:23.181989 n-d-860864-2 devstack@n-api.service[104745]: DEBUG dbcounter [-] [104745] Writing DB stats nova_cell1:SELECT=3 {{(pid=104745) stat_writer /usr/local/lib/python3.8/dist-packages/dbcounter.py:114}}
Oct 10 23:07:23.183178 n-d-860864-2 devstack@n-api.service[104745]: DEBUG dbcounter [-] [104745] Writing DB stats nova_cell0:SELECT=3 {{(pid=104745) stat_writer /usr/local/lib/python3.8/dist-packages/dbcounter.py:114}}
Oct 10 23:07:24.087744 n-d-860864-2 devstack@n-api.service[104745]: DEBUG nova.api.openstack.wsgi [None req-3b0da40f-48a1-4c24-86ef-bbf964dbf636 admin admin] Calling method '>' {{(pid=104745) _process_stack /opt/stack/nova/nova/api/openstack/wsgi.py:513}}
Oct 10 23:07:24.122340 n-d-860864-2 devstack@n-api.service[104745]: INFO nova.api.openstack.requestlog [None req-3b0da40f-48a1-4c24-86ef-bbf964dbf636 admin admin] 10.222.0.23 "GET /compute/v2.1/flavors/detail?is_public=True" status: 200 len: 15 microversion: 2.61 time: 0.952956
Oct 10 23:07:24.123084 n-d-860864-2 devstack@n-api.service[104745]: [pid: 104745|app: 0|req: 1/3] 10.222.0.23 () {60 vars in 1292 bytes} [Mon Oct 10 23:07:23 2022] GET /compute/v2.1/flavors/detail?is_public=True => generated 15 bytes in 956 msecs (HTTP/1.1 200) 9 headers in 358 bytes (1 switches on core 0)
Oct 10 23:07:26.816969 n-d-860864-2 devstack@n-api.service[104746]: DEBUG nova.api.openstack.wsgi [None req-5992892e-2718-401e-a5aa-fc5b063c7d78 None None] Calling method '>' {{(pid=104746) _process_stack /opt/stack/nova/nova/api/openstack/wsgi.py:513}}
Oct 10 23:07:26.818599 n-d-860864-2 devstack@n-api.service[104746]: INFO nova.api.openstack.requestlog [None req-5992892e-2718-401e-a5aa-fc5b063c7d78 None None] 10.222.0.23 "GET /compute/v2.1" status: 200 len: 388 microversion: 2.1 time: 0.002033
Oct 10 23:07:26.819883 n-d-860864-2 devstack@n-api.service[104746]: [pid: 104746|app: 0|req: 3/4] 10.222.0.23 () {54 vars in 931 bytes} [Mon Oct 10 23:07:26 2022] GET /compute/v2.1 => generated 388 bytes in 4 msecs (HTTP/1.1 200) 9 headers in 357 bytes (1 switches on core 0)
Oct 10 23:07:27.263172 n-d-860864-2 devstack@n-api.service[104745]: DEBUG nova.api.openstack.wsgi [None req-0e586754-3a17-4c1c-afb6-ecf379e76946 admin admin] Action: 'create', calling method: >, body: {"flavor": {"vcpus": 1, "disk": 1, "OS-FLV-EXT-DATA:ephemeral": 0, "ram": 256, "name": "cirros256", "swap": 0, "id": "c1", "os-flavor-access:is_public": true, "rxtx_factor": 1.0}} {{(pid=104745) _process_stack /opt/stack/nova/nova/api/openstack/wsgi.py:511}}
Oct 10 23:07:27.313504 n-d-860864-2 devstack@n-api.service[104745]: INFO nova.api.openstack.requestlog [None req-0e586754-3a17-4c1c-afb6-ecf379e76946 admin admin] 10.222.0.23 "POST /compute/v2.1/flavors" status: 200 len: 407 microversion: 2.61 time: 0.486529
Oct 10 23:07:27.313949 n-d-860864-2 devstack@n-api.service[104745]: [pid: 104745|app: 0|req: 2/5] 10.222.0.23 () {64 vars in 1283 bytes} [Mon Oct 10 23:07:26 2022] POST /compute/v2.1/flavors => generated 407 bytes in 489 msecs (HTTP/1.1 200) 9 headers in 359 bytes (1 switches on core 0)
Oct 10 23:07:27.327655 n-d-860864-2 devstack@n-api.service[104746]: DEBUG dbcounter [-] [104746] Writing DB stats nova_api:SELECT=3 {{(pid=104746) stat_writer /usr/local/lib/python3.8/dist-packages/dbcounter.py:114}}
Oct 10 23:07:27.328688 n-d-860864-2 devstack@n-api.service[104746]: DEBUG dbcounter [-] [104746] Writing DB stats nova_cell1:SELECT=3 {{(pid=104746) stat_writer /usr/local/lib/python3.8/dist-packages/dbcounter.py:114}}
Oct 10 23:07:27.330086 n-d-860864-2 devstack@n-api.service[104746]: DEBUG dbcounter [-] [104746] Writing DB stats nova_cell0:SELECT=3 {{(pid=104746) stat_writer /usr/local/lib/python3.8/dist-packages/dbcounter.py:114}}
Oct 10 23:07:27.330954 n-d-860864-2 devstack@n-api.service[104746]: DEBUG dbcounter [-] [104746] Writing DB stats nova_cell0:SELECT=6,nova_cell0:INSERT=1 {{(pid=104746) stat_writer /usr/local/lib/python3.8/dist-packages/dbcounter.py:114}}
Oct 10 23:07:27.549277 n-d-860864-2 devstack@n-api.service[104746]: DEBUG nova.api.openstack.wsgi [None req-e4ff3c1f-f2cd-46f1-93a5-bd6a08b8ffd6 admin admin] Action: 'create', calling method: >, body: {"extra_specs": {"hw_rng:allowed": "True"}} {{(pid=104746) _process_stack /opt/stack/nova/nova/api/openstack/wsgi.py:511}}
Oct 10 23:07:27.629283 n-d-860864-2 devstack@n-api.service[104746]: INFO nova.api.openstack.requestlog [None req-e4ff3c1f-f2cd-46f1-93a5-bd6a08b8ffd6 admin admin] 10.222.0.23 "POST /compute/v2.1/flavors/c1/os-extra_specs" status: 200 len: 43 microversion: 2.61 time: 0.306925
Oct 10 23:07:27.629916 n-d-860864-2 devstack@n-api.service[104746]: [pid: 104746|app: 0|req: 4/6] 10.222.0.23 () {64 vars in 1336 bytes} [Mon Oct 10 23:07:27 2022] POST /compute/v2.1/flavors/c1/os-extra_specs => generated 43 bytes in 308 msecs (HTTP/1.1 200) 9 headers in 358 bytes (1 switches on core 0)
Oct 10 23:07:30.453426 n-d-860864-2 devstack@n-api.service[104745]: DEBUG nova.api.openstack.wsgi [None req-0e586754-3a17-4c1c-afb6-ecf379e76946 admin admin] Calling method '>' {{(pid=104745) _process_stack /opt/stack/nova/nova/api/openstack/wsgi.py:513}}
Oct 10 23:07:30.455047 n-d-860864-2 devstack@n-api.service[104745]: INFO nova.api.openstack.requestlog [None req-0e586754-3a17-4c1c-afb6-ecf379e76946 admin admin] 10.222.0.23 "GET /compute/v2.1" status: 200 len: 388 microversion: 2.1 time: 0.002185
Oct 10 23:07:30.455614 n-d-860864-2 devstack@n-api.service[104745]: [pid: 104745|app: 0|req: 3/7] 10.222.0.23 () {54 vars in 931 bytes} [Mon Oct 10 23:07:30 2022] GET /compute/v2.1 => generated 388 bytes in 3 msecs (HTTP/1.1 200) 9 headers in 357 bytes (1 switches on core 0)
Oct 10 23:07:31.436074 n-d-860864-2 devstack@n-api.service[104746]: DEBUG nova.api.openstack.wsgi [None req-02ce3d44-8df5-4344-83c4-72e8afa3e733 admin admin] Action: 'create', calling method: >, body: {"flavor": {"disk": 5, "rxtx_factor": 1.0, "swap": 0, "name": "ds512M", "ram": 512, "OS-FLV-EXT-DATA:ephemeral": 0, "os-flavor-access:is_public": true, "vcpus": 1, "id": "d1"}} {{(pid=104746) _process_stack /opt/stack/nova/nova/api/openstack/wsgi.py:511}}
Oct 10 23:07:31.480128 n-d-860864-2 devstack@n-api.service[104746]: INFO nova.api.openstack.requestlog [None req-02ce3d44-8df5-4344-83c4-72e8afa3e733 admin admin] 10.222.0.23 "POST /compute/v2.1/flavors" status: 200 len: 404 microversion: 2.61 time: 1.017413
Oct 10 23:07:31.481499 n-d-860864-2 devstack@n-api.service[104746]: [pid: 104746|app: 0|req: 5/8] 10.222.0.23 () {64 vars in 1283 bytes} [Mon Oct 10 23:07:30 2022] POST /compute/v2.1/flavors => generated 404 bytes in 1019 msecs (HTTP/1.1 200) 9 headers in 359 bytes (1 switches on core 0)
Oct 10 23:07:31.501013 n-d-860864-2 devstack@n-api.service[104745]: DEBUG nova.api.openstack.wsgi [None req-67db2a0d-5796-48c7-ab88-aa02c0069a14 admin admin] Action: 'create', calling method: >, body: {"extra_specs": {"hw_rng:allowed": "True"}} {{(pid=104745) _process_stack /opt/stack/nova/nova/api/openstack/wsgi.py:511}}
Oct 10 23:07:31.558436 n-d-860864-2 devstack@n-api.service[104745]: INFO nova.api.openstack.requestlog [None req-67db2a0d-5796-48c7-ab88-aa02c0069a14 admin admin] 10.222.0.23 "POST /compute/v2.1/flavors/d1/os-extra_specs" status: 200 len: 43 microversion: 2.61 time: 0.063759
Oct 10 23:07:31.560950 n-d-860864-2 devstack@n-api.service[104745]: [pid: 104745|app: 0|req: 4/9] 10.222.0.23 () {64 vars in 1336 bytes} [Mon Oct 10 23:07:31 2022] POST /compute/v2.1/flavors/d1/os-extra_specs => generated 43 bytes in 67 msecs (HTTP/1.1 200) 9 headers in 358 bytes (1 switches on core 0)
Oct 10 23:07:35.112740 n-d-860864-2 devstack@n-api.service[104746]: DEBUG nova.api.openstack.wsgi [None req-02ce3d44-8df5-4344-83c4-72e8afa3e733 admin admin] Calling method '>' {{(pid=104746) _process_stack /opt/stack/nova/nova/api/openstack/wsgi.py:513}}
Oct 10 23:07:35.115719 n-d-860864-2 devstack@n-api.service[104746]: INFO nova.api.openstack.requestlog [None req-02ce3d44-8df5-4344-83c4-72e8afa3e733 admin admin] 10.222.0.23 "GET /compute/v2.1" status: 200 len: 388 microversion: 2.1 time: 0.003726
Oct 10 23:07:35.117937 n-d-860864-2 devstack@n-api.service[104746]: [pid: 104746|app: 0|req: 6/10] 10.222.0.23 () {54 vars in 931 bytes} [Mon Oct 10 23:07:35 2022] GET /compute/v2.1 => generated 388 bytes in 7 msecs (HTTP/1.1 200) 9 headers in 357 bytes (1 switches on core 0)
Oct 10 23:07:35.629391 n-d-860864-2 devstack@n-api.service[104745]: DEBUG nova.api.openstack.wsgi [None req-a90886de-a8f8-42e7-bfa7-7cf9699dcc4c admin admin] Action: 'create', calling method: >, body: {"flavor": {"disk": 10, "os-flavor-access:is_public": true, "swap": 0, "id": "d2", "vcpus": 1, "ram": 1024, "rxtx_factor": 1.0, "OS-FLV-EXT-DATA:ephemeral": 0, "name": "ds1G"}} {{(pid=104745) _process_stack /opt/stack/nova/nova/api/openstack/wsgi.py:511}}
Oct 10 23:07:35.649994 n-d-860864-2 devstack@n-api.service[104745]: INFO nova.api.openstack.requestlog [None req-a90886de-a8f8-42e7-bfa7-7cf9699dcc4c admin admin] 10.222.0.23 "POST /compute/v2.1/flavors" status: 200 len: 404 microversion: 2.61 time: 0.522416
Oct 10 23:07:35.650460 n-d-860864-2 devstack@n-api.service[104745]: [pid: 104745|app: 0|req: 5/11] 10.222.0.23 () {64 vars in 1283 bytes} [Mon Oct 10 23:07:35 2022] POST /compute/v2.1/flavors => generated 404 bytes in 524 msecs (HTTP/1.1 200) 9 headers in 359 bytes (1 switches on core 0)
Oct 10 23:07:35.664756 n-d-860864-2 devstack@n-api.service[104746]: DEBUG nova.api.openstack.wsgi [None req-a3460f5f-ac64-4ddf-8e23-8fc3221e0182 admin admin] Action: 'create', calling method: >, body: {"extra_specs": {"hw_rng:allowed": "True"}} {{(pid=104746) _process_stack /opt/stack/nova/nova/api/openstack/wsgi.py:511}}
Oct 10 23:07:35.700524 n-d-860864-2 devstack@n-api.service[104746]: INFO nova.api.openstack.requestlog [None req-a3460f5f-ac64-4ddf-8e23-8fc3221e0182 admin admin] 10.222.0.23 "POST /compute/v2.1/flavors/d2/os-extra_specs" status: 200 len: 43 microversion: 2.61 time: 0.040492
Oct 10 23:07:35.702062 n-d-860864-2 devstack@n-api.service[104746]: [pid: 104746|app: 0|req: 7/12] 10.222.0.23 () {64 vars in 1336 bytes} [Mon Oct 10 23:07:35 2022] POST /compute/v2.1/flavors/d2/os-extra_specs => generated 43 bytes in 43 msecs (HTTP/1.1 200) 9 headers in 358 bytes (2 switches on core 0)
Oct 10 23:07:38.509754 n-d-860864-2 devstack@n-api.service[104745]: DEBUG nova.api.openstack.wsgi [None req-a90886de-a8f8-42e7-bfa7-7cf9699dcc4c admin admin] Calling method '>' {{(pid=104745) _process_stack /opt/stack/nova/nova/api/openstack/wsgi.py:513}}
Oct 10 23:07:38.510706 n-d-860864-2 devstack@n-api.service[104745]: INFO nova.api.openstack.requestlog [None req-a90886de-a8f8-42e7-bfa7-7cf9699dcc4c admin admin] 10.222.0.23 "GET /compute/v2.1" status: 200 len: 388 microversion: 2.1 time: 0.001540
Oct 10 23:07:38.511592 n-d-860864-2 devstack@n-api.service[104745]: [pid: 104745|app: 0|req: 6/13] 10.222.0.23 () {54 vars in 931 bytes} [Mon Oct 10 23:07:38 2022] GET /compute/v2.1 => generated 388 bytes in 3 msecs (HTTP/1.1 200) 9 headers in 357 bytes (1 switches on core 0)
Oct 10 23:07:39.033364 n-d-860864-2 devstack@n-api.service[104746]: DEBUG nova.api.openstack.wsgi [None req-0b8e5fac-ba74-4486-b65f-cb68f9502c1b admin admin] Action: 'create', calling method: >, body: {"flavor": {"rxtx_factor": 1.0, "vcpus": 2, "disk": 10, "id": "d3", "os-flavor-access:is_public": true, "swap": 0, "OS-FLV-EXT-DATA:ephemeral": 0, "ram": 2048, "name": "ds2G"}} {{(pid=104746) _process_stack /opt/stack/nova/nova/api/openstack/wsgi.py:511}}
Oct 10 23:07:39.064084 n-d-860864-2 devstack@n-api.service[104746]: INFO nova.api.openstack.requestlog [None req-0b8e5fac-ba74-4486-b65f-cb68f9502c1b admin admin] 10.222.0.23 "POST /compute/v2.1/flavors" status: 200 len: 404 microversion: 2.61 time: 0.544486
Oct 10 23:07:39.065126 n-d-860864-2 devstack@n-api.service[104746]: [pid: 104746|app: 0|req: 8/14] 10.222.0.23 () {64 vars in 1283 bytes} [Mon Oct 10 23:07:38 2022] POST /compute/v2.1/flavors => generated 404 bytes in 546 msecs (HTTP/1.1 200) 9 headers in 359 bytes (1 switches on core 0)
Oct 10 23:07:39.078378 n-d-860864-2 devstack@n-api.service[104745]: DEBUG nova.api.openstack.wsgi [None req-cec7f333-1c5b-4ea9-a7db-f8df9bbb22c4 admin admin] Action: 'create', calling method: >, body: {"extra_specs": {"hw_rng:allowed": "True"}} {{(pid=104745) _process_stack /opt/stack/nova/nova/api/openstack/wsgi.py:511}}
Oct 10 23:07:39.165313 n-d-860864-2 devstack@n-api.service[104745]: INFO nova.api.openstack.requestlog [None req-cec7f333-1c5b-4ea9-a7db-f8df9bbb22c4 admin admin] 10.222.0.23 "POST /compute/v2.1/flavors/d3/os-extra_specs" status: 200 len: 43 microversion: 2.61 time: 0.091298
Oct 10 23:07:39.166138 n-d-860864-2 devstack@n-api.service[104745]: [pid: 104745|app: 0|req: 7/15] 10.222.0.23 () {64 vars in 1336 bytes} [Mon Oct 10 23:07:39 2022] POST /compute/v2.1/flavors/d3/os-extra_specs => generated 43 bytes in 93 msecs (HTTP/1.1 200) 9 headers in 358 bytes (1 switches on core 0)
Oct 10 23:07:41.943758 n-d-860864-2 devstack@n-api.service[104746]: DEBUG nova.api.openstack.wsgi [None req-0b8e5fac-ba74-4486-b65f-cb68f9502c1b admin admin] Calling method '>' {{(pid=104746) _process_stack /opt/stack/nova/nova/api/openstack/wsgi.py:513}}
Oct 10 23:07:41.945425 n-d-860864-2 devstack@n-api.service[104746]: INFO nova.api.openstack.requestlog [None req-0b8e5fac-ba74-4486-b65f-cb68f9502c1b admin admin] 10.222.0.23 "GET /compute/v2.1" status: 200 len: 388 microversion: 2.1 time: 0.001510
Oct 10 23:07:41.946727 n-d-860864-2 devstack@n-api.service[104746]: [pid: 104746|app: 0|req: 9/16] 10.222.0.23 () {54 vars in 931 bytes} [Mon Oct 10 23:07:41 2022] GET /compute/v2.1 => generated 388 bytes in 4 msecs (HTTP/1.1 200) 9 headers in 357 bytes (1 switches on core 0)
Oct 10 23:07:42.541337 n-d-860864-2 devstack@n-api.service[104745]: DEBUG nova.api.openstack.wsgi [None req-716a8ffd-f97f-4f7b-8a83-066fefb9e1eb admin admin] Action: 'create', calling method: >, body: {"flavor": {"id": "d4", "os-flavor-access:is_public": true, "vcpus": 4, "OS-FLV-EXT-DATA:ephemeral": 0, "rxtx_factor": 1.0, "ram": 4096, "swap": 0, "disk": 20, "name": "ds4G"}} {{(pid=104745) _process_stack /opt/stack/nova/nova/api/openstack/wsgi.py:511}}
Oct 10 23:07:42.568854 n-d-860864-2 devstack@n-api.service[104745]: INFO nova.api.openstack.requestlog [None req-716a8ffd-f97f-4f7b-8a83-066fefb9e1eb admin admin] 10.222.0.23 "POST /compute/v2.1/flavors" status: 200 len: 404 microversion: 2.61 time: 0.615461
Oct 10 23:07:42.570198 n-d-860864-2 devstack@n-api.service[104745]: [pid: 104745|app: 0|req: 8/17] 10.222.0.23 () {64 vars in 1283 bytes} [Mon Oct 10 23:07:41 2022] POST /compute/v2.1/flavors => generated 404 bytes in 617 msecs (HTTP/1.1 200) 9 headers in 359 bytes (1 switches on core 0)
Oct 10 23:07:42.582206 n-d-860864-2 devstack@n-api.service[104746]: DEBUG nova.api.openstack.wsgi [None req-c23ced90-8b08-4c5f-a93f-03017bc373de admin admin] Action: 'create', calling method: >, body: {"extra_specs": {"hw_rng:allowed": "True"}} {{(pid=104746) _process_stack /opt/stack/nova/nova/api/openstack/wsgi.py:511}}
Oct 10 23:07:42.611601 n-d-860864-2 devstack@n-api.service[104746]: INFO nova.api.openstack.requestlog [None req-c23ced90-8b08-4c5f-a93f-03017bc373de admin admin] 10.222.0.23 "POST /compute/v2.1/flavors/d4/os-extra_specs" status: 200 len: 43 microversion: 2.61 time: 0.032947
Oct 10 23:07:42.626390 n-d-860864-2 devstack@n-api.service[104746]: [pid: 104746|app: 0|req: 10/18] 10.222.0.23 () {64 vars in 1336 bytes} [Mon Oct 10 23:07:42 2022] POST /compute/v2.1/flavors/d4/os-extra_specs => generated 43 bytes in 48 msecs (HTTP/1.1 200) 9 headers in 358 bytes (2 switches on core 0)
Oct 10 23:07:45.385406 n-d-860864-2 devstack@n-api.service[104745]: DEBUG nova.api.openstack.wsgi [None req-716a8ffd-f97f-4f7b-8a83-066fefb9e1eb admin admin] Calling method '>' {{(pid=104745) _process_stack /opt/stack/nova/nova/api/openstack/wsgi.py:513}}
Oct 10 23:07:45.386837 n-d-860864-2 devstack@n-api.service[104745]: INFO nova.api.openstack.requestlog [None req-716a8ffd-f97f-4f7b-8a83-066fefb9e1eb admin admin] 10.222.0.23 "GET /compute/v2.1" status: 200 len: 388 microversion: 2.1 time: 0.001995
Oct 10 23:07:45.387319 n-d-860864-2 devstack@n-api.service[104745]: [pid: 104745|app: 0|req: 9/19] 10.222.0.23 () {54 vars in 931 bytes} [Mon Oct 10 23:07:45 2022] GET /compute/v2.1 => generated 388 bytes in 3 msecs (HTTP/1.1 200) 9 headers in 357 bytes (1 switches on core 0)
Oct 10 23:07:45.930990 n-d-860864-2 devstack@n-api.service[104746]: DEBUG nova.api.openstack.wsgi [None req-17eb95a7-6499-4c5d-898f-671828e2e4eb admin admin] Calling method '>' {{(pid=104746) _process_stack /opt/stack/nova/nova/api/openstack/wsgi.py:513}}
Oct 10 23:07:45.960106 n-d-860864-2 devstack@n-api.service[104746]: INFO nova.api.openstack.requestlog [None req-17eb95a7-6499-4c5d-898f-671828e2e4eb admin admin] 10.222.0.23 "GET /compute/v2.1/flavors/detail?is_public=True" status: 200 len: 2106 microversion: 2.61 time: 0.565570
Oct 10 23:07:45.960660 n-d-860864-2 devstack@n-api.service[104746]: [pid: 104746|app: 0|req: 11/20] 10.222.0.23 () {60 vars in 1292 bytes} [Mon Oct 10 23:07:45 2022] GET /compute/v2.1/flavors/detail?is_public=True => generated 2106 bytes in 567 msecs (HTTP/1.1 200) 9 headers in 360 bytes (1 switches on core 0)
Oct 10 23:07:48.905368 n-d-860864-2 devstack@n-api.service[104745]: DEBUG nova.api.openstack.wsgi [None req-716a8ffd-f97f-4f7b-8a83-066fefb9e1eb admin admin] Calling method '>' {{(pid=104745) _process_stack /opt/stack/nova/nova/api/openstack/wsgi.py:513}}
Oct 10 23:07:48.906424 n-d-860864-2 devstack@n-api.service[104745]: INFO nova.api.openstack.requestlog [None req-716a8ffd-f97f-4f7b-8a83-066fefb9e1eb admin admin] 10.222.0.23 "GET /compute/v2.1" status: 200 len: 388 microversion: 2.1 time: 0.001509
Oct 10 23:07:48.906836 n-d-860864-2 devstack@n-api.service[104745]: [pid: 104745|app: 0|req: 10/21] 10.222.0.23 () {54 vars in 931 bytes} [Mon Oct 10 23:07:48 2022] GET /compute/v2.1 => generated 388 bytes in 2 msecs (HTTP/1.1 200) 9 headers in 357 bytes (1 switches on core 0)
Oct 10 23:07:49.412075 n-d-860864-2 devstack@n-api.service[104746]: DEBUG nova.api.openstack.wsgi [None req-661d0511-a776-496d-8be9-2e08135ce1ff admin admin] Action: 'create', calling method: >, body: {"flavor": {"OS-FLV-EXT-DATA:ephemeral": 0, "id": "1", "vcpus": 1, "name": "m1.tiny", "swap": 0, "disk": 1, "os-flavor-access:is_public": true, "ram": 512, "rxtx_factor": 1.0}} {{(pid=104746) _process_stack /opt/stack/nova/nova/api/openstack/wsgi.py:511}}
Oct 10 23:07:49.433556 n-d-860864-2 devstack@n-api.service[104746]: INFO nova.api.openstack.requestlog [None req-661d0511-a776-496d-8be9-2e08135ce1ff admin admin] 10.222.0.23 "POST /compute/v2.1/flavors" status: 200 len: 402 microversion: 2.61 time: 0.519578
Oct 10 23:07:49.434180 n-d-860864-2 devstack@n-api.service[104746]: [pid: 104746|app: 0|req: 12/22] 10.222.0.23 () {64 vars in 1283 bytes} [Mon Oct 10 23:07:48 2022] POST /compute/v2.1/flavors => generated 402 bytes in 521 msecs (HTTP/1.1 200) 9 headers in 359 bytes (2 switches on core 0)
Oct 10 23:07:49.447420 n-d-860864-2 devstack@n-api.service[104745]: DEBUG nova.api.openstack.wsgi [None req-224b18c0-a64f-4863-a9ef-0edd01e463f6 admin admin] Action: 'create', calling method: >, body: {"extra_specs": {"hw_rng:allowed": "True"}} {{(pid=104745) _process_stack /opt/stack/nova/nova/api/openstack/wsgi.py:511}}
Oct 10 23:07:49.477358 n-d-860864-2 devstack@n-api.service[104745]: INFO nova.api.openstack.requestlog [None req-224b18c0-a64f-4863-a9ef-0edd01e463f6 admin admin] 10.222.0.23 "POST /compute/v2.1/flavors/1/os-extra_specs" status: 200 len: 43 microversion: 2.61 time: 0.033629
Oct 10 23:07:49.478141 n-d-860864-2 devstack@n-api.service[104745]: [pid: 104745|app: 0|req: 11/23] 10.222.0.23 () {64 vars in 1333 bytes} [Mon Oct 10 23:07:49 2022] POST /compute/v2.1/flavors/1/os-extra_specs => generated 43 bytes in 35 msecs (HTTP/1.1 200) 9 headers in 358 bytes (2 switches on core 0)
Oct 10 23:07:52.164677 n-d-860864-2 devstack@n-api.service[104746]: DEBUG nova.api.openstack.wsgi [None req-661d0511-a776-496d-8be9-2e08135ce1ff admin admin] Calling method '>' {{(pid=104746) _process_stack /opt/stack/nova/nova/api/openstack/wsgi.py:513}}
Oct 10 23:07:52.165743 n-d-860864-2 devstack@n-api.service[104746]: INFO nova.api.openstack.requestlog [None req-661d0511-a776-496d-8be9-2e08135ce1ff admin admin] 10.222.0.23 "GET /compute/v2.1" status: 200 len: 388 microversion: 2.1 time: 0.001480
Oct 10 23:07:52.166143 n-d-860864-2 devstack@n-api.service[104746]: [pid: 104746|app: 0|req: 13/24] 10.222.0.23 () {54 vars in 931 bytes} [Mon Oct 10 23:07:52 2022] GET /compute/v2.1 => generated 388 bytes in 2 msecs (HTTP/1.1 200) 9 headers in 357 bytes (1 switches on core 0)
Oct 10 23:07:52.609667 n-d-860864-2 devstack@n-api.service[104745]: DEBUG nova.api.openstack.wsgi [None req-daba739c-c3ea-402f-b1b4-229d7aa3b193 admin admin] Action: 'create', calling method: >, body: {"flavor": {"swap": 0, "ram": 2048, "os-flavor-access:is_public": true, "rxtx_factor": 1.0, "id": "2", "OS-FLV-EXT-DATA:ephemeral": 0, "vcpus": 1, "name": "m1.small", "disk": 20}} {{(pid=104745) _process_stack /opt/stack/nova/nova/api/openstack/wsgi.py:511}}
Oct 10 23:07:52.631948 n-d-860864-2 devstack@n-api.service[104745]: INFO nova.api.openstack.requestlog [None req-daba739c-c3ea-402f-b1b4-229d7aa3b193 admin admin] 10.222.0.23 "POST /compute/v2.1/flavors" status: 200 len: 405 microversion: 2.61 time: 0.458564
Oct 10 23:07:52.632606 n-d-860864-2 devstack@n-api.service[104745]: [pid: 104745|app: 0|req: 12/25] 10.222.0.23 () {64 vars in 1283 bytes} [Mon Oct 10 23:07:52 2022] POST /compute/v2.1/flavors => generated 405 bytes in 460 msecs (HTTP/1.1 200) 9 headers in 359 bytes (1 switches on core 0)
Oct 10 23:07:52.647788 n-d-860864-2 devstack@n-api.service[104746]: DEBUG nova.api.openstack.wsgi [None req-321dc224-1e54-48c0-820a-dedb8cb1c0bf admin admin] Action: 'create', calling method: >, body: {"extra_specs": {"hw_rng:allowed": "True"}} {{(pid=104746) _process_stack /opt/stack/nova/nova/api/openstack/wsgi.py:511}}
Oct 10 23:07:52.674286 n-d-860864-2 devstack@n-api.service[104746]: INFO nova.api.openstack.requestlog [None req-321dc224-1e54-48c0-820a-dedb8cb1c0bf admin admin] 10.222.0.23 "POST /compute/v2.1/flavors/2/os-extra_specs" status: 200 len: 43 microversion: 2.61 time: 0.030376
Oct 10 23:07:52.674988 n-d-860864-2 devstack@n-api.service[104746]: [pid: 104746|app: 0|req: 14/26] 10.222.0.23 () {64 vars in 1333 bytes} [Mon Oct 10 23:07:52 2022] POST /compute/v2.1/flavors/2/os-extra_specs => generated 43 bytes in 32 msecs (HTTP/1.1 200) 9 headers in 358 bytes (1 switches on core 0)
Oct 10 23:07:55.476577 n-d-860864-2 devstack@n-api.service[104745]: DEBUG nova.api.openstack.wsgi [None req-daba739c-c3ea-402f-b1b4-229d7aa3b193 admin admin] Calling method '>' {{(pid=104745) _process_stack /opt/stack/nova/nova/api/openstack/wsgi.py:513}}
Oct 10 23:07:55.477547 n-d-860864-2 devstack@n-api.service[104745]: INFO nova.api.openstack.requestlog [None req-daba739c-c3ea-402f-b1b4-229d7aa3b193 admin admin] 10.222.0.23 "GET /compute/v2.1" status: 200 len: 388 microversion: 2.1 time: 0.001674
Oct 10 23:07:55.477982 n-d-860864-2 devstack@n-api.service[104745]: [pid: 104745|app: 0|req: 13/27] 10.222.0.23 () {54 vars in 931 bytes} [Mon Oct 10 23:07:55 2022] GET /compute/v2.1 => generated 388 bytes in 3 msecs (HTTP/1.1 200) 9 headers in 357 bytes (1 switches on core 0)
Oct 10 23:07:55.994636 n-d-860864-2 devstack@n-api.service[104746]: DEBUG nova.api.openstack.wsgi [None req-2ccbc62c-546f-488e-aa8b-dac2992b8617 admin admin] Action: 'create', calling method: >, body: {"flavor": {"ram": 4096, "swap": 0, "os-flavor-access:is_public": true, "disk": 40, "rxtx_factor": 1.0, "OS-FLV-EXT-DATA:ephemeral": 0, "vcpus": 2, "name": "m1.medium", "id": "3"}} {{(pid=104746) _process_stack /opt/stack/nova/nova/api/openstack/wsgi.py:511}}
Oct 10 23:07:56.016504 n-d-860864-2 devstack@n-api.service[104746]: INFO nova.api.openstack.requestlog [None req-2ccbc62c-546f-488e-aa8b-dac2992b8617 admin admin] 10.222.0.23 "POST /compute/v2.1/flavors" status: 200 len: 406 microversion: 2.61 time: 0.530067
Oct 10 23:07:56.019989 n-d-860864-2 devstack@n-api.service[104746]: [pid: 104746|app: 0|req: 15/28] 10.222.0.23 () {64 vars in 1283 bytes} [Mon Oct 10 23:07:55 2022] POST /compute/v2.1/flavors => generated 406 bytes in 534 msecs (HTTP/1.1 200) 9 headers in 359 bytes (1 switches on core 0)
Oct 10 23:07:56.029202 n-d-860864-2 devstack@n-api.service[104745]: DEBUG nova.api.openstack.wsgi [None req-7f83f864-3e9c-4a7a-b854-d37816fe4d14 admin admin] Action: 'create', calling method: >, body: {"extra_specs": {"hw_rng:allowed": "True"}} {{(pid=104745) _process_stack /opt/stack/nova/nova/api/openstack/wsgi.py:511}}
Oct 10 23:07:56.033989 n-d-860864-2 devstack@n-api.service[104745]: DEBUG dbcounter [-] [104745] Writing DB stats nova_api:SELECT=33,nova_api:INSERT=7,nova_api:SAVEPOINT=3,nova_api:RELEASE=3 {{(pid=104745) stat_writer /usr/local/lib/python3.8/dist-packages/dbcounter.py:114}}
Oct 10 23:07:56.061710 n-d-860864-2 devstack@n-api.service[104745]: INFO nova.api.openstack.requestlog [None req-7f83f864-3e9c-4a7a-b854-d37816fe4d14 admin admin] 10.222.0.23 "POST /compute/v2.1/flavors/3/os-extra_specs" status: 200 len: 43 microversion: 2.61 time: 0.036185
Oct 10 23:07:56.062877 n-d-860864-2 devstack@n-api.service[104745]: [pid: 104745|app: 0|req: 14/29] 10.222.0.23 () {64 vars in 1333 bytes} [Mon Oct 10 23:07:56 2022] POST /compute/v2.1/flavors/3/os-extra_specs => generated 43 bytes in 38 msecs (HTTP/1.1 200) 9 headers in 358 bytes (1 switches on core 0)
Oct 10 23:07:58.764581 n-d-860864-2 devstack@n-api.service[104746]: DEBUG nova.api.openstack.wsgi [None req-2ccbc62c-546f-488e-aa8b-dac2992b8617 admin admin] Calling method '>' {{(pid=104746) _process_stack /opt/stack/nova/nova/api/openstack/wsgi.py:513}}
Oct 10 23:07:58.765639 n-d-860864-2 devstack@n-api.service[104746]: INFO nova.api.openstack.requestlog [None req-2ccbc62c-546f-488e-aa8b-dac2992b8617 admin admin] 10.222.0.23 "GET /compute/v2.1" status: 200 len: 388 microversion: 2.1 time: 0.001471
Oct 10 23:07:58.766082 n-d-860864-2 devstack@n-api.service[104746]: [pid: 104746|app: 0|req: 16/30] 10.222.0.23 () {54 vars in 931 bytes} [Mon Oct 10 23:07:58 2022] GET /compute/v2.1 => generated 388 bytes in 3 msecs (HTTP/1.1 200) 9 headers in 357 bytes (1 switches on core 0)
Oct 10 23:07:59.262697 n-d-860864-2 devstack@n-api.service[104745]: DEBUG nova.api.openstack.wsgi [None req-b7dcd8b9-bf89-430c-9ac1-dc72397c9c7c admin admin] Action: 'create', calling method: >, body: {"flavor": {"OS-FLV-EXT-DATA:ephemeral": 0, "rxtx_factor": 1.0, "vcpus": 4, "disk": 80, "swap": 0, "ram": 8192, "name": "m1.large", "id": "4", "os-flavor-access:is_public": true}} {{(pid=104745) _process_stack /opt/stack/nova/nova/api/openstack/wsgi.py:511}}
Oct 10 23:07:59.285801 n-d-860864-2 devstack@n-api.service[104745]: INFO nova.api.openstack.requestlog [None req-b7dcd8b9-bf89-430c-9ac1-dc72397c9c7c admin admin] 10.222.0.23 "POST /compute/v2.1/flavors" status: 200 len: 405 microversion: 2.61 time: 0.512629
Oct 10 23:07:59.295948 n-d-860864-2 devstack@n-api.service[104745]: [pid: 104745|app: 0|req: 15/31] 10.222.0.23 () {64 vars in 1283 bytes} [Mon Oct 10 23:07:58 2022] POST /compute/v2.1/flavors => generated 405 bytes in 514 msecs (HTTP/1.1 200) 9 headers in 359 bytes (1 switches on core 0)
Oct 10 23:07:59.302433 n-d-860864-2 devstack@n-api.service[104746]: DEBUG nova.api.openstack.wsgi [None req-bcc9eacf-4017-4dbd-a1eb-53193a37faca admin admin] Action: 'create', calling method: >, body: {"extra_specs": {"hw_rng:allowed": "True"}} {{(pid=104746) _process_stack /opt/stack/nova/nova/api/openstack/wsgi.py:511}}
Oct 10 23:07:59.307397 n-d-860864-2 devstack@n-api.service[104746]: DEBUG dbcounter [-] [104746] Writing DB stats nova_api:SELECT=39,nova_api:SAVEPOINT=4,nova_api:INSERT=8,nova_api:RELEASE=4 {{(pid=104746) stat_writer /usr/local/lib/python3.8/dist-packages/dbcounter.py:114}}
Oct 10 23:07:59.332939 n-d-860864-2 devstack@n-api.service[104746]: INFO nova.api.openstack.requestlog [None req-bcc9eacf-4017-4dbd-a1eb-53193a37faca admin admin] 10.222.0.23 "POST /compute/v2.1/flavors/4/os-extra_specs" status: 200 len: 43 microversion: 2.61 time: 0.034392
Oct 10 23:07:59.334099 n-d-860864-2 devstack@n-api.service[104746]: [pid: 104746|app: 0|req: 17/32] 10.222.0.23 () {64 vars in 1333 bytes} [Mon Oct 10 23:07:59 2022] POST /compute/v2.1/flavors/4/os-extra_specs => generated 43 bytes in 36 msecs (HTTP/1.1 200) 9 headers in 358 bytes (1 switches on core 0)
Oct 10 23:08:02.098580 n-d-860864-2 devstack@n-api.service[104745]: DEBUG nova.api.openstack.wsgi [None req-b7dcd8b9-bf89-430c-9ac1-dc72397c9c7c admin admin] Calling method '>' {{(pid=104745) _process_stack /opt/stack/nova/nova/api/openstack/wsgi.py:513}}
Oct 10 23:08:02.100767 n-d-860864-2 devstack@n-api.service[104745]: INFO nova.api.openstack.requestlog [None req-b7dcd8b9-bf89-430c-9ac1-dc72397c9c7c admin admin] 10.222.0.23 "GET /compute/v2.1" status: 200 len: 388 microversion: 2.1 time: 0.002734
Oct 10 23:08:02.101389 n-d-860864-2 devstack@n-api.service[104745]: [pid: 104745|app: 0|req: 16/33] 10.222.0.23 () {54 vars in 931 bytes} [Mon Oct 10 23:08:02 2022] GET /compute/v2.1 => generated 388 bytes in 4 msecs (HTTP/1.1 200) 9 headers in 357 bytes (1 switches on core 0)
Oct 10 23:08:02.624886 n-d-860864-2 devstack@n-api.service[104746]: DEBUG nova.api.openstack.wsgi [None req-f28873ad-74d2-402d-bd9c-7144f85e457c admin admin] Action: 'create', calling method: >, body: {"flavor": {"swap": 0, "OS-FLV-EXT-DATA:ephemeral": 0, "ram": 16384, "id": "5", "rxtx_factor": 1.0, "disk": 160, "os-flavor-access:is_public": true, "name": "m1.xlarge", "vcpus": 8}} {{(pid=104746) _process_stack /opt/stack/nova/nova/api/openstack/wsgi.py:511}}
Oct 10 23:08:02.651897 n-d-860864-2 devstack@n-api.service[104746]: INFO nova.api.openstack.requestlog [None req-f28873ad-74d2-402d-bd9c-7144f85e457c admin admin] 10.222.0.23 "POST /compute/v2.1/flavors" status: 200 len: 408 microversion: 2.61 time: 0.542959
Oct 10 23:08:02.652459 n-d-860864-2 devstack@n-api.service[104746]: [pid: 104746|app: 0|req: 18/34] 10.222.0.23 () {64 vars in 1283 bytes} [Mon Oct 10 23:08:02 2022] POST /compute/v2.1/flavors => generated 408 bytes in 545 msecs (HTTP/1.1 200) 9 headers in 359 bytes (1 switches on core 0)
Oct 10 23:08:02.666205 n-d-860864-2 devstack@n-api.service[104745]: DEBUG nova.api.openstack.wsgi [None req-8b7fc127-3c21-4dd1-b416-e4019f9ce181 admin admin] Action: 'create', calling method: >, body: {"extra_specs": {"hw_rng:allowed": "True"}} {{(pid=104745) _process_stack /opt/stack/nova/nova/api/openstack/wsgi.py:511}}
Oct 10 23:08:02.699189 n-d-860864-2 devstack@n-api.service[104745]: INFO nova.api.openstack.requestlog [None req-8b7fc127-3c21-4dd1-b416-e4019f9ce181 admin admin] 10.222.0.23 "POST /compute/v2.1/flavors/5/os-extra_specs" status: 200 len: 43 microversion: 2.61 time: 0.036925
Oct 10 23:08:02.699898 n-d-860864-2 devstack@n-api.service[104745]: [pid: 104745|app: 0|req: 17/35] 10.222.0.23 () {64 vars in 1333 bytes} [Mon Oct 10 23:08:02 2022] POST /compute/v2.1/flavors/5/os-extra_specs => generated 43 bytes in 38 msecs (HTTP/1.1 200) 9 headers in 358 bytes (2 switches on core 0)
Oct 10 23:08:22.494485 n-d-860864-2 devstack@n-api.service[104746]: DEBUG nova.api.openstack.wsgi [None req-f28873ad-74d2-402d-bd9c-7144f85e457c admin admin] Calling method '>' {{(pid=104746) _process_stack /opt/stack/nova/nova/api/openstack/wsgi.py:513}}
Oct 10 23:08:22.495428 n-d-860864-2 devstack@n-api.service[104746]: INFO nova.api.openstack.requestlog [None req-f28873ad-74d2-402d-bd9c-7144f85e457c admin admin] 10.222.0.23 "GET /compute/v2.1" status: 200 len: 388 microversion: 2.1 time: 0.001476
Oct 10 23:08:22.495847 n-d-860864-2 devstack@n-api.service[104746]: [pid: 104746|app: 0|req: 19/36] 10.222.0.23 () {54 vars in 931 bytes} [Mon Oct 10 23:08:22 2022] GET /compute/v2.1 => generated 388 bytes in 2 msecs (HTTP/1.1 200) 9 headers in 357 bytes (1 switches on core 0)
Oct 10 23:08:22.507341 n-d-860864-2 devstack@n-api.service[104745]: DEBUG dbcounter [-] [104745] Writing DB stats nova_api:SELECT=14,nova_api:SAVEPOINT=2,nova_api:INSERT=3,nova_api:RELEASE=2 {{(pid=104745) stat_writer /usr/local/lib/python3.8/dist-packages/dbcounter.py:114}}
Oct 10 23:08:22.916863 n-d-860864-2 devstack@n-api.service[104745]: DEBUG nova.api.openstack.wsgi [None req-51e94984-7c0d-41ae-84ef-10ff9c36e865 admin admin] Calling method '>' {{(pid=104745) _process_stack /opt/stack/nova/nova/api/openstack/wsgi.py:513}}
Oct 10 23:08:22.935921 n-d-860864-2 devstack@n-api.service[104745]: INFO nova.api.openstack.requestlog [None req-51e94984-7c0d-41ae-84ef-10ff9c36e865 admin admin] 10.222.0.23 "GET /compute/v2.1/flavors/detail?is_public=True" status: 200 len: 4202 microversion: 2.61 time: 0.432986
Oct 10 23:08:22.936469 n-d-860864-2 devstack@n-api.service[104745]: [pid: 104745|app: 0|req: 18/37] 10.222.0.23 () {60 vars in 1292 bytes} [Mon Oct 10 23:08:22 2022] GET /compute/v2.1/flavors/detail?is_public=True => generated 4202 bytes in 434 msecs (HTTP/1.1 200) 9 headers in 360 bytes (1 switches on core 0)
Oct 10 23:08:24.295418 n-d-860864-2 devstack@n-api.service[104746]: DEBUG nova.api.openstack.wsgi [None req-f28873ad-74d2-402d-bd9c-7144f85e457c admin admin] Calling method '>' {{(pid=104746) _process_stack /opt/stack/nova/nova/api/openstack/wsgi.py:513}}
Oct 10 23:08:24.296425 n-d-860864-2 devstack@n-api.service[104746]: INFO nova.api.openstack.requestlog [None req-f28873ad-74d2-402d-bd9c-7144f85e457c admin admin] 10.222.0.23 "GET /compute/v2.1" status: 200 len: 388 microversion: 2.1 time: 0.002034
Oct 10 23:08:24.296834 n-d-860864-2 devstack@n-api.service[104746]: [pid: 104746|app: 0|req: 20/38] 10.222.0.23 () {56 vars in 1074 bytes} [Mon Oct 10 23:08:24 2022] GET /compute/v2.1 => generated 388 bytes in 3 msecs (HTTP/1.1 200) 9 headers in 357 bytes (1 switches on core 0)
