Oct 28 17:17:33.612275 n-d-860864-13 devstack@n-api.service[104549]: DEBUG nova.api.openstack.wsgi_app [-] oslo_reports.log_dir = None {{(pid=104549) log_opt_values /usr/local/lib/python3.8/dist-packages/oslo_config/cfg.py:2609}}
Oct 28 17:17:33.612516 n-d-860864-13 devstack@n-api.service[104549]: DEBUG nova.api.openstack.wsgi_app [-] ******************************************************************************** {{(pid=104549) log_opt_values /usr/local/lib/python3.8/dist-packages/oslo_config/cfg.py:2613}}
Oct 28 17:17:33.752164 n-d-860864-13 devstack@n-api.service[104548]: INFO dbcounter [None req-0817facb-574e-4758-aadd-c6649d36870a None None] Registered counter for database nova_api
Oct 28 17:17:33.771410 n-d-860864-13 devstack@n-api.service[104549]: INFO dbcounter [None req-64daffae-6777-4903-b592-56e985ba4091 None None] Registered counter for database nova_api
Oct 28 17:17:33.774049 n-d-860864-13 devstack@n-api.service[104548]: DEBUG oslo_db.sqlalchemy.engines [None req-0817facb-574e-4758-aadd-c6649d36870a None None] MySQL server mode set to STRICT_TRANS_TABLES,STRICT_ALL_TABLES,NO_ZERO_IN_DATE,NO_ZERO_DATE,ERROR_FOR_DIVISION_BY_ZERO,TRADITIONAL,NO_ENGINE_SUBSTITUTION {{(pid=104548) _check_effective_sql_mode /usr/local/lib/python3.8/dist-packages/oslo_db/sqlalchemy/engines.py:326}}
Oct 28 17:17:33.780609 n-d-860864-13 devstack@n-api.service[104548]: DEBUG dbcounter [-] [104548] Writer thread running {{(pid=104548) stat_writer /usr/local/lib/python3.8/dist-packages/dbcounter.py:99}}
Oct 28 17:17:33.791579 n-d-860864-13 devstack@n-api.service[104549]: DEBUG oslo_db.sqlalchemy.engines [None req-64daffae-6777-4903-b592-56e985ba4091 None None] MySQL server mode set to STRICT_TRANS_TABLES,STRICT_ALL_TABLES,NO_ZERO_IN_DATE,NO_ZERO_DATE,ERROR_FOR_DIVISION_BY_ZERO,TRADITIONAL,NO_ENGINE_SUBSTITUTION {{(pid=104549) _check_effective_sql_mode /usr/local/lib/python3.8/dist-packages/oslo_db/sqlalchemy/engines.py:326}}
Oct 28 17:17:33.798057 n-d-860864-13 devstack@n-api.service[104549]: DEBUG dbcounter [-] [104549] Writer thread running {{(pid=104549) stat_writer /usr/local/lib/python3.8/dist-packages/dbcounter.py:99}}
Oct 28 17:17:33.837654 n-d-860864-13 devstack@n-api.service[104548]: DEBUG nova.context [None req-0817facb-574e-4758-aadd-c6649d36870a None None] Found 2 cells: 00000000-0000-0000-0000-000000000000(cell0),344a014f-e9f4-4420-b7d8-3807d7aceda4(cell1) {{(pid=104548) load_cells /opt/stack/nova/nova/context.py:464}}
Oct 28 17:17:33.841471 n-d-860864-13 devstack@n-api.service[104548]: DEBUG oslo_concurrency.lockutils [None req-0817facb-574e-4758-aadd-c6649d36870a None None] Acquiring lock "00000000-0000-0000-0000-000000000000" by "nova.context.set_target_cell..get_or_set_cached_cell_and_set_connections" {{(pid=104548) inner /usr/local/lib/python3.8/dist-packages/oslo_concurrency/lockutils.py:404}}
Oct 28 17:17:33.841942 n-d-860864-13 devstack@n-api.service[104548]: DEBUG oslo_concurrency.lockutils [None req-0817facb-574e-4758-aadd-c6649d36870a None None] Lock "00000000-0000-0000-0000-000000000000" acquired by "nova.context.set_target_cell..get_or_set_cached_cell_and_set_connections" :: waited 0.001s {{(pid=104548) inner /usr/local/lib/python3.8/dist-packages/oslo_concurrency/lockutils.py:409}}
Oct 28 17:17:33.843566 n-d-860864-13 devstack@n-api.service[104548]: DEBUG oslo_concurrency.lockutils [None req-0817facb-574e-4758-aadd-c6649d36870a None None] Lock "00000000-0000-0000-0000-000000000000" "released" by "nova.context.set_target_cell..get_or_set_cached_cell_and_set_connections" :: held 0.002s {{(pid=104548) inner /usr/local/lib/python3.8/dist-packages/oslo_concurrency/lockutils.py:423}}
Oct 28 17:17:33.844275 n-d-860864-13 devstack@n-api.service[104548]: DEBUG oslo_concurrency.lockutils [None req-0817facb-574e-4758-aadd-c6649d36870a None None] Acquiring lock "344a014f-e9f4-4420-b7d8-3807d7aceda4" by "nova.context.set_target_cell..get_or_set_cached_cell_and_set_connections" {{(pid=104548) inner /usr/local/lib/python3.8/dist-packages/oslo_concurrency/lockutils.py:404}}
Oct 28 17:17:33.844718 n-d-860864-13 devstack@n-api.service[104548]: DEBUG oslo_concurrency.lockutils [None req-0817facb-574e-4758-aadd-c6649d36870a None None] Lock "344a014f-e9f4-4420-b7d8-3807d7aceda4" acquired by "nova.context.set_target_cell..get_or_set_cached_cell_and_set_connections" :: waited 0.000s {{(pid=104548) inner /usr/local/lib/python3.8/dist-packages/oslo_concurrency/lockutils.py:409}}
Oct 28 17:17:33.846708 n-d-860864-13 devstack@n-api.service[104548]: DEBUG oslo_concurrency.lockutils [None req-0817facb-574e-4758-aadd-c6649d36870a None None] Lock "344a014f-e9f4-4420-b7d8-3807d7aceda4" "released" by "nova.context.set_target_cell..get_or_set_cached_cell_and_set_connections" :: held 0.002s {{(pid=104548) inner /usr/local/lib/python3.8/dist-packages/oslo_concurrency/lockutils.py:423}}
Oct 28 17:17:33.849106 n-d-860864-13 devstack@n-api.service[104548]: INFO dbcounter [None req-0817facb-574e-4758-aadd-c6649d36870a None None] Registered counter for database nova_cell0
Oct 28 17:17:33.853186 n-d-860864-13 devstack@n-api.service[104548]: INFO dbcounter [None req-0817facb-574e-4758-aadd-c6649d36870a None None] Registered counter for database nova_cell1
Oct 28 17:17:33.856230 n-d-860864-13 devstack@n-api.service[104549]: DEBUG nova.context [None req-64daffae-6777-4903-b592-56e985ba4091 None None] Found 2 cells: 00000000-0000-0000-0000-000000000000(cell0),344a014f-e9f4-4420-b7d8-3807d7aceda4(cell1) {{(pid=104549) load_cells /opt/stack/nova/nova/context.py:464}}
Oct 28 17:17:33.862195 n-d-860864-13 devstack@n-api.service[104549]: DEBUG oslo_concurrency.lockutils [None req-64daffae-6777-4903-b592-56e985ba4091 None None] Acquiring lock "00000000-0000-0000-0000-000000000000" by "nova.context.set_target_cell..get_or_set_cached_cell_and_set_connections" {{(pid=104549) inner /usr/local/lib/python3.8/dist-packages/oslo_concurrency/lockutils.py:404}}
Oct 28 17:17:33.862195 n-d-860864-13 devstack@n-api.service[104549]: DEBUG oslo_concurrency.lockutils [None req-64daffae-6777-4903-b592-56e985ba4091 None None] Lock "00000000-0000-0000-0000-000000000000" acquired by "nova.context.set_target_cell..get_or_set_cached_cell_and_set_connections" :: waited 0.001s {{(pid=104549) inner /usr/local/lib/python3.8/dist-packages/oslo_concurrency/lockutils.py:409}}
Oct 28 17:17:33.862598 n-d-860864-13 devstack@n-api.service[104548]: DEBUG oslo_db.sqlalchemy.engines [None req-0817facb-574e-4758-aadd-c6649d36870a None None] MySQL server mode set to STRICT_TRANS_TABLES,STRICT_ALL_TABLES,NO_ZERO_IN_DATE,NO_ZERO_DATE,ERROR_FOR_DIVISION_BY_ZERO,TRADITIONAL,NO_ENGINE_SUBSTITUTION {{(pid=104548) _check_effective_sql_mode /usr/local/lib/python3.8/dist-packages/oslo_db/sqlalchemy/engines.py:326}}
Oct 28 17:17:33.862749 n-d-860864-13 devstack@n-api.service[104549]: DEBUG oslo_concurrency.lockutils [None req-64daffae-6777-4903-b592-56e985ba4091 None None] Lock "00000000-0000-0000-0000-000000000000" "released" by "nova.context.set_target_cell..get_or_set_cached_cell_and_set_connections" :: held 0.002s {{(pid=104549) inner /usr/local/lib/python3.8/dist-packages/oslo_concurrency/lockutils.py:423}}
Oct 28 17:17:33.862895 n-d-860864-13 devstack@n-api.service[104548]: DEBUG oslo_db.sqlalchemy.engines [None req-0817facb-574e-4758-aadd-c6649d36870a None None] MySQL server mode set to STRICT_TRANS_TABLES,STRICT_ALL_TABLES,NO_ZERO_IN_DATE,NO_ZERO_DATE,ERROR_FOR_DIVISION_BY_ZERO,TRADITIONAL,NO_ENGINE_SUBSTITUTION {{(pid=104548) _check_effective_sql_mode /usr/local/lib/python3.8/dist-packages/oslo_db/sqlalchemy/engines.py:326}}
Oct 28 17:17:33.863035 n-d-860864-13 devstack@n-api.service[104549]: DEBUG oslo_concurrency.lockutils [None req-64daffae-6777-4903-b592-56e985ba4091 None None] Acquiring lock "344a014f-e9f4-4420-b7d8-3807d7aceda4" by "nova.context.set_target_cell..get_or_set_cached_cell_and_set_connections" {{(pid=104549) inner /usr/local/lib/python3.8/dist-packages/oslo_concurrency/lockutils.py:404}}
Oct 28 17:17:33.863359 n-d-860864-13 devstack@n-api.service[104549]: DEBUG oslo_concurrency.lockutils [None req-64daffae-6777-4903-b592-56e985ba4091 None None] Lock "344a014f-e9f4-4420-b7d8-3807d7aceda4" acquired by "nova.context.set_target_cell..get_or_set_cached_cell_and_set_connections" :: waited 0.000s {{(pid=104549) inner /usr/local/lib/python3.8/dist-packages/oslo_concurrency/lockutils.py:409}}
Oct 28 17:17:33.865949 n-d-860864-13 devstack@n-api.service[104549]: DEBUG oslo_concurrency.lockutils [None req-64daffae-6777-4903-b592-56e985ba4091 None None] Lock "344a014f-e9f4-4420-b7d8-3807d7aceda4" "released" by "nova.context.set_target_cell..get_or_set_cached_cell_and_set_connections" :: held 0.002s {{(pid=104549) inner /usr/local/lib/python3.8/dist-packages/oslo_concurrency/lockutils.py:423}}
Oct 28 17:17:33.867410 n-d-860864-13 devstack@n-api.service[104548]: DEBUG dbcounter [-] [104548] Writer thread running {{(pid=104548) stat_writer /usr/local/lib/python3.8/dist-packages/dbcounter.py:99}}
Oct 28 17:17:33.867997 n-d-860864-13 devstack@n-api.service[104549]: INFO dbcounter [None req-64daffae-6777-4903-b592-56e985ba4091 None None] Registered counter for database nova_cell0
Oct 28 17:17:33.872078 n-d-860864-13 devstack@n-api.service[104549]: INFO dbcounter [None req-64daffae-6777-4903-b592-56e985ba4091 None None] Registered counter for database nova_cell1
Oct 28 17:17:33.879745 n-d-860864-13 devstack@n-api.service[104549]: DEBUG oslo_db.sqlalchemy.engines [None req-64daffae-6777-4903-b592-56e985ba4091 None None] MySQL server mode set to STRICT_TRANS_TABLES,STRICT_ALL_TABLES,NO_ZERO_IN_DATE,NO_ZERO_DATE,ERROR_FOR_DIVISION_BY_ZERO,TRADITIONAL,NO_ENGINE_SUBSTITUTION {{(pid=104549) _check_effective_sql_mode /usr/local/lib/python3.8/dist-packages/oslo_db/sqlalchemy/engines.py:326}}
Oct 28 17:17:33.881140 n-d-860864-13 devstack@n-api.service[104549]: DEBUG oslo_db.sqlalchemy.engines [None req-64daffae-6777-4903-b592-56e985ba4091 None None] MySQL server mode set to STRICT_TRANS_TABLES,STRICT_ALL_TABLES,NO_ZERO_IN_DATE,NO_ZERO_DATE,ERROR_FOR_DIVISION_BY_ZERO,TRADITIONAL,NO_ENGINE_SUBSTITUTION {{(pid=104549) _check_effective_sql_mode /usr/local/lib/python3.8/dist-packages/oslo_db/sqlalchemy/engines.py:326}}
Oct 28 17:17:33.888787 n-d-860864-13 devstack@n-api.service[104549]: DEBUG dbcounter [-] [104549] Writer thread running {{(pid=104549) stat_writer /usr/local/lib/python3.8/dist-packages/dbcounter.py:99}}
Oct 28 17:17:33.889124 n-d-860864-13 devstack@n-api.service[104549]: DEBUG dbcounter [-] [104549] Writer thread running {{(pid=104549) stat_writer /usr/local/lib/python3.8/dist-packages/dbcounter.py:99}}
Oct 28 17:17:34.003095 n-d-860864-13 devstack@n-api.service[104548]: DEBUG dbcounter [-] [104548] Writer thread running {{(pid=104548) stat_writer /usr/local/lib/python3.8/dist-packages/dbcounter.py:99}}
Oct 28 17:17:34.013499 n-d-860864-13 devstack@n-api.service[104548]: INFO dbcounter [None req-0817facb-574e-4758-aadd-c6649d36870a None None] Registered counter for database nova_cell0
Oct 28 17:17:34.021221 n-d-860864-13 devstack@n-api.service[104548]: DEBUG oslo_db.sqlalchemy.engines [None req-0817facb-574e-4758-aadd-c6649d36870a None None] MySQL server mode set to STRICT_TRANS_TABLES,STRICT_ALL_TABLES,NO_ZERO_IN_DATE,NO_ZERO_DATE,ERROR_FOR_DIVISION_BY_ZERO,TRADITIONAL,NO_ENGINE_SUBSTITUTION {{(pid=104548) _check_effective_sql_mode /usr/local/lib/python3.8/dist-packages/oslo_db/sqlalchemy/engines.py:326}}
Oct 28 17:17:34.025819 n-d-860864-13 devstack@n-api.service[104548]: DEBUG dbcounter [-] [104548] Writer thread running {{(pid=104548) stat_writer /usr/local/lib/python3.8/dist-packages/dbcounter.py:99}}
Oct 28 17:17:34.036348 n-d-860864-13 devstack@n-api.service[104549]: INFO dbcounter [None req-64daffae-6777-4903-b592-56e985ba4091 None None] Registered counter for database nova_cell0
Oct 28 17:17:34.045149 n-d-860864-13 devstack@n-api.service[104549]: DEBUG oslo_db.sqlalchemy.engines [None req-64daffae-6777-4903-b592-56e985ba4091 None None] MySQL server mode set to STRICT_TRANS_TABLES,STRICT_ALL_TABLES,NO_ZERO_IN_DATE,NO_ZERO_DATE,ERROR_FOR_DIVISION_BY_ZERO,TRADITIONAL,NO_ENGINE_SUBSTITUTION {{(pid=104549) _check_effective_sql_mode /usr/local/lib/python3.8/dist-packages/oslo_db/sqlalchemy/engines.py:326}}
Oct 28 17:17:34.051439 n-d-860864-13 devstack@n-api.service[104549]: DEBUG dbcounter [-] [104549] Writer thread running {{(pid=104549) stat_writer /usr/local/lib/python3.8/dist-packages/dbcounter.py:99}}
Oct 28 17:17:34.371502 n-d-860864-13 devstack@n-api.service[104548]: WARNING keystonemiddleware.auth_token [None req-0817facb-574e-4758-aadd-c6649d36870a None None] AuthToken middleware is set with keystone_authtoken.service_token_roles_required set to False. This is backwards compatible but deprecated behaviour. Please set this to True.
Oct 28 17:17:34.373083 n-d-860864-13 devstack@n-api.service[104549]: WARNING keystonemiddleware.auth_token [None req-64daffae-6777-4903-b592-56e985ba4091 None None] AuthToken middleware is set with keystone_authtoken.service_token_roles_required set to False. This is backwards compatible but deprecated behaviour. Please set this to True.
Oct 28 17:17:34.378733 n-d-860864-13 devstack@n-api.service[104548]: WARNING keystonemiddleware.auth_token [None req-0817facb-574e-4758-aadd-c6649d36870a None None] Configuring www_authenticate_uri to point to the public identity endpoint is required; clients may not be able to authenticate against an admin endpoint
Oct 28 17:17:34.381178 n-d-860864-13 devstack@n-api.service[104549]: WARNING keystonemiddleware.auth_token [None req-64daffae-6777-4903-b592-56e985ba4091 None None] Configuring www_authenticate_uri to point to the public identity endpoint is required; clients may not be able to authenticate against an admin endpoint
Oct 28 17:17:34.730112 n-d-860864-13 devstack@n-api.service[104549]: WARNING keystonemiddleware.auth_token [None req-64daffae-6777-4903-b592-56e985ba4091 None None] AuthToken middleware is set with keystone_authtoken.service_token_roles_required set to False. This is backwards compatible but deprecated behaviour. Please set this to True.
Oct 28 17:17:34.731239 n-d-860864-13 devstack@n-api.service[104548]: WARNING keystonemiddleware.auth_token [None req-0817facb-574e-4758-aadd-c6649d36870a None None] AuthToken middleware is set with keystone_authtoken.service_token_roles_required set to False. This is backwards compatible but deprecated behaviour. Please set this to True.
Oct 28 17:17:34.736111 n-d-860864-13 devstack@n-api.service[104549]: WARNING keystonemiddleware.auth_token [None req-64daffae-6777-4903-b592-56e985ba4091 None None] Configuring www_authenticate_uri to point to the public identity endpoint is required; clients may not be able to authenticate against an admin endpoint
Oct 28 17:17:34.737248 n-d-860864-13 devstack@n-api.service[104548]: WARNING keystonemiddleware.auth_token [None req-0817facb-574e-4758-aadd-c6649d36870a None None] Configuring www_authenticate_uri to point to the public identity endpoint is required; clients may not be able to authenticate against an admin endpoint
Oct 28 17:17:34.742086 n-d-860864-13 devstack@n-api.service[104549]: WSGI app 0 (mountpoint='') ready in 5 seconds on interpreter 0x55de3c3549c0 pid: 104549 (default app)
Oct 28 17:17:34.743600 n-d-860864-13 devstack@n-api.service[104548]: WSGI app 0 (mountpoint='') ready in 5 seconds on interpreter 0x55de3c3549c0 pid: 104548 (default app)
Oct 28 17:17:34.744152 n-d-860864-13 devstack@n-api.service[104549]: DEBUG nova.api.openstack.wsgi [None req-64daffae-6777-4903-b592-56e985ba4091 None None] Calling method '>' {{(pid=104549) _process_stack /opt/stack/nova/nova/api/openstack/wsgi.py:513}}
Oct 28 17:17:34.745326 n-d-860864-13 devstack@n-api.service[104549]: INFO nova.api.openstack.requestlog [None req-64daffae-6777-4903-b592-56e985ba4091 None None] 10.222.0.48 "GET /compute/v2.1/" status: 200 len: 388 microversion: 2.1 time: 0.001724
Oct 28 17:17:34.745739 n-d-860864-13 devstack@n-api.service[104549]: [pid: 104549|app: 0|req: 1/1] 10.222.0.48 () {50 vars in 788 bytes} [Fri Oct 28 17:17:34 2022] GET /compute/v2.1/ => generated 388 bytes in 3 msecs (HTTP/1.1 200) 9 headers in 357 bytes (1 switches on core 0)
Oct 28 17:18:56.489664 n-d-860864-13 devstack@n-api.service[104548]: DEBUG nova.api.openstack.wsgi [None req-0817facb-574e-4758-aadd-c6649d36870a None None] Calling method '>' {{(pid=104548) _process_stack /opt/stack/nova/nova/api/openstack/wsgi.py:513}}
Oct 28 17:18:56.490889 n-d-860864-13 devstack@n-api.service[104548]: INFO nova.api.openstack.requestlog [None req-0817facb-574e-4758-aadd-c6649d36870a None None] 10.222.0.48 "GET /compute/v2.1" status: 200 len: 388 microversion: 2.1 time: 0.001932
Oct 28 17:18:56.491476 n-d-860864-13 devstack@n-api.service[104548]: [pid: 104548|app: 0|req: 1/2] 10.222.0.48 () {54 vars in 931 bytes} [Fri Oct 28 17:18:56 2022] GET /compute/v2.1 => generated 388 bytes in 4 msecs (HTTP/1.1 200) 9 headers in 357 bytes (2 switches on core 0)
Oct 28 17:18:56.507823 n-d-860864-13 devstack@n-api.service[104549]: DEBUG dbcounter [-] [104549] Writing DB stats nova_api:SELECT=3 {{(pid=104549) stat_writer /usr/local/lib/python3.8/dist-packages/dbcounter.py:114}}
Oct 28 17:18:56.508766 n-d-860864-13 devstack@n-api.service[104549]: DEBUG dbcounter [-] [104549] Writing DB stats nova_cell1:SELECT=3 {{(pid=104549) stat_writer /usr/local/lib/python3.8/dist-packages/dbcounter.py:114}}
Oct 28 17:18:56.509862 n-d-860864-13 devstack@n-api.service[104549]: DEBUG dbcounter [-] [104549] Writing DB stats nova_cell0:SELECT=3 {{(pid=104549) stat_writer /usr/local/lib/python3.8/dist-packages/dbcounter.py:114}}
Oct 28 17:18:56.510976 n-d-860864-13 devstack@n-api.service[104549]: DEBUG dbcounter [-] [104549] Writing DB stats nova_cell0:SELECT=3 {{(pid=104549) stat_writer /usr/local/lib/python3.8/dist-packages/dbcounter.py:114}}
Oct 28 17:18:57.401110 n-d-860864-13 devstack@n-api.service[104549]: DEBUG nova.api.openstack.wsgi [None req-31e96176-2d5f-4189-9c62-2b3cb93315af admin admin] Calling method '>' {{(pid=104549) _process_stack /opt/stack/nova/nova/api/openstack/wsgi.py:513}}
Oct 28 17:18:57.434585 n-d-860864-13 devstack@n-api.service[104549]: INFO nova.api.openstack.requestlog [None req-31e96176-2d5f-4189-9c62-2b3cb93315af admin admin] 10.222.0.48 "GET /compute/v2.1/flavors/detail?is_public=True" status: 200 len: 15 microversion: 2.61 time: 0.937169
Oct 28 17:18:57.435319 n-d-860864-13 devstack@n-api.service[104549]: [pid: 104549|app: 0|req: 2/3] 10.222.0.48 () {60 vars in 1292 bytes} [Fri Oct 28 17:18:56 2022] GET /compute/v2.1/flavors/detail?is_public=True => generated 15 bytes in 938 msecs (HTTP/1.1 200) 9 headers in 358 bytes (1 switches on core 0)
Oct 28 17:19:00.076741 n-d-860864-13 devstack@n-api.service[104548]: DEBUG nova.api.openstack.wsgi [None req-0817facb-574e-4758-aadd-c6649d36870a None None] Calling method '>' {{(pid=104548) _process_stack /opt/stack/nova/nova/api/openstack/wsgi.py:513}}
Oct 28 17:19:00.077742 n-d-860864-13 devstack@n-api.service[104548]: INFO nova.api.openstack.requestlog [None req-0817facb-574e-4758-aadd-c6649d36870a None None] 10.222.0.48 "GET /compute/v2.1" status: 200 len: 388 microversion: 2.1 time: 0.001424
Oct 28 17:19:00.078323 n-d-860864-13 devstack@n-api.service[104548]: [pid: 104548|app: 0|req: 2/4] 10.222.0.48 () {54 vars in 931 bytes} [Fri Oct 28 17:19:00 2022] GET /compute/v2.1 => generated 388 bytes in 2 msecs (HTTP/1.1 200) 9 headers in 357 bytes (1 switches on core 0)
Oct 28 17:19:00.534040 n-d-860864-13 devstack@n-api.service[104549]: DEBUG nova.api.openstack.wsgi [None req-4c2b3827-6363-4725-bf45-6c455ecbe507 admin admin] Action: 'create', calling method: >, body: {"flavor": {"ram": 256, "vcpus": 1, "os-flavor-access:is_public": true, "swap": 0, "disk": 1, "name": "cirros256", "OS-FLV-EXT-DATA:ephemeral": 0, "rxtx_factor": 1.0, "id": "c1"}} {{(pid=104549) _process_stack /opt/stack/nova/nova/api/openstack/wsgi.py:511}}
Oct 28 17:19:00.580952 n-d-860864-13 devstack@n-api.service[104549]: INFO nova.api.openstack.requestlog [None req-4c2b3827-6363-4725-bf45-6c455ecbe507 admin admin] 10.222.0.48 "POST /compute/v2.1/flavors" status: 200 len: 407 microversion: 2.61 time: 0.495843
Oct 28 17:19:00.581519 n-d-860864-13 devstack@n-api.service[104549]: [pid: 104549|app: 0|req: 3/5] 10.222.0.48 () {64 vars in 1283 bytes} [Fri Oct 28 17:19:00 2022] POST /compute/v2.1/flavors => generated 407 bytes in 497 msecs (HTTP/1.1 200) 9 headers in 359 bytes (1 switches on core 0)
Oct 28 17:19:00.595812 n-d-860864-13 devstack@n-api.service[104548]: DEBUG dbcounter [-] [104548] Writing DB stats nova_api:SELECT=3 {{(pid=104548) stat_writer /usr/local/lib/python3.8/dist-packages/dbcounter.py:114}}
Oct 28 17:19:00.596641 n-d-860864-13 devstack@n-api.service[104548]: DEBUG dbcounter [-] [104548] Writing DB stats nova_cell1:SELECT=3 {{(pid=104548) stat_writer /usr/local/lib/python3.8/dist-packages/dbcounter.py:114}}
Oct 28 17:19:00.598556 n-d-860864-13 devstack@n-api.service[104548]: DEBUG dbcounter [-] [104548] Writing DB stats nova_cell0:SELECT=3 {{(pid=104548) stat_writer /usr/local/lib/python3.8/dist-packages/dbcounter.py:114}}
Oct 28 17:19:00.599636 n-d-860864-13 devstack@n-api.service[104548]: DEBUG dbcounter [-] [104548] Writing DB stats nova_cell0:SELECT=6,nova_cell0:INSERT=1 {{(pid=104548) stat_writer /usr/local/lib/python3.8/dist-packages/dbcounter.py:114}}
Oct 28 17:19:00.803214 n-d-860864-13 devstack@n-api.service[104548]: DEBUG nova.api.openstack.wsgi [None req-17a871a2-9a65-49ea-915d-53998be5786e admin admin] Action: 'create', calling method: >, body: {"extra_specs": {"hw_rng:allowed": "True"}} {{(pid=104548) _process_stack /opt/stack/nova/nova/api/openstack/wsgi.py:511}}
Oct 28 17:19:00.875268 n-d-860864-13 devstack@n-api.service[104548]: INFO nova.api.openstack.requestlog [None req-17a871a2-9a65-49ea-915d-53998be5786e admin admin] 10.222.0.48 "POST /compute/v2.1/flavors/c1/os-extra_specs" status: 200 len: 43 microversion: 2.61 time: 0.285365
Oct 28 17:19:00.876610 n-d-860864-13 devstack@n-api.service[104548]: [pid: 104548|app: 0|req: 3/6] 10.222.0.48 () {64 vars in 1336 bytes} [Fri Oct 28 17:19:00 2022] POST /compute/v2.1/flavors/c1/os-extra_specs => generated 43 bytes in 287 msecs (HTTP/1.1 200) 9 headers in 358 bytes (1 switches on core 0)
Oct 28 17:19:03.540556 n-d-860864-13 devstack@n-api.service[104549]: DEBUG nova.api.openstack.wsgi [None req-4c2b3827-6363-4725-bf45-6c455ecbe507 admin admin] Calling method '>' {{(pid=104549) _process_stack /opt/stack/nova/nova/api/openstack/wsgi.py:513}}
Oct 28 17:19:03.541738 n-d-860864-13 devstack@n-api.service[104549]: INFO nova.api.openstack.requestlog [None req-4c2b3827-6363-4725-bf45-6c455ecbe507 admin admin] 10.222.0.48 "GET /compute/v2.1" status: 200 len: 388 microversion: 2.1 time: 0.001629
Oct 28 17:19:03.542316 n-d-860864-13 devstack@n-api.service[104549]: [pid: 104549|app: 0|req: 4/7] 10.222.0.48 () {54 vars in 931 bytes} [Fri Oct 28 17:19:03 2022] GET /compute/v2.1 => generated 388 bytes in 3 msecs (HTTP/1.1 200) 9 headers in 357 bytes (1 switches on core 0)
Oct 28 17:19:04.377642 n-d-860864-13 devstack@n-api.service[104548]: DEBUG nova.api.openstack.wsgi [None req-9a44ce85-feab-48f2-a1ce-279faa119f07 admin admin] Action: 'create', calling method: >, body: {"flavor": {"disk": 5, "name": "ds512M", "vcpus": 1, "ram": 512, "id": "d1", "rxtx_factor": 1.0, "OS-FLV-EXT-DATA:ephemeral": 0, "swap": 0, "os-flavor-access:is_public": true}} {{(pid=104548) _process_stack /opt/stack/nova/nova/api/openstack/wsgi.py:511}}
Oct 28 17:19:04.425112 n-d-860864-13 devstack@n-api.service[104548]: INFO nova.api.openstack.requestlog [None req-9a44ce85-feab-48f2-a1ce-279faa119f07 admin admin] 10.222.0.48 "POST /compute/v2.1/flavors" status: 200 len: 404 microversion: 2.61 time: 0.876196
Oct 28 17:19:04.427157 n-d-860864-13 devstack@n-api.service[104548]: [pid: 104548|app: 0|req: 4/8] 10.222.0.48 () {64 vars in 1283 bytes} [Fri Oct 28 17:19:03 2022] POST /compute/v2.1/flavors => generated 404 bytes in 879 msecs (HTTP/1.1 200) 9 headers in 359 bytes (1 switches on core 0)
Oct 28 17:19:04.442037 n-d-860864-13 devstack@n-api.service[104549]: DEBUG nova.api.openstack.wsgi [None req-d7fd58e8-cde1-44a1-a78a-11c528330527 admin admin] Action: 'create', calling method: >, body: {"extra_specs": {"hw_rng:allowed": "True"}} {{(pid=104549) _process_stack /opt/stack/nova/nova/api/openstack/wsgi.py:511}}
Oct 28 17:19:04.500739 n-d-860864-13 devstack@n-api.service[104549]: INFO nova.api.openstack.requestlog [None req-d7fd58e8-cde1-44a1-a78a-11c528330527 admin admin] 10.222.0.48 "POST /compute/v2.1/flavors/d1/os-extra_specs" status: 200 len: 43 microversion: 2.61 time: 0.063315
Oct 28 17:19:04.502143 n-d-860864-13 devstack@n-api.service[104549]: [pid: 104549|app: 0|req: 5/9] 10.222.0.48 () {64 vars in 1336 bytes} [Fri Oct 28 17:19:04 2022] POST /compute/v2.1/flavors/d1/os-extra_specs => generated 43 bytes in 65 msecs (HTTP/1.1 200) 9 headers in 358 bytes (1 switches on core 0)
Oct 28 17:19:07.352414 n-d-860864-13 devstack@n-api.service[104548]: DEBUG nova.api.openstack.wsgi [None req-9a44ce85-feab-48f2-a1ce-279faa119f07 admin admin] Calling method '>' {{(pid=104548) _process_stack /opt/stack/nova/nova/api/openstack/wsgi.py:513}}
Oct 28 17:19:07.353818 n-d-860864-13 devstack@n-api.service[104548]: INFO nova.api.openstack.requestlog [None req-9a44ce85-feab-48f2-a1ce-279faa119f07 admin admin] 10.222.0.48 "GET /compute/v2.1" status: 200 len: 388 microversion: 2.1 time: 0.001834
Oct 28 17:19:07.364414 n-d-860864-13 devstack@n-api.service[104548]: [pid: 104548|app: 0|req: 5/10] 10.222.0.48 () {54 vars in 931 bytes} [Fri Oct 28 17:19:07 2022] GET /compute/v2.1 => generated 388 bytes in 12 msecs (HTTP/1.1 200) 9 headers in 357 bytes (1 switches on core 0)
Oct 28 17:19:07.940977 n-d-860864-13 devstack@n-api.service[104549]: DEBUG nova.api.openstack.wsgi [None req-96aeb13f-e856-44c7-a8cb-de4797cac49b admin admin] Action: 'create', calling method: >, body: {"flavor": {"OS-FLV-EXT-DATA:ephemeral": 0, "os-flavor-access:is_public": true, "swap": 0, "id": "d2", "vcpus": 1, "disk": 10, "name": "ds1G", "ram": 1024, "rxtx_factor": 1.0}} {{(pid=104549) _process_stack /opt/stack/nova/nova/api/openstack/wsgi.py:511}}
Oct 28 17:19:07.962480 n-d-860864-13 devstack@n-api.service[104549]: INFO nova.api.openstack.requestlog [None req-96aeb13f-e856-44c7-a8cb-de4797cac49b admin admin] 10.222.0.48 "POST /compute/v2.1/flavors" status: 200 len: 404 microversion: 2.61 time: 0.601497
Oct 28 17:19:07.963265 n-d-860864-13 devstack@n-api.service[104549]: [pid: 104549|app: 0|req: 6/11] 10.222.0.48 () {64 vars in 1283 bytes} [Fri Oct 28 17:19:07 2022] POST /compute/v2.1/flavors => generated 404 bytes in 603 msecs (HTTP/1.1 200) 9 headers in 359 bytes (1 switches on core 0)
Oct 28 17:19:07.977262 n-d-860864-13 devstack@n-api.service[104548]: DEBUG nova.api.openstack.wsgi [None req-f865e50e-a05c-45eb-8924-ec9104607feb admin admin] Action: 'create', calling method: >, body: {"extra_specs": {"hw_rng:allowed": "True"}} {{(pid=104548) _process_stack /opt/stack/nova/nova/api/openstack/wsgi.py:511}}
Oct 28 17:19:08.009259 n-d-860864-13 devstack@n-api.service[104548]: INFO nova.api.openstack.requestlog [None req-f865e50e-a05c-45eb-8924-ec9104607feb admin admin] 10.222.0.48 "POST /compute/v2.1/flavors/d2/os-extra_specs" status: 200 len: 43 microversion: 2.61 time: 0.036797
Oct 28 17:19:08.010727 n-d-860864-13 devstack@n-api.service[104548]: [pid: 104548|app: 0|req: 6/12] 10.222.0.48 () {64 vars in 1336 bytes} [Fri Oct 28 17:19:07 2022] POST /compute/v2.1/flavors/d2/os-extra_specs => generated 43 bytes in 39 msecs (HTTP/1.1 200) 9 headers in 358 bytes (2 switches on core 0)
Oct 28 17:19:10.696744 n-d-860864-13 devstack@n-api.service[104549]: DEBUG nova.api.openstack.wsgi [None req-96aeb13f-e856-44c7-a8cb-de4797cac49b admin admin] Calling method '>' {{(pid=104549) _process_stack /opt/stack/nova/nova/api/openstack/wsgi.py:513}}
Oct 28 17:19:10.697781 n-d-860864-13 devstack@n-api.service[104549]: INFO nova.api.openstack.requestlog [None req-96aeb13f-e856-44c7-a8cb-de4797cac49b admin admin] 10.222.0.48 "GET /compute/v2.1" status: 200 len: 388 microversion: 2.1 time: 0.001475
Oct 28 17:19:10.698187 n-d-860864-13 devstack@n-api.service[104549]: [pid: 104549|app: 0|req: 7/13] 10.222.0.48 () {54 vars in 931 bytes} [Fri Oct 28 17:19:10 2022] GET /compute/v2.1 => generated 388 bytes in 2 msecs (HTTP/1.1 200) 9 headers in 357 bytes (1 switches on core 0)
Oct 28 17:19:11.155545 n-d-860864-13 devstack@n-api.service[104548]: DEBUG nova.api.openstack.wsgi [None req-7ef2a275-013a-41c7-81c9-9ba374f5351b admin admin] Action: 'create', calling method: >, body: {"flavor": {"disk": 10, "name": "ds2G", "os-flavor-access:is_public": true, "ram": 2048, "rxtx_factor": 1.0, "vcpus": 2, "swap": 0, "OS-FLV-EXT-DATA:ephemeral": 0, "id": "d3"}} {{(pid=104548) _process_stack /opt/stack/nova/nova/api/openstack/wsgi.py:511}}
Oct 28 17:19:11.181064 n-d-860864-13 devstack@n-api.service[104548]: INFO nova.api.openstack.requestlog [None req-7ef2a275-013a-41c7-81c9-9ba374f5351b admin admin] 10.222.0.48 "POST /compute/v2.1/flavors" status: 200 len: 404 microversion: 2.61 time: 0.475406
Oct 28 17:19:11.181614 n-d-860864-13 devstack@n-api.service[104548]: [pid: 104548|app: 0|req: 7/14] 10.222.0.48 () {64 vars in 1283 bytes} [Fri Oct 28 17:19:10 2022] POST /compute/v2.1/flavors => generated 404 bytes in 477 msecs (HTTP/1.1 200) 9 headers in 359 bytes (1 switches on core 0)
Oct 28 17:19:11.194826 n-d-860864-13 devstack@n-api.service[104549]: DEBUG nova.api.openstack.wsgi [None req-4462dc65-431e-4a30-9aa0-ab955ac9817c admin admin] Action: 'create', calling method: >, body: {"extra_specs": {"hw_rng:allowed": "True"}} {{(pid=104549) _process_stack /opt/stack/nova/nova/api/openstack/wsgi.py:511}}
Oct 28 17:19:11.225881 n-d-860864-13 devstack@n-api.service[104549]: INFO nova.api.openstack.requestlog [None req-4462dc65-431e-4a30-9aa0-ab955ac9817c admin admin] 10.222.0.48 "POST /compute/v2.1/flavors/d3/os-extra_specs" status: 200 len: 43 microversion: 2.61 time: 0.035010
Oct 28 17:19:11.232630 n-d-860864-13 devstack@n-api.service[104549]: [pid: 104549|app: 0|req: 8/15] 10.222.0.48 () {64 vars in 1336 bytes} [Fri Oct 28 17:19:11 2022] POST /compute/v2.1/flavors/d3/os-extra_specs => generated 43 bytes in 36 msecs (HTTP/1.1 200) 9 headers in 358 bytes (2 switches on core 0)
Oct 28 17:19:13.976693 n-d-860864-13 devstack@n-api.service[104548]: DEBUG nova.api.openstack.wsgi [None req-7ef2a275-013a-41c7-81c9-9ba374f5351b admin admin] Calling method '>' {{(pid=104548) _process_stack /opt/stack/nova/nova/api/openstack/wsgi.py:513}}
Oct 28 17:19:13.977714 n-d-860864-13 devstack@n-api.service[104548]: INFO nova.api.openstack.requestlog [None req-7ef2a275-013a-41c7-81c9-9ba374f5351b admin admin] 10.222.0.48 "GET /compute/v2.1" status: 200 len: 388 microversion: 2.1 time: 0.001462
Oct 28 17:19:13.978439 n-d-860864-13 devstack@n-api.service[104548]: [pid: 104548|app: 0|req: 8/16] 10.222.0.48 () {54 vars in 931 bytes} [Fri Oct 28 17:19:13 2022] GET /compute/v2.1 => generated 388 bytes in 3 msecs (HTTP/1.1 200) 9 headers in 357 bytes (1 switches on core 0)
Oct 28 17:19:14.436121 n-d-860864-13 devstack@n-api.service[104549]: DEBUG nova.api.openstack.wsgi [None req-e5690f2a-073f-42ea-bf6b-fef560fbd8f9 admin admin] Action: 'create', calling method: >, body: {"flavor": {"name": "ds4G", "os-flavor-access:is_public": true, "ram": 4096, "swap": 0, "vcpus": 4, "disk": 20, "rxtx_factor": 1.0, "id": "d4", "OS-FLV-EXT-DATA:ephemeral": 0}} {{(pid=104549) _process_stack /opt/stack/nova/nova/api/openstack/wsgi.py:511}}
Oct 28 17:19:14.459514 n-d-860864-13 devstack@n-api.service[104549]: INFO nova.api.openstack.requestlog [None req-e5690f2a-073f-42ea-bf6b-fef560fbd8f9 admin admin] 10.222.0.48 "POST /compute/v2.1/flavors" status: 200 len: 404 microversion: 2.61 time: 0.474268
Oct 28 17:19:14.473226 n-d-860864-13 devstack@n-api.service[104548]: DEBUG nova.api.openstack.wsgi [None req-fd58e3ab-1594-4094-bc8c-380ec7af0837 admin admin] Action: 'create', calling method: >, body: {"extra_specs": {"hw_rng:allowed": "True"}} {{(pid=104548) _process_stack /opt/stack/nova/nova/api/openstack/wsgi.py:511}}
Oct 28 17:19:14.478116 n-d-860864-13 devstack@n-api.service[104549]: [pid: 104549|app: 0|req: 9/17] 10.222.0.48 () {64 vars in 1283 bytes} [Fri Oct 28 17:19:13 2022] POST /compute/v2.1/flavors => generated 404 bytes in 494 msecs (HTTP/1.1 200) 9 headers in 359 bytes (1 switches on core 0)
Oct 28 17:19:14.508921 n-d-860864-13 devstack@n-api.service[104548]: INFO nova.api.openstack.requestlog [None req-fd58e3ab-1594-4094-bc8c-380ec7af0837 admin admin] 10.222.0.48 "POST /compute/v2.1/flavors/d4/os-extra_specs" status: 200 len: 43 microversion: 2.61 time: 0.039959
Oct 28 17:19:14.510016 n-d-860864-13 devstack@n-api.service[104548]: [pid: 104548|app: 0|req: 9/18] 10.222.0.48 () {64 vars in 1336 bytes} [Fri Oct 28 17:19:14 2022] POST /compute/v2.1/flavors/d4/os-extra_specs => generated 43 bytes in 42 msecs (HTTP/1.1 200) 9 headers in 358 bytes (1 switches on core 0)
Oct 28 17:19:17.297974 n-d-860864-13 devstack@n-api.service[104549]: DEBUG nova.api.openstack.wsgi [None req-e5690f2a-073f-42ea-bf6b-fef560fbd8f9 admin admin] Calling method '>' {{(pid=104549) _process_stack /opt/stack/nova/nova/api/openstack/wsgi.py:513}}
Oct 28 17:19:17.299239 n-d-860864-13 devstack@n-api.service[104549]: INFO nova.api.openstack.requestlog [None req-e5690f2a-073f-42ea-bf6b-fef560fbd8f9 admin admin] 10.222.0.48 "GET /compute/v2.1" status: 200 len: 388 microversion: 2.1 time: 0.001689
Oct 28 17:19:17.299929 n-d-860864-13 devstack@n-api.service[104549]: [pid: 104549|app: 0|req: 10/19] 10.222.0.48 () {54 vars in 931 bytes} [Fri Oct 28 17:19:17 2022] GET /compute/v2.1 => generated 388 bytes in 3 msecs (HTTP/1.1 200) 9 headers in 357 bytes (1 switches on core 0)
Oct 28 17:19:17.758256 n-d-860864-13 devstack@n-api.service[104548]: DEBUG nova.api.openstack.wsgi [None req-efdb2660-f458-44fd-857a-fa7d9a2bf7dc admin admin] Calling method '>' {{(pid=104548) _process_stack /opt/stack/nova/nova/api/openstack/wsgi.py:513}}
Oct 28 17:19:17.782666 n-d-860864-13 devstack@n-api.service[104548]: INFO nova.api.openstack.requestlog [None req-efdb2660-f458-44fd-857a-fa7d9a2bf7dc admin admin] 10.222.0.48 "GET /compute/v2.1/flavors/detail?is_public=True" status: 200 len: 2106 microversion: 2.61 time: 0.476619
Oct 28 17:19:17.783200 n-d-860864-13 devstack@n-api.service[104548]: [pid: 104548|app: 0|req: 10/20] 10.222.0.48 () {60 vars in 1292 bytes} [Fri Oct 28 17:19:17 2022] GET /compute/v2.1/flavors/detail?is_public=True => generated 2106 bytes in 478 msecs (HTTP/1.1 200) 9 headers in 360 bytes (1 switches on core 0)
Oct 28 17:19:20.805084 n-d-860864-13 devstack@n-api.service[104549]: DEBUG nova.api.openstack.wsgi [None req-e5690f2a-073f-42ea-bf6b-fef560fbd8f9 admin admin] Calling method '>' {{(pid=104549) _process_stack /opt/stack/nova/nova/api/openstack/wsgi.py:513}}
Oct 28 17:19:20.806055 n-d-860864-13 devstack@n-api.service[104549]: INFO nova.api.openstack.requestlog [None req-e5690f2a-073f-42ea-bf6b-fef560fbd8f9 admin admin] 10.222.0.48 "GET /compute/v2.1" status: 200 len: 388 microversion: 2.1 time: 0.001506
Oct 28 17:19:20.806473 n-d-860864-13 devstack@n-api.service[104549]: [pid: 104549|app: 0|req: 11/21] 10.222.0.48 () {54 vars in 931 bytes} [Fri Oct 28 17:19:20 2022] GET /compute/v2.1 => generated 388 bytes in 2 msecs (HTTP/1.1 200) 9 headers in 357 bytes (1 switches on core 0)
Oct 28 17:19:21.234422 n-d-860864-13 devstack@n-api.service[104548]: DEBUG nova.api.openstack.wsgi [None req-0997e7be-cc86-457c-8d15-9cc8f184b685 admin admin] Action: 'create', calling method: >, body: {"flavor": {"OS-FLV-EXT-DATA:ephemeral": 0, "os-flavor-access:is_public": true, "vcpus": 1, "name": "m1.tiny", "rxtx_factor": 1.0, "swap": 0, "id": "1", "ram": 512, "disk": 1}} {{(pid=104548) _process_stack /opt/stack/nova/nova/api/openstack/wsgi.py:511}}
Oct 28 17:19:21.254717 n-d-860864-13 devstack@n-api.service[104548]: INFO nova.api.openstack.requestlog [None req-0997e7be-cc86-457c-8d15-9cc8f184b685 admin admin] 10.222.0.48 "POST /compute/v2.1/flavors" status: 200 len: 402 microversion: 2.61 time: 0.441234
Oct 28 17:19:21.255275 n-d-860864-13 devstack@n-api.service[104548]: [pid: 104548|app: 0|req: 11/22] 10.222.0.48 () {64 vars in 1283 bytes} [Fri Oct 28 17:19:20 2022] POST /compute/v2.1/flavors => generated 402 bytes in 443 msecs (HTTP/1.1 200) 9 headers in 359 bytes (2 switches on core 0)
Oct 28 17:19:21.269443 n-d-860864-13 devstack@n-api.service[104549]: DEBUG nova.api.openstack.wsgi [None req-7dcf0ac1-a541-4faa-84a0-f695647309e3 admin admin] Action: 'create', calling method: >, body: {"extra_specs": {"hw_rng:allowed": "True"}} {{(pid=104549) _process_stack /opt/stack/nova/nova/api/openstack/wsgi.py:511}}
Oct 28 17:19:21.302072 n-d-860864-13 devstack@n-api.service[104549]: INFO nova.api.openstack.requestlog [None req-7dcf0ac1-a541-4faa-84a0-f695647309e3 admin admin] 10.222.0.48 "POST /compute/v2.1/flavors/1/os-extra_specs" status: 200 len: 43 microversion: 2.61 time: 0.037613
Oct 28 17:19:21.302815 n-d-860864-13 devstack@n-api.service[104549]: [pid: 104549|app: 0|req: 12/23] 10.222.0.48 () {64 vars in 1333 bytes} [Fri Oct 28 17:19:21 2022] POST /compute/v2.1/flavors/1/os-extra_specs => generated 43 bytes in 39 msecs (HTTP/1.1 200) 9 headers in 358 bytes (1 switches on core 0)
Oct 28 17:19:23.957699 n-d-860864-13 devstack@n-api.service[104548]: DEBUG nova.api.openstack.wsgi [None req-0997e7be-cc86-457c-8d15-9cc8f184b685 admin admin] Calling method '>' {{(pid=104548) _process_stack /opt/stack/nova/nova/api/openstack/wsgi.py:513}}
Oct 28 17:19:23.958623 n-d-860864-13 devstack@n-api.service[104548]: INFO nova.api.openstack.requestlog [None req-0997e7be-cc86-457c-8d15-9cc8f184b685 admin admin] 10.222.0.48 "GET /compute/v2.1" status: 200 len: 388 microversion: 2.1 time: 0.001458
Oct 28 17:19:23.959019 n-d-860864-13 devstack@n-api.service[104548]: [pid: 104548|app: 0|req: 12/24] 10.222.0.48 () {54 vars in 931 bytes} [Fri Oct 28 17:19:23 2022] GET /compute/v2.1 => generated 388 bytes in 2 msecs (HTTP/1.1 200) 9 headers in 357 bytes (1 switches on core 0)
Oct 28 17:19:24.364066 n-d-860864-13 devstack@n-api.service[104549]: DEBUG nova.api.openstack.wsgi [None req-c6fdacda-fe96-4544-a717-81beebb8816c admin admin] Action: 'create', calling method: >, body: {"flavor": {"rxtx_factor": 1.0, "os-flavor-access:is_public": true, "name": "m1.small", "swap": 0, "vcpus": 1, "id": "2", "OS-FLV-EXT-DATA:ephemeral": 0, "disk": 20, "ram": 2048}} {{(pid=104549) _process_stack /opt/stack/nova/nova/api/openstack/wsgi.py:511}}
Oct 28 17:19:24.383791 n-d-860864-13 devstack@n-api.service[104549]: INFO nova.api.openstack.requestlog [None req-c6fdacda-fe96-4544-a717-81beebb8816c admin admin] 10.222.0.48 "POST /compute/v2.1/flavors" status: 200 len: 405 microversion: 2.61 time: 0.418826
Oct 28 17:19:24.387392 n-d-860864-13 devstack@n-api.service[104549]: [pid: 104549|app: 0|req: 13/25] 10.222.0.48 () {64 vars in 1283 bytes} [Fri Oct 28 17:19:23 2022] POST /compute/v2.1/flavors => generated 405 bytes in 420 msecs (HTTP/1.1 200) 9 headers in 359 bytes (2 switches on core 0)
Oct 28 17:19:24.396458 n-d-860864-13 devstack@n-api.service[104548]: DEBUG nova.api.openstack.wsgi [None req-3d55f40b-6651-4f3c-90f4-0400ea8097bb admin admin] Action: 'create', calling method: >, body: {"extra_specs": {"hw_rng:allowed": "True"}} {{(pid=104548) _process_stack /opt/stack/nova/nova/api/openstack/wsgi.py:511}}
Oct 28 17:19:24.420809 n-d-860864-13 devstack@n-api.service[104548]: INFO nova.api.openstack.requestlog [None req-3d55f40b-6651-4f3c-90f4-0400ea8097bb admin admin] 10.222.0.48 "POST /compute/v2.1/flavors/2/os-extra_specs" status: 200 len: 43 microversion: 2.61 time: 0.028053
Oct 28 17:19:24.422213 n-d-860864-13 devstack@n-api.service[104548]: [pid: 104548|app: 0|req: 13/26] 10.222.0.48 () {64 vars in 1333 bytes} [Fri Oct 28 17:19:24 2022] POST /compute/v2.1/flavors/2/os-extra_specs => generated 43 bytes in 30 msecs (HTTP/1.1 200) 9 headers in 358 bytes (1 switches on core 0)
Oct 28 17:19:27.054019 n-d-860864-13 devstack@n-api.service[104549]: DEBUG nova.api.openstack.wsgi [None req-c6fdacda-fe96-4544-a717-81beebb8816c admin admin] Calling method '>' {{(pid=104549) _process_stack /opt/stack/nova/nova/api/openstack/wsgi.py:513}}
Oct 28 17:19:27.055062 n-d-860864-13 devstack@n-api.service[104549]: INFO nova.api.openstack.requestlog [None req-c6fdacda-fe96-4544-a717-81beebb8816c admin admin] 10.222.0.48 "GET /compute/v2.1" status: 200 len: 388 microversion: 2.1 time: 0.001813
Oct 28 17:19:27.055505 n-d-860864-13 devstack@n-api.service[104549]: [pid: 104549|app: 0|req: 14/27] 10.222.0.48 () {54 vars in 931 bytes} [Fri Oct 28 17:19:27 2022] GET /compute/v2.1 => generated 388 bytes in 3 msecs (HTTP/1.1 200) 9 headers in 357 bytes (1 switches on core 0)
Oct 28 17:19:27.467133 n-d-860864-13 devstack@n-api.service[104548]: DEBUG nova.api.openstack.wsgi [None req-7ebfe2f8-659c-4d3d-8dd3-2fac1a416443 admin admin] Action: 'create', calling method: >, body: {"flavor": {"swap": 0, "id": "3", "disk": 40, "vcpus": 2, "os-flavor-access:is_public": true, "rxtx_factor": 1.0, "ram": 4096, "name": "m1.medium", "OS-FLV-EXT-DATA:ephemeral": 0}} {{(pid=104548) _process_stack /opt/stack/nova/nova/api/openstack/wsgi.py:511}}
Oct 28 17:19:27.489930 n-d-860864-13 devstack@n-api.service[104548]: INFO nova.api.openstack.requestlog [None req-7ebfe2f8-659c-4d3d-8dd3-2fac1a416443 admin admin] 10.222.0.48 "POST /compute/v2.1/flavors" status: 200 len: 406 microversion: 2.61 time: 0.427801
Oct 28 17:19:27.490476 n-d-860864-13 devstack@n-api.service[104548]: [pid: 104548|app: 0|req: 14/28] 10.222.0.48 () {64 vars in 1283 bytes} [Fri Oct 28 17:19:27 2022] POST /compute/v2.1/flavors => generated 406 bytes in 429 msecs (HTTP/1.1 200) 9 headers in 359 bytes (1 switches on core 0)
Oct 28 17:19:27.503356 n-d-860864-13 devstack@n-api.service[104549]: DEBUG nova.api.openstack.wsgi [None req-19099ea1-c3a1-44ff-a2a2-0170b86c45d8 admin admin] Action: 'create', calling method: >, body: {"extra_specs": {"hw_rng:allowed": "True"}} {{(pid=104549) _process_stack /opt/stack/nova/nova/api/openstack/wsgi.py:511}}
Oct 28 17:19:27.508615 n-d-860864-13 devstack@n-api.service[104549]: DEBUG dbcounter [-] [104549] Writing DB stats nova_api:SELECT=33,nova_api:INSERT=7,nova_api:SAVEPOINT=3,nova_api:RELEASE=3 {{(pid=104549) stat_writer /usr/local/lib/python3.8/dist-packages/dbcounter.py:114}}
Oct 28 17:19:27.547146 n-d-860864-13 devstack@n-api.service[104549]: INFO nova.api.openstack.requestlog [None req-19099ea1-c3a1-44ff-a2a2-0170b86c45d8 admin admin] 10.222.0.48 "POST /compute/v2.1/flavors/3/os-extra_specs" status: 200 len: 43 microversion: 2.61 time: 0.048109
Oct 28 17:19:27.548375 n-d-860864-13 devstack@n-api.service[104549]: [pid: 104549|app: 0|req: 15/29] 10.222.0.48 () {64 vars in 1333 bytes} [Fri Oct 28 17:19:27 2022] POST /compute/v2.1/flavors/3/os-extra_specs => generated 43 bytes in 50 msecs (HTTP/1.1 200) 9 headers in 358 bytes (1 switches on core 0)
Oct 28 17:19:30.209873 n-d-860864-13 devstack@n-api.service[104548]: DEBUG nova.api.openstack.wsgi [None req-7ebfe2f8-659c-4d3d-8dd3-2fac1a416443 admin admin] Calling method '>' {{(pid=104548) _process_stack /opt/stack/nova/nova/api/openstack/wsgi.py:513}}
Oct 28 17:19:30.211516 n-d-860864-13 devstack@n-api.service[104548]: INFO nova.api.openstack.requestlog [None req-7ebfe2f8-659c-4d3d-8dd3-2fac1a416443 admin admin] 10.222.0.48 "GET /compute/v2.1" status: 200 len: 388 microversion: 2.1 time: 0.002130
Oct 28 17:19:30.211920 n-d-860864-13 devstack@n-api.service[104548]: [pid: 104548|app: 0|req: 15/30] 10.222.0.48 () {54 vars in 931 bytes} [Fri Oct 28 17:19:30 2022] GET /compute/v2.1 => generated 388 bytes in 3 msecs (HTTP/1.1 200) 9 headers in 357 bytes (1 switches on core 0)
Oct 28 17:19:30.650919 n-d-860864-13 devstack@n-api.service[104549]: DEBUG nova.api.openstack.wsgi [None req-238ca81d-a979-473e-9edf-9b7def8abfcb admin admin] Action: 'create', calling method: >, body: {"flavor": {"os-flavor-access:is_public": true, "id": "4", "disk": 80, "swap": 0, "OS-FLV-EXT-DATA:ephemeral": 0, "ram": 8192, "rxtx_factor": 1.0, "vcpus": 4, "name": "m1.large"}} {{(pid=104549) _process_stack /opt/stack/nova/nova/api/openstack/wsgi.py:511}}
Oct 28 17:19:30.673020 n-d-860864-13 devstack@n-api.service[104549]: INFO nova.api.openstack.requestlog [None req-238ca81d-a979-473e-9edf-9b7def8abfcb admin admin] 10.222.0.48 "POST /compute/v2.1/flavors" status: 200 len: 405 microversion: 2.61 time: 0.454982
Oct 28 17:19:30.673729 n-d-860864-13 devstack@n-api.service[104549]: [pid: 104549|app: 0|req: 16/31] 10.222.0.48 () {64 vars in 1283 bytes} [Fri Oct 28 17:19:30 2022] POST /compute/v2.1/flavors => generated 405 bytes in 456 msecs (HTTP/1.1 200) 9 headers in 359 bytes (2 switches on core 0)
Oct 28 17:19:30.685891 n-d-860864-13 devstack@n-api.service[104548]: DEBUG nova.api.openstack.wsgi [None req-576ab4d7-c0e9-4099-a753-3271c02a3d22 admin admin] Action: 'create', calling method: >, body: {"extra_specs": {"hw_rng:allowed": "True"}} {{(pid=104548) _process_stack /opt/stack/nova/nova/api/openstack/wsgi.py:511}}
Oct 28 17:19:30.710152 n-d-860864-13 devstack@n-api.service[104548]: INFO nova.api.openstack.requestlog [None req-576ab4d7-c0e9-4099-a753-3271c02a3d22 admin admin] 10.222.0.48 "POST /compute/v2.1/flavors/4/os-extra_specs" status: 200 len: 43 microversion: 2.61 time: 0.027825
Oct 28 17:19:30.710728 n-d-860864-13 devstack@n-api.service[104548]: [pid: 104548|app: 0|req: 16/32] 10.222.0.48 () {64 vars in 1333 bytes} [Fri Oct 28 17:19:30 2022] POST /compute/v2.1/flavors/4/os-extra_specs => generated 43 bytes in 29 msecs (HTTP/1.1 200) 9 headers in 358 bytes (1 switches on core 0)
Oct 28 17:19:33.378541 n-d-860864-13 devstack@n-api.service[104549]: DEBUG nova.api.openstack.wsgi [None req-238ca81d-a979-473e-9edf-9b7def8abfcb admin admin] Calling method '>' {{(pid=104549) _process_stack /opt/stack/nova/nova/api/openstack/wsgi.py:513}}
Oct 28 17:19:33.379585 n-d-860864-13 devstack@n-api.service[104549]: INFO nova.api.openstack.requestlog [None req-238ca81d-a979-473e-9edf-9b7def8abfcb admin admin] 10.222.0.48 "GET /compute/v2.1" status: 200 len: 388 microversion: 2.1 time: 0.001443
Oct 28 17:19:33.379975 n-d-860864-13 devstack@n-api.service[104549]: [pid: 104549|app: 0|req: 17/33] 10.222.0.48 () {54 vars in 931 bytes} [Fri Oct 28 17:19:33 2022] GET /compute/v2.1 => generated 388 bytes in 2 msecs (HTTP/1.1 200) 9 headers in 357 bytes (1 switches on core 0)
Oct 28 17:19:33.832425 n-d-860864-13 devstack@n-api.service[104548]: DEBUG nova.api.openstack.wsgi [None req-7c93b60a-9fb5-4f72-bfda-6537c9e6da00 admin admin] Action: 'create', calling method: >, body: {"flavor": {"name": "m1.xlarge", "disk": 160, "id": "5", "ram": 16384, "rxtx_factor": 1.0, "vcpus": 8, "swap": 0, "OS-FLV-EXT-DATA:ephemeral": 0, "os-flavor-access:is_public": true}} {{(pid=104548) _process_stack /opt/stack/nova/nova/api/openstack/wsgi.py:511}}
Oct 28 17:19:33.838779 n-d-860864-13 devstack@n-api.service[104548]: DEBUG dbcounter [-] [104548] Writing DB stats nova_api:SELECT=45,nova_api:SAVEPOINT=5,nova_api:INSERT=9,nova_api:RELEASE=5 {{(pid=104548) stat_writer /usr/local/lib/python3.8/dist-packages/dbcounter.py:114}}
Oct 28 17:19:33.855897 n-d-860864-13 devstack@n-api.service[104548]: INFO nova.api.openstack.requestlog [None req-7c93b60a-9fb5-4f72-bfda-6537c9e6da00 admin admin] 10.222.0.48 "POST /compute/v2.1/flavors" status: 200 len: 408 microversion: 2.61 time: 0.469970
Oct 28 17:19:33.856457 n-d-860864-13 devstack@n-api.service[104548]: [pid: 104548|app: 0|req: 17/34] 10.222.0.48 () {64 vars in 1283 bytes} [Fri Oct 28 17:19:33 2022] POST /compute/v2.1/flavors => generated 408 bytes in 471 msecs (HTTP/1.1 200) 9 headers in 359 bytes (1 switches on core 0)
Oct 28 17:19:33.868487 n-d-860864-13 devstack@n-api.service[104549]: DEBUG nova.api.openstack.wsgi [None req-da8c1b85-0edd-4d3a-a945-9aa7db5946c8 admin admin] Action: 'create', calling method: >, body: {"extra_specs": {"hw_rng:allowed": "True"}} {{(pid=104549) _process_stack /opt/stack/nova/nova/api/openstack/wsgi.py:511}}
Oct 28 17:19:33.896984 n-d-860864-13 devstack@n-api.service[104549]: INFO nova.api.openstack.requestlog [None req-da8c1b85-0edd-4d3a-a945-9aa7db5946c8 admin admin] 10.222.0.48 "POST /compute/v2.1/flavors/5/os-extra_specs" status: 200 len: 43 microversion: 2.61 time: 0.032036
Oct 28 17:19:33.897575 n-d-860864-13 devstack@n-api.service[104549]: [pid: 104549|app: 0|req: 18/35] 10.222.0.48 () {64 vars in 1333 bytes} [Fri Oct 28 17:19:33 2022] POST /compute/v2.1/flavors/5/os-extra_specs => generated 43 bytes in 33 msecs (HTTP/1.1 200) 9 headers in 358 bytes (2 switches on core 0)
Oct 28 17:19:54.588427 n-d-860864-13 devstack@n-api.service[104548]: DEBUG nova.api.openstack.wsgi [None req-7c93b60a-9fb5-4f72-bfda-6537c9e6da00 admin admin] Calling method '>' {{(pid=104548) _process_stack /opt/stack/nova/nova/api/openstack/wsgi.py:513}}
Oct 28 17:19:54.589472 n-d-860864-13 devstack@n-api.service[104548]: INFO nova.api.openstack.requestlog [None req-7c93b60a-9fb5-4f72-bfda-6537c9e6da00 admin admin] 10.222.0.48 "GET /compute/v2.1" status: 200 len: 388 microversion: 2.1 time: 0.001453
Oct 28 17:19:54.589876 n-d-860864-13 devstack@n-api.service[104548]: [pid: 104548|app: 0|req: 18/36] 10.222.0.48 () {54 vars in 931 bytes} [Fri Oct 28 17:19:54 2022] GET /compute/v2.1 => generated 388 bytes in 2 msecs (HTTP/1.1 200) 9 headers in 357 bytes (2 switches on core 0)
Oct 28 17:19:54.601003 n-d-860864-13 devstack@n-api.service[104549]: DEBUG dbcounter [-] [104549] Writing DB stats nova_api:SELECT=14,nova_api:SAVEPOINT=2,nova_api:INSERT=3,nova_api:RELEASE=2 {{(pid=104549) stat_writer /usr/local/lib/python3.8/dist-packages/dbcounter.py:114}}
