Oct 13 16:49:20.800738 n-d-860864-12 devstack@keystone.service[81771]: DEBUG keystone.common.rbac_enforcer.enforcer [None req-d50c11e7-16db-4668-802c-e4dac7f43c23 None admin] RBAC: Authorization granted {{(pid=81771) enforce_call /opt/stack/keystone/keystone/common/rbac_enforcer/enforcer.py:457}}
Oct 13 16:49:20.802655 n-d-860864-12 devstack@keystone.service[81771]: [pid: 81771|app: 0|req: 61/117] 10.222.0.13 () {56 vars in 1186 bytes} [Thu Oct 13 16:49:20 2022] GET /identity/v3/projects/3087fb86ff834ecfa43109360de2f7e9 => generated 298 bytes in 230 msecs (HTTP/1.1 200) 5 headers in 177 bytes (1 switches on core 0)
Oct 13 16:49:20.804386 n-d-860864-12 devstack@keystone.service[81771]: DEBUG keystone.server.flask.request_processing.middleware.auth_context [None req-d50c11e7-16db-4668-802c-e4dac7f43c23 None admin] Authenticating user token {{(pid=81771) process_request /usr/local/lib/python3.8/dist-packages/keystonemiddleware/auth_token/__init__.py:407}}
Oct 13 16:49:20.865532 n-d-860864-12 devstack@keystone.service[81770]: DEBUG keystone.server.flask.request_processing.middleware.auth_context [None req-f0ed5ddd-f991-4e8f-95d3-12ec224dded1 None admin] Validating token access rules against request {{(pid=81770) validate_allowed_request /usr/local/lib/python3.8/dist-packages/keystonemiddleware/auth_token/__init__.py:545}}
Oct 13 16:49:20.880884 n-d-860864-12 devstack@keystone.service[81770]: DEBUG dbcounter [-] [81770] Writing DB stats keystone:SELECT=100 {{(pid=81770) stat_writer /usr/local/lib/python3.8/dist-packages/dbcounter.py:114}}
Oct 13 16:49:20.886415 n-d-860864-12 devstack@keystone.service[81771]: DEBUG dbcounter [-] [81771] Writing DB stats keystone:SELECT=100 {{(pid=81771) stat_writer /usr/local/lib/python3.8/dist-packages/dbcounter.py:114}}
Oct 13 16:49:20.920613 n-d-860864-12 devstack@keystone.service[81770]: DEBUG keystone.server.flask.request_processing.middleware.auth_context [None req-af0691fb-3da7-4abd-ba93-5d7374e2b7b7 None admin] RBAC: auth_context: {'token': , 'domain_id': None, 'trust_id': None, 'trustor_id': None, 'trustee_id': None, 'domain_name': None, 'group_ids': [], 'user_id': '9705145e56b3475a80ba831ce41317c8', 'user_domain_id': 'default', 'system_scope': 'all', 'project_id': None, 'project_domain_id': None, 'roles': ['admin', 'member', 'reader'], 'is_admin_project': True, 'service_user_id': None, 'service_user_domain_id': None, 'service_project_id': None, 'service_project_domain_id': None, 'service_roles': []} {{(pid=81770) fill_context /opt/stack/keystone/keystone/server/flask/request_processing/middleware/auth_context.py:478}}
Oct 13 16:49:20.921406 n-d-860864-12 devstack@keystone.service[81770]: DEBUG keystone.server.flask.request_processing.req_logging [None req-af0691fb-3da7-4abd-ba93-5d7374e2b7b7 None admin] REQUEST_METHOD: `GET` {{(pid=81770) log_request_info /opt/stack/keystone/keystone/server/flask/request_processing/req_logging.py:27}}
Oct 13 16:49:20.921662 n-d-860864-12 devstack@keystone.service[81770]: DEBUG keystone.server.flask.request_processing.req_logging [None req-af0691fb-3da7-4abd-ba93-5d7374e2b7b7 None admin] SCRIPT_NAME: `/identity` {{(pid=81770) log_request_info /opt/stack/keystone/keystone/server/flask/request_processing/req_logging.py:28}}
Oct 13 16:49:20.921923 n-d-860864-12 devstack@keystone.service[81770]: DEBUG keystone.server.flask.request_processing.req_logging [None req-af0691fb-3da7-4abd-ba93-5d7374e2b7b7 None admin] PATH_INFO: `/v3/users/f6bbf8af1237405389b08ed728d667a5` {{(pid=81770) log_request_info /opt/stack/keystone/keystone/server/flask/request_processing/req_logging.py:29}}
Oct 13 16:49:20.923232 n-d-860864-12 devstack@keystone.service[81770]: DEBUG keystone.common.rbac_enforcer.enforcer [None req-af0691fb-3da7-4abd-ba93-5d7374e2b7b7 None admin] RBAC: Authorizing `identity:get_user(user_id=f6bbf8af1237405389b08ed728d667a5)` {{(pid=81770) enforce_call /opt/stack/keystone/keystone/common/rbac_enforcer/enforcer.py:449}}
Oct 13 16:49:20.924723 n-d-860864-12 devstack@keystone.service[81770]: DEBUG keystone.common.rbac_enforcer.enforcer [None req-af0691fb-3da7-4abd-ba93-5d7374e2b7b7 None admin] RBAC: Authorization granted {{(pid=81770) enforce_call /opt/stack/keystone/keystone/common/rbac_enforcer/enforcer.py:457}}
Oct 13 16:49:20.926489 n-d-860864-12 devstack@keystone.service[81770]: [pid: 81770|app: 0|req: 57/118] 10.222.0.13 () {56 vars in 1177 bytes} [Thu Oct 13 16:49:20 2022] GET /identity/v3/users/f6bbf8af1237405389b08ed728d667a5 => generated 275 bytes in 223 msecs (HTTP/1.1 200) 5 headers in 177 bytes (1 switches on core 0)
Oct 13 16:49:20.927193 n-d-860864-12 devstack@keystone.service[81770]: DEBUG keystone.server.flask.request_processing.middleware.auth_context [None req-af0691fb-3da7-4abd-ba93-5d7374e2b7b7 None admin] Authenticating user token {{(pid=81770) process_request /usr/local/lib/python3.8/dist-packages/keystonemiddleware/auth_token/__init__.py:407}}
Oct 13 16:49:20.930823 n-d-860864-12 devstack@keystone.service[81771]: DEBUG keystone.server.flask.request_processing.middleware.auth_context [None req-d50c11e7-16db-4668-802c-e4dac7f43c23 None admin] Validating token access rules against request {{(pid=81771) validate_allowed_request /usr/local/lib/python3.8/dist-packages/keystonemiddleware/auth_token/__init__.py:545}}
Oct 13 16:49:20.978943 n-d-860864-12 devstack@keystone.service[81771]: DEBUG keystone.server.flask.request_processing.middleware.auth_context [None req-b9e369e6-fbef-4af2-9f06-acbb387a2084 None admin] RBAC: auth_context: {'token': , 'domain_id': None, 'trust_id': None, 'trustor_id': None, 'trustee_id': None, 'domain_name': None, 'group_ids': [], 'user_id': '9705145e56b3475a80ba831ce41317c8', 'user_domain_id': 'default', 'system_scope': 'all', 'project_id': None, 'project_domain_id': None, 'roles': ['admin', 'member', 'reader'], 'is_admin_project': True, 'service_user_id': None, 'service_user_domain_id': None, 'service_project_id': None, 'service_project_domain_id': None, 'service_roles': []} {{(pid=81771) fill_context /opt/stack/keystone/keystone/server/flask/request_processing/middleware/auth_context.py:478}}
Oct 13 16:49:20.978943 n-d-860864-12 devstack@keystone.service[81771]: DEBUG keystone.server.flask.request_processing.req_logging [None req-b9e369e6-fbef-4af2-9f06-acbb387a2084 None admin] REQUEST_METHOD: `GET` {{(pid=81771) log_request_info /opt/stack/keystone/keystone/server/flask/request_processing/req_logging.py:27}}
Oct 13 16:49:20.979529 n-d-860864-12 devstack@keystone.service[81771]: DEBUG keystone.server.flask.request_processing.req_logging [None req-b9e369e6-fbef-4af2-9f06-acbb387a2084 None admin] SCRIPT_NAME: `/identity` {{(pid=81771) log_request_info /opt/stack/keystone/keystone/server/flask/request_processing/req_logging.py:28}}
Oct 13 16:49:20.980014 n-d-860864-12 devstack@keystone.service[81771]: DEBUG keystone.server.flask.request_processing.req_logging [None req-b9e369e6-fbef-4af2-9f06-acbb387a2084 None admin] PATH_INFO: `/v3/roles/member` {{(pid=81771) log_request_info /opt/stack/keystone/keystone/server/flask/request_processing/req_logging.py:29}}
Oct 13 16:49:20.994481 n-d-860864-12 devstack@keystone.service[81771]: DEBUG keystone.common.rbac_enforcer.enforcer [None req-b9e369e6-fbef-4af2-9f06-acbb387a2084 None admin] Extracting inferred target data resulted in "NOT FOUND (404)". {{(pid=81771) enforce_call /opt/stack/keystone/keystone/common/rbac_enforcer/enforcer.py:409}}
Oct 13 16:49:21.000627 n-d-860864-12 devstack@keystone.service[81771]: ERROR keystone.server.flask.application [None req-b9e369e6-fbef-4af2-9f06-acbb387a2084 None admin] Could not find role: member.: keystone.exception.RoleNotFound: Could not find role: member.
Oct 13 16:49:21.000627 n-d-860864-12 devstack@keystone.service[81771]: ERROR keystone.server.flask.application
Traceback (most recent call last):
Oct 13 16:49:21.000627 n-d-860864-12 devstack@keystone.service[81771]: ERROR keystone.server.flask.application
File "/usr/local/lib/python3.8/dist-packages/flask/app.py", line 1820, in full_dispatch_request
Oct 13 16:49:21.000627 n-d-860864-12 devstack@keystone.service[81771]: ERROR keystone.server.flask.application rv = self.dispatch_request()
Oct 13 16:49:21.000627 n-d-860864-12 devstack@keystone.service[81771]: ERROR keystone.server.flask.application
File "/usr/local/lib/python3.8/dist-packages/flask/app.py", line 1796, in dispatch_request
Oct 13 16:49:21.000627 n-d-860864-12 devstack@keystone.service[81771]: ERROR keystone.server.flask.application return self.ensure_sync(self.view_functions[rule.endpoint])(**view_args)
Oct 13 16:49:21.000627 n-d-860864-12 devstack@keystone.service[81771]: ERROR keystone.server.flask.application
File "/usr/local/lib/python3.8/dist-packages/flask_restful/__init__.py", line 467, in wrapper
Oct 13 16:49:21.000627 n-d-860864-12 devstack@keystone.service[81771]: ERROR keystone.server.flask.application resp = resource(*args, **kwargs)
Oct 13 16:49:21.000627 n-d-860864-12 devstack@keystone.service[81771]: ERROR keystone.server.flask.application
File "/usr/local/lib/python3.8/dist-packages/flask/views.py", line 107, in view
Oct 13 16:49:21.000627 n-d-860864-12 devstack@keystone.service[81771]: ERROR keystone.server.flask.application return current_app.ensure_sync(self.dispatch_request)(**kwargs)
Oct 13 16:49:21.000627 n-d-860864-12 devstack@keystone.service[81771]: ERROR keystone.server.flask.application
File "/usr/local/lib/python3.8/dist-packages/flask_restful/__init__.py", line 582, in dispatch_request
Oct 13 16:49:21.000627 n-d-860864-12 devstack@keystone.service[81771]: ERROR keystone.server.flask.application resp = meth(*args, **kwargs)
Oct 13 16:49:21.000627 n-d-860864-12 devstack@keystone.service[81771]: ERROR keystone.server.flask.application
File "/opt/stack/keystone/keystone/api/roles.py", line 50, in get
Oct 13 16:49:21.000627 n-d-860864-12 devstack@keystone.service[81771]: ERROR keystone.server.flask.application return self._get_role(role_id)
Oct 13 16:49:21.000627 n-d-860864-12 devstack@keystone.service[81771]: ERROR keystone.server.flask.application
File "/opt/stack/keystone/keystone/api/roles.py", line 70, in _get_role
Oct 13 16:49:21.000627 n-d-860864-12 devstack@keystone.service[81771]: ERROR keystone.server.flask.application ENFORCER.enforce_call(action='identity:get_role')
Oct 13 16:49:21.001499 n-d-860864-12 devstack@keystone.service[81771]: ERROR keystone.server.flask.application
File "/opt/stack/keystone/keystone/common/rbac_enforcer/enforcer.py", line 402, in enforce_call
Oct 13 16:49:21.001499 n-d-860864-12 devstack@keystone.service[81771]: ERROR keystone.server.flask.application policy_dict.update(cls._extract_member_target_data(
Oct 13 16:49:21.001499 n-d-860864-12 devstack@keystone.service[81771]: ERROR keystone.server.flask.application
File "/opt/stack/keystone/keystone/common/rbac_enforcer/enforcer.py", line 234, in _extract_member_target_data
Oct 13 16:49:21.001499 n-d-860864-12 devstack@keystone.service[81771]: ERROR keystone.server.flask.application member_name: func(flask.request.view_args[key])
Oct 13 16:49:21.001499 n-d-860864-12 devstack@keystone.service[81771]: ERROR keystone.server.flask.application
File "/opt/stack/keystone/keystone/common/manager.py", line 115, in wrapped
Oct 13 16:49:21.001499 n-d-860864-12 devstack@keystone.service[81771]: ERROR keystone.server.flask.application __ret_val = __f(*args, **kwargs)
Oct 13 16:49:21.001499 n-d-860864-12 devstack@keystone.service[81771]: ERROR keystone.server.flask.application
File "/usr/local/lib/python3.8/dist-packages/decorator.py", line 232, in fun
Oct 13 16:49:21.001499 n-d-860864-12 devstack@keystone.service[81771]: ERROR keystone.server.flask.application return caller(func, *(extras + args), **kw)
Oct 13 16:49:21.001499 n-d-860864-12 devstack@keystone.service[81771]: ERROR keystone.server.flask.application
File "/usr/local/lib/python3.8/dist-packages/dogpile/cache/region.py", line 1577, in get_or_create_for_user_func
Oct 13 16:49:21.001499 n-d-860864-12 devstack@keystone.service[81771]: ERROR keystone.server.flask.application return self.get_or_create(
Oct 13 16:49:21.001499 n-d-860864-12 devstack@keystone.service[81771]: ERROR keystone.server.flask.application
File "/usr/local/lib/python3.8/dist-packages/dogpile/cache/region.py", line 1042, in get_or_create
Oct 13 16:49:21.001499 n-d-860864-12 devstack@keystone.service[81771]: ERROR keystone.server.flask.application with Lock(
Oct 13 16:49:21.001499 n-d-860864-12 devstack@keystone.service[81771]: ERROR keystone.server.flask.application
File "/usr/local/lib/python3.8/dist-packages/dogpile/lock.py", line 185, in __enter__
Oct 13 16:49:21.001499 n-d-860864-12 devstack@keystone.service[81771]: ERROR keystone.server.flask.application return self._enter()
Oct 13 16:49:21.001499 n-d-860864-12 devstack@keystone.service[81771]: ERROR keystone.server.flask.application
File "/usr/local/lib/python3.8/dist-packages/dogpile/lock.py", line 94, in _enter
Oct 13 16:49:21.001499 n-d-860864-12 devstack@keystone.service[81771]: ERROR keystone.server.flask.application generated = self._enter_create(value, createdtime)
Oct 13 16:49:21.002302 n-d-860864-12 devstack@keystone.service[81771]: ERROR keystone.server.flask.application
File "/usr/local/lib/python3.8/dist-packages/dogpile/lock.py", line 178, in _enter_create
Oct 13 16:49:21.002302 n-d-860864-12 devstack@keystone.service[81771]: ERROR keystone.server.flask.application return self.creator()
Oct 13 16:49:21.002302 n-d-860864-12 devstack@keystone.service[81771]: ERROR keystone.server.flask.application
File "/usr/local/lib/python3.8/dist-packages/dogpile/cache/region.py", line 995, in gen_value
Oct 13 16:49:21.002302 n-d-860864-12 devstack@keystone.service[81771]: ERROR keystone.server.flask.application created_value = creator(
Oct 13 16:49:21.002302 n-d-860864-12 devstack@keystone.service[81771]: ERROR keystone.server.flask.application
File "/opt/stack/keystone/keystone/assignment/core.py", line 1276, in get_role
Oct 13 16:49:21.002302 n-d-860864-12 devstack@keystone.service[81771]: ERROR keystone.server.flask.application return self.driver.get_role(role_id)
Oct 13 16:49:21.002302 n-d-860864-12 devstack@keystone.service[81771]: ERROR keystone.server.flask.application
File "/opt/stack/keystone/keystone/assignment/role_backends/sql.py", line 70, in get_role
Oct 13 16:49:21.002302 n-d-860864-12 devstack@keystone.service[81771]: ERROR keystone.server.flask.application return self._get_role(session, role_id).to_dict()
Oct 13 16:49:21.002302 n-d-860864-12 devstack@keystone.service[81771]: ERROR keystone.server.flask.application
File "/opt/stack/keystone/keystone/assignment/role_backends/sql.py", line 65, in _get_role
Oct 13 16:49:21.002302 n-d-860864-12 devstack@keystone.service[81771]: ERROR keystone.server.flask.application raise exception.RoleNotFound(role_id=role_id)
Oct 13 16:49:21.002302 n-d-860864-12 devstack@keystone.service[81771]: ERROR keystone.server.flask.application keystone.exception.RoleNotFound: Could not find role: member.
Oct 13 16:49:21.002302 n-d-860864-12 devstack@keystone.service[81771]: ERROR keystone.server.flask.application
Oct 13 16:49:21.002302 n-d-860864-12 devstack@keystone.service[81771]: [pid: 81771|app: 0|req: 62/119] 10.222.0.13 () {56 vars in 1099 bytes} [Thu Oct 13 16:49:20 2022] GET /identity/v3/roles/member => generated 84 bytes in 199 msecs (HTTP/1.1 404) 5 headers in 183 bytes (1 switches on core 0)
Oct 13 16:49:21.003078 n-d-860864-12 devstack@keystone.service[81771]: DEBUG keystone.server.flask.request_processing.middleware.auth_context [None req-b9e369e6-fbef-4af2-9f06-acbb387a2084 None admin] Authenticating user token {{(pid=81771) process_request /usr/local/lib/python3.8/dist-packages/keystonemiddleware/auth_token/__init__.py:407}}
Oct 13 16:49:21.056989 n-d-860864-12 devstack@keystone.service[81770]: DEBUG keystone.server.flask.request_processing.middleware.auth_context [None req-af0691fb-3da7-4abd-ba93-5d7374e2b7b7 None admin] Validating token access rules against request {{(pid=81770) validate_allowed_request /usr/local/lib/python3.8/dist-packages/keystonemiddleware/auth_token/__init__.py:545}}
Oct 13 16:49:21.097329 n-d-860864-12 devstack@keystone.service[81770]: DEBUG keystone.server.flask.request_processing.middleware.auth_context [None req-6307a08e-6c71-4273-9a40-48bd13822634 None admin] RBAC: auth_context: {'token': , 'domain_id': None, 'trust_id': None, 'trustor_id': None, 'trustee_id': None, 'domain_name': None, 'group_ids': [], 'user_id': '9705145e56b3475a80ba831ce41317c8', 'user_domain_id': 'default', 'system_scope': 'all', 'project_id': None, 'project_domain_id': None, 'roles': ['admin', 'member', 'reader'], 'is_admin_project': True, 'service_user_id': None, 'service_user_domain_id': None, 'service_project_id': None, 'service_project_domain_id': None, 'service_roles': []} {{(pid=81770) fill_context /opt/stack/keystone/keystone/server/flask/request_processing/middleware/auth_context.py:478}}
Oct 13 16:49:21.098219 n-d-860864-12 devstack@keystone.service[81770]: DEBUG keystone.server.flask.request_processing.req_logging [None req-6307a08e-6c71-4273-9a40-48bd13822634 None admin] REQUEST_METHOD: `GET` {{(pid=81770) log_request_info /opt/stack/keystone/keystone/server/flask/request_processing/req_logging.py:27}}
Oct 13 16:49:21.098617 n-d-860864-12 devstack@keystone.service[81770]: DEBUG keystone.server.flask.request_processing.req_logging [None req-6307a08e-6c71-4273-9a40-48bd13822634 None admin] SCRIPT_NAME: `/identity` {{(pid=81770) log_request_info /opt/stack/keystone/keystone/server/flask/request_processing/req_logging.py:28}}
Oct 13 16:49:21.099157 n-d-860864-12 devstack@keystone.service[81770]: DEBUG keystone.server.flask.request_processing.req_logging [None req-6307a08e-6c71-4273-9a40-48bd13822634 None admin] PATH_INFO: `/v3/role_assignments` {{(pid=81770) log_request_info /opt/stack/keystone/keystone/server/flask/request_processing/req_logging.py:29}}
Oct 13 16:49:21.100110 n-d-860864-12 devstack@keystone.service[81770]: DEBUG keystone.common.rbac_enforcer.enforcer [None req-6307a08e-6c71-4273-9a40-48bd13822634 None admin] RBAC: Adding query filter params (role.id=34a69454813248bea1aad44153ced66b, scope.project.id=3087fb86ff834ecfa43109360de2f7e9, user.id=f6bbf8af1237405389b08ed728d667a5) {{(pid=81770) _extract_filter_values /opt/stack/keystone/keystone/common/rbac_enforcer/enforcer.py:167}}
Oct 13 16:49:21.101311 n-d-860864-12 devstack@keystone.service[81770]: DEBUG keystone.common.rbac_enforcer.enforcer [None req-6307a08e-6c71-4273-9a40-48bd13822634 None admin] RBAC: Authorizing `identity:list_role_assignments()` {{(pid=81770) enforce_call /opt/stack/keystone/keystone/common/rbac_enforcer/enforcer.py:449}}
Oct 13 16:49:21.103216 n-d-860864-12 devstack@keystone.service[81770]: DEBUG keystone.common.rbac_enforcer.enforcer [None req-6307a08e-6c71-4273-9a40-48bd13822634 None admin] RBAC: Authorization granted {{(pid=81770) enforce_call /opt/stack/keystone/keystone/common/rbac_enforcer/enforcer.py:457}}
Oct 13 16:49:21.109722 n-d-860864-12 devstack@keystone.service[81770]: [pid: 81770|app: 0|req: 58/120] 10.222.0.13 () {56 vars in 1374 bytes} [Thu Oct 13 16:49:20 2022] GET /identity/v3/role_assignments?user.id=f6bbf8af1237405389b08ed728d667a5&scope.project.id=3087fb86ff834ecfa43109360de2f7e9&role.id=34a69454813248bea1aad44153ced66b => generated 608 bytes in 183 msecs (HTTP/1.1 200) 5 headers in 177 bytes (1 switches on core 0)
Oct 13 16:49:21.112061 n-d-860864-12 devstack@keystone.service[81770]: DEBUG keystone.server.flask.request_processing.middleware.auth_context [None req-6307a08e-6c71-4273-9a40-48bd13822634 None admin] Authenticating user token {{(pid=81770) process_request /usr/local/lib/python3.8/dist-packages/keystonemiddleware/auth_token/__init__.py:407}}
Oct 13 16:49:21.145077 n-d-860864-12 devstack@keystone.service[81771]: DEBUG keystone.server.flask.request_processing.middleware.auth_context [None req-b9e369e6-fbef-4af2-9f06-acbb387a2084 None admin] Validating token access rules against request {{(pid=81771) validate_allowed_request /usr/local/lib/python3.8/dist-packages/keystonemiddleware/auth_token/__init__.py:545}}
Oct 13 16:49:21.185002 n-d-860864-12 devstack@keystone.service[81770]: DEBUG dbcounter [-] [81770] Writing DB stats keystone:SELECT=100 {{(pid=81770) stat_writer /usr/local/lib/python3.8/dist-packages/dbcounter.py:114}}
Oct 13 16:49:21.193140 n-d-860864-12 devstack@keystone.service[81771]: DEBUG dbcounter [-] [81771] Writing DB stats keystone:SELECT=100 {{(pid=81771) stat_writer /usr/local/lib/python3.8/dist-packages/dbcounter.py:114}}
Oct 13 16:49:21.207893 n-d-860864-12 devstack@keystone.service[81771]: DEBUG keystone.server.flask.request_processing.middleware.auth_context [None req-bc6d9383-83e7-44d3-9549-0bfc0107d24b None admin] RBAC: auth_context: {'token': , 'domain_id': None, 'trust_id': None, 'trustor_id': None, 'trustee_id': None, 'domain_name': None, 'group_ids': [], 'user_id': '9705145e56b3475a80ba831ce41317c8', 'user_domain_id': 'default', 'system_scope': 'all', 'project_id': None, 'project_domain_id': None, 'roles': ['admin', 'member', 'reader'], 'is_admin_project': True, 'service_user_id': None, 'service_user_domain_id': None, 'service_project_id': None, 'service_project_domain_id': None, 'service_roles': []} {{(pid=81771) fill_context /opt/stack/keystone/keystone/server/flask/request_processing/middleware/auth_context.py:478}}
Oct 13 16:49:21.209020 n-d-860864-12 devstack@keystone.service[81771]: DEBUG keystone.server.flask.request_processing.req_logging [None req-bc6d9383-83e7-44d3-9549-0bfc0107d24b None admin] REQUEST_METHOD: `PUT` {{(pid=81771) log_request_info /opt/stack/keystone/keystone/server/flask/request_processing/req_logging.py:27}}
Oct 13 16:49:21.209493 n-d-860864-12 devstack@keystone.service[81771]: DEBUG keystone.server.flask.request_processing.req_logging [None req-bc6d9383-83e7-44d3-9549-0bfc0107d24b None admin] SCRIPT_NAME: `/identity` {{(pid=81771) log_request_info /opt/stack/keystone/keystone/server/flask/request_processing/req_logging.py:28}}
Oct 13 16:49:21.210534 n-d-860864-12 devstack@keystone.service[81771]: DEBUG keystone.server.flask.request_processing.req_logging [None req-bc6d9383-83e7-44d3-9549-0bfc0107d24b None admin] PATH_INFO: `/v3/projects/3087fb86ff834ecfa43109360de2f7e9/users/066084f252d849a983eb0f97a6d4e8f9/roles/270ded8ebb8a4746b7854f9471af0a66` {{(pid=81771) log_request_info /opt/stack/keystone/keystone/server/flask/request_processing/req_logging.py:29}}
Oct 13 16:49:21.213377 n-d-860864-12 devstack@keystone.service[81771]: DEBUG keystone.common.rbac_enforcer.enforcer [None req-bc6d9383-83e7-44d3-9549-0bfc0107d24b None admin] RBAC: Authorizing `identity:create_grant(project_id=3087fb86ff834ecfa43109360de2f7e9, user_id=066084f252d849a983eb0f97a6d4e8f9, role_id=270ded8ebb8a4746b7854f9471af0a66)` {{(pid=81771) enforce_call /opt/stack/keystone/keystone/common/rbac_enforcer/enforcer.py:449}}
Oct 13 16:49:21.215104 n-d-860864-12 devstack@keystone.service[81771]: DEBUG keystone.common.rbac_enforcer.enforcer [None req-bc6d9383-83e7-44d3-9549-0bfc0107d24b None admin] RBAC: Authorization granted {{(pid=81771) enforce_call /opt/stack/keystone/keystone/common/rbac_enforcer/enforcer.py:457}}
Oct 13 16:49:21.233505 n-d-860864-12 devstack@keystone.service[81771]: [pid: 81771|app: 0|req: 63/121] 10.222.0.13 () {58 vars in 1439 bytes} [Thu Oct 13 16:49:21 2022] PUT /identity/v3/projects/3087fb86ff834ecfa43109360de2f7e9/users/066084f252d849a983eb0f97a6d4e8f9/roles/270ded8ebb8a4746b7854f9471af0a66 => generated 0 bytes in 231 msecs (HTTP/1.1 204) 3 headers in 132 bytes (0 switches on core 0)
Oct 13 16:49:21.234757 n-d-860864-12 devstack@keystone.service[81771]: DEBUG keystone.server.flask.request_processing.middleware.auth_context [None req-bc6d9383-83e7-44d3-9549-0bfc0107d24b None admin] Authenticating user token {{(pid=81771) process_request /usr/local/lib/python3.8/dist-packages/keystonemiddleware/auth_token/__init__.py:407}}
Oct 13 16:49:21.277962 n-d-860864-12 devstack@keystone.service[81770]: DEBUG keystone.server.flask.request_processing.middleware.auth_context [None req-6307a08e-6c71-4273-9a40-48bd13822634 None admin] Validating token access rules against request {{(pid=81770) validate_allowed_request /usr/local/lib/python3.8/dist-packages/keystonemiddleware/auth_token/__init__.py:545}}
Oct 13 16:49:21.329545 n-d-860864-12 devstack@keystone.service[81770]: DEBUG keystone.server.flask.request_processing.middleware.auth_context [None req-c417026d-6cbd-4e86-85af-4331b2179046 None admin] RBAC: auth_context: {'token': , 'domain_id': None, 'trust_id': None, 'trustor_id': None, 'trustee_id': None, 'domain_name': None, 'group_ids': [], 'user_id': '9705145e56b3475a80ba831ce41317c8', 'user_domain_id': 'default', 'system_scope': 'all', 'project_id': None, 'project_domain_id': None, 'roles': ['admin', 'member', 'reader'], 'is_admin_project': True, 'service_user_id': None, 'service_user_domain_id': None, 'service_project_id': None, 'service_project_domain_id': None, 'service_roles': []} {{(pid=81770) fill_context /opt/stack/keystone/keystone/server/flask/request_processing/middleware/auth_context.py:478}}
Oct 13 16:49:21.330926 n-d-860864-12 devstack@keystone.service[81770]: DEBUG keystone.server.flask.request_processing.req_logging [None req-c417026d-6cbd-4e86-85af-4331b2179046 None admin] REQUEST_METHOD: `GET` {{(pid=81770) log_request_info /opt/stack/keystone/keystone/server/flask/request_processing/req_logging.py:27}}
Oct 13 16:49:21.330926 n-d-860864-12 devstack@keystone.service[81770]: DEBUG keystone.server.flask.request_processing.req_logging [None req-c417026d-6cbd-4e86-85af-4331b2179046 None admin] SCRIPT_NAME: `/identity` {{(pid=81770) log_request_info /opt/stack/keystone/keystone/server/flask/request_processing/req_logging.py:28}}
Oct 13 16:49:21.330926 n-d-860864-12 devstack@keystone.service[81770]: DEBUG keystone.server.flask.request_processing.req_logging [None req-c417026d-6cbd-4e86-85af-4331b2179046 None admin] PATH_INFO: `/v3/auth/tokens` {{(pid=81770) log_request_info /opt/stack/keystone/keystone/server/flask/request_processing/req_logging.py:29}}
Oct 13 16:49:21.390992 n-d-860864-12 devstack@keystone.service[81771]: DEBUG keystone.server.flask.request_processing.middleware.auth_context [None req-bc6d9383-83e7-44d3-9549-0bfc0107d24b None admin] Validating token access rules against request {{(pid=81771) validate_allowed_request /usr/local/lib/python3.8/dist-packages/keystonemiddleware/auth_token/__init__.py:545}}
Oct 13 16:49:21.439706 n-d-860864-12 devstack@keystone.service[81770]: DEBUG keystone.common.rbac_enforcer.enforcer [None req-c417026d-6cbd-4e86-85af-4331b2179046 None admin] RBAC: Authorizing `identity:validate_token()` {{(pid=81770) enforce_call /opt/stack/keystone/keystone/common/rbac_enforcer/enforcer.py:449}}
Oct 13 16:49:21.441573 n-d-860864-12 devstack@keystone.service[81770]: DEBUG keystone.common.rbac_enforcer.enforcer [None req-c417026d-6cbd-4e86-85af-4331b2179046 None admin] RBAC: Authorization granted {{(pid=81770) enforce_call /opt/stack/keystone/keystone/common/rbac_enforcer/enforcer.py:457}}
Oct 13 16:49:21.442499 n-d-860864-12 devstack@keystone.service[81771]: DEBUG keystone.server.flask.request_processing.middleware.auth_context [None req-1a8fa3cf-8042-4706-af62-3b780fb3a0a9 None admin] RBAC: auth_context: {'token': , 'domain_id': None, 'trust_id': None, 'trustor_id': None, 'trustee_id': None, 'domain_name': None, 'group_ids': [], 'user_id': '9705145e56b3475a80ba831ce41317c8', 'user_domain_id': 'default', 'system_scope': 'all', 'project_id': None, 'project_domain_id': None, 'roles': ['admin', 'member', 'reader'], 'is_admin_project': True, 'service_user_id': None, 'service_user_domain_id': None, 'service_project_id': None, 'service_project_domain_id': None, 'service_roles': []} {{(pid=81771) fill_context /opt/stack/keystone/keystone/server/flask/request_processing/middleware/auth_context.py:478}}
Oct 13 16:49:21.443214 n-d-860864-12 devstack@keystone.service[81771]: DEBUG keystone.server.flask.request_processing.req_logging [None req-1a8fa3cf-8042-4706-af62-3b780fb3a0a9 None admin] REQUEST_METHOD: `GET` {{(pid=81771) log_request_info /opt/stack/keystone/keystone/server/flask/request_processing/req_logging.py:27}}
Oct 13 16:49:21.443628 n-d-860864-12 devstack@keystone.service[81771]: DEBUG keystone.server.flask.request_processing.req_logging [None req-1a8fa3cf-8042-4706-af62-3b780fb3a0a9 None admin] SCRIPT_NAME: `/identity` {{(pid=81771) log_request_info /opt/stack/keystone/keystone/server/flask/request_processing/req_logging.py:28}}
Oct 13 16:49:21.443980 n-d-860864-12 devstack@keystone.service[81771]: DEBUG keystone.server.flask.request_processing.req_logging [None req-1a8fa3cf-8042-4706-af62-3b780fb3a0a9 None admin] PATH_INFO: `/v3/roles` {{(pid=81771) log_request_info /opt/stack/keystone/keystone/server/flask/request_processing/req_logging.py:29}}
Oct 13 16:49:21.444974 n-d-860864-12 devstack@keystone.service[81771]: DEBUG keystone.common.rbac_enforcer.enforcer [None req-1a8fa3cf-8042-4706-af62-3b780fb3a0a9 None admin] RBAC: Adding query filter params (name=member) {{(pid=81771) _extract_filter_values /opt/stack/keystone/keystone/common/rbac_enforcer/enforcer.py:167}}
Oct 13 16:49:21.445501 n-d-860864-12 devstack@keystone.service[81771]: DEBUG keystone.common.rbac_enforcer.enforcer [None req-1a8fa3cf-8042-4706-af62-3b780fb3a0a9 None admin] RBAC: Authorizing `identity:list_roles()` {{(pid=81771) enforce_call /opt/stack/keystone/keystone/common/rbac_enforcer/enforcer.py:449}}
Oct 13 16:49:21.446997 n-d-860864-12 devstack@keystone.service[81771]: DEBUG keystone.common.rbac_enforcer.enforcer [None req-1a8fa3cf-8042-4706-af62-3b780fb3a0a9 None admin] RBAC: Authorization granted {{(pid=81771) enforce_call /opt/stack/keystone/keystone/common/rbac_enforcer/enforcer.py:457}}
Oct 13 16:49:21.460916 n-d-860864-12 devstack@keystone.service[81771]: [pid: 81771|app: 0|req: 64/122] 10.222.0.13 () {56 vars in 1101 bytes} [Thu Oct 13 16:49:21 2022] GET /identity/v3/roles?name=member => generated 341 bytes in 227 msecs (HTTP/1.1 200) 5 headers in 177 bytes (1 switches on core 0)
Oct 13 16:49:21.467390 n-d-860864-12 devstack@keystone.service[81771]: DEBUG keystone.server.flask.request_processing.middleware.auth_context [None req-1a8fa3cf-8042-4706-af62-3b780fb3a0a9 None admin] Authenticating user token {{(pid=81771) process_request /usr/local/lib/python3.8/dist-packages/keystonemiddleware/auth_token/__init__.py:407}}
Oct 13 16:49:21.515363 n-d-860864-12 devstack@keystone.service[81770]: DEBUG dbcounter [-] [81770] Writing DB stats keystone:SELECT=100 {{(pid=81770) stat_writer /usr/local/lib/python3.8/dist-packages/dbcounter.py:114}}
Oct 13 16:49:21.543364 n-d-860864-12 devstack@keystone.service[81771]: DEBUG dbcounter [-] [81771] Writing DB stats keystone:SELECT=99,keystone:INSERT=1 {{(pid=81771) stat_writer /usr/local/lib/python3.8/dist-packages/dbcounter.py:114}}
Oct 13 16:49:21.593930 n-d-860864-12 devstack@keystone.service[81770]: [pid: 81770|app: 0|req: 59/123] 10.222.0.13 () {58 vars in 1282 bytes} [Thu Oct 13 16:49:21 2022] GET /identity/v3/auth/tokens => generated 799 bytes in 484 msecs (HTTP/1.1 200) 6 headers in 358 bytes (1 switches on core 0)
Oct 13 16:49:21.599630 n-d-860864-12 devstack@keystone.service[81770]: DEBUG keystone.server.flask.request_processing.middleware.auth_context [None req-c417026d-6cbd-4e86-85af-4331b2179046 None admin] Authenticating user token {{(pid=81770) process_request /usr/local/lib/python3.8/dist-packages/keystonemiddleware/auth_token/__init__.py:407}}
Oct 13 16:49:21.613577 n-d-860864-12 devstack@keystone.service[81771]: DEBUG keystone.server.flask.request_processing.middleware.auth_context [None req-1a8fa3cf-8042-4706-af62-3b780fb3a0a9 None admin] Validating token access rules against request {{(pid=81771) validate_allowed_request /usr/local/lib/python3.8/dist-packages/keystonemiddleware/auth_token/__init__.py:545}}
Oct 13 16:49:21.662985 n-d-860864-12 devstack@keystone.service[81771]: DEBUG keystone.server.flask.request_processing.middleware.auth_context [None req-44d7dc02-3b0b-4b49-8062-63e42bd32ef7 None admin] RBAC: auth_context: {'token': , 'domain_id': None, 'trust_id': None, 'trustor_id': None, 'trustee_id': None, 'domain_name': None, 'group_ids': [], 'user_id': '9705145e56b3475a80ba831ce41317c8', 'user_domain_id': 'default', 'system_scope': 'all', 'project_id': None, 'project_domain_id': None, 'roles': ['admin', 'member', 'reader'], 'is_admin_project': True, 'service_user_id': None, 'service_user_domain_id': None, 'service_project_id': None, 'service_project_domain_id': None, 'service_roles': []} {{(pid=81771) fill_context /opt/stack/keystone/keystone/server/flask/request_processing/middleware/auth_context.py:478}}
Oct 13 16:49:21.663932 n-d-860864-12 devstack@keystone.service[81771]: DEBUG keystone.server.flask.request_processing.req_logging [None req-44d7dc02-3b0b-4b49-8062-63e42bd32ef7 None admin] REQUEST_METHOD: `GET` {{(pid=81771) log_request_info /opt/stack/keystone/keystone/server/flask/request_processing/req_logging.py:27}}
Oct 13 16:49:21.664206 n-d-860864-12 devstack@keystone.service[81771]: DEBUG keystone.server.flask.request_processing.req_logging [None req-44d7dc02-3b0b-4b49-8062-63e42bd32ef7 None admin] SCRIPT_NAME: `/identity` {{(pid=81771) log_request_info /opt/stack/keystone/keystone/server/flask/request_processing/req_logging.py:28}}
Oct 13 16:49:21.664725 n-d-860864-12 devstack@keystone.service[81771]: DEBUG keystone.server.flask.request_processing.req_logging [None req-44d7dc02-3b0b-4b49-8062-63e42bd32ef7 None admin] PATH_INFO: `/v3/users/f6bbf8af1237405389b08ed728d667a5` {{(pid=81771) log_request_info /opt/stack/keystone/keystone/server/flask/request_processing/req_logging.py:29}}
Oct 13 16:49:21.666418 n-d-860864-12 devstack@keystone.service[81771]: DEBUG keystone.common.rbac_enforcer.enforcer [None req-44d7dc02-3b0b-4b49-8062-63e42bd32ef7 None admin] RBAC: Authorizing `identity:get_user(user_id=f6bbf8af1237405389b08ed728d667a5)` {{(pid=81771) enforce_call /opt/stack/keystone/keystone/common/rbac_enforcer/enforcer.py:449}}
Oct 13 16:49:21.668694 n-d-860864-12 devstack@keystone.service[81771]: DEBUG keystone.common.rbac_enforcer.enforcer [None req-44d7dc02-3b0b-4b49-8062-63e42bd32ef7 None admin] RBAC: Authorization granted {{(pid=81771) enforce_call /opt/stack/keystone/keystone/common/rbac_enforcer/enforcer.py:457}}
Oct 13 16:49:21.671402 n-d-860864-12 devstack@keystone.service[81771]: [pid: 81771|app: 0|req: 65/124] 10.222.0.13 () {56 vars in 1177 bytes} [Thu Oct 13 16:49:21 2022] GET /identity/v3/users/f6bbf8af1237405389b08ed728d667a5 => generated 275 bytes in 205 msecs (HTTP/1.1 200) 5 headers in 177 bytes (1 switches on core 0)
Oct 13 16:49:21.678284 n-d-860864-12 devstack@keystone.service[81771]: DEBUG keystone.server.flask.request_processing.middleware.auth_context [None req-44d7dc02-3b0b-4b49-8062-63e42bd32ef7 None admin] Authenticating user token {{(pid=81771) process_request /usr/local/lib/python3.8/dist-packages/keystonemiddleware/auth_token/__init__.py:407}}
Oct 13 16:49:21.720643 n-d-860864-12 devstack@keystone.service[81770]: DEBUG keystone.server.flask.request_processing.middleware.auth_context [None req-c417026d-6cbd-4e86-85af-4331b2179046 None admin] Validating token access rules against request {{(pid=81770) validate_allowed_request /usr/local/lib/python3.8/dist-packages/keystonemiddleware/auth_token/__init__.py:545}}
Oct 13 16:49:21.758852 n-d-860864-12 devstack@keystone.service[81770]: DEBUG keystone.server.flask.request_processing.middleware.auth_context [None req-50f0fa92-bd9f-4bae-b78b-293be13d6354 None admin] RBAC: auth_context: {'token': , 'domain_id': None, 'trust_id': None, 'trustor_id': None, 'trustee_id': None, 'domain_name': None, 'group_ids': [], 'user_id': '9705145e56b3475a80ba831ce41317c8', 'user_domain_id': 'default', 'system_scope': 'all', 'project_id': None, 'project_domain_id': None, 'roles': ['admin', 'member', 'reader'], 'is_admin_project': True, 'service_user_id': None, 'service_user_domain_id': None, 'service_project_id': None, 'service_project_domain_id': None, 'service_roles': []} {{(pid=81770) fill_context /opt/stack/keystone/keystone/server/flask/request_processing/middleware/auth_context.py:478}}
Oct 13 16:49:21.759549 n-d-860864-12 devstack@keystone.service[81770]: DEBUG keystone.server.flask.request_processing.req_logging [None req-50f0fa92-bd9f-4bae-b78b-293be13d6354 None admin] REQUEST_METHOD: `GET` {{(pid=81770) log_request_info /opt/stack/keystone/keystone/server/flask/request_processing/req_logging.py:27}}
Oct 13 16:49:21.759874 n-d-860864-12 devstack@keystone.service[81770]: DEBUG keystone.server.flask.request_processing.req_logging [None req-50f0fa92-bd9f-4bae-b78b-293be13d6354 None admin] SCRIPT_NAME: `/identity` {{(pid=81770) log_request_info /opt/stack/keystone/keystone/server/flask/request_processing/req_logging.py:28}}
Oct 13 16:49:21.760156 n-d-860864-12 devstack@keystone.service[81770]: DEBUG keystone.server.flask.request_processing.req_logging [None req-50f0fa92-bd9f-4bae-b78b-293be13d6354 None admin] PATH_INFO: `/v3/projects/3087fb86ff834ecfa43109360de2f7e9` {{(pid=81770) log_request_info /opt/stack/keystone/keystone/server/flask/request_processing/req_logging.py:29}}
Oct 13 16:49:21.761438 n-d-860864-12 devstack@keystone.service[81770]: DEBUG keystone.common.rbac_enforcer.enforcer [None req-50f0fa92-bd9f-4bae-b78b-293be13d6354 None admin] RBAC: Authorizing `identity:get_project(project_id=3087fb86ff834ecfa43109360de2f7e9)` {{(pid=81770) enforce_call /opt/stack/keystone/keystone/common/rbac_enforcer/enforcer.py:449}}
Oct 13 16:49:21.763051 n-d-860864-12 devstack@keystone.service[81770]: DEBUG keystone.common.rbac_enforcer.enforcer [None req-50f0fa92-bd9f-4bae-b78b-293be13d6354 None admin] RBAC: Authorization granted {{(pid=81770) enforce_call /opt/stack/keystone/keystone/common/rbac_enforcer/enforcer.py:457}}
Oct 13 16:49:21.765152 n-d-860864-12 devstack@keystone.service[81770]: [pid: 81770|app: 0|req: 60/125] 10.222.0.13 () {56 vars in 1186 bytes} [Thu Oct 13 16:49:21 2022] GET /identity/v3/projects/3087fb86ff834ecfa43109360de2f7e9 => generated 298 bytes in 166 msecs (HTTP/1.1 200) 5 headers in 177 bytes (2 switches on core 0)
Oct 13 16:49:21.770830 n-d-860864-12 devstack@keystone.service[81770]: DEBUG keystone.server.flask.request_processing.middleware.auth_context [None req-50f0fa92-bd9f-4bae-b78b-293be13d6354 None admin] Authenticating user token {{(pid=81770) process_request /usr/local/lib/python3.8/dist-packages/keystonemiddleware/auth_token/__init__.py:407}}
Oct 13 16:49:21.781164 n-d-860864-12 devstack@keystone.service[81771]: DEBUG keystone.server.flask.request_processing.middleware.auth_context [None req-44d7dc02-3b0b-4b49-8062-63e42bd32ef7 None admin] Validating token access rules against request {{(pid=81771) validate_allowed_request /usr/local/lib/python3.8/dist-packages/keystonemiddleware/auth_token/__init__.py:545}}
Oct 13 16:49:21.784803 n-d-860864-12 devstack@keystone.service[81770]: DEBUG dbcounter [-] [81770] Writing DB stats keystone:SELECT=100 {{(pid=81770) stat_writer /usr/local/lib/python3.8/dist-packages/dbcounter.py:114}}
Oct 13 16:49:21.798353 n-d-860864-12 devstack@keystone.service[81771]: DEBUG dbcounter [-] [81771] Writing DB stats keystone:SELECT=100 {{(pid=81771) stat_writer /usr/local/lib/python3.8/dist-packages/dbcounter.py:114}}
Oct 13 16:49:21.817613 n-d-860864-12 devstack@keystone.service[81771]: DEBUG keystone.server.flask.request_processing.middleware.auth_context [None req-e2a93a1b-7def-4802-83d1-fbcb01076d46 None admin] RBAC: auth_context: {'token': , 'domain_id': None, 'trust_id': None, 'trustor_id': None, 'trustee_id': None, 'domain_name': None, 'group_ids': [], 'user_id': '9705145e56b3475a80ba831ce41317c8', 'user_domain_id': 'default', 'system_scope': 'all', 'project_id': None, 'project_domain_id': None, 'roles': ['admin', 'member', 'reader'], 'is_admin_project': True, 'service_user_id': None, 'service_user_domain_id': None, 'service_project_id': None, 'service_project_domain_id': None, 'service_roles': []} {{(pid=81771) fill_context /opt/stack/keystone/keystone/server/flask/request_processing/middleware/auth_context.py:478}}
Oct 13 16:49:21.818307 n-d-860864-12 devstack@keystone.service[81771]: DEBUG keystone.server.flask.request_processing.req_logging [None req-e2a93a1b-7def-4802-83d1-fbcb01076d46 None admin] REQUEST_METHOD: `GET` {{(pid=81771) log_request_info /opt/stack/keystone/keystone/server/flask/request_processing/req_logging.py:27}}
Oct 13 16:49:21.818685 n-d-860864-12 devstack@keystone.service[81771]: DEBUG keystone.server.flask.request_processing.req_logging [None req-e2a93a1b-7def-4802-83d1-fbcb01076d46 None admin] SCRIPT_NAME: `/identity` {{(pid=81771) log_request_info /opt/stack/keystone/keystone/server/flask/request_processing/req_logging.py:28}}
Oct 13 16:49:21.819021 n-d-860864-12 devstack@keystone.service[81771]: DEBUG keystone.server.flask.request_processing.req_logging [None req-e2a93a1b-7def-4802-83d1-fbcb01076d46 None admin] PATH_INFO: `/v3/auth/tokens` {{(pid=81771) log_request_info /opt/stack/keystone/keystone/server/flask/request_processing/req_logging.py:29}}
Oct 13 16:49:21.886125 n-d-860864-12 devstack@keystone.service[81770]: DEBUG keystone.server.flask.request_processing.middleware.auth_context [None req-50f0fa92-bd9f-4bae-b78b-293be13d6354 None admin] Validating token access rules against request {{(pid=81770) validate_allowed_request /usr/local/lib/python3.8/dist-packages/keystonemiddleware/auth_token/__init__.py:545}}
Oct 13 16:49:21.890276 n-d-860864-12 devstack@keystone.service[81771]: DEBUG keystone.common.rbac_enforcer.enforcer [None req-e2a93a1b-7def-4802-83d1-fbcb01076d46 None admin] RBAC: Authorizing `identity:validate_token()` {{(pid=81771) enforce_call /opt/stack/keystone/keystone/common/rbac_enforcer/enforcer.py:449}}
Oct 13 16:49:21.891874 n-d-860864-12 devstack@keystone.service[81771]: DEBUG keystone.common.rbac_enforcer.enforcer [None req-e2a93a1b-7def-4802-83d1-fbcb01076d46 None admin] RBAC: Authorization granted {{(pid=81771) enforce_call /opt/stack/keystone/keystone/common/rbac_enforcer/enforcer.py:457}}
Oct 13 16:49:21.924286 n-d-860864-12 devstack@keystone.service[81770]: DEBUG keystone.server.flask.request_processing.middleware.auth_context [None req-5291e0ae-6b6c-4e9d-903a-6bb7ed3b25cb None admin] RBAC: auth_context: {'token': , 'domain_id': None, 'trust_id': None, 'trustor_id': None, 'trustee_id': None, 'domain_name': None, 'group_ids': [], 'user_id': '9705145e56b3475a80ba831ce41317c8', 'user_domain_id': 'default', 'system_scope': 'all', 'project_id': None, 'project_domain_id': None, 'roles': ['admin', 'member', 'reader'], 'is_admin_project': True, 'service_user_id': None, 'service_user_domain_id': None, 'service_project_id': None, 'service_project_domain_id': None, 'service_roles': []} {{(pid=81770) fill_context /opt/stack/keystone/keystone/server/flask/request_processing/middleware/auth_context.py:478}}
Oct 13 16:49:21.924898 n-d-860864-12 devstack@keystone.service[81770]: DEBUG keystone.server.flask.request_processing.req_logging [None req-5291e0ae-6b6c-4e9d-903a-6bb7ed3b25cb None admin] REQUEST_METHOD: `GET` {{(pid=81770) log_request_info /opt/stack/keystone/keystone/server/flask/request_processing/req_logging.py:27}}
Oct 13 16:49:21.925287 n-d-860864-12 devstack@keystone.service[81770]: DEBUG keystone.server.flask.request_processing.req_logging [None req-5291e0ae-6b6c-4e9d-903a-6bb7ed3b25cb None admin] SCRIPT_NAME: `/identity` {{(pid=81770) log_request_info /opt/stack/keystone/keystone/server/flask/request_processing/req_logging.py:28}}
Oct 13 16:49:21.925561 n-d-860864-12 devstack@keystone.service[81770]: DEBUG keystone.server.flask.request_processing.req_logging [None req-5291e0ae-6b6c-4e9d-903a-6bb7ed3b25cb None admin] PATH_INFO: `/v3/role_assignments` {{(pid=81770) log_request_info /opt/stack/keystone/keystone/server/flask/request_processing/req_logging.py:29}}
Oct 13 16:49:21.926395 n-d-860864-12 devstack@keystone.service[81770]: DEBUG keystone.common.rbac_enforcer.enforcer [None req-5291e0ae-6b6c-4e9d-903a-6bb7ed3b25cb None admin] RBAC: Adding query filter params (role.id=9b4056d11d4b4dad84895b7b0b9a9216, scope.project.id=3087fb86ff834ecfa43109360de2f7e9, user.id=f6bbf8af1237405389b08ed728d667a5) {{(pid=81770) _extract_filter_values /opt/stack/keystone/keystone/common/rbac_enforcer/enforcer.py:167}}
Oct 13 16:49:21.926802 n-d-860864-12 devstack@keystone.service[81770]: DEBUG keystone.common.rbac_enforcer.enforcer [None req-5291e0ae-6b6c-4e9d-903a-6bb7ed3b25cb None admin] RBAC: Authorizing `identity:list_role_assignments()` {{(pid=81770) enforce_call /opt/stack/keystone/keystone/common/rbac_enforcer/enforcer.py:449}}
Oct 13 16:49:21.928277 n-d-860864-12 devstack@keystone.service[81770]: DEBUG keystone.common.rbac_enforcer.enforcer [None req-5291e0ae-6b6c-4e9d-903a-6bb7ed3b25cb None admin] RBAC: Authorization granted {{(pid=81770) enforce_call /opt/stack/keystone/keystone/common/rbac_enforcer/enforcer.py:457}}
Oct 13 16:49:21.935528 n-d-860864-12 devstack@keystone.service[81770]: [pid: 81770|app: 0|req: 61/126] 10.222.0.13 () {56 vars in 1374 bytes} [Thu Oct 13 16:49:21 2022] GET /identity/v3/role_assignments?user.id=f6bbf8af1237405389b08ed728d667a5&scope.project.id=3087fb86ff834ecfa43109360de2f7e9&role.id=9b4056d11d4b4dad84895b7b0b9a9216 => generated 608 bytes in 165 msecs (HTTP/1.1 200) 5 headers in 177 bytes (2 switches on core 0)
Oct 13 16:49:22.001117 n-d-860864-12 devstack@keystone.service[81771]: [pid: 81771|app: 0|req: 66/127] 10.222.0.13 () {58 vars in 1282 bytes} [Thu Oct 13 16:49:21 2022] GET /identity/v3/auth/tokens => generated 799 bytes in 323 msecs (HTTP/1.1 200) 6 headers in 358 bytes (2 switches on core 0)
Oct 13 16:49:22.007551 n-d-860864-12 devstack@keystone.service[81770]: DEBUG keystone.server.flask.request_processing.middleware.auth_context [None req-5291e0ae-6b6c-4e9d-903a-6bb7ed3b25cb None admin] Authenticating user token {{(pid=81770) process_request /usr/local/lib/python3.8/dist-packages/keystonemiddleware/auth_token/__init__.py:407}}
Oct 13 16:49:22.092161 n-d-860864-12 devstack@keystone.service[81770]: DEBUG dbcounter [-] [81770] Writing DB stats keystone:SELECT=100 {{(pid=81770) stat_writer /usr/local/lib/python3.8/dist-packages/dbcounter.py:114}}
Oct 13 16:49:22.121318 n-d-860864-12 devstack@keystone.service[81770]: DEBUG keystone.server.flask.request_processing.middleware.auth_context [None req-5291e0ae-6b6c-4e9d-903a-6bb7ed3b25cb None admin] Validating token access rules against request {{(pid=81770) validate_allowed_request /usr/local/lib/python3.8/dist-packages/keystonemiddleware/auth_token/__init__.py:545}}
Oct 13 16:49:22.163273 n-d-860864-12 devstack@keystone.service[81770]: DEBUG keystone.server.flask.request_processing.middleware.auth_context [None req-a3deca81-9565-4c75-97e9-b7217505d2c7 None admin] RBAC: auth_context: {'token': , 'domain_id': None, 'trust_id': None, 'trustor_id': None, 'trustee_id': None, 'domain_name': None, 'group_ids': [], 'user_id': '9705145e56b3475a80ba831ce41317c8', 'user_domain_id': 'default', 'system_scope': 'all', 'project_id': None, 'project_domain_id': None, 'roles': ['admin', 'member', 'reader'], 'is_admin_project': True, 'service_user_id': None, 'service_user_domain_id': None, 'service_project_id': None, 'service_project_domain_id': None, 'service_roles': []} {{(pid=81770) fill_context /opt/stack/keystone/keystone/server/flask/request_processing/middleware/auth_context.py:478}}
Oct 13 16:49:22.163673 n-d-860864-12 devstack@keystone.service[81770]: DEBUG keystone.server.flask.request_processing.req_logging [None req-a3deca81-9565-4c75-97e9-b7217505d2c7 None admin] REQUEST_METHOD: `GET` {{(pid=81770) log_request_info /opt/stack/keystone/keystone/server/flask/request_processing/req_logging.py:27}}
Oct 13 16:49:22.166432 n-d-860864-12 devstack@keystone.service[81770]: DEBUG keystone.server.flask.request_processing.req_logging [None req-a3deca81-9565-4c75-97e9-b7217505d2c7 None admin] SCRIPT_NAME: `/identity` {{(pid=81770) log_request_info /opt/stack/keystone/keystone/server/flask/request_processing/req_logging.py:28}}
Oct 13 16:49:22.166432 n-d-860864-12 devstack@keystone.service[81770]: DEBUG keystone.server.flask.request_processing.req_logging [None req-a3deca81-9565-4c75-97e9-b7217505d2c7 None admin] PATH_INFO: `/v3/projects/7077d2931a444f969cdce3d22c2236cb` {{(pid=81770) log_request_info /opt/stack/keystone/keystone/server/flask/request_processing/req_logging.py:29}}
Oct 13 16:49:22.167055 n-d-860864-12 devstack@keystone.service[81770]: DEBUG keystone.common.rbac_enforcer.enforcer [None req-a3deca81-9565-4c75-97e9-b7217505d2c7 None admin] RBAC: Authorizing `identity:get_project(project_id=7077d2931a444f969cdce3d22c2236cb)` {{(pid=81770) enforce_call /opt/stack/keystone/keystone/common/rbac_enforcer/enforcer.py:449}}
Oct 13 16:49:22.169730 n-d-860864-12 devstack@keystone.service[81770]: DEBUG keystone.common.rbac_enforcer.enforcer [None req-a3deca81-9565-4c75-97e9-b7217505d2c7 None admin] RBAC: Authorization granted {{(pid=81770) enforce_call /opt/stack/keystone/keystone/common/rbac_enforcer/enforcer.py:457}}
Oct 13 16:49:22.170194 n-d-860864-12 devstack@keystone.service[81770]: [pid: 81770|app: 0|req: 62/128] 10.222.0.13 () {56 vars in 1186 bytes} [Thu Oct 13 16:49:22 2022] GET /identity/v3/projects/7077d2931a444f969cdce3d22c2236cb => generated 312 bytes in 164 msecs (HTTP/1.1 200) 5 headers in 177 bytes (1 switches on core 0)
Oct 13 16:49:22.176198 n-d-860864-12 devstack@keystone.service[81771]: DEBUG keystone.server.flask.request_processing.middleware.auth_context [None req-e2a93a1b-7def-4802-83d1-fbcb01076d46 None admin] Authenticating user token {{(pid=81771) process_request /usr/local/lib/python3.8/dist-packages/keystonemiddleware/auth_token/__init__.py:407}}
