Oct 13 16:49:26.628384 n-d-860864-12 devstack@keystone.service[81771]: DEBUG keystone.server.flask.request_processing.middleware.auth_context [None req-3b35140a-987a-4a41-8567-5d4e0ffb898a None admin] Validating token access rules against request {{(pid=81771) validate_allowed_request /usr/local/lib/python3.8/dist-packages/keystonemiddleware/auth_token/__init__.py:545}}
Oct 13 16:49:26.638794 n-d-860864-12 devstack@keystone.service[81770]: DEBUG keystone.server.flask.request_processing.middleware.auth_context [None req-83a439a9-f643-47b1-b176-e0504f6b408a None admin] Validating token access rules against request {{(pid=81770) validate_allowed_request /usr/local/lib/python3.8/dist-packages/keystonemiddleware/auth_token/__init__.py:545}}
Oct 13 16:49:26.664771 n-d-860864-12 devstack@keystone.service[81771]: DEBUG keystone.server.flask.request_processing.middleware.auth_context [None req-9c44c58d-bbd2-4466-951b-0dc1f2623e5f None admin] RBAC: auth_context: {'token': , 'domain_id': None, 'trust_id': None, 'trustor_id': None, 'trustee_id': None, 'domain_name': None, 'group_ids': [], 'user_id': '9705145e56b3475a80ba831ce41317c8', 'user_domain_id': 'default', 'system_scope': 'all', 'project_id': None, 'project_domain_id': None, 'roles': ['admin', 'member', 'reader'], 'is_admin_project': True, 'service_user_id': None, 'service_user_domain_id': None, 'service_project_id': None, 'service_project_domain_id': None, 'service_roles': []} {{(pid=81771) fill_context /opt/stack/keystone/keystone/server/flask/request_processing/middleware/auth_context.py:478}}
Oct 13 16:49:26.665422 n-d-860864-12 devstack@keystone.service[81771]: DEBUG keystone.server.flask.request_processing.req_logging [None req-9c44c58d-bbd2-4466-951b-0dc1f2623e5f None admin] REQUEST_METHOD: `GET` {{(pid=81771) log_request_info /opt/stack/keystone/keystone/server/flask/request_processing/req_logging.py:27}}
Oct 13 16:49:26.665699 n-d-860864-12 devstack@keystone.service[81771]: DEBUG keystone.server.flask.request_processing.req_logging [None req-9c44c58d-bbd2-4466-951b-0dc1f2623e5f None admin] SCRIPT_NAME: `/identity` {{(pid=81771) log_request_info /opt/stack/keystone/keystone/server/flask/request_processing/req_logging.py:28}}
Oct 13 16:49:26.665971 n-d-860864-12 devstack@keystone.service[81771]: DEBUG keystone.server.flask.request_processing.req_logging [None req-9c44c58d-bbd2-4466-951b-0dc1f2623e5f None admin] PATH_INFO: `/v3/users/7e7a8d6fbf5b4ab1ad2e24de3772543e` {{(pid=81771) log_request_info /opt/stack/keystone/keystone/server/flask/request_processing/req_logging.py:29}}
Oct 13 16:49:26.667163 n-d-860864-12 devstack@keystone.service[81771]: DEBUG keystone.common.rbac_enforcer.enforcer [None req-9c44c58d-bbd2-4466-951b-0dc1f2623e5f None admin] RBAC: Authorizing `identity:get_user(user_id=7e7a8d6fbf5b4ab1ad2e24de3772543e)` {{(pid=81771) enforce_call /opt/stack/keystone/keystone/common/rbac_enforcer/enforcer.py:449}}
Oct 13 16:49:26.668675 n-d-860864-12 devstack@keystone.service[81771]: DEBUG keystone.common.rbac_enforcer.enforcer [None req-9c44c58d-bbd2-4466-951b-0dc1f2623e5f None admin] RBAC: Authorization granted {{(pid=81771) enforce_call /opt/stack/keystone/keystone/common/rbac_enforcer/enforcer.py:457}}
Oct 13 16:49:26.670302 n-d-860864-12 devstack@keystone.service[81771]: [pid: 81771|app: 0|req: 80/155] 10.222.0.13 () {56 vars in 1177 bytes} [Thu Oct 13 16:49:26 2022] GET /identity/v3/users/7e7a8d6fbf5b4ab1ad2e24de3772543e => generated 283 bytes in 169 msecs (HTTP/1.1 200) 5 headers in 177 bytes (1 switches on core 0)
Oct 13 16:49:26.675807 n-d-860864-12 devstack@keystone.service[81771]: DEBUG keystone.server.flask.request_processing.middleware.auth_context [None req-9c44c58d-bbd2-4466-951b-0dc1f2623e5f None admin] Authenticating user token {{(pid=81771) process_request /usr/local/lib/python3.8/dist-packages/keystonemiddleware/auth_token/__init__.py:407}}
Oct 13 16:49:26.677881 n-d-860864-12 devstack@keystone.service[81770]: DEBUG keystone.server.flask.request_processing.middleware.auth_context [None req-e7001d13-ce86-4316-bc1c-bae339964d91 None admin] RBAC: auth_context: {'token': , 'domain_id': None, 'trust_id': None, 'trustor_id': None, 'trustee_id': None, 'domain_name': None, 'group_ids': [], 'user_id': '9705145e56b3475a80ba831ce41317c8', 'user_domain_id': 'default', 'system_scope': 'all', 'project_id': None, 'project_domain_id': None, 'roles': ['admin', 'member', 'reader'], 'is_admin_project': True, 'service_user_id': None, 'service_user_domain_id': None, 'service_project_id': None, 'service_project_domain_id': None, 'service_roles': []} {{(pid=81770) fill_context /opt/stack/keystone/keystone/server/flask/request_processing/middleware/auth_context.py:478}}
Oct 13 16:49:26.679193 n-d-860864-12 devstack@keystone.service[81770]: DEBUG keystone.server.flask.request_processing.req_logging [None req-e7001d13-ce86-4316-bc1c-bae339964d91 None admin] REQUEST_METHOD: `GET` {{(pid=81770) log_request_info /opt/stack/keystone/keystone/server/flask/request_processing/req_logging.py:27}}
Oct 13 16:49:26.679441 n-d-860864-12 devstack@keystone.service[81770]: DEBUG keystone.server.flask.request_processing.req_logging [None req-e7001d13-ce86-4316-bc1c-bae339964d91 None admin] SCRIPT_NAME: `/identity` {{(pid=81770) log_request_info /opt/stack/keystone/keystone/server/flask/request_processing/req_logging.py:28}}
Oct 13 16:49:26.679656 n-d-860864-12 devstack@keystone.service[81770]: DEBUG keystone.server.flask.request_processing.req_logging [None req-e7001d13-ce86-4316-bc1c-bae339964d91 None admin] PATH_INFO: `/v3/projects/0f173cd2ec444c40b045d6e0a8ef16e5` {{(pid=81770) log_request_info /opt/stack/keystone/keystone/server/flask/request_processing/req_logging.py:29}}
Oct 13 16:49:26.680888 n-d-860864-12 devstack@keystone.service[81770]: DEBUG keystone.common.rbac_enforcer.enforcer [None req-e7001d13-ce86-4316-bc1c-bae339964d91 None admin] RBAC: Authorizing `identity:get_project(project_id=0f173cd2ec444c40b045d6e0a8ef16e5)` {{(pid=81770) enforce_call /opt/stack/keystone/keystone/common/rbac_enforcer/enforcer.py:449}}
Oct 13 16:49:26.682619 n-d-860864-12 devstack@keystone.service[81770]: DEBUG keystone.common.rbac_enforcer.enforcer [None req-e7001d13-ce86-4316-bc1c-bae339964d91 None admin] RBAC: Authorization granted {{(pid=81770) enforce_call /opt/stack/keystone/keystone/common/rbac_enforcer/enforcer.py:457}}
Oct 13 16:49:26.684564 n-d-860864-12 devstack@keystone.service[81770]: [pid: 81770|app: 0|req: 76/156] 10.222.0.13 () {56 vars in 1186 bytes} [Thu Oct 13 16:49:26 2022] GET /identity/v3/projects/0f173cd2ec444c40b045d6e0a8ef16e5 => generated 302 bytes in 164 msecs (HTTP/1.1 200) 5 headers in 177 bytes (1 switches on core 0)
Oct 13 16:49:26.690133 n-d-860864-12 devstack@keystone.service[81770]: DEBUG keystone.server.flask.request_processing.middleware.auth_context [None req-e7001d13-ce86-4316-bc1c-bae339964d91 None admin] Authenticating user token {{(pid=81770) process_request /usr/local/lib/python3.8/dist-packages/keystonemiddleware/auth_token/__init__.py:407}}
Oct 13 16:49:26.755533 n-d-860864-12 devstack@keystone.service[81771]: DEBUG dbcounter [-] [81771] Writing DB stats keystone:SELECT=100 {{(pid=81771) stat_writer /usr/local/lib/python3.8/dist-packages/dbcounter.py:114}}
Oct 13 16:49:26.803040 n-d-860864-12 devstack@keystone.service[81771]: DEBUG keystone.server.flask.request_processing.middleware.auth_context [None req-9c44c58d-bbd2-4466-951b-0dc1f2623e5f None admin] Validating token access rules against request {{(pid=81771) validate_allowed_request /usr/local/lib/python3.8/dist-packages/keystonemiddleware/auth_token/__init__.py:545}}
Oct 13 16:49:26.805633 n-d-860864-12 devstack@keystone.service[81770]: DEBUG keystone.server.flask.request_processing.middleware.auth_context [None req-e7001d13-ce86-4316-bc1c-bae339964d91 None admin] Validating token access rules against request {{(pid=81770) validate_allowed_request /usr/local/lib/python3.8/dist-packages/keystonemiddleware/auth_token/__init__.py:545}}
Oct 13 16:49:26.823854 n-d-860864-12 devstack@keystone.service[81770]: DEBUG dbcounter [-] [81770] Writing DB stats keystone:SELECT=100 {{(pid=81770) stat_writer /usr/local/lib/python3.8/dist-packages/dbcounter.py:114}}
Oct 13 16:49:26.851391 n-d-860864-12 devstack@keystone.service[81771]: DEBUG keystone.server.flask.request_processing.middleware.auth_context [None req-16b32cb9-c095-4d3b-9198-5509bab92072 None admin] RBAC: auth_context: {'token': , 'domain_id': None, 'trust_id': None, 'trustor_id': None, 'trustee_id': None, 'domain_name': None, 'group_ids': [], 'user_id': '9705145e56b3475a80ba831ce41317c8', 'user_domain_id': 'default', 'system_scope': 'all', 'project_id': None, 'project_domain_id': None, 'roles': ['admin', 'member', 'reader'], 'is_admin_project': True, 'service_user_id': None, 'service_user_domain_id': None, 'service_project_id': None, 'service_project_domain_id': None, 'service_roles': []} {{(pid=81771) fill_context /opt/stack/keystone/keystone/server/flask/request_processing/middleware/auth_context.py:478}}
Oct 13 16:49:26.852265 n-d-860864-12 devstack@keystone.service[81771]: DEBUG keystone.server.flask.request_processing.req_logging [None req-16b32cb9-c095-4d3b-9198-5509bab92072 None admin] REQUEST_METHOD: `GET` {{(pid=81771) log_request_info /opt/stack/keystone/keystone/server/flask/request_processing/req_logging.py:27}}
Oct 13 16:49:26.852666 n-d-860864-12 devstack@keystone.service[81771]: DEBUG keystone.server.flask.request_processing.req_logging [None req-16b32cb9-c095-4d3b-9198-5509bab92072 None admin] SCRIPT_NAME: `/identity` {{(pid=81771) log_request_info /opt/stack/keystone/keystone/server/flask/request_processing/req_logging.py:28}}
Oct 13 16:49:26.852922 n-d-860864-12 devstack@keystone.service[81771]: DEBUG keystone.server.flask.request_processing.req_logging [None req-16b32cb9-c095-4d3b-9198-5509bab92072 None admin] PATH_INFO: `/v3/projects/0f173cd2ec444c40b045d6e0a8ef16e5` {{(pid=81771) log_request_info /opt/stack/keystone/keystone/server/flask/request_processing/req_logging.py:29}}
Oct 13 16:49:26.853093 n-d-860864-12 devstack@keystone.service[81770]: DEBUG keystone.server.flask.request_processing.middleware.auth_context [None req-e668fb50-b3a4-439f-a30f-931f7897d15c None admin] RBAC: auth_context: {'token': , 'domain_id': None, 'trust_id': None, 'trustor_id': None, 'trustee_id': None, 'domain_name': None, 'group_ids': [], 'user_id': '9705145e56b3475a80ba831ce41317c8', 'user_domain_id': 'default', 'system_scope': 'all', 'project_id': None, 'project_domain_id': None, 'roles': ['admin', 'member', 'reader'], 'is_admin_project': True, 'service_user_id': None, 'service_user_domain_id': None, 'service_project_id': None, 'service_project_domain_id': None, 'service_roles': []} {{(pid=81770) fill_context /opt/stack/keystone/keystone/server/flask/request_processing/middleware/auth_context.py:478}}
Oct 13 16:49:26.853737 n-d-860864-12 devstack@keystone.service[81770]: DEBUG keystone.server.flask.request_processing.req_logging [None req-e668fb50-b3a4-439f-a30f-931f7897d15c None admin] REQUEST_METHOD: `PUT` {{(pid=81770) log_request_info /opt/stack/keystone/keystone/server/flask/request_processing/req_logging.py:27}}
Oct 13 16:49:26.854016 n-d-860864-12 devstack@keystone.service[81770]: DEBUG keystone.server.flask.request_processing.req_logging [None req-e668fb50-b3a4-439f-a30f-931f7897d15c None admin] SCRIPT_NAME: `/identity` {{(pid=81770) log_request_info /opt/stack/keystone/keystone/server/flask/request_processing/req_logging.py:28}}
Oct 13 16:49:26.854109 n-d-860864-12 devstack@keystone.service[81771]: DEBUG keystone.common.rbac_enforcer.enforcer [None req-16b32cb9-c095-4d3b-9198-5509bab92072 None admin] RBAC: Authorizing `identity:get_project(project_id=0f173cd2ec444c40b045d6e0a8ef16e5)` {{(pid=81771) enforce_call /opt/stack/keystone/keystone/common/rbac_enforcer/enforcer.py:449}}
Oct 13 16:49:26.854287 n-d-860864-12 devstack@keystone.service[81770]: DEBUG keystone.server.flask.request_processing.req_logging [None req-e668fb50-b3a4-439f-a30f-931f7897d15c None admin] PATH_INFO: `/v3/projects/0f173cd2ec444c40b045d6e0a8ef16e5/users/7e7a8d6fbf5b4ab1ad2e24de3772543e/roles/2affdcdf29794468adf71818ccbd5abd` {{(pid=81770) log_request_info /opt/stack/keystone/keystone/server/flask/request_processing/req_logging.py:29}}
Oct 13 16:49:26.855529 n-d-860864-12 devstack@keystone.service[81771]: DEBUG keystone.common.rbac_enforcer.enforcer [None req-16b32cb9-c095-4d3b-9198-5509bab92072 None admin] RBAC: Authorization granted {{(pid=81771) enforce_call /opt/stack/keystone/keystone/common/rbac_enforcer/enforcer.py:457}}
Oct 13 16:49:26.856425 n-d-860864-12 devstack@keystone.service[81770]: DEBUG keystone.common.rbac_enforcer.enforcer [None req-e668fb50-b3a4-439f-a30f-931f7897d15c None admin] RBAC: Authorizing `identity:create_grant(project_id=0f173cd2ec444c40b045d6e0a8ef16e5, user_id=7e7a8d6fbf5b4ab1ad2e24de3772543e, role_id=2affdcdf29794468adf71818ccbd5abd)` {{(pid=81770) enforce_call /opt/stack/keystone/keystone/common/rbac_enforcer/enforcer.py:449}}
Oct 13 16:49:26.857228 n-d-860864-12 devstack@keystone.service[81771]: [pid: 81771|app: 0|req: 81/157] 10.222.0.13 () {56 vars in 1186 bytes} [Thu Oct 13 16:49:26 2022] GET /identity/v3/projects/0f173cd2ec444c40b045d6e0a8ef16e5 => generated 302 bytes in 182 msecs (HTTP/1.1 200) 5 headers in 177 bytes (2 switches on core 0)
Oct 13 16:49:26.858008 n-d-860864-12 devstack@keystone.service[81770]: DEBUG keystone.common.rbac_enforcer.enforcer [None req-e668fb50-b3a4-439f-a30f-931f7897d15c None admin] RBAC: Authorization granted {{(pid=81770) enforce_call /opt/stack/keystone/keystone/common/rbac_enforcer/enforcer.py:457}}
Oct 13 16:49:26.862928 n-d-860864-12 devstack@keystone.service[81771]: DEBUG keystone.server.flask.request_processing.middleware.auth_context [None req-16b32cb9-c095-4d3b-9198-5509bab92072 None admin] Authenticating user token {{(pid=81771) process_request /usr/local/lib/python3.8/dist-packages/keystonemiddleware/auth_token/__init__.py:407}}
Oct 13 16:49:26.874394 n-d-860864-12 devstack@keystone.service[81770]: [pid: 81770|app: 0|req: 77/158] 10.222.0.13 () {58 vars in 1439 bytes} [Thu Oct 13 16:49:26 2022] PUT /identity/v3/projects/0f173cd2ec444c40b045d6e0a8ef16e5/users/7e7a8d6fbf5b4ab1ad2e24de3772543e/roles/2affdcdf29794468adf71818ccbd5abd => generated 0 bytes in 185 msecs (HTTP/1.1 204) 3 headers in 132 bytes (1 switches on core 0)
Oct 13 16:49:26.985204 n-d-860864-12 devstack@keystone.service[81771]: DEBUG keystone.server.flask.request_processing.middleware.auth_context [None req-16b32cb9-c095-4d3b-9198-5509bab92072 None admin] Validating token access rules against request {{(pid=81771) validate_allowed_request /usr/local/lib/python3.8/dist-packages/keystonemiddleware/auth_token/__init__.py:545}}
Oct 13 16:49:27.023734 n-d-860864-12 devstack@keystone.service[81771]: DEBUG keystone.server.flask.request_processing.middleware.auth_context [None req-fd22a4e6-5be6-416d-9e1d-3be5733a727c None admin] RBAC: auth_context: {'token': , 'domain_id': None, 'trust_id': None, 'trustor_id': None, 'trustee_id': None, 'domain_name': None, 'group_ids': [], 'user_id': '9705145e56b3475a80ba831ce41317c8', 'user_domain_id': 'default', 'system_scope': 'all', 'project_id': None, 'project_domain_id': None, 'roles': ['admin', 'member', 'reader'], 'is_admin_project': True, 'service_user_id': None, 'service_user_domain_id': None, 'service_project_id': None, 'service_project_domain_id': None, 'service_roles': []} {{(pid=81771) fill_context /opt/stack/keystone/keystone/server/flask/request_processing/middleware/auth_context.py:478}}
Oct 13 16:49:27.024414 n-d-860864-12 devstack@keystone.service[81771]: DEBUG keystone.server.flask.request_processing.req_logging [None req-fd22a4e6-5be6-416d-9e1d-3be5733a727c None admin] REQUEST_METHOD: `PUT` {{(pid=81771) log_request_info /opt/stack/keystone/keystone/server/flask/request_processing/req_logging.py:27}}
Oct 13 16:49:27.024691 n-d-860864-12 devstack@keystone.service[81771]: DEBUG keystone.server.flask.request_processing.req_logging [None req-fd22a4e6-5be6-416d-9e1d-3be5733a727c None admin] SCRIPT_NAME: `/identity` {{(pid=81771) log_request_info /opt/stack/keystone/keystone/server/flask/request_processing/req_logging.py:28}}
Oct 13 16:49:27.024961 n-d-860864-12 devstack@keystone.service[81771]: DEBUG keystone.server.flask.request_processing.req_logging [None req-fd22a4e6-5be6-416d-9e1d-3be5733a727c None admin] PATH_INFO: `/v3/projects/0f173cd2ec444c40b045d6e0a8ef16e5/users/7e7a8d6fbf5b4ab1ad2e24de3772543e/roles/9b4056d11d4b4dad84895b7b0b9a9216` {{(pid=81771) log_request_info /opt/stack/keystone/keystone/server/flask/request_processing/req_logging.py:29}}
Oct 13 16:49:27.027177 n-d-860864-12 devstack@keystone.service[81771]: DEBUG keystone.common.rbac_enforcer.enforcer [None req-fd22a4e6-5be6-416d-9e1d-3be5733a727c None admin] RBAC: Authorizing `identity:create_grant(project_id=0f173cd2ec444c40b045d6e0a8ef16e5, user_id=7e7a8d6fbf5b4ab1ad2e24de3772543e, role_id=9b4056d11d4b4dad84895b7b0b9a9216)` {{(pid=81771) enforce_call /opt/stack/keystone/keystone/common/rbac_enforcer/enforcer.py:449}}
Oct 13 16:49:27.028725 n-d-860864-12 devstack@keystone.service[81771]: DEBUG keystone.common.rbac_enforcer.enforcer [None req-fd22a4e6-5be6-416d-9e1d-3be5733a727c None admin] RBAC: Authorization granted {{(pid=81771) enforce_call /opt/stack/keystone/keystone/common/rbac_enforcer/enforcer.py:457}}
Oct 13 16:49:27.031173 n-d-860864-12 devstack@keystone.service[81771]: DEBUG dbcounter [-] [81771] Writing DB stats keystone:SELECT=100 {{(pid=81771) stat_writer /usr/local/lib/python3.8/dist-packages/dbcounter.py:114}}
Oct 13 16:49:27.046202 n-d-860864-12 devstack@keystone.service[81771]: [pid: 81771|app: 0|req: 82/159] 10.222.0.13 () {58 vars in 1439 bytes} [Thu Oct 13 16:49:26 2022] PUT /identity/v3/projects/0f173cd2ec444c40b045d6e0a8ef16e5/users/7e7a8d6fbf5b4ab1ad2e24de3772543e/roles/9b4056d11d4b4dad84895b7b0b9a9216 => generated 0 bytes in 183 msecs (HTTP/1.1 204) 3 headers in 132 bytes (1 switches on core 0)
Oct 13 16:49:28.822728 n-d-860864-12 devstack@keystone.service[81770]: DEBUG keystone.server.flask.request_processing.req_logging [None req-0cfd6602-ac26-4c95-903e-ae368899d0fe None None] REQUEST_METHOD: `GET` {{(pid=81770) log_request_info /opt/stack/keystone/keystone/server/flask/request_processing/req_logging.py:27}}
Oct 13 16:49:28.823254 n-d-860864-12 devstack@keystone.service[81770]: DEBUG keystone.server.flask.request_processing.req_logging [None req-0cfd6602-ac26-4c95-903e-ae368899d0fe None None] SCRIPT_NAME: `/identity` {{(pid=81770) log_request_info /opt/stack/keystone/keystone/server/flask/request_processing/req_logging.py:28}}
Oct 13 16:49:28.823254 n-d-860864-12 devstack@keystone.service[81770]: DEBUG keystone.server.flask.request_processing.req_logging [None req-0cfd6602-ac26-4c95-903e-ae368899d0fe None None] PATH_INFO: `/` {{(pid=81770) log_request_info /opt/stack/keystone/keystone/server/flask/request_processing/req_logging.py:29}}
Oct 13 16:49:28.824693 n-d-860864-12 devstack@keystone.service[81770]: [pid: 81770|app: 0|req: 78/160] 10.222.0.13 () {54 vars in 927 bytes} [Thu Oct 13 16:49:28 2022] GET /identity => generated 270 bytes in 3 msecs (HTTP/1.1 300) 6 headers in 234 bytes (1 switches on core 0)
Oct 13 16:49:28.830720 n-d-860864-12 devstack@keystone.service[81771]: DEBUG keystone.server.flask.request_processing.req_logging [None req-ee4ae329-77b3-456b-b145-a988ac02d2b8 None None] REQUEST_METHOD: `POST` {{(pid=81771) log_request_info /opt/stack/keystone/keystone/server/flask/request_processing/req_logging.py:27}}
Oct 13 16:49:28.831229 n-d-860864-12 devstack@keystone.service[81771]: DEBUG keystone.server.flask.request_processing.req_logging [None req-ee4ae329-77b3-456b-b145-a988ac02d2b8 None None] SCRIPT_NAME: `/identity` {{(pid=81771) log_request_info /opt/stack/keystone/keystone/server/flask/request_processing/req_logging.py:28}}
Oct 13 16:49:28.831527 n-d-860864-12 devstack@keystone.service[81771]: DEBUG keystone.server.flask.request_processing.req_logging [None req-ee4ae329-77b3-456b-b145-a988ac02d2b8 None None] PATH_INFO: `/v3/auth/tokens` {{(pid=81771) log_request_info /opt/stack/keystone/keystone/server/flask/request_processing/req_logging.py:29}}
Oct 13 16:49:28.851789 n-d-860864-12 devstack@keystone.service[81771]: DEBUG keystone.auth.core [None req-ee4ae329-77b3-456b-b145-a988ac02d2b8 None None] MFA Rules not processed for user `9705145e56b3475a80ba831ce41317c8`. Rule list: `[]` (Enabled: `True`). {{(pid=81771) check_auth_methods_against_rules /opt/stack/keystone/keystone/auth/core.py:438}}
Oct 13 16:49:28.853029 n-d-860864-12 devstack@keystone.service[81771]: DEBUG keystone.common.fernet_utils [None req-ee4ae329-77b3-456b-b145-a988ac02d2b8 None None] Loaded 2 Fernet keys from /etc/keystone/fernet-keys/, but `[fernet_tokens] max_active_keys = 3`; perhaps there have not been enough key rotations to reach `max_active_keys` yet? {{(pid=81771) load_keys /opt/stack/keystone/keystone/common/fernet_utils.py:286}}
Oct 13 16:49:28.923840 n-d-860864-12 devstack@keystone.service[81771]: [pid: 81771|app: 0|req: 83/161] 10.222.0.13 () {58 vars in 1024 bytes} [Thu Oct 13 16:49:28 2022] POST /identity/v3/auth/tokens => generated 799 bytes in 94 msecs (HTTP/1.1 201) 6 headers in 363 bytes (1 switches on core 0)
Oct 13 16:49:28.933608 n-d-860864-12 devstack@keystone.service[81770]: DEBUG keystone.server.flask.request_processing.req_logging [None req-c8e24dcb-c0b2-4fc8-9b68-326ad50fbfb3 None None] REQUEST_METHOD: `GET` {{(pid=81770) log_request_info /opt/stack/keystone/keystone/server/flask/request_processing/req_logging.py:27}}
Oct 13 16:49:28.933906 n-d-860864-12 devstack@keystone.service[81770]: DEBUG keystone.server.flask.request_processing.req_logging [None req-c8e24dcb-c0b2-4fc8-9b68-326ad50fbfb3 None None] SCRIPT_NAME: `/identity` {{(pid=81770) log_request_info /opt/stack/keystone/keystone/server/flask/request_processing/req_logging.py:28}}
Oct 13 16:49:28.934161 n-d-860864-12 devstack@keystone.service[81770]: DEBUG keystone.server.flask.request_processing.req_logging [None req-c8e24dcb-c0b2-4fc8-9b68-326ad50fbfb3 None None] PATH_INFO: `/` {{(pid=81770) log_request_info /opt/stack/keystone/keystone/server/flask/request_processing/req_logging.py:29}}
Oct 13 16:49:28.935571 n-d-860864-12 devstack@keystone.service[81770]: [pid: 81770|app: 0|req: 79/162] 10.222.0.13 () {54 vars in 927 bytes} [Thu Oct 13 16:49:28 2022] GET /identity => generated 270 bytes in 3 msecs (HTTP/1.1 300) 6 headers in 234 bytes (1 switches on core 0)
Oct 13 16:49:28.941454 n-d-860864-12 devstack@keystone.service[81771]: DEBUG keystone.server.flask.request_processing.req_logging [None req-8b9df61b-b2d5-42ab-9148-b8948a0bf2af None None] REQUEST_METHOD: `POST` {{(pid=81771) log_request_info /opt/stack/keystone/keystone/server/flask/request_processing/req_logging.py:27}}
Oct 13 16:49:28.941812 n-d-860864-12 devstack@keystone.service[81771]: DEBUG keystone.server.flask.request_processing.req_logging [None req-8b9df61b-b2d5-42ab-9148-b8948a0bf2af None None] SCRIPT_NAME: `/identity` {{(pid=81771) log_request_info /opt/stack/keystone/keystone/server/flask/request_processing/req_logging.py:28}}
Oct 13 16:49:28.942151 n-d-860864-12 devstack@keystone.service[81771]: DEBUG keystone.server.flask.request_processing.req_logging [None req-8b9df61b-b2d5-42ab-9148-b8948a0bf2af None None] PATH_INFO: `/v3/auth/tokens` {{(pid=81771) log_request_info /opt/stack/keystone/keystone/server/flask/request_processing/req_logging.py:29}}
Oct 13 16:49:28.962699 n-d-860864-12 devstack@keystone.service[81771]: DEBUG keystone.auth.core [None req-8b9df61b-b2d5-42ab-9148-b8948a0bf2af None None] MFA Rules not processed for user `9705145e56b3475a80ba831ce41317c8`. Rule list: `[]` (Enabled: `True`). {{(pid=81771) check_auth_methods_against_rules /opt/stack/keystone/keystone/auth/core.py:438}}
Oct 13 16:49:28.963942 n-d-860864-12 devstack@keystone.service[81771]: DEBUG keystone.common.fernet_utils [None req-8b9df61b-b2d5-42ab-9148-b8948a0bf2af None None] Loaded 2 Fernet keys from /etc/keystone/fernet-keys/, but `[fernet_tokens] max_active_keys = 3`; perhaps there have not been enough key rotations to reach `max_active_keys` yet? {{(pid=81771) load_keys /opt/stack/keystone/keystone/common/fernet_utils.py:286}}
Oct 13 16:49:29.038498 n-d-860864-12 devstack@keystone.service[81771]: [pid: 81771|app: 0|req: 84/163] 10.222.0.13 () {58 vars in 1024 bytes} [Thu Oct 13 16:49:28 2022] POST /identity/v3/auth/tokens => generated 799 bytes in 98 msecs (HTTP/1.1 201) 6 headers in 363 bytes (1 switches on core 0)
Oct 13 16:49:29.062714 n-d-860864-12 devstack@keystone.service[81770]: DEBUG keystone.server.flask.request_processing.req_logging [None req-71fb9b90-0e80-4931-a2da-909899e71572 None None] REQUEST_METHOD: `GET` {{(pid=81770) log_request_info /opt/stack/keystone/keystone/server/flask/request_processing/req_logging.py:27}}
Oct 13 16:49:29.062995 n-d-860864-12 devstack@keystone.service[81770]: DEBUG keystone.server.flask.request_processing.req_logging [None req-71fb9b90-0e80-4931-a2da-909899e71572 None None] SCRIPT_NAME: `/identity` {{(pid=81770) log_request_info /opt/stack/keystone/keystone/server/flask/request_processing/req_logging.py:28}}
Oct 13 16:49:29.063271 n-d-860864-12 devstack@keystone.service[81770]: DEBUG keystone.server.flask.request_processing.req_logging [None req-71fb9b90-0e80-4931-a2da-909899e71572 None None] PATH_INFO: `/` {{(pid=81770) log_request_info /opt/stack/keystone/keystone/server/flask/request_processing/req_logging.py:29}}
Oct 13 16:49:29.064630 n-d-860864-12 devstack@keystone.service[81770]: [pid: 81770|app: 0|req: 80/164] 10.222.0.13 () {54 vars in 927 bytes} [Thu Oct 13 16:49:29 2022] GET /identity => generated 270 bytes in 3 msecs (HTTP/1.1 300) 6 headers in 234 bytes (1 switches on core 0)
Oct 13 16:49:29.069835 n-d-860864-12 devstack@keystone.service[81771]: DEBUG keystone.server.flask.request_processing.req_logging [None req-11288060-c206-4e09-aeb1-69c6bf46b68a None None] REQUEST_METHOD: `POST` {{(pid=81771) log_request_info /opt/stack/keystone/keystone/server/flask/request_processing/req_logging.py:27}}
Oct 13 16:49:29.070121 n-d-860864-12 devstack@keystone.service[81771]: DEBUG keystone.server.flask.request_processing.req_logging [None req-11288060-c206-4e09-aeb1-69c6bf46b68a None None] SCRIPT_NAME: `/identity` {{(pid=81771) log_request_info /opt/stack/keystone/keystone/server/flask/request_processing/req_logging.py:28}}
Oct 13 16:49:29.070459 n-d-860864-12 devstack@keystone.service[81771]: DEBUG keystone.server.flask.request_processing.req_logging [None req-11288060-c206-4e09-aeb1-69c6bf46b68a None None] PATH_INFO: `/v3/auth/tokens` {{(pid=81771) log_request_info /opt/stack/keystone/keystone/server/flask/request_processing/req_logging.py:29}}
Oct 13 16:49:29.089172 n-d-860864-12 devstack@keystone.service[81771]: DEBUG keystone.auth.core [None req-11288060-c206-4e09-aeb1-69c6bf46b68a None None] MFA Rules not processed for user `9705145e56b3475a80ba831ce41317c8`. Rule list: `[]` (Enabled: `True`). {{(pid=81771) check_auth_methods_against_rules /opt/stack/keystone/keystone/auth/core.py:438}}
Oct 13 16:49:29.090264 n-d-860864-12 devstack@keystone.service[81771]: DEBUG keystone.common.fernet_utils [None req-11288060-c206-4e09-aeb1-69c6bf46b68a None None] Loaded 2 Fernet keys from /etc/keystone/fernet-keys/, but `[fernet_tokens] max_active_keys = 3`; perhaps there have not been enough key rotations to reach `max_active_keys` yet? {{(pid=81771) load_keys /opt/stack/keystone/keystone/common/fernet_utils.py:286}}
Oct 13 16:49:29.147698 n-d-860864-12 devstack@keystone.service[81771]: DEBUG dbcounter [-] [81771] Writing DB stats keystone:INSERT=1,keystone:SELECT=99 {{(pid=81771) stat_writer /usr/local/lib/python3.8/dist-packages/dbcounter.py:114}}
Oct 13 16:49:29.167966 n-d-860864-12 devstack@keystone.service[81771]: [pid: 81771|app: 0|req: 85/165] 10.222.0.13 () {58 vars in 1024 bytes} [Thu Oct 13 16:49:29 2022] POST /identity/v3/auth/tokens => generated 799 bytes in 99 msecs (HTTP/1.1 201) 6 headers in 363 bytes (1 switches on core 0)
Oct 13 16:49:29.206446 n-d-860864-12 devstack@keystone.service[81770]: DEBUG keystone.server.flask.request_processing.middleware.auth_context [None req-71fb9b90-0e80-4931-a2da-909899e71572 None None] Authenticating user token {{(pid=81770) process_request /usr/local/lib/python3.8/dist-packages/keystonemiddleware/auth_token/__init__.py:407}}
Oct 13 16:49:29.242648 n-d-860864-12 devstack@keystone.service[81771]: DEBUG keystone.server.flask.request_processing.req_logging [None req-958b21e2-f2fc-49a8-9e46-934d73150a44 None None] REQUEST_METHOD: `GET` {{(pid=81771) log_request_info /opt/stack/keystone/keystone/server/flask/request_processing/req_logging.py:27}}
Oct 13 16:49:29.243193 n-d-860864-12 devstack@keystone.service[81771]: DEBUG keystone.server.flask.request_processing.req_logging [None req-958b21e2-f2fc-49a8-9e46-934d73150a44 None None] SCRIPT_NAME: `/identity` {{(pid=81771) log_request_info /opt/stack/keystone/keystone/server/flask/request_processing/req_logging.py:28}}
Oct 13 16:49:29.243707 n-d-860864-12 devstack@keystone.service[81771]: DEBUG keystone.server.flask.request_processing.req_logging [None req-958b21e2-f2fc-49a8-9e46-934d73150a44 None None] PATH_INFO: `/` {{(pid=81771) log_request_info /opt/stack/keystone/keystone/server/flask/request_processing/req_logging.py:29}}
Oct 13 16:49:29.245229 n-d-860864-12 devstack@keystone.service[81771]: [pid: 81771|app: 0|req: 86/166] 10.222.0.13 () {54 vars in 927 bytes} [Thu Oct 13 16:49:29 2022] GET /identity => generated 270 bytes in 4 msecs (HTTP/1.1 300) 6 headers in 234 bytes (1 switches on core 0)
Oct 13 16:49:29.250543 n-d-860864-12 devstack@keystone.service[81771]: DEBUG keystone.server.flask.request_processing.req_logging [None req-35e0158d-6945-4cad-9ee9-580104a4563a None None] REQUEST_METHOD: `POST` {{(pid=81771) log_request_info /opt/stack/keystone/keystone/server/flask/request_processing/req_logging.py:27}}
Oct 13 16:49:29.251107 n-d-860864-12 devstack@keystone.service[81771]: DEBUG keystone.server.flask.request_processing.req_logging [None req-35e0158d-6945-4cad-9ee9-580104a4563a None None] SCRIPT_NAME: `/identity` {{(pid=81771) log_request_info /opt/stack/keystone/keystone/server/flask/request_processing/req_logging.py:28}}
Oct 13 16:49:29.251624 n-d-860864-12 devstack@keystone.service[81771]: DEBUG keystone.server.flask.request_processing.req_logging [None req-35e0158d-6945-4cad-9ee9-580104a4563a None None] PATH_INFO: `/v3/auth/tokens` {{(pid=81771) log_request_info /opt/stack/keystone/keystone/server/flask/request_processing/req_logging.py:29}}
Oct 13 16:49:29.270680 n-d-860864-12 devstack@keystone.service[81771]: DEBUG keystone.auth.core [None req-35e0158d-6945-4cad-9ee9-580104a4563a None None] MFA Rules not processed for user `9705145e56b3475a80ba831ce41317c8`. Rule list: `[]` (Enabled: `True`). {{(pid=81771) check_auth_methods_against_rules /opt/stack/keystone/keystone/auth/core.py:438}}
Oct 13 16:49:29.272329 n-d-860864-12 devstack@keystone.service[81771]: DEBUG keystone.common.fernet_utils [None req-35e0158d-6945-4cad-9ee9-580104a4563a None None] Loaded 2 Fernet keys from /etc/keystone/fernet-keys/, but `[fernet_tokens] max_active_keys = 3`; perhaps there have not been enough key rotations to reach `max_active_keys` yet? {{(pid=81771) load_keys /opt/stack/keystone/keystone/common/fernet_utils.py:286}}
Oct 13 16:49:29.314669 n-d-860864-12 devstack@keystone.service[81770]: DEBUG keystone.server.flask.request_processing.middleware.auth_context [None req-71fb9b90-0e80-4931-a2da-909899e71572 None None] Validating token access rules against request {{(pid=81770) validate_allowed_request /usr/local/lib/python3.8/dist-packages/keystonemiddleware/auth_token/__init__.py:545}}
Oct 13 16:49:29.349853 n-d-860864-12 devstack@keystone.service[81771]: [pid: 81771|app: 0|req: 87/167] 10.222.0.13 () {58 vars in 1024 bytes} [Thu Oct 13 16:49:29 2022] POST /identity/v3/auth/tokens => generated 799 bytes in 94 msecs (HTTP/1.1 201) 6 headers in 363 bytes (2 switches on core 0)
Oct 13 16:49:29.350031 n-d-860864-12 devstack@keystone.service[81770]: DEBUG keystone.server.flask.request_processing.middleware.auth_context [None req-6e635e67-74e3-4ebb-83cc-1cff80944d48 None admin] RBAC: auth_context: {'token': , 'domain_id': None, 'trust_id': None, 'trustor_id': None, 'trustee_id': None, 'domain_name': None, 'group_ids': [], 'user_id': '9705145e56b3475a80ba831ce41317c8', 'user_domain_id': 'default', 'system_scope': 'all', 'project_id': None, 'project_domain_id': None, 'roles': ['admin', 'member', 'reader'], 'is_admin_project': True, 'service_user_id': None, 'service_user_domain_id': None, 'service_project_id': None, 'service_project_domain_id': None, 'service_roles': []} {{(pid=81770) fill_context /opt/stack/keystone/keystone/server/flask/request_processing/middleware/auth_context.py:478}}
Oct 13 16:49:29.350031 n-d-860864-12 devstack@keystone.service[81770]: DEBUG keystone.server.flask.request_processing.req_logging [None req-6e635e67-74e3-4ebb-83cc-1cff80944d48 None admin] REQUEST_METHOD: `GET` {{(pid=81770) log_request_info /opt/stack/keystone/keystone/server/flask/request_processing/req_logging.py:27}}
Oct 13 16:49:29.350031 n-d-860864-12 devstack@keystone.service[81770]: DEBUG keystone.server.flask.request_processing.req_logging [None req-6e635e67-74e3-4ebb-83cc-1cff80944d48 None admin] SCRIPT_NAME: `/identity` {{(pid=81770) log_request_info /opt/stack/keystone/keystone/server/flask/request_processing/req_logging.py:28}}
Oct 13 16:49:29.350031 n-d-860864-12 devstack@keystone.service[81770]: DEBUG keystone.server.flask.request_processing.req_logging [None req-6e635e67-74e3-4ebb-83cc-1cff80944d48 None admin] PATH_INFO: `/v3/roles/member` {{(pid=81770) log_request_info /opt/stack/keystone/keystone/server/flask/request_processing/req_logging.py:29}}
Oct 13 16:49:29.352285 n-d-860864-12 devstack@keystone.service[81771]: DEBUG keystone.server.flask.request_processing.middleware.auth_context [None req-35e0158d-6945-4cad-9ee9-580104a4563a None None] Authenticating user token {{(pid=81771) process_request /usr/local/lib/python3.8/dist-packages/keystonemiddleware/auth_token/__init__.py:407}}
Oct 13 16:49:29.364949 n-d-860864-12 devstack@keystone.service[81770]: DEBUG keystone.common.rbac_enforcer.enforcer [None req-6e635e67-74e3-4ebb-83cc-1cff80944d48 None admin] Extracting inferred target data resulted in "NOT FOUND (404)". {{(pid=81770) enforce_call /opt/stack/keystone/keystone/common/rbac_enforcer/enforcer.py:409}}
Oct 13 16:49:29.372570 n-d-860864-12 devstack@keystone.service[81770]: ERROR keystone.server.flask.application [None req-6e635e67-74e3-4ebb-83cc-1cff80944d48 None admin] Could not find role: member.: keystone.exception.RoleNotFound: Could not find role: member.
Oct 13 16:49:29.372570 n-d-860864-12 devstack@keystone.service[81770]: ERROR keystone.server.flask.application
Traceback (most recent call last):
Oct 13 16:49:29.372570 n-d-860864-12 devstack@keystone.service[81770]: ERROR keystone.server.flask.application
File "/usr/local/lib/python3.8/dist-packages/flask/app.py", line 1820, in full_dispatch_request
Oct 13 16:49:29.372570 n-d-860864-12 devstack@keystone.service[81770]: ERROR keystone.server.flask.application rv = self.dispatch_request()
Oct 13 16:49:29.372570 n-d-860864-12 devstack@keystone.service[81770]: ERROR keystone.server.flask.application
File "/usr/local/lib/python3.8/dist-packages/flask/app.py", line 1796, in dispatch_request
Oct 13 16:49:29.372570 n-d-860864-12 devstack@keystone.service[81770]: ERROR keystone.server.flask.application return self.ensure_sync(self.view_functions[rule.endpoint])(**view_args)
Oct 13 16:49:29.372570 n-d-860864-12 devstack@keystone.service[81770]: ERROR keystone.server.flask.application
File "/usr/local/lib/python3.8/dist-packages/flask_restful/__init__.py", line 467, in wrapper
Oct 13 16:49:29.372570 n-d-860864-12 devstack@keystone.service[81770]: ERROR keystone.server.flask.application resp = resource(*args, **kwargs)
Oct 13 16:49:29.372570 n-d-860864-12 devstack@keystone.service[81770]: ERROR keystone.server.flask.application
File "/usr/local/lib/python3.8/dist-packages/flask/views.py", line 107, in view
Oct 13 16:49:29.372570 n-d-860864-12 devstack@keystone.service[81770]: ERROR keystone.server.flask.application return current_app.ensure_sync(self.dispatch_request)(**kwargs)
Oct 13 16:49:29.372570 n-d-860864-12 devstack@keystone.service[81770]: ERROR keystone.server.flask.application
File "/usr/local/lib/python3.8/dist-packages/flask_restful/__init__.py", line 582, in dispatch_request
Oct 13 16:49:29.372570 n-d-860864-12 devstack@keystone.service[81770]: ERROR keystone.server.flask.application resp = meth(*args, **kwargs)
Oct 13 16:49:29.372570 n-d-860864-12 devstack@keystone.service[81770]: ERROR keystone.server.flask.application
File "/opt/stack/keystone/keystone/api/roles.py", line 50, in get
Oct 13 16:49:29.372570 n-d-860864-12 devstack@keystone.service[81770]: ERROR keystone.server.flask.application return self._get_role(role_id)
Oct 13 16:49:29.372570 n-d-860864-12 devstack@keystone.service[81770]: ERROR keystone.server.flask.application
File "/opt/stack/keystone/keystone/api/roles.py", line 70, in _get_role
Oct 13 16:49:29.372570 n-d-860864-12 devstack@keystone.service[81770]: ERROR keystone.server.flask.application ENFORCER.enforce_call(action='identity:get_role')
Oct 13 16:49:29.373561 n-d-860864-12 devstack@keystone.service[81770]: ERROR keystone.server.flask.application
File "/opt/stack/keystone/keystone/common/rbac_enforcer/enforcer.py", line 402, in enforce_call
Oct 13 16:49:29.373561 n-d-860864-12 devstack@keystone.service[81770]: ERROR keystone.server.flask.application policy_dict.update(cls._extract_member_target_data(
Oct 13 16:49:29.373561 n-d-860864-12 devstack@keystone.service[81770]: ERROR keystone.server.flask.application
File "/opt/stack/keystone/keystone/common/rbac_enforcer/enforcer.py", line 234, in _extract_member_target_data
Oct 13 16:49:29.373561 n-d-860864-12 devstack@keystone.service[81770]: ERROR keystone.server.flask.application member_name: func(flask.request.view_args[key])
Oct 13 16:49:29.373561 n-d-860864-12 devstack@keystone.service[81770]: ERROR keystone.server.flask.application
File "/opt/stack/keystone/keystone/common/manager.py", line 115, in wrapped
Oct 13 16:49:29.373561 n-d-860864-12 devstack@keystone.service[81770]: ERROR keystone.server.flask.application __ret_val = __f(*args, **kwargs)
Oct 13 16:49:29.373561 n-d-860864-12 devstack@keystone.service[81770]: ERROR keystone.server.flask.application
File "/usr/local/lib/python3.8/dist-packages/decorator.py", line 232, in fun
Oct 13 16:49:29.373561 n-d-860864-12 devstack@keystone.service[81770]: ERROR keystone.server.flask.application return caller(func, *(extras + args), **kw)
Oct 13 16:49:29.373561 n-d-860864-12 devstack@keystone.service[81770]: ERROR keystone.server.flask.application
File "/usr/local/lib/python3.8/dist-packages/dogpile/cache/region.py", line 1577, in get_or_create_for_user_func
Oct 13 16:49:29.373561 n-d-860864-12 devstack@keystone.service[81770]: ERROR keystone.server.flask.application return self.get_or_create(
Oct 13 16:49:29.373561 n-d-860864-12 devstack@keystone.service[81770]: ERROR keystone.server.flask.application
File "/usr/local/lib/python3.8/dist-packages/dogpile/cache/region.py", line 1042, in get_or_create
Oct 13 16:49:29.373561 n-d-860864-12 devstack@keystone.service[81770]: ERROR keystone.server.flask.application with Lock(
Oct 13 16:49:29.373561 n-d-860864-12 devstack@keystone.service[81770]: ERROR keystone.server.flask.application
File "/usr/local/lib/python3.8/dist-packages/dogpile/lock.py", line 185, in __enter__
Oct 13 16:49:29.373561 n-d-860864-12 devstack@keystone.service[81770]: ERROR keystone.server.flask.application return self._enter()
Oct 13 16:49:29.373561 n-d-860864-12 devstack@keystone.service[81770]: ERROR keystone.server.flask.application
File "/usr/local/lib/python3.8/dist-packages/dogpile/lock.py", line 94, in _enter
Oct 13 16:49:29.373561 n-d-860864-12 devstack@keystone.service[81770]: ERROR keystone.server.flask.application generated = self._enter_create(value, createdtime)
Oct 13 16:49:29.374351 n-d-860864-12 devstack@keystone.service[81770]: ERROR keystone.server.flask.application
File "/usr/local/lib/python3.8/dist-packages/dogpile/lock.py", line 178, in _enter_create
Oct 13 16:49:29.374351 n-d-860864-12 devstack@keystone.service[81770]: ERROR keystone.server.flask.application return self.creator()
Oct 13 16:49:29.374351 n-d-860864-12 devstack@keystone.service[81770]: ERROR keystone.server.flask.application
File "/usr/local/lib/python3.8/dist-packages/dogpile/cache/region.py", line 995, in gen_value
Oct 13 16:49:29.374351 n-d-860864-12 devstack@keystone.service[81770]: ERROR keystone.server.flask.application created_value = creator(
Oct 13 16:49:29.374351 n-d-860864-12 devstack@keystone.service[81770]: ERROR keystone.server.flask.application
File "/opt/stack/keystone/keystone/assignment/core.py", line 1276, in get_role
Oct 13 16:49:29.374351 n-d-860864-12 devstack@keystone.service[81770]: ERROR keystone.server.flask.application return self.driver.get_role(role_id)
Oct 13 16:49:29.374351 n-d-860864-12 devstack@keystone.service[81770]: ERROR keystone.server.flask.application
File "/opt/stack/keystone/keystone/assignment/role_backends/sql.py", line 70, in get_role
Oct 13 16:49:29.374351 n-d-860864-12 devstack@keystone.service[81770]: ERROR keystone.server.flask.application return self._get_role(session, role_id).to_dict()
Oct 13 16:49:29.374351 n-d-860864-12 devstack@keystone.service[81770]: ERROR keystone.server.flask.application
File "/opt/stack/keystone/keystone/assignment/role_backends/sql.py", line 65, in _get_role
Oct 13 16:49:29.374351 n-d-860864-12 devstack@keystone.service[81770]: ERROR keystone.server.flask.application raise exception.RoleNotFound(role_id=role_id)
Oct 13 16:49:29.374351 n-d-860864-12 devstack@keystone.service[81770]: ERROR keystone.server.flask.application keystone.exception.RoleNotFound: Could not find role: member.
Oct 13 16:49:29.374351 n-d-860864-12 devstack@keystone.service[81770]: ERROR keystone.server.flask.application
Oct 13 16:49:29.378337 n-d-860864-12 devstack@keystone.service[81770]: [pid: 81770|app: 0|req: 81/168] 10.222.0.13 () {56 vars in 1099 bytes} [Thu Oct 13 16:49:29 2022] GET /identity/v3/roles/member => generated 84 bytes in 172 msecs (HTTP/1.1 404) 5 headers in 183 bytes (1 switches on core 0)
Oct 13 16:49:29.379292 n-d-860864-12 devstack@keystone.service[81770]: DEBUG keystone.server.flask.request_processing.middleware.auth_context [None req-6e635e67-74e3-4ebb-83cc-1cff80944d48 None admin] Authenticating user token {{(pid=81770) process_request /usr/local/lib/python3.8/dist-packages/keystonemiddleware/auth_token/__init__.py:407}}
Oct 13 16:49:29.430769 n-d-860864-12 devstack@keystone.service[81770]: DEBUG dbcounter [-] [81770] Writing DB stats keystone:SELECT=99,keystone:INSERT=1 {{(pid=81770) stat_writer /usr/local/lib/python3.8/dist-packages/dbcounter.py:114}}
Oct 13 16:49:29.469530 n-d-860864-12 devstack@keystone.service[81771]: DEBUG keystone.server.flask.request_processing.middleware.auth_context [None req-35e0158d-6945-4cad-9ee9-580104a4563a None None] Validating token access rules against request {{(pid=81771) validate_allowed_request /usr/local/lib/python3.8/dist-packages/keystonemiddleware/auth_token/__init__.py:545}}
Oct 13 16:49:29.485367 n-d-860864-12 devstack@keystone.service[81771]: DEBUG dbcounter [-] [81771] Writing DB stats keystone:SELECT=100 {{(pid=81771) stat_writer /usr/local/lib/python3.8/dist-packages/dbcounter.py:114}}
Oct 13 16:49:29.507346 n-d-860864-12 devstack@keystone.service[81770]: DEBUG keystone.server.flask.request_processing.middleware.auth_context [None req-6e635e67-74e3-4ebb-83cc-1cff80944d48 None admin] Validating token access rules against request {{(pid=81770) validate_allowed_request /usr/local/lib/python3.8/dist-packages/keystonemiddleware/auth_token/__init__.py:545}}
Oct 13 16:49:29.507637 n-d-860864-12 devstack@keystone.service[81771]: DEBUG keystone.server.flask.request_processing.middleware.auth_context [None req-5d0e3b2d-f28b-43c0-9891-ad2bb88e40b2 None admin] RBAC: auth_context: {'token': , 'domain_id': None, 'trust_id': None, 'trustor_id': None, 'trustee_id': None, 'domain_name': None, 'group_ids': [], 'user_id': '9705145e56b3475a80ba831ce41317c8', 'user_domain_id': 'default', 'system_scope': 'all', 'project_id': None, 'project_domain_id': None, 'roles': ['admin', 'member', 'reader'], 'is_admin_project': True, 'service_user_id': None, 'service_user_domain_id': None, 'service_project_id': None, 'service_project_domain_id': None, 'service_roles': []} {{(pid=81771) fill_context /opt/stack/keystone/keystone/server/flask/request_processing/middleware/auth_context.py:478}}
Oct 13 16:49:29.508255 n-d-860864-12 devstack@keystone.service[81771]: DEBUG keystone.server.flask.request_processing.req_logging [None req-5d0e3b2d-f28b-43c0-9891-ad2bb88e40b2 None admin] REQUEST_METHOD: `GET` {{(pid=81771) log_request_info /opt/stack/keystone/keystone/server/flask/request_processing/req_logging.py:27}}
Oct 13 16:49:29.508536 n-d-860864-12 devstack@keystone.service[81771]: DEBUG keystone.server.flask.request_processing.req_logging [None req-5d0e3b2d-f28b-43c0-9891-ad2bb88e40b2 None admin] SCRIPT_NAME: `/identity` {{(pid=81771) log_request_info /opt/stack/keystone/keystone/server/flask/request_processing/req_logging.py:28}}
Oct 13 16:49:29.508811 n-d-860864-12 devstack@keystone.service[81771]: DEBUG keystone.server.flask.request_processing.req_logging [None req-5d0e3b2d-f28b-43c0-9891-ad2bb88e40b2 None admin] PATH_INFO: `/v3/domains/default` {{(pid=81771) log_request_info /opt/stack/keystone/keystone/server/flask/request_processing/req_logging.py:29}}
Oct 13 16:49:29.509915 n-d-860864-12 devstack@keystone.service[81771]: DEBUG keystone.common.rbac_enforcer.enforcer [None req-5d0e3b2d-f28b-43c0-9891-ad2bb88e40b2 None admin] RBAC: Authorizing `identity:get_domain(domain_id=default)` {{(pid=81771) enforce_call /opt/stack/keystone/keystone/common/rbac_enforcer/enforcer.py:449}}
Oct 13 16:49:29.511385 n-d-860864-12 devstack@keystone.service[81771]: DEBUG keystone.common.rbac_enforcer.enforcer [None req-5d0e3b2d-f28b-43c0-9891-ad2bb88e40b2 None admin] RBAC: Authorization granted {{(pid=81771) enforce_call /opt/stack/keystone/keystone/common/rbac_enforcer/enforcer.py:457}}
Oct 13 16:49:29.513152 n-d-860864-12 devstack@keystone.service[81771]: [pid: 81771|app: 0|req: 88/169] 10.222.0.13 () {56 vars in 1108 bytes} [Thu Oct 13 16:49:29 2022] GET /identity/v3/domains/default => generated 199 bytes in 161 msecs (HTTP/1.1 200) 5 headers in 177 bytes (1 switches on core 0)
Oct 13 16:49:29.513705 n-d-860864-12 devstack@keystone.service[81771]: DEBUG keystone.server.flask.request_processing.middleware.auth_context [None req-5d0e3b2d-f28b-43c0-9891-ad2bb88e40b2 None admin] Authenticating user token {{(pid=81771) process_request /usr/local/lib/python3.8/dist-packages/keystonemiddleware/auth_token/__init__.py:407}}
Oct 13 16:49:29.546659 n-d-860864-12 devstack@keystone.service[81770]: DEBUG keystone.server.flask.request_processing.middleware.auth_context [None req-c9a14999-9438-415d-83d1-66ed0ea1b8dc None admin] RBAC: auth_context: {'token': , 'domain_id': None, 'trust_id': None, 'trustor_id': None, 'trustee_id': None, 'domain_name': None, 'group_ids': [], 'user_id': '9705145e56b3475a80ba831ce41317c8', 'user_domain_id': 'default', 'system_scope': 'all', 'project_id': None, 'project_domain_id': None, 'roles': ['admin', 'member', 'reader'], 'is_admin_project': True, 'service_user_id': None, 'service_user_domain_id': None, 'service_project_id': None, 'service_project_domain_id': None, 'service_roles': []} {{(pid=81770) fill_context /opt/stack/keystone/keystone/server/flask/request_processing/middleware/auth_context.py:478}}
Oct 13 16:49:29.547262 n-d-860864-12 devstack@keystone.service[81770]: DEBUG keystone.server.flask.request_processing.req_logging [None req-c9a14999-9438-415d-83d1-66ed0ea1b8dc None admin] REQUEST_METHOD: `GET` {{(pid=81770) log_request_info /opt/stack/keystone/keystone/server/flask/request_processing/req_logging.py:27}}
Oct 13 16:49:29.547570 n-d-860864-12 devstack@keystone.service[81770]: DEBUG keystone.server.flask.request_processing.req_logging [None req-c9a14999-9438-415d-83d1-66ed0ea1b8dc None admin] SCRIPT_NAME: `/identity` {{(pid=81770) log_request_info /opt/stack/keystone/keystone/server/flask/request_processing/req_logging.py:28}}
Oct 13 16:49:29.547842 n-d-860864-12 devstack@keystone.service[81770]: DEBUG keystone.server.flask.request_processing.req_logging [None req-c9a14999-9438-415d-83d1-66ed0ea1b8dc None admin] PATH_INFO: `/v3/roles` {{(pid=81770) log_request_info /opt/stack/keystone/keystone/server/flask/request_processing/req_logging.py:29}}
Oct 13 16:49:29.548595 n-d-860864-12 devstack@keystone.service[81770]: DEBUG keystone.common.rbac_enforcer.enforcer [None req-c9a14999-9438-415d-83d1-66ed0ea1b8dc None admin] RBAC: Adding query filter params (name=member) {{(pid=81770) _extract_filter_values /opt/stack/keystone/keystone/common/rbac_enforcer/enforcer.py:167}}
Oct 13 16:49:29.548899 n-d-860864-12 devstack@keystone.service[81770]: DEBUG keystone.common.rbac_enforcer.enforcer [None req-c9a14999-9438-415d-83d1-66ed0ea1b8dc None admin] RBAC: Authorizing `identity:list_roles()` {{(pid=81770) enforce_call /opt/stack/keystone/keystone/common/rbac_enforcer/enforcer.py:449}}
Oct 13 16:49:29.550269 n-d-860864-12 devstack@keystone.service[81770]: DEBUG keystone.common.rbac_enforcer.enforcer [None req-c9a14999-9438-415d-83d1-66ed0ea1b8dc None admin] RBAC: Authorization granted {{(pid=81770) enforce_call /opt/stack/keystone/keystone/common/rbac_enforcer/enforcer.py:457}}
