Oct 13 16:49:36.386461 n-d-860864-12 devstack@keystone.service[81771]: DEBUG keystone.server.flask.request_processing.req_logging [None req-88f4c2cd-8ec3-4c58-bdec-b4bebec52ef7 None admin] PATH_INFO: `/v3/users/62a220f5ec6a4625a36f4cfa1efce484` {{(pid=81771) log_request_info /opt/stack/keystone/keystone/server/flask/request_processing/req_logging.py:29}}
Oct 13 16:49:36.402854 n-d-860864-12 devstack@keystone.service[81771]: DEBUG keystone.common.rbac_enforcer.enforcer [None req-88f4c2cd-8ec3-4c58-bdec-b4bebec52ef7 None admin] RBAC: Authorizing `identity:get_user(user_id=62a220f5ec6a4625a36f4cfa1efce484)` {{(pid=81771) enforce_call /opt/stack/keystone/keystone/common/rbac_enforcer/enforcer.py:449}}
Oct 13 16:49:36.404353 n-d-860864-12 devstack@keystone.service[81771]: DEBUG keystone.common.rbac_enforcer.enforcer [None req-88f4c2cd-8ec3-4c58-bdec-b4bebec52ef7 None admin] RBAC: Authorization granted {{(pid=81771) enforce_call /opt/stack/keystone/keystone/common/rbac_enforcer/enforcer.py:457}}
Oct 13 16:49:36.406333 n-d-860864-12 devstack@keystone.service[81771]: [pid: 81771|app: 0|req: 112/218] 10.222.0.13 () {56 vars in 1177 bytes} [Thu Oct 13 16:49:36 2022] GET /identity/v3/users/62a220f5ec6a4625a36f4cfa1efce484 => generated 293 bytes in 180 msecs (HTTP/1.1 200) 5 headers in 177 bytes (1 switches on core 0)
Oct 13 16:49:36.411732 n-d-860864-12 devstack@keystone.service[81771]: DEBUG keystone.server.flask.request_processing.middleware.auth_context [None req-88f4c2cd-8ec3-4c58-bdec-b4bebec52ef7 None admin] Authenticating user token {{(pid=81771) process_request /usr/local/lib/python3.8/dist-packages/keystonemiddleware/auth_token/__init__.py:407}}
Oct 13 16:49:36.429309 n-d-860864-12 devstack@keystone.service[81770]: DEBUG keystone.server.flask.request_processing.middleware.auth_context [None req-17991410-ed94-4545-81ed-331c2a8785e7 None admin] RBAC: auth_context: {'token': , 'domain_id': None, 'trust_id': None, 'trustor_id': None, 'trustee_id': None, 'domain_name': None, 'group_ids': [], 'user_id': '9705145e56b3475a80ba831ce41317c8', 'user_domain_id': 'default', 'system_scope': 'all', 'project_id': None, 'project_domain_id': None, 'roles': ['admin', 'member', 'reader'], 'is_admin_project': True, 'service_user_id': None, 'service_user_domain_id': None, 'service_project_id': None, 'service_project_domain_id': None, 'service_roles': []} {{(pid=81770) fill_context /opt/stack/keystone/keystone/server/flask/request_processing/middleware/auth_context.py:478}}
Oct 13 16:49:36.429955 n-d-860864-12 devstack@keystone.service[81770]: DEBUG keystone.server.flask.request_processing.req_logging [None req-17991410-ed94-4545-81ed-331c2a8785e7 None admin] REQUEST_METHOD: `GET` {{(pid=81770) log_request_info /opt/stack/keystone/keystone/server/flask/request_processing/req_logging.py:27}}
Oct 13 16:49:36.430236 n-d-860864-12 devstack@keystone.service[81770]: DEBUG keystone.server.flask.request_processing.req_logging [None req-17991410-ed94-4545-81ed-331c2a8785e7 None admin] SCRIPT_NAME: `/identity` {{(pid=81770) log_request_info /opt/stack/keystone/keystone/server/flask/request_processing/req_logging.py:28}}
Oct 13 16:49:36.430503 n-d-860864-12 devstack@keystone.service[81770]: DEBUG keystone.server.flask.request_processing.req_logging [None req-17991410-ed94-4545-81ed-331c2a8785e7 None admin] PATH_INFO: `/v3/users/08d040d7a7934eb9b21d73d3229a29ae` {{(pid=81770) log_request_info /opt/stack/keystone/keystone/server/flask/request_processing/req_logging.py:29}}
Oct 13 16:49:36.431908 n-d-860864-12 devstack@keystone.service[81770]: DEBUG keystone.common.rbac_enforcer.enforcer [None req-17991410-ed94-4545-81ed-331c2a8785e7 None admin] RBAC: Authorizing `identity:get_user(user_id=08d040d7a7934eb9b21d73d3229a29ae)` {{(pid=81770) enforce_call /opt/stack/keystone/keystone/common/rbac_enforcer/enforcer.py:449}}
Oct 13 16:49:36.433359 n-d-860864-12 devstack@keystone.service[81770]: DEBUG keystone.common.rbac_enforcer.enforcer [None req-17991410-ed94-4545-81ed-331c2a8785e7 None admin] RBAC: Authorization granted {{(pid=81770) enforce_call /opt/stack/keystone/keystone/common/rbac_enforcer/enforcer.py:457}}
Oct 13 16:49:36.434939 n-d-860864-12 devstack@keystone.service[81770]: [pid: 81770|app: 0|req: 107/219] 10.222.0.13 () {56 vars in 1177 bytes} [Thu Oct 13 16:49:36 2022] GET /identity/v3/users/08d040d7a7934eb9b21d73d3229a29ae => generated 297 bytes in 166 msecs (HTTP/1.1 200) 5 headers in 177 bytes (2 switches on core 0)
Oct 13 16:49:36.440445 n-d-860864-12 devstack@keystone.service[81770]: DEBUG keystone.server.flask.request_processing.middleware.auth_context [None req-17991410-ed94-4545-81ed-331c2a8785e7 None admin] Authenticating user token {{(pid=81770) process_request /usr/local/lib/python3.8/dist-packages/keystonemiddleware/auth_token/__init__.py:407}}
Oct 13 16:49:36.456139 n-d-860864-12 devstack@keystone.service[81770]: DEBUG dbcounter [-] [81770] Writing DB stats keystone:SELECT=100 {{(pid=81770) stat_writer /usr/local/lib/python3.8/dist-packages/dbcounter.py:114}}
Oct 13 16:49:36.509919 n-d-860864-12 devstack@keystone.service[81771]: DEBUG dbcounter [-] [81771] Writing DB stats keystone:SELECT=100 {{(pid=81771) stat_writer /usr/local/lib/python3.8/dist-packages/dbcounter.py:114}}
Oct 13 16:49:36.531070 n-d-860864-12 devstack@keystone.service[81771]: DEBUG keystone.server.flask.request_processing.middleware.auth_context [None req-88f4c2cd-8ec3-4c58-bdec-b4bebec52ef7 None admin] Validating token access rules against request {{(pid=81771) validate_allowed_request /usr/local/lib/python3.8/dist-packages/keystonemiddleware/auth_token/__init__.py:545}}
Oct 13 16:49:36.571016 n-d-860864-12 devstack@keystone.service[81771]: DEBUG keystone.server.flask.request_processing.middleware.auth_context [None req-d2863aea-0d29-4cae-97eb-e91ae30f6531 None admin] RBAC: auth_context: {'token': , 'domain_id': None, 'trust_id': None, 'trustor_id': None, 'trustee_id': None, 'domain_name': None, 'group_ids': [], 'user_id': '9705145e56b3475a80ba831ce41317c8', 'user_domain_id': 'default', 'system_scope': 'all', 'project_id': None, 'project_domain_id': None, 'roles': ['admin', 'member', 'reader'], 'is_admin_project': True, 'service_user_id': None, 'service_user_domain_id': None, 'service_project_id': None, 'service_project_domain_id': None, 'service_roles': []} {{(pid=81771) fill_context /opt/stack/keystone/keystone/server/flask/request_processing/middleware/auth_context.py:478}}
Oct 13 16:49:36.571655 n-d-860864-12 devstack@keystone.service[81771]: DEBUG keystone.server.flask.request_processing.req_logging [None req-d2863aea-0d29-4cae-97eb-e91ae30f6531 None admin] REQUEST_METHOD: `GET` {{(pid=81771) log_request_info /opt/stack/keystone/keystone/server/flask/request_processing/req_logging.py:27}}
Oct 13 16:49:36.571933 n-d-860864-12 devstack@keystone.service[81771]: DEBUG keystone.server.flask.request_processing.req_logging [None req-d2863aea-0d29-4cae-97eb-e91ae30f6531 None admin] SCRIPT_NAME: `/identity` {{(pid=81771) log_request_info /opt/stack/keystone/keystone/server/flask/request_processing/req_logging.py:28}}
Oct 13 16:49:36.572205 n-d-860864-12 devstack@keystone.service[81771]: DEBUG keystone.server.flask.request_processing.req_logging [None req-d2863aea-0d29-4cae-97eb-e91ae30f6531 None admin] PATH_INFO: `/v3/role_assignments` {{(pid=81771) log_request_info /opt/stack/keystone/keystone/server/flask/request_processing/req_logging.py:29}}
Oct 13 16:49:36.572428 n-d-860864-12 devstack@keystone.service[81770]: DEBUG keystone.server.flask.request_processing.middleware.auth_context [None req-17991410-ed94-4545-81ed-331c2a8785e7 None admin] Validating token access rules against request {{(pid=81770) validate_allowed_request /usr/local/lib/python3.8/dist-packages/keystonemiddleware/auth_token/__init__.py:545}}
Oct 13 16:49:36.572936 n-d-860864-12 devstack@keystone.service[81771]: DEBUG keystone.common.rbac_enforcer.enforcer [None req-d2863aea-0d29-4cae-97eb-e91ae30f6531 None admin] RBAC: Adding query filter params (role.id=34a69454813248bea1aad44153ced66b, user.id=62a220f5ec6a4625a36f4cfa1efce484, scope.system=all) {{(pid=81771) _extract_filter_values /opt/stack/keystone/keystone/common/rbac_enforcer/enforcer.py:167}}
Oct 13 16:49:36.573269 n-d-860864-12 devstack@keystone.service[81771]: DEBUG keystone.common.rbac_enforcer.enforcer [None req-d2863aea-0d29-4cae-97eb-e91ae30f6531 None admin] RBAC: Authorizing `identity:list_role_assignments()` {{(pid=81771) enforce_call /opt/stack/keystone/keystone/common/rbac_enforcer/enforcer.py:449}}
Oct 13 16:49:36.576538 n-d-860864-12 devstack@keystone.service[81771]: DEBUG keystone.common.rbac_enforcer.enforcer [None req-d2863aea-0d29-4cae-97eb-e91ae30f6531 None admin] RBAC: Authorization granted {{(pid=81771) enforce_call /opt/stack/keystone/keystone/common/rbac_enforcer/enforcer.py:457}}
Oct 13 16:49:36.581826 n-d-860864-12 devstack@keystone.service[81771]: [pid: 81771|app: 0|req: 113/220] 10.222.0.13 () {56 vars in 1308 bytes} [Thu Oct 13 16:49:36 2022] GET /identity/v3/role_assignments?user.id=62a220f5ec6a4625a36f4cfa1efce484&scope.system=all&role.id=34a69454813248bea1aad44153ced66b => generated 226 bytes in 170 msecs (HTTP/1.1 200) 5 headers in 177 bytes (2 switches on core 0)
Oct 13 16:49:36.619257 n-d-860864-12 devstack@keystone.service[81770]: DEBUG keystone.server.flask.request_processing.middleware.auth_context [None req-fee11739-981c-43d8-90c1-8df33de97db2 None admin] RBAC: auth_context: {'token': , 'domain_id': None, 'trust_id': None, 'trustor_id': None, 'trustee_id': None, 'domain_name': None, 'group_ids': [], 'user_id': '9705145e56b3475a80ba831ce41317c8', 'user_domain_id': 'default', 'system_scope': 'all', 'project_id': None, 'project_domain_id': None, 'roles': ['admin', 'member', 'reader'], 'is_admin_project': True, 'service_user_id': None, 'service_user_domain_id': None, 'service_project_id': None, 'service_project_domain_id': None, 'service_roles': []} {{(pid=81770) fill_context /opt/stack/keystone/keystone/server/flask/request_processing/middleware/auth_context.py:478}}
Oct 13 16:49:36.619969 n-d-860864-12 devstack@keystone.service[81770]: DEBUG keystone.server.flask.request_processing.req_logging [None req-fee11739-981c-43d8-90c1-8df33de97db2 None admin] REQUEST_METHOD: `GET` {{(pid=81770) log_request_info /opt/stack/keystone/keystone/server/flask/request_processing/req_logging.py:27}}
Oct 13 16:49:36.620248 n-d-860864-12 devstack@keystone.service[81770]: DEBUG keystone.server.flask.request_processing.req_logging [None req-fee11739-981c-43d8-90c1-8df33de97db2 None admin] SCRIPT_NAME: `/identity` {{(pid=81770) log_request_info /opt/stack/keystone/keystone/server/flask/request_processing/req_logging.py:28}}
Oct 13 16:49:36.620520 n-d-860864-12 devstack@keystone.service[81770]: DEBUG keystone.server.flask.request_processing.req_logging [None req-fee11739-981c-43d8-90c1-8df33de97db2 None admin] PATH_INFO: `/v3/auth/tokens` {{(pid=81770) log_request_info /opt/stack/keystone/keystone/server/flask/request_processing/req_logging.py:29}}
Oct 13 16:49:36.702794 n-d-860864-12 devstack@keystone.service[81770]: DEBUG keystone.common.rbac_enforcer.enforcer [None req-fee11739-981c-43d8-90c1-8df33de97db2 None admin] RBAC: Authorizing `identity:validate_token()` {{(pid=81770) enforce_call /opt/stack/keystone/keystone/common/rbac_enforcer/enforcer.py:449}}
Oct 13 16:49:36.704389 n-d-860864-12 devstack@keystone.service[81770]: DEBUG keystone.common.rbac_enforcer.enforcer [None req-fee11739-981c-43d8-90c1-8df33de97db2 None admin] RBAC: Authorization granted {{(pid=81770) enforce_call /opt/stack/keystone/keystone/common/rbac_enforcer/enforcer.py:457}}
Oct 13 16:49:36.720948 n-d-860864-12 devstack@keystone.service[81770]: DEBUG dbcounter [-] [81770] Writing DB stats keystone:SELECT=100 {{(pid=81770) stat_writer /usr/local/lib/python3.8/dist-packages/dbcounter.py:114}}
Oct 13 16:49:36.819880 n-d-860864-12 devstack@keystone.service[81770]: [pid: 81770|app: 0|req: 108/221] 10.222.0.13 () {58 vars in 1282 bytes} [Thu Oct 13 16:49:36 2022] GET /identity/v3/auth/tokens => generated 799 bytes in 380 msecs (HTTP/1.1 200) 6 headers in 358 bytes (2 switches on core 0)
Oct 13 16:49:36.825270 n-d-860864-12 devstack@keystone.service[81771]: DEBUG keystone.server.flask.request_processing.middleware.auth_context [None req-d2863aea-0d29-4cae-97eb-e91ae30f6531 None admin] Authenticating user token {{(pid=81771) process_request /usr/local/lib/python3.8/dist-packages/keystonemiddleware/auth_token/__init__.py:407}}
Oct 13 16:49:36.935456 n-d-860864-12 devstack@keystone.service[81771]: DEBUG keystone.server.flask.request_processing.middleware.auth_context [None req-d2863aea-0d29-4cae-97eb-e91ae30f6531 None admin] Validating token access rules against request {{(pid=81771) validate_allowed_request /usr/local/lib/python3.8/dist-packages/keystonemiddleware/auth_token/__init__.py:545}}
Oct 13 16:49:36.970564 n-d-860864-12 devstack@keystone.service[81771]: DEBUG keystone.server.flask.request_processing.middleware.auth_context [None req-e36b0fe6-5abf-49c5-b47b-286e2bb12a3d None admin] RBAC: auth_context: {'token': , 'domain_id': None, 'trust_id': None, 'trustor_id': None, 'trustee_id': None, 'domain_name': None, 'group_ids': [], 'user_id': '9705145e56b3475a80ba831ce41317c8', 'user_domain_id': 'default', 'system_scope': 'all', 'project_id': None, 'project_domain_id': None, 'roles': ['admin', 'member', 'reader'], 'is_admin_project': True, 'service_user_id': None, 'service_user_domain_id': None, 'service_project_id': None, 'service_project_domain_id': None, 'service_roles': []} {{(pid=81771) fill_context /opt/stack/keystone/keystone/server/flask/request_processing/middleware/auth_context.py:478}}
Oct 13 16:49:36.971201 n-d-860864-12 devstack@keystone.service[81771]: DEBUG keystone.server.flask.request_processing.req_logging [None req-e36b0fe6-5abf-49c5-b47b-286e2bb12a3d None admin] REQUEST_METHOD: `GET` {{(pid=81771) log_request_info /opt/stack/keystone/keystone/server/flask/request_processing/req_logging.py:27}}
Oct 13 16:49:36.971510 n-d-860864-12 devstack@keystone.service[81771]: DEBUG keystone.server.flask.request_processing.req_logging [None req-e36b0fe6-5abf-49c5-b47b-286e2bb12a3d None admin] SCRIPT_NAME: `/identity` {{(pid=81771) log_request_info /opt/stack/keystone/keystone/server/flask/request_processing/req_logging.py:28}}
Oct 13 16:49:36.971783 n-d-860864-12 devstack@keystone.service[81771]: DEBUG keystone.server.flask.request_processing.req_logging [None req-e36b0fe6-5abf-49c5-b47b-286e2bb12a3d None admin] PATH_INFO: `/v3/projects/0f173cd2ec444c40b045d6e0a8ef16e5` {{(pid=81771) log_request_info /opt/stack/keystone/keystone/server/flask/request_processing/req_logging.py:29}}
Oct 13 16:49:36.972913 n-d-860864-12 devstack@keystone.service[81771]: DEBUG keystone.common.rbac_enforcer.enforcer [None req-e36b0fe6-5abf-49c5-b47b-286e2bb12a3d None admin] RBAC: Authorizing `identity:get_project(project_id=0f173cd2ec444c40b045d6e0a8ef16e5)` {{(pid=81771) enforce_call /opt/stack/keystone/keystone/common/rbac_enforcer/enforcer.py:449}}
Oct 13 16:49:36.974369 n-d-860864-12 devstack@keystone.service[81771]: DEBUG keystone.common.rbac_enforcer.enforcer [None req-e36b0fe6-5abf-49c5-b47b-286e2bb12a3d None admin] RBAC: Authorization granted {{(pid=81771) enforce_call /opt/stack/keystone/keystone/common/rbac_enforcer/enforcer.py:457}}
Oct 13 16:49:36.976078 n-d-860864-12 devstack@keystone.service[81771]: [pid: 81771|app: 0|req: 114/222] 10.222.0.13 () {56 vars in 1186 bytes} [Thu Oct 13 16:49:36 2022] GET /identity/v3/projects/0f173cd2ec444c40b045d6e0a8ef16e5 => generated 302 bytes in 151 msecs (HTTP/1.1 200) 5 headers in 177 bytes (2 switches on core 0)
Oct 13 16:49:36.982180 n-d-860864-12 devstack@keystone.service[81770]: DEBUG keystone.server.flask.request_processing.middleware.auth_context [None req-fee11739-981c-43d8-90c1-8df33de97db2 None admin] Authenticating user token {{(pid=81770) process_request /usr/local/lib/python3.8/dist-packages/keystonemiddleware/auth_token/__init__.py:407}}
Oct 13 16:49:37.090167 n-d-860864-12 devstack@keystone.service[81770]: DEBUG keystone.server.flask.request_processing.middleware.auth_context [None req-fee11739-981c-43d8-90c1-8df33de97db2 None admin] Validating token access rules against request {{(pid=81770) validate_allowed_request /usr/local/lib/python3.8/dist-packages/keystonemiddleware/auth_token/__init__.py:545}}
Oct 13 16:49:37.106116 n-d-860864-12 devstack@keystone.service[81770]: DEBUG dbcounter [-] [81770] Writing DB stats keystone:SELECT=100 {{(pid=81770) stat_writer /usr/local/lib/python3.8/dist-packages/dbcounter.py:114}}
Oct 13 16:49:37.129703 n-d-860864-12 devstack@keystone.service[81770]: DEBUG keystone.server.flask.request_processing.middleware.auth_context [None req-6a4d7987-47b8-4af9-91b3-643a675a4efe None admin] RBAC: auth_context: {'token': , 'domain_id': None, 'trust_id': None, 'trustor_id': None, 'trustee_id': None, 'domain_name': None, 'group_ids': [], 'user_id': '9705145e56b3475a80ba831ce41317c8', 'user_domain_id': 'default', 'system_scope': 'all', 'project_id': None, 'project_domain_id': None, 'roles': ['admin', 'member', 'reader'], 'is_admin_project': True, 'service_user_id': None, 'service_user_domain_id': None, 'service_project_id': None, 'service_project_domain_id': None, 'service_roles': []} {{(pid=81770) fill_context /opt/stack/keystone/keystone/server/flask/request_processing/middleware/auth_context.py:478}}
Oct 13 16:49:37.130314 n-d-860864-12 devstack@keystone.service[81770]: DEBUG keystone.server.flask.request_processing.req_logging [None req-6a4d7987-47b8-4af9-91b3-643a675a4efe None admin] REQUEST_METHOD: `GET` {{(pid=81770) log_request_info /opt/stack/keystone/keystone/server/flask/request_processing/req_logging.py:27}}
Oct 13 16:49:37.130594 n-d-860864-12 devstack@keystone.service[81770]: DEBUG keystone.server.flask.request_processing.req_logging [None req-6a4d7987-47b8-4af9-91b3-643a675a4efe None admin] SCRIPT_NAME: `/identity` {{(pid=81770) log_request_info /opt/stack/keystone/keystone/server/flask/request_processing/req_logging.py:28}}
Oct 13 16:49:37.130864 n-d-860864-12 devstack@keystone.service[81770]: DEBUG keystone.server.flask.request_processing.req_logging [None req-6a4d7987-47b8-4af9-91b3-643a675a4efe None admin] PATH_INFO: `/v3/role_assignments` {{(pid=81770) log_request_info /opt/stack/keystone/keystone/server/flask/request_processing/req_logging.py:29}}
Oct 13 16:49:37.131698 n-d-860864-12 devstack@keystone.service[81770]: DEBUG keystone.common.rbac_enforcer.enforcer [None req-6a4d7987-47b8-4af9-91b3-643a675a4efe None admin] RBAC: Adding query filter params (role.id=270ded8ebb8a4746b7854f9471af0a66, scope.project.id=0f173cd2ec444c40b045d6e0a8ef16e5, user.id=08d040d7a7934eb9b21d73d3229a29ae) {{(pid=81770) _extract_filter_values /opt/stack/keystone/keystone/common/rbac_enforcer/enforcer.py:167}}
Oct 13 16:49:37.132009 n-d-860864-12 devstack@keystone.service[81770]: DEBUG keystone.common.rbac_enforcer.enforcer [None req-6a4d7987-47b8-4af9-91b3-643a675a4efe None admin] RBAC: Authorizing `identity:list_role_assignments()` {{(pid=81770) enforce_call /opt/stack/keystone/keystone/common/rbac_enforcer/enforcer.py:449}}
Oct 13 16:49:37.133471 n-d-860864-12 devstack@keystone.service[81770]: DEBUG keystone.common.rbac_enforcer.enforcer [None req-6a4d7987-47b8-4af9-91b3-643a675a4efe None admin] RBAC: Authorization granted {{(pid=81770) enforce_call /opt/stack/keystone/keystone/common/rbac_enforcer/enforcer.py:457}}
Oct 13 16:49:37.140180 n-d-860864-12 devstack@keystone.service[81770]: [pid: 81770|app: 0|req: 109/223] 10.222.0.13 () {56 vars in 1374 bytes} [Thu Oct 13 16:49:36 2022] GET /identity/v3/role_assignments?user.id=08d040d7a7934eb9b21d73d3229a29ae&scope.project.id=0f173cd2ec444c40b045d6e0a8ef16e5&role.id=270ded8ebb8a4746b7854f9471af0a66 => generated 608 bytes in 158 msecs (HTTP/1.1 200) 5 headers in 177 bytes (1 switches on core 0)
Oct 13 16:49:38.591726 n-d-860864-12 devstack@keystone.service[81771]: DEBUG keystone.server.flask.request_processing.req_logging [None req-26559f9f-0ab4-4276-939c-e0ddaa55eee9 None None] REQUEST_METHOD: `GET` {{(pid=81771) log_request_info /opt/stack/keystone/keystone/server/flask/request_processing/req_logging.py:27}}
Oct 13 16:49:38.592229 n-d-860864-12 devstack@keystone.service[81771]: DEBUG keystone.server.flask.request_processing.req_logging [None req-26559f9f-0ab4-4276-939c-e0ddaa55eee9 None None] SCRIPT_NAME: `/identity` {{(pid=81771) log_request_info /opt/stack/keystone/keystone/server/flask/request_processing/req_logging.py:28}}
Oct 13 16:49:38.592229 n-d-860864-12 devstack@keystone.service[81771]: DEBUG keystone.server.flask.request_processing.req_logging [None req-26559f9f-0ab4-4276-939c-e0ddaa55eee9 None None] PATH_INFO: `/` {{(pid=81771) log_request_info /opt/stack/keystone/keystone/server/flask/request_processing/req_logging.py:29}}
Oct 13 16:49:38.593666 n-d-860864-12 devstack@keystone.service[81771]: [pid: 81771|app: 0|req: 115/224] 10.222.0.13 () {54 vars in 927 bytes} [Thu Oct 13 16:49:38 2022] GET /identity => generated 270 bytes in 3 msecs (HTTP/1.1 300) 6 headers in 234 bytes (1 switches on core 0)
Oct 13 16:49:38.598818 n-d-860864-12 devstack@keystone.service[81770]: DEBUG keystone.server.flask.request_processing.req_logging [None req-56f3911d-fdec-4284-a616-734ea479f782 None None] REQUEST_METHOD: `POST` {{(pid=81770) log_request_info /opt/stack/keystone/keystone/server/flask/request_processing/req_logging.py:27}}
Oct 13 16:49:38.599189 n-d-860864-12 devstack@keystone.service[81770]: DEBUG keystone.server.flask.request_processing.req_logging [None req-56f3911d-fdec-4284-a616-734ea479f782 None None] SCRIPT_NAME: `/identity` {{(pid=81770) log_request_info /opt/stack/keystone/keystone/server/flask/request_processing/req_logging.py:28}}
Oct 13 16:49:38.599460 n-d-860864-12 devstack@keystone.service[81770]: DEBUG keystone.server.flask.request_processing.req_logging [None req-56f3911d-fdec-4284-a616-734ea479f782 None None] PATH_INFO: `/v3/auth/tokens` {{(pid=81770) log_request_info /opt/stack/keystone/keystone/server/flask/request_processing/req_logging.py:29}}
Oct 13 16:49:38.618310 n-d-860864-12 devstack@keystone.service[81770]: DEBUG keystone.auth.core [None req-56f3911d-fdec-4284-a616-734ea479f782 None None] MFA Rules not processed for user `9705145e56b3475a80ba831ce41317c8`. Rule list: `[]` (Enabled: `True`). {{(pid=81770) check_auth_methods_against_rules /opt/stack/keystone/keystone/auth/core.py:438}}
Oct 13 16:49:38.619540 n-d-860864-12 devstack@keystone.service[81770]: DEBUG keystone.common.fernet_utils [None req-56f3911d-fdec-4284-a616-734ea479f782 None None] Loaded 2 Fernet keys from /etc/keystone/fernet-keys/, but `[fernet_tokens] max_active_keys = 3`; perhaps there have not been enough key rotations to reach `max_active_keys` yet? {{(pid=81770) load_keys /opt/stack/keystone/keystone/common/fernet_utils.py:286}}
Oct 13 16:49:38.636829 n-d-860864-12 devstack@keystone.service[81771]: DEBUG keystone.server.flask.request_processing.req_logging [None req-b3967153-0630-4c36-af8e-4c973eef3ed8 None None] REQUEST_METHOD: `GET` {{(pid=81771) log_request_info /opt/stack/keystone/keystone/server/flask/request_processing/req_logging.py:27}}
Oct 13 16:49:38.637114 n-d-860864-12 devstack@keystone.service[81771]: DEBUG keystone.server.flask.request_processing.req_logging [None req-b3967153-0630-4c36-af8e-4c973eef3ed8 None None] SCRIPT_NAME: `/identity` {{(pid=81771) log_request_info /opt/stack/keystone/keystone/server/flask/request_processing/req_logging.py:28}}
Oct 13 16:49:38.637387 n-d-860864-12 devstack@keystone.service[81771]: DEBUG keystone.server.flask.request_processing.req_logging [None req-b3967153-0630-4c36-af8e-4c973eef3ed8 None None] PATH_INFO: `/` {{(pid=81771) log_request_info /opt/stack/keystone/keystone/server/flask/request_processing/req_logging.py:29}}
Oct 13 16:49:38.638719 n-d-860864-12 devstack@keystone.service[81771]: [pid: 81771|app: 0|req: 116/225] 10.222.0.13 () {54 vars in 927 bytes} [Thu Oct 13 16:49:38 2022] GET /identity => generated 270 bytes in 3 msecs (HTTP/1.1 300) 6 headers in 234 bytes (2 switches on core 0)
Oct 13 16:49:38.644106 n-d-860864-12 devstack@keystone.service[81771]: DEBUG keystone.server.flask.request_processing.req_logging [None req-572d16af-a939-4bb5-a213-aeb3e570887a None None] REQUEST_METHOD: `POST` {{(pid=81771) log_request_info /opt/stack/keystone/keystone/server/flask/request_processing/req_logging.py:27}}
Oct 13 16:49:38.644392 n-d-860864-12 devstack@keystone.service[81771]: DEBUG keystone.server.flask.request_processing.req_logging [None req-572d16af-a939-4bb5-a213-aeb3e570887a None None] SCRIPT_NAME: `/identity` {{(pid=81771) log_request_info /opt/stack/keystone/keystone/server/flask/request_processing/req_logging.py:28}}
Oct 13 16:49:38.644665 n-d-860864-12 devstack@keystone.service[81771]: DEBUG keystone.server.flask.request_processing.req_logging [None req-572d16af-a939-4bb5-a213-aeb3e570887a None None] PATH_INFO: `/v3/auth/tokens` {{(pid=81771) log_request_info /opt/stack/keystone/keystone/server/flask/request_processing/req_logging.py:29}}
Oct 13 16:49:38.664427 n-d-860864-12 devstack@keystone.service[81771]: DEBUG keystone.auth.core [None req-572d16af-a939-4bb5-a213-aeb3e570887a None None] MFA Rules not processed for user `9705145e56b3475a80ba831ce41317c8`. Rule list: `[]` (Enabled: `True`). {{(pid=81771) check_auth_methods_against_rules /opt/stack/keystone/keystone/auth/core.py:438}}
Oct 13 16:49:38.665662 n-d-860864-12 devstack@keystone.service[81771]: DEBUG keystone.common.fernet_utils [None req-572d16af-a939-4bb5-a213-aeb3e570887a None None] Loaded 2 Fernet keys from /etc/keystone/fernet-keys/, but `[fernet_tokens] max_active_keys = 3`; perhaps there have not been enough key rotations to reach `max_active_keys` yet? {{(pid=81771) load_keys /opt/stack/keystone/keystone/common/fernet_utils.py:286}}
Oct 13 16:49:38.674492 n-d-860864-12 devstack@keystone.service[81771]: DEBUG dbcounter [-] [81771] Writing DB stats keystone:SELECT=100 {{(pid=81771) stat_writer /usr/local/lib/python3.8/dist-packages/dbcounter.py:114}}
Oct 13 16:49:38.698296 n-d-860864-12 devstack@keystone.service[81770]: [pid: 81770|app: 0|req: 110/226] 10.222.0.13 () {58 vars in 1024 bytes} [Thu Oct 13 16:49:38 2022] POST /identity/v3/auth/tokens => generated 799 bytes in 100 msecs (HTTP/1.1 201) 6 headers in 363 bytes (1 switches on core 0)
Oct 13 16:49:38.737490 n-d-860864-12 devstack@keystone.service[81771]: [pid: 81771|app: 0|req: 117/227] 10.222.0.13 () {58 vars in 1024 bytes} [Thu Oct 13 16:49:38 2022] POST /identity/v3/auth/tokens => generated 799 bytes in 94 msecs (HTTP/1.1 201) 6 headers in 363 bytes (2 switches on core 0)
Oct 13 16:49:38.772955 n-d-860864-12 devstack@keystone.service[81770]: DEBUG keystone.server.flask.request_processing.req_logging [None req-3e2e885f-7082-47c7-bef8-a173070941d0 None None] REQUEST_METHOD: `GET` {{(pid=81770) log_request_info /opt/stack/keystone/keystone/server/flask/request_processing/req_logging.py:27}}
Oct 13 16:49:38.773250 n-d-860864-12 devstack@keystone.service[81770]: DEBUG keystone.server.flask.request_processing.req_logging [None req-3e2e885f-7082-47c7-bef8-a173070941d0 None None] SCRIPT_NAME: `/identity` {{(pid=81770) log_request_info /opt/stack/keystone/keystone/server/flask/request_processing/req_logging.py:28}}
Oct 13 16:49:38.773498 n-d-860864-12 devstack@keystone.service[81770]: DEBUG keystone.server.flask.request_processing.req_logging [None req-3e2e885f-7082-47c7-bef8-a173070941d0 None None] PATH_INFO: `/` {{(pid=81770) log_request_info /opt/stack/keystone/keystone/server/flask/request_processing/req_logging.py:29}}
Oct 13 16:49:38.774973 n-d-860864-12 devstack@keystone.service[81770]: [pid: 81770|app: 0|req: 111/228] 10.222.0.13 () {54 vars in 927 bytes} [Thu Oct 13 16:49:38 2022] GET /identity => generated 270 bytes in 3 msecs (HTTP/1.1 300) 6 headers in 234 bytes (1 switches on core 0)
Oct 13 16:49:38.779919 n-d-860864-12 devstack@keystone.service[81771]: DEBUG keystone.server.flask.request_processing.req_logging [None req-098f1186-763d-4b62-bcab-bc0e3a69f157 None None] REQUEST_METHOD: `POST` {{(pid=81771) log_request_info /opt/stack/keystone/keystone/server/flask/request_processing/req_logging.py:27}}
Oct 13 16:49:38.780208 n-d-860864-12 devstack@keystone.service[81771]: DEBUG keystone.server.flask.request_processing.req_logging [None req-098f1186-763d-4b62-bcab-bc0e3a69f157 None None] SCRIPT_NAME: `/identity` {{(pid=81771) log_request_info /opt/stack/keystone/keystone/server/flask/request_processing/req_logging.py:28}}
Oct 13 16:49:38.780485 n-d-860864-12 devstack@keystone.service[81771]: DEBUG keystone.server.flask.request_processing.req_logging [None req-098f1186-763d-4b62-bcab-bc0e3a69f157 None None] PATH_INFO: `/v3/auth/tokens` {{(pid=81771) log_request_info /opt/stack/keystone/keystone/server/flask/request_processing/req_logging.py:29}}
Oct 13 16:49:38.799037 n-d-860864-12 devstack@keystone.service[81771]: DEBUG keystone.auth.core [None req-098f1186-763d-4b62-bcab-bc0e3a69f157 None None] MFA Rules not processed for user `9705145e56b3475a80ba831ce41317c8`. Rule list: `[]` (Enabled: `True`). {{(pid=81771) check_auth_methods_against_rules /opt/stack/keystone/keystone/auth/core.py:438}}
Oct 13 16:49:38.800260 n-d-860864-12 devstack@keystone.service[81771]: DEBUG keystone.common.fernet_utils [None req-098f1186-763d-4b62-bcab-bc0e3a69f157 None None] Loaded 2 Fernet keys from /etc/keystone/fernet-keys/, but `[fernet_tokens] max_active_keys = 3`; perhaps there have not been enough key rotations to reach `max_active_keys` yet? {{(pid=81771) load_keys /opt/stack/keystone/keystone/common/fernet_utils.py:286}}
Oct 13 16:49:38.868424 n-d-860864-12 devstack@keystone.service[81771]: [pid: 81771|app: 0|req: 118/229] 10.222.0.13 () {58 vars in 1024 bytes} [Thu Oct 13 16:49:38 2022] POST /identity/v3/auth/tokens => generated 799 bytes in 89 msecs (HTTP/1.1 201) 6 headers in 363 bytes (2 switches on core 0)
Oct 13 16:49:38.967223 n-d-860864-12 devstack@keystone.service[81770]: DEBUG keystone.server.flask.request_processing.middleware.auth_context [None req-3e2e885f-7082-47c7-bef8-a173070941d0 None None] Authenticating user token {{(pid=81770) process_request /usr/local/lib/python3.8/dist-packages/keystonemiddleware/auth_token/__init__.py:407}}
Oct 13 16:49:39.004785 n-d-860864-12 devstack@keystone.service[81771]: DEBUG keystone.server.flask.request_processing.middleware.auth_context [None req-098f1186-763d-4b62-bcab-bc0e3a69f157 None None] Authenticating user token {{(pid=81771) process_request /usr/local/lib/python3.8/dist-packages/keystonemiddleware/auth_token/__init__.py:407}}
Oct 13 16:49:39.071097 n-d-860864-12 devstack@keystone.service[81770]: DEBUG keystone.server.flask.request_processing.middleware.auth_context [None req-3e2e885f-7082-47c7-bef8-a173070941d0 None None] Validating token access rules against request {{(pid=81770) validate_allowed_request /usr/local/lib/python3.8/dist-packages/keystonemiddleware/auth_token/__init__.py:545}}
Oct 13 16:49:39.078356 n-d-860864-12 devstack@keystone.service[81770]: DEBUG dbcounter [-] [81770] Writing DB stats keystone:SELECT=100 {{(pid=81770) stat_writer /usr/local/lib/python3.8/dist-packages/dbcounter.py:114}}
Oct 13 16:49:39.086287 n-d-860864-12 devstack@keystone.service[81771]: DEBUG dbcounter [-] [81771] Writing DB stats keystone:SELECT=100 {{(pid=81771) stat_writer /usr/local/lib/python3.8/dist-packages/dbcounter.py:114}}
Oct 13 16:49:39.106744 n-d-860864-12 devstack@keystone.service[81770]: DEBUG keystone.server.flask.request_processing.middleware.auth_context [None req-fac20cbf-b4d0-481e-875c-77edc4f5e4e0 None admin] RBAC: auth_context: {'token': , 'domain_id': None, 'trust_id': None, 'trustor_id': None, 'trustee_id': None, 'domain_name': None, 'group_ids': [], 'user_id': '9705145e56b3475a80ba831ce41317c8', 'user_domain_id': 'default', 'system_scope': 'all', 'project_id': None, 'project_domain_id': None, 'roles': ['admin', 'member', 'reader'], 'is_admin_project': True, 'service_user_id': None, 'service_user_domain_id': None, 'service_project_id': None, 'service_project_domain_id': None, 'service_roles': []} {{(pid=81770) fill_context /opt/stack/keystone/keystone/server/flask/request_processing/middleware/auth_context.py:478}}
Oct 13 16:49:39.107451 n-d-860864-12 devstack@keystone.service[81770]: DEBUG keystone.server.flask.request_processing.req_logging [None req-fac20cbf-b4d0-481e-875c-77edc4f5e4e0 None admin] REQUEST_METHOD: `GET` {{(pid=81770) log_request_info /opt/stack/keystone/keystone/server/flask/request_processing/req_logging.py:27}}
Oct 13 16:49:39.107725 n-d-860864-12 devstack@keystone.service[81770]: DEBUG keystone.server.flask.request_processing.req_logging [None req-fac20cbf-b4d0-481e-875c-77edc4f5e4e0 None admin] SCRIPT_NAME: `/identity` {{(pid=81770) log_request_info /opt/stack/keystone/keystone/server/flask/request_processing/req_logging.py:28}}
Oct 13 16:49:39.107988 n-d-860864-12 devstack@keystone.service[81770]: DEBUG keystone.server.flask.request_processing.req_logging [None req-fac20cbf-b4d0-481e-875c-77edc4f5e4e0 None admin] PATH_INFO: `/v3/roles/reader` {{(pid=81770) log_request_info /opt/stack/keystone/keystone/server/flask/request_processing/req_logging.py:29}}
Oct 13 16:49:39.118376 n-d-860864-12 devstack@keystone.service[81771]: DEBUG keystone.server.flask.request_processing.middleware.auth_context [None req-098f1186-763d-4b62-bcab-bc0e3a69f157 None None] Validating token access rules against request {{(pid=81771) validate_allowed_request /usr/local/lib/python3.8/dist-packages/keystonemiddleware/auth_token/__init__.py:545}}
Oct 13 16:49:39.118653 n-d-860864-12 devstack@keystone.service[81770]: DEBUG keystone.common.rbac_enforcer.enforcer [None req-fac20cbf-b4d0-481e-875c-77edc4f5e4e0 None admin] Extracting inferred target data resulted in "NOT FOUND (404)". {{(pid=81770) enforce_call /opt/stack/keystone/keystone/common/rbac_enforcer/enforcer.py:409}}
Oct 13 16:49:39.123432 n-d-860864-12 devstack@keystone.service[81770]: ERROR keystone.server.flask.application [None req-fac20cbf-b4d0-481e-875c-77edc4f5e4e0 None admin] Could not find role: reader.: keystone.exception.RoleNotFound: Could not find role: reader.
Oct 13 16:49:39.123432 n-d-860864-12 devstack@keystone.service[81770]: ERROR keystone.server.flask.application
Traceback (most recent call last):
Oct 13 16:49:39.123432 n-d-860864-12 devstack@keystone.service[81770]: ERROR keystone.server.flask.application
File "/usr/local/lib/python3.8/dist-packages/flask/app.py", line 1820, in full_dispatch_request
Oct 13 16:49:39.123432 n-d-860864-12 devstack@keystone.service[81770]: ERROR keystone.server.flask.application rv = self.dispatch_request()
Oct 13 16:49:39.123432 n-d-860864-12 devstack@keystone.service[81770]: ERROR keystone.server.flask.application
File "/usr/local/lib/python3.8/dist-packages/flask/app.py", line 1796, in dispatch_request
Oct 13 16:49:39.123432 n-d-860864-12 devstack@keystone.service[81770]: ERROR keystone.server.flask.application return self.ensure_sync(self.view_functions[rule.endpoint])(**view_args)
Oct 13 16:49:39.123432 n-d-860864-12 devstack@keystone.service[81770]: ERROR keystone.server.flask.application
File "/usr/local/lib/python3.8/dist-packages/flask_restful/__init__.py", line 467, in wrapper
Oct 13 16:49:39.123432 n-d-860864-12 devstack@keystone.service[81770]: ERROR keystone.server.flask.application resp = resource(*args, **kwargs)
Oct 13 16:49:39.123432 n-d-860864-12 devstack@keystone.service[81770]: ERROR keystone.server.flask.application
File "/usr/local/lib/python3.8/dist-packages/flask/views.py", line 107, in view
Oct 13 16:49:39.123432 n-d-860864-12 devstack@keystone.service[81770]: ERROR keystone.server.flask.application return current_app.ensure_sync(self.dispatch_request)(**kwargs)
Oct 13 16:49:39.123432 n-d-860864-12 devstack@keystone.service[81770]: ERROR keystone.server.flask.application
File "/usr/local/lib/python3.8/dist-packages/flask_restful/__init__.py", line 582, in dispatch_request
Oct 13 16:49:39.123432 n-d-860864-12 devstack@keystone.service[81770]: ERROR keystone.server.flask.application resp = meth(*args, **kwargs)
Oct 13 16:49:39.123432 n-d-860864-12 devstack@keystone.service[81770]: ERROR keystone.server.flask.application
File "/opt/stack/keystone/keystone/api/roles.py", line 50, in get
Oct 13 16:49:39.123432 n-d-860864-12 devstack@keystone.service[81770]: ERROR keystone.server.flask.application return self._get_role(role_id)
Oct 13 16:49:39.123432 n-d-860864-12 devstack@keystone.service[81770]: ERROR keystone.server.flask.application
File "/opt/stack/keystone/keystone/api/roles.py", line 70, in _get_role
Oct 13 16:49:39.123432 n-d-860864-12 devstack@keystone.service[81770]: ERROR keystone.server.flask.application ENFORCER.enforce_call(action='identity:get_role')
Oct 13 16:49:39.124321 n-d-860864-12 devstack@keystone.service[81770]: ERROR keystone.server.flask.application
File "/opt/stack/keystone/keystone/common/rbac_enforcer/enforcer.py", line 402, in enforce_call
Oct 13 16:49:39.124321 n-d-860864-12 devstack@keystone.service[81770]: ERROR keystone.server.flask.application policy_dict.update(cls._extract_member_target_data(
Oct 13 16:49:39.124321 n-d-860864-12 devstack@keystone.service[81770]: ERROR keystone.server.flask.application
File "/opt/stack/keystone/keystone/common/rbac_enforcer/enforcer.py", line 234, in _extract_member_target_data
Oct 13 16:49:39.124321 n-d-860864-12 devstack@keystone.service[81770]: ERROR keystone.server.flask.application member_name: func(flask.request.view_args[key])
Oct 13 16:49:39.124321 n-d-860864-12 devstack@keystone.service[81770]: ERROR keystone.server.flask.application
File "/opt/stack/keystone/keystone/common/manager.py", line 115, in wrapped
Oct 13 16:49:39.124321 n-d-860864-12 devstack@keystone.service[81770]: ERROR keystone.server.flask.application __ret_val = __f(*args, **kwargs)
Oct 13 16:49:39.124321 n-d-860864-12 devstack@keystone.service[81770]: ERROR keystone.server.flask.application
File "/usr/local/lib/python3.8/dist-packages/decorator.py", line 232, in fun
Oct 13 16:49:39.124321 n-d-860864-12 devstack@keystone.service[81770]: ERROR keystone.server.flask.application return caller(func, *(extras + args), **kw)
Oct 13 16:49:39.124321 n-d-860864-12 devstack@keystone.service[81770]: ERROR keystone.server.flask.application
File "/usr/local/lib/python3.8/dist-packages/dogpile/cache/region.py", line 1577, in get_or_create_for_user_func
Oct 13 16:49:39.124321 n-d-860864-12 devstack@keystone.service[81770]: ERROR keystone.server.flask.application return self.get_or_create(
Oct 13 16:49:39.124321 n-d-860864-12 devstack@keystone.service[81770]: ERROR keystone.server.flask.application
File "/usr/local/lib/python3.8/dist-packages/dogpile/cache/region.py", line 1042, in get_or_create
Oct 13 16:49:39.124321 n-d-860864-12 devstack@keystone.service[81770]: ERROR keystone.server.flask.application with Lock(
Oct 13 16:49:39.124321 n-d-860864-12 devstack@keystone.service[81770]: ERROR keystone.server.flask.application
File "/usr/local/lib/python3.8/dist-packages/dogpile/lock.py", line 185, in __enter__
Oct 13 16:49:39.124321 n-d-860864-12 devstack@keystone.service[81770]: ERROR keystone.server.flask.application return self._enter()
Oct 13 16:49:39.124321 n-d-860864-12 devstack@keystone.service[81770]: ERROR keystone.server.flask.application
File "/usr/local/lib/python3.8/dist-packages/dogpile/lock.py", line 94, in _enter
Oct 13 16:49:39.124321 n-d-860864-12 devstack@keystone.service[81770]: ERROR keystone.server.flask.application generated = self._enter_create(value, createdtime)
Oct 13 16:49:39.125121 n-d-860864-12 devstack@keystone.service[81770]: ERROR keystone.server.flask.application
File "/usr/local/lib/python3.8/dist-packages/dogpile/lock.py", line 178, in _enter_create
Oct 13 16:49:39.125121 n-d-860864-12 devstack@keystone.service[81770]: ERROR keystone.server.flask.application return self.creator()
Oct 13 16:49:39.125121 n-d-860864-12 devstack@keystone.service[81770]: ERROR keystone.server.flask.application
File "/usr/local/lib/python3.8/dist-packages/dogpile/cache/region.py", line 995, in gen_value
Oct 13 16:49:39.125121 n-d-860864-12 devstack@keystone.service[81770]: ERROR keystone.server.flask.application created_value = creator(
Oct 13 16:49:39.125121 n-d-860864-12 devstack@keystone.service[81770]: ERROR keystone.server.flask.application
File "/opt/stack/keystone/keystone/assignment/core.py", line 1276, in get_role
Oct 13 16:49:39.125121 n-d-860864-12 devstack@keystone.service[81770]: ERROR keystone.server.flask.application return self.driver.get_role(role_id)
Oct 13 16:49:39.125121 n-d-860864-12 devstack@keystone.service[81770]: ERROR keystone.server.flask.application
File "/opt/stack/keystone/keystone/assignment/role_backends/sql.py", line 70, in get_role
Oct 13 16:49:39.125121 n-d-860864-12 devstack@keystone.service[81770]: ERROR keystone.server.flask.application return self._get_role(session, role_id).to_dict()
Oct 13 16:49:39.125121 n-d-860864-12 devstack@keystone.service[81770]: ERROR keystone.server.flask.application
File "/opt/stack/keystone/keystone/assignment/role_backends/sql.py", line 65, in _get_role
Oct 13 16:49:39.125121 n-d-860864-12 devstack@keystone.service[81770]: ERROR keystone.server.flask.application raise exception.RoleNotFound(role_id=role_id)
Oct 13 16:49:39.125121 n-d-860864-12 devstack@keystone.service[81770]: ERROR keystone.server.flask.application keystone.exception.RoleNotFound: Could not find role: reader.
Oct 13 16:49:39.125121 n-d-860864-12 devstack@keystone.service[81770]: ERROR keystone.server.flask.application
Oct 13 16:49:39.125121 n-d-860864-12 devstack@keystone.service[81770]: [pid: 81770|app: 0|req: 112/230] 10.222.0.13 () {56 vars in 1099 bytes} [Thu Oct 13 16:49:38 2022] GET /identity/v3/roles/reader => generated 84 bytes in 158 msecs (HTTP/1.1 404) 5 headers in 183 bytes (1 switches on core 0)
Oct 13 16:49:39.130333 n-d-860864-12 devstack@keystone.service[81770]: DEBUG keystone.server.flask.request_processing.middleware.auth_context [None req-fac20cbf-b4d0-481e-875c-77edc4f5e4e0 None admin] Authenticating user token {{(pid=81770) process_request /usr/local/lib/python3.8/dist-packages/keystonemiddleware/auth_token/__init__.py:407}}
Oct 13 16:49:39.156362 n-d-860864-12 devstack@keystone.service[81771]: DEBUG keystone.server.flask.request_processing.middleware.auth_context [None req-8c0bdf7f-7a0d-4863-a61c-7c5730257f0c None admin] RBAC: auth_context: {'token': , 'domain_id': None, 'trust_id': None, 'trustor_id': None, 'trustee_id': None, 'domain_name': None, 'group_ids': [], 'user_id': '9705145e56b3475a80ba831ce41317c8', 'user_domain_id': 'default', 'system_scope': 'all', 'project_id': None, 'project_domain_id': None, 'roles': ['admin', 'member', 'reader'], 'is_admin_project': True, 'service_user_id': None, 'service_user_domain_id': None, 'service_project_id': None, 'service_project_domain_id': None, 'service_roles': []} {{(pid=81771) fill_context /opt/stack/keystone/keystone/server/flask/request_processing/middleware/auth_context.py:478}}
Oct 13 16:49:39.156981 n-d-860864-12 devstack@keystone.service[81771]: DEBUG keystone.server.flask.request_processing.req_logging [None req-8c0bdf7f-7a0d-4863-a61c-7c5730257f0c None admin] REQUEST_METHOD: `GET` {{(pid=81771) log_request_info /opt/stack/keystone/keystone/server/flask/request_processing/req_logging.py:27}}
Oct 13 16:49:39.157257 n-d-860864-12 devstack@keystone.service[81771]: DEBUG keystone.server.flask.request_processing.req_logging [None req-8c0bdf7f-7a0d-4863-a61c-7c5730257f0c None admin] SCRIPT_NAME: `/identity` {{(pid=81771) log_request_info /opt/stack/keystone/keystone/server/flask/request_processing/req_logging.py:28}}
Oct 13 16:49:39.157525 n-d-860864-12 devstack@keystone.service[81771]: DEBUG keystone.server.flask.request_processing.req_logging [None req-8c0bdf7f-7a0d-4863-a61c-7c5730257f0c None admin] PATH_INFO: `/v3/domains/default` {{(pid=81771) log_request_info /opt/stack/keystone/keystone/server/flask/request_processing/req_logging.py:29}}
Oct 13 16:49:39.158596 n-d-860864-12 devstack@keystone.service[81771]: DEBUG keystone.common.rbac_enforcer.enforcer [None req-8c0bdf7f-7a0d-4863-a61c-7c5730257f0c None admin] RBAC: Authorizing `identity:get_domain(domain_id=default)` {{(pid=81771) enforce_call /opt/stack/keystone/keystone/common/rbac_enforcer/enforcer.py:449}}
Oct 13 16:49:39.160066 n-d-860864-12 devstack@keystone.service[81771]: DEBUG keystone.common.rbac_enforcer.enforcer [None req-8c0bdf7f-7a0d-4863-a61c-7c5730257f0c None admin] RBAC: Authorization granted {{(pid=81771) enforce_call /opt/stack/keystone/keystone/common/rbac_enforcer/enforcer.py:457}}
Oct 13 16:49:39.161579 n-d-860864-12 devstack@keystone.service[81771]: [pid: 81771|app: 0|req: 119/231] 10.222.0.13 () {56 vars in 1108 bytes} [Thu Oct 13 16:49:39 2022] GET /identity/v3/domains/default => generated 199 bytes in 157 msecs (HTTP/1.1 200) 5 headers in 177 bytes (2 switches on core 0)
Oct 13 16:49:39.166027 n-d-860864-12 devstack@keystone.service[81771]: DEBUG keystone.server.flask.request_processing.middleware.auth_context [None req-8c0bdf7f-7a0d-4863-a61c-7c5730257f0c None admin] Authenticating user token {{(pid=81771) process_request /usr/local/lib/python3.8/dist-packages/keystonemiddleware/auth_token/__init__.py:407}}
Oct 13 16:49:39.230346 n-d-860864-12 devstack@keystone.service[81770]: DEBUG keystone.server.flask.request_processing.middleware.auth_context [None req-fac20cbf-b4d0-481e-875c-77edc4f5e4e0 None admin] Validating token access rules against request {{(pid=81770) validate_allowed_request /usr/local/lib/python3.8/dist-packages/keystonemiddleware/auth_token/__init__.py:545}}
Oct 13 16:49:39.263182 n-d-860864-12 devstack@keystone.service[81771]: DEBUG keystone.server.flask.request_processing.middleware.auth_context [None req-8c0bdf7f-7a0d-4863-a61c-7c5730257f0c None admin] Validating token access rules against request {{(pid=81771) validate_allowed_request /usr/local/lib/python3.8/dist-packages/keystonemiddleware/auth_token/__init__.py:545}}
Oct 13 16:49:39.264691 n-d-860864-12 devstack@keystone.service[81770]: DEBUG keystone.server.flask.request_processing.middleware.auth_context [None req-b3e915c3-c600-42aa-86b8-669320f3c522 None admin] RBAC: auth_context: {'token': , 'domain_id': None, 'trust_id': None, 'trustor_id': None, 'trustee_id': None, 'domain_name': None, 'group_ids': [], 'user_id': '9705145e56b3475a80ba831ce41317c8', 'user_domain_id': 'default', 'system_scope': 'all', 'project_id': None, 'project_domain_id': None, 'roles': ['admin', 'member', 'reader'], 'is_admin_project': True, 'service_user_id': None, 'service_user_domain_id': None, 'service_project_id': None, 'service_project_domain_id': None, 'service_roles': []} {{(pid=81770) fill_context /opt/stack/keystone/keystone/server/flask/request_processing/middleware/auth_context.py:478}}
Oct 13 16:49:39.265300 n-d-860864-12 devstack@keystone.service[81770]: DEBUG keystone.server.flask.request_processing.req_logging [None req-b3e915c3-c600-42aa-86b8-669320f3c522 None admin] REQUEST_METHOD: `GET` {{(pid=81770) log_request_info /opt/stack/keystone/keystone/server/flask/request_processing/req_logging.py:27}}
Oct 13 16:49:39.265578 n-d-860864-12 devstack@keystone.service[81770]: DEBUG keystone.server.flask.request_processing.req_logging [None req-b3e915c3-c600-42aa-86b8-669320f3c522 None admin] SCRIPT_NAME: `/identity` {{(pid=81770) log_request_info /opt/stack/keystone/keystone/server/flask/request_processing/req_logging.py:28}}
Oct 13 16:49:39.265854 n-d-860864-12 devstack@keystone.service[81770]: DEBUG keystone.server.flask.request_processing.req_logging [None req-b3e915c3-c600-42aa-86b8-669320f3c522 None admin] PATH_INFO: `/v3/roles` {{(pid=81770) log_request_info /opt/stack/keystone/keystone/server/flask/request_processing/req_logging.py:29}}
Oct 13 16:49:39.266520 n-d-860864-12 devstack@keystone.service[81770]: DEBUG keystone.common.rbac_enforcer.enforcer [None req-b3e915c3-c600-42aa-86b8-669320f3c522 None admin] RBAC: Adding query filter params (name=reader) {{(pid=81770) _extract_filter_values /opt/stack/keystone/keystone/common/rbac_enforcer/enforcer.py:167}}
Oct 13 16:49:39.266823 n-d-860864-12 devstack@keystone.service[81770]: DEBUG keystone.common.rbac_enforcer.enforcer [None req-b3e915c3-c600-42aa-86b8-669320f3c522 None admin] RBAC: Authorizing `identity:list_roles()` {{(pid=81770) enforce_call /opt/stack/keystone/keystone/common/rbac_enforcer/enforcer.py:449}}
Oct 13 16:49:39.268244 n-d-860864-12 devstack@keystone.service[81770]: DEBUG keystone.common.rbac_enforcer.enforcer [None req-b3e915c3-c600-42aa-86b8-669320f3c522 None admin] RBAC: Authorization granted {{(pid=81770) enforce_call /opt/stack/keystone/keystone/common/rbac_enforcer/enforcer.py:457}}
Oct 13 16:49:39.280639 n-d-860864-12 devstack@keystone.service[81770]: [pid: 81770|app: 0|req: 113/232] 10.222.0.13 () {56 vars in 1101 bytes} [Thu Oct 13 16:49:39 2022] GET /identity/v3/roles?name=reader => generated 341 bytes in 151 msecs (HTTP/1.1 200) 5 headers in 177 bytes (2 switches on core 0)
Oct 13 16:49:39.281449 n-d-860864-12 devstack@keystone.service[81770]: DEBUG keystone.server.flask.request_processing.middleware.auth_context [None req-b3e915c3-c600-42aa-86b8-669320f3c522 None admin] Authenticating user token {{(pid=81770) process_request /usr/local/lib/python3.8/dist-packages/keystonemiddleware/auth_token/__init__.py:407}}
