Oct 28 21:09:06.137656 n-d-860863-2 devstack@placement-api.service[117893]: [pid: 117893|app: 0|req: 685/1332] 10.222.0.13 () {60 vars in 1380 bytes} [Fri Oct 28 21:09:06 2022] GET /placement/allocations/a8d3d6ce-63f6-4f2d-b45a-783f2692f9f6 => generated 259 bytes in 40 msecs (HTTP/1.1 200) 8 headers in 296 bytes (1 switches on core 0)
Oct 28 21:09:06.148280 n-d-860863-2 devstack@placement-api.service[117894]: DEBUG placement.requestlog [req-d3f5590d-fc15-4c15-8640-d297fb0a4dc0 req-958e8889-9f44-4458-880e-fe292e10450c None None] Starting request: 10.222.0.13 "GET /placement/allocations/a8d3d6ce-63f6-4f2d-b45a-783f2692f9f6" {{(pid=117894) __call__ /opt/stack/placement/placement/requestlog.py:55}}
Oct 28 21:09:06.178822 n-d-860863-2 devstack@placement-api.service[117894]: INFO placement.requestlog [req-d3f5590d-fc15-4c15-8640-d297fb0a4dc0 req-958e8889-9f44-4458-880e-fe292e10450c service placement] 10.222.0.13 "GET /placement/allocations/a8d3d6ce-63f6-4f2d-b45a-783f2692f9f6" status: 200 len: 259 microversion: 1.28
Oct 28 21:09:06.186269 n-d-860863-2 devstack@placement-api.service[117894]: [pid: 117894|app: 0|req: 648/1333] 10.222.0.13 () {60 vars in 1380 bytes} [Fri Oct 28 21:09:06 2022] GET /placement/allocations/a8d3d6ce-63f6-4f2d-b45a-783f2692f9f6 => generated 259 bytes in 38 msecs (HTTP/1.1 200) 8 headers in 296 bytes (1 switches on core 0)
Oct 28 21:09:06.186846 n-d-860863-2 devstack@placement-api.service[117893]: DEBUG placement.requestlog [req-d3f5590d-fc15-4c15-8640-d297fb0a4dc0 req-60b704f8-6f97-434a-a114-e76a82995715 None None] Starting request: 10.222.0.13 "GET /placement/allocations/41ab5a42-6d2a-425c-a35c-e15940a741b5" {{(pid=117893) __call__ /opt/stack/placement/placement/requestlog.py:55}}
Oct 28 21:09:06.204978 n-d-860863-2 devstack@placement-api.service[117893]: INFO placement.requestlog [req-d3f5590d-fc15-4c15-8640-d297fb0a4dc0 req-60b704f8-6f97-434a-a114-e76a82995715 service placement] 10.222.0.13 "GET /placement/allocations/41ab5a42-6d2a-425c-a35c-e15940a741b5" status: 200 len: 19 microversion: 1.28
Oct 28 21:09:06.206415 n-d-860863-2 devstack@placement-api.service[117893]: [pid: 117893|app: 0|req: 686/1334] 10.222.0.13 () {60 vars in 1380 bytes} [Fri Oct 28 21:09:06 2022] GET /placement/allocations/41ab5a42-6d2a-425c-a35c-e15940a741b5 => generated 19 bytes in 20 msecs (HTTP/1.1 200) 8 headers in 295 bytes (1 switches on core 0)
Oct 28 21:09:06.212926 n-d-860863-2 devstack@placement-api.service[117894]: DEBUG placement.requestlog [req-d3f5590d-fc15-4c15-8640-d297fb0a4dc0 req-e72426d9-b36a-4579-92c3-034d89b88d00 None None] Starting request: 10.222.0.13 "POST /placement/allocations" {{(pid=117894) __call__ /opt/stack/placement/placement/requestlog.py:55}}
Oct 28 21:09:06.373576 n-d-860863-2 devstack@placement-api.service[117893]: DEBUG placement.requestlog [req-b3da027a-3d75-405c-abf4-417cad1f4456 req-0467ba0d-9a21-440a-968e-7960e8d7a461 None None] Starting request: 10.222.0.16 "GET /placement/resource_providers/b33c4a75-47bd-40ed-8f8c-ff67bd97f037/allocations" {{(pid=117893) __call__ /opt/stack/placement/placement/requestlog.py:55}}
Oct 28 21:09:06.395944 n-d-860863-2 devstack@placement-api.service[117894]: DEBUG dbcounter [-] [117894] Writing DB stats placement:INSERT=5,placement:SELECT=87,placement:DELETE=4,placement:UPDATE=4 {{(pid=117894) stat_writer /usr/local/lib/python3.8/dist-packages/dbcounter.py:114}}
Oct 28 21:09:06.402924 n-d-860863-2 devstack@placement-api.service[117893]: INFO placement.requestlog [req-b3da027a-3d75-405c-abf4-417cad1f4456 req-0467ba0d-9a21-440a-968e-7960e8d7a461 service placement] 10.222.0.16 "GET /placement/resource_providers/b33c4a75-47bd-40ed-8f8c-ff67bd97f037/allocations" status: 200 len: 861 microversion: 1.0
Oct 28 21:09:06.403590 n-d-860863-2 devstack@placement-api.service[117893]: [pid: 117893|app: 0|req: 687/1335] 10.222.0.16 () {58 vars in 1390 bytes} [Fri Oct 28 21:09:06 2022] GET /placement/resource_providers/b33c4a75-47bd-40ed-8f8c-ff67bd97f037/allocations => generated 861 bytes in 31 msecs (HTTP/1.1 200) 6 headers in 224 bytes (1 switches on core 0)
Oct 28 21:09:06.411181 n-d-860863-2 devstack@placement-api.service[117893]: DEBUG placement.requestlog [req-b3da027a-3d75-405c-abf4-417cad1f4456 req-6fbc3954-ceae-4e58-addf-5af81ef99e27 None None] Starting request: 10.222.0.16 "GET /placement/allocations/b125cd2f-b966-4edf-9dc0-1b4b74de352e" {{(pid=117893) __call__ /opt/stack/placement/placement/requestlog.py:55}}
Oct 28 21:09:06.447945 n-d-860863-2 devstack@placement-api.service[117893]: INFO placement.requestlog [req-b3da027a-3d75-405c-abf4-417cad1f4456 req-6fbc3954-ceae-4e58-addf-5af81ef99e27 service placement] 10.222.0.16 "GET /placement/allocations/b125cd2f-b966-4edf-9dc0-1b4b74de352e" status: 200 len: 259 microversion: 1.28
Oct 28 21:09:06.448674 n-d-860863-2 devstack@placement-api.service[117893]: [pid: 117893|app: 0|req: 688/1336] 10.222.0.16 () {60 vars in 1377 bytes} [Fri Oct 28 21:09:06 2022] GET /placement/allocations/b125cd2f-b966-4edf-9dc0-1b4b74de352e => generated 259 bytes in 38 msecs (HTTP/1.1 200) 8 headers in 296 bytes (1 switches on core 0)
Oct 28 21:09:06.466850 n-d-860863-2 devstack@placement-api.service[117893]: DEBUG placement.requestlog [req-b3da027a-3d75-405c-abf4-417cad1f4456 req-20260ad8-5ff6-439b-b8d1-6e5ec7842e0b None None] Starting request: 10.222.0.16 "GET /placement/allocations/9b525b98-b172-4f8b-a5e3-133c9493b5ad" {{(pid=117893) __call__ /opt/stack/placement/placement/requestlog.py:55}}
Oct 28 21:09:06.494828 n-d-860863-2 devstack@placement-api.service[117894]: DEBUG placement.handlers.allocation [req-d3f5590d-fc15-4c15-8640-d297fb0a4dc0 req-e72426d9-b36a-4579-92c3-034d89b88d00 service placement] Successfully wrote allocations [, , , , , ] {{(pid=117894) _update_consumers_and_create_allocations /opt/stack/placement/placement/handlers/allocation.py:572}}
Oct 28 21:09:06.500444 n-d-860863-2 devstack@placement-api.service[117893]: INFO placement.requestlog [req-b3da027a-3d75-405c-abf4-417cad1f4456 req-20260ad8-5ff6-439b-b8d1-6e5ec7842e0b service placement] 10.222.0.16 "GET /placement/allocations/9b525b98-b172-4f8b-a5e3-133c9493b5ad" status: 200 len: 259 microversion: 1.28
Oct 28 21:09:06.501255 n-d-860863-2 devstack@placement-api.service[117893]: [pid: 117893|app: 0|req: 689/1337] 10.222.0.16 () {60 vars in 1377 bytes} [Fri Oct 28 21:09:06 2022] GET /placement/allocations/9b525b98-b172-4f8b-a5e3-133c9493b5ad => generated 259 bytes in 36 msecs (HTTP/1.1 200) 8 headers in 296 bytes (1 switches on core 0)
Oct 28 21:09:06.509985 n-d-860863-2 devstack@placement-api.service[117893]: DEBUG placement.requestlog [req-b3da027a-3d75-405c-abf4-417cad1f4456 req-156ad725-8361-4419-96f8-68670443a540 None None] Starting request: 10.222.0.16 "GET /placement/allocations/6913e69f-6c45-4f6d-812e-6e2b6538e05c" {{(pid=117893) __call__ /opt/stack/placement/placement/requestlog.py:55}}
Oct 28 21:09:06.550421 n-d-860863-2 devstack@placement-api.service[117893]: INFO placement.requestlog [req-b3da027a-3d75-405c-abf4-417cad1f4456 req-156ad725-8361-4419-96f8-68670443a540 service placement] 10.222.0.16 "GET /placement/allocations/6913e69f-6c45-4f6d-812e-6e2b6538e05c" status: 200 len: 259 microversion: 1.28
Oct 28 21:09:06.551254 n-d-860863-2 devstack@placement-api.service[117893]: [pid: 117893|app: 0|req: 690/1338] 10.222.0.16 () {60 vars in 1377 bytes} [Fri Oct 28 21:09:06 2022] GET /placement/allocations/6913e69f-6c45-4f6d-812e-6e2b6538e05c => generated 259 bytes in 41 msecs (HTTP/1.1 200) 8 headers in 296 bytes (1 switches on core 0)
Oct 28 21:09:06.559320 n-d-860863-2 devstack@placement-api.service[117893]: DEBUG placement.requestlog [req-b3da027a-3d75-405c-abf4-417cad1f4456 req-98f75fc3-4781-4acb-8d15-0376e359d994 None None] Starting request: 10.222.0.16 "GET /placement/allocations/73734d26-e573-4e74-95e1-3f7fb5fc3b57" {{(pid=117893) __call__ /opt/stack/placement/placement/requestlog.py:55}}
Oct 28 21:09:06.581844 n-d-860863-2 devstack@placement-api.service[117893]: INFO placement.requestlog [req-b3da027a-3d75-405c-abf4-417cad1f4456 req-98f75fc3-4781-4acb-8d15-0376e359d994 service placement] 10.222.0.16 "GET /placement/allocations/73734d26-e573-4e74-95e1-3f7fb5fc3b57" status: 200 len: 259 microversion: 1.28
Oct 28 21:09:06.582678 n-d-860863-2 devstack@placement-api.service[117893]: [pid: 117893|app: 0|req: 691/1339] 10.222.0.16 () {60 vars in 1377 bytes} [Fri Oct 28 21:09:06 2022] GET /placement/allocations/73734d26-e573-4e74-95e1-3f7fb5fc3b57 => generated 259 bytes in 25 msecs (HTTP/1.1 200) 8 headers in 296 bytes (1 switches on core 0)
Oct 28 21:09:06.596526 n-d-860863-2 devstack@placement-api.service[117894]: INFO placement.requestlog [req-d3f5590d-fc15-4c15-8640-d297fb0a4dc0 req-e72426d9-b36a-4579-92c3-034d89b88d00 service placement] 10.222.0.13 "POST /placement/allocations" status: 204 len: 0 microversion: 1.28
Oct 28 21:09:06.602137 n-d-860863-2 devstack@placement-api.service[117894]: [pid: 117894|app: 0|req: 649/1340] 10.222.0.13 () {64 vars in 1323 bytes} [Fri Oct 28 21:09:06 2022] POST /placement/allocations => generated 0 bytes in 384 msecs (HTTP/1.1 204) 5 headers in 199 bytes (1 switches on core 0)
Oct 28 21:09:06.647521 n-d-860863-2 devstack@placement-api.service[117893]: DEBUG placement.requestlog [req-d3f5590d-fc15-4c15-8640-d297fb0a4dc0 req-16a728b5-11ff-4b99-ab77-28baedc66e8f None None] Starting request: 10.222.0.13 "GET /placement/allocations/a8d3d6ce-63f6-4f2d-b45a-783f2692f9f6" {{(pid=117893) __call__ /opt/stack/placement/placement/requestlog.py:55}}
Oct 28 21:09:06.670460 n-d-860863-2 devstack@placement-api.service[117893]: INFO placement.requestlog [req-d3f5590d-fc15-4c15-8640-d297fb0a4dc0 req-16a728b5-11ff-4b99-ab77-28baedc66e8f service placement] 10.222.0.13 "GET /placement/allocations/a8d3d6ce-63f6-4f2d-b45a-783f2692f9f6" status: 200 len: 19 microversion: 1.28
Oct 28 21:09:06.682077 n-d-860863-2 devstack@placement-api.service[117894]: DEBUG placement.requestlog [req-d3f5590d-fc15-4c15-8640-d297fb0a4dc0 req-26858386-c4f4-47be-b00e-77b686688e6e None None] Starting request: 10.222.0.13 "PUT /placement/allocations/a8d3d6ce-63f6-4f2d-b45a-783f2692f9f6" {{(pid=117894) __call__ /opt/stack/placement/placement/requestlog.py:55}}
Oct 28 21:09:06.695034 n-d-860863-2 devstack@placement-api.service[117893]: [pid: 117893|app: 0|req: 692/1341] 10.222.0.13 () {60 vars in 1380 bytes} [Fri Oct 28 21:09:06 2022] GET /placement/allocations/a8d3d6ce-63f6-4f2d-b45a-783f2692f9f6 => generated 19 bytes in 47 msecs (HTTP/1.1 200) 8 headers in 295 bytes (1 switches on core 0)
Oct 28 21:09:06.849378 n-d-860863-2 devstack@placement-api.service[117893]: DEBUG placement.requestlog [req-b3da027a-3d75-405c-abf4-417cad1f4456 req-4b559acf-83d1-4821-a47b-c2e364fee7ed None None] Starting request: 10.222.0.16 "GET /placement/allocations/0da7ebb2-308f-4558-aad1-67f19eeb8fc6" {{(pid=117893) __call__ /opt/stack/placement/placement/requestlog.py:55}}
Oct 28 21:09:06.860484 n-d-860863-2 devstack@placement-api.service[117894]: DEBUG placement.handlers.allocation [req-d3f5590d-fc15-4c15-8640-d297fb0a4dc0 req-26858386-c4f4-47be-b00e-77b686688e6e service placement] Successfully wrote allocations [, , ] {{(pid=117894) _update_consumers_and_create_allocations /opt/stack/placement/placement/handlers/allocation.py:462}}
Oct 28 21:09:06.875427 n-d-860863-2 devstack@placement-api.service[117893]: INFO placement.requestlog [req-b3da027a-3d75-405c-abf4-417cad1f4456 req-4b559acf-83d1-4821-a47b-c2e364fee7ed service placement] 10.222.0.16 "GET /placement/allocations/0da7ebb2-308f-4558-aad1-67f19eeb8fc6" status: 200 len: 259 microversion: 1.28
Oct 28 21:09:06.878513 n-d-860863-2 devstack@placement-api.service[117893]: [pid: 117893|app: 0|req: 693/1342] 10.222.0.16 () {60 vars in 1377 bytes} [Fri Oct 28 21:09:06 2022] GET /placement/allocations/0da7ebb2-308f-4558-aad1-67f19eeb8fc6 => generated 259 bytes in 29 msecs (HTTP/1.1 200) 8 headers in 296 bytes (2 switches on core 0)
Oct 28 21:09:06.885638 n-d-860863-2 devstack@placement-api.service[117893]: DEBUG placement.requestlog [req-b3da027a-3d75-405c-abf4-417cad1f4456 req-00103f6e-5ea1-4254-aa63-ba3ce9730245 None None] Starting request: 10.222.0.16 "GET /placement/allocations/68cc86df-8395-4dc5-a32a-1a455f45aa4d" {{(pid=117893) __call__ /opt/stack/placement/placement/requestlog.py:55}}
Oct 28 21:09:06.919468 n-d-860863-2 devstack@placement-api.service[117893]: INFO placement.requestlog [req-b3da027a-3d75-405c-abf4-417cad1f4456 req-00103f6e-5ea1-4254-aa63-ba3ce9730245 service placement] 10.222.0.16 "GET /placement/allocations/68cc86df-8395-4dc5-a32a-1a455f45aa4d" status: 200 len: 259 microversion: 1.28
Oct 28 21:09:06.921521 n-d-860863-2 devstack@placement-api.service[117893]: [pid: 117893|app: 0|req: 694/1343] 10.222.0.16 () {60 vars in 1377 bytes} [Fri Oct 28 21:09:06 2022] GET /placement/allocations/68cc86df-8395-4dc5-a32a-1a455f45aa4d => generated 259 bytes in 36 msecs (HTTP/1.1 200) 8 headers in 296 bytes (1 switches on core 0)
Oct 28 21:09:06.929325 n-d-860863-2 devstack@placement-api.service[117893]: DEBUG placement.requestlog [req-b3da027a-3d75-405c-abf4-417cad1f4456 req-0879724c-7938-46d9-b244-252cb800b6d3 None None] Starting request: 10.222.0.16 "GET /placement/allocations/28f3f263-c53e-476c-81e4-20bcd4ce6052" {{(pid=117893) __call__ /opt/stack/placement/placement/requestlog.py:55}}
Oct 28 21:09:06.938702 n-d-860863-2 devstack@placement-api.service[117894]: INFO placement.requestlog [req-d3f5590d-fc15-4c15-8640-d297fb0a4dc0 req-26858386-c4f4-47be-b00e-77b686688e6e service placement] 10.222.0.13 "PUT /placement/allocations/a8d3d6ce-63f6-4f2d-b45a-783f2692f9f6" status: 204 len: 0 microversion: 1.28
Oct 28 21:09:06.944079 n-d-860863-2 devstack@placement-api.service[117894]: [pid: 117894|app: 0|req: 650/1344] 10.222.0.13 () {64 vars in 1433 bytes} [Fri Oct 28 21:09:06 2022] PUT /placement/allocations/a8d3d6ce-63f6-4f2d-b45a-783f2692f9f6 => generated 0 bytes in 258 msecs (HTTP/1.1 204) 5 headers in 199 bytes (2 switches on core 0)
Oct 28 21:09:06.993826 n-d-860863-2 devstack@placement-api.service[117893]: INFO placement.requestlog [req-b3da027a-3d75-405c-abf4-417cad1f4456 req-0879724c-7938-46d9-b244-252cb800b6d3 service placement] 10.222.0.16 "GET /placement/allocations/28f3f263-c53e-476c-81e4-20bcd4ce6052" status: 200 len: 259 microversion: 1.28
Oct 28 21:09:06.994511 n-d-860863-2 devstack@placement-api.service[117893]: [pid: 117893|app: 0|req: 695/1345] 10.222.0.16 () {60 vars in 1377 bytes} [Fri Oct 28 21:09:06 2022] GET /placement/allocations/28f3f263-c53e-476c-81e4-20bcd4ce6052 => generated 259 bytes in 65 msecs (HTTP/1.1 200) 8 headers in 296 bytes (2 switches on core 0)
Oct 28 21:09:07.001779 n-d-860863-2 devstack@placement-api.service[117894]: DEBUG placement.requestlog [req-b3da027a-3d75-405c-abf4-417cad1f4456 req-a0d5a1de-1922-4658-9b2c-d992dcd9c198 None None] Starting request: 10.222.0.16 "GET /placement/allocations/ad171a1f-669d-4665-a74c-4d6c8f0be12d" {{(pid=117894) __call__ /opt/stack/placement/placement/requestlog.py:55}}
Oct 28 21:09:07.027572 n-d-860863-2 devstack@placement-api.service[117894]: INFO placement.requestlog [req-b3da027a-3d75-405c-abf4-417cad1f4456 req-a0d5a1de-1922-4658-9b2c-d992dcd9c198 service placement] 10.222.0.16 "GET /placement/allocations/ad171a1f-669d-4665-a74c-4d6c8f0be12d" status: 200 len: 259 microversion: 1.28
Oct 28 21:09:07.035654 n-d-860863-2 devstack@placement-api.service[117894]: [pid: 117894|app: 0|req: 651/1346] 10.222.0.16 () {60 vars in 1377 bytes} [Fri Oct 28 21:09:07 2022] GET /placement/allocations/ad171a1f-669d-4665-a74c-4d6c8f0be12d => generated 259 bytes in 33 msecs (HTTP/1.1 200) 8 headers in 296 bytes (1 switches on core 0)
Oct 28 21:09:08.031643 n-d-860863-2 devstack@placement-api.service[117893]: DEBUG placement.requestlog [req-d3f5590d-fc15-4c15-8640-d297fb0a4dc0 req-e4fd7317-1c50-42e9-9a2c-1dbdea028df9 None None] Starting request: 10.222.0.16 "GET /placement/allocations/a8d3d6ce-63f6-4f2d-b45a-783f2692f9f6" {{(pid=117893) __call__ /opt/stack/placement/placement/requestlog.py:55}}
Oct 28 21:09:08.048197 n-d-860863-2 devstack@placement-api.service[117893]: INFO placement.requestlog [req-d3f5590d-fc15-4c15-8640-d297fb0a4dc0 req-e4fd7317-1c50-42e9-9a2c-1dbdea028df9 service placement] 10.222.0.16 "GET /placement/allocations/a8d3d6ce-63f6-4f2d-b45a-783f2692f9f6" status: 200 len: 259 microversion: 1.28
Oct 28 21:09:08.048538 n-d-860863-2 devstack@placement-api.service[117893]: [pid: 117893|app: 0|req: 696/1347] 10.222.0.16 () {60 vars in 1377 bytes} [Fri Oct 28 21:09:08 2022] GET /placement/allocations/a8d3d6ce-63f6-4f2d-b45a-783f2692f9f6 => generated 259 bytes in 17 msecs (HTTP/1.1 200) 8 headers in 296 bytes (2 switches on core 0)
Oct 28 21:09:10.022291 n-d-860863-2 devstack@placement-api.service[117894]: DEBUG placement.requestlog [req-29372a82-b186-45cf-ac9d-0399a9b33ed0 req-3d34fe7e-5dc4-4428-91a7-94536e700e24 None None] Starting request: 10.222.0.23 "DELETE /placement/allocations/012b7728-6daa-4f99-9888-85634abe8421" {{(pid=117894) __call__ /opt/stack/placement/placement/requestlog.py:55}}
Oct 28 21:09:10.235419 n-d-860863-2 devstack@placement-api.service[117894]: DEBUG placement.handlers.allocation [req-29372a82-b186-45cf-ac9d-0399a9b33ed0 req-3d34fe7e-5dc4-4428-91a7-94536e700e24 service placement] Successfully deleted allocations [, ] {{(pid=117894) delete_allocations /opt/stack/placement/placement/handlers/allocation.py:627}}
Oct 28 21:09:10.235914 n-d-860863-2 devstack@placement-api.service[117894]: INFO placement.requestlog [req-29372a82-b186-45cf-ac9d-0399a9b33ed0 req-3d34fe7e-5dc4-4428-91a7-94536e700e24 service placement] 10.222.0.23 "DELETE /placement/allocations/012b7728-6daa-4f99-9888-85634abe8421" status: 204 len: 0 microversion: 1.0
Oct 28 21:09:10.236337 n-d-860863-2 devstack@placement-api.service[117894]: [pid: 117894|app: 0|req: 652/1348] 10.222.0.23 () {60 vars in 1355 bytes} [Fri Oct 28 21:09:10 2022] DELETE /placement/allocations/012b7728-6daa-4f99-9888-85634abe8421 => generated 0 bytes in 214 msecs (HTTP/1.1 204) 5 headers in 198 bytes (1 switches on core 0)
Oct 28 21:09:11.577204 n-d-860863-2 devstack@placement-api.service[117893]: DEBUG placement.requestlog [req-9a77a76d-219e-4a87-8324-6c02ab512d67 req-9f45fbbf-63de-4bad-9a18-66fea63bbc31 None None] Starting request: 10.222.0.13 "GET /placement/allocation_candidates?limit=1000&resources=DISK_GB%3A1%2CMEMORY_MB%3A1024%2CVCPU%3A1&root_required=%21COMPUTE_STATUS_DISABLED" {{(pid=117893) __call__ /opt/stack/placement/placement/requestlog.py:55}}
Oct 28 21:09:11.712735 n-d-860863-2 devstack@placement-api.service[117894]: DEBUG placement.requestlog [req-945c438e-c3dc-4c67-bae9-3c05ffe4ac5a req-b277547f-0eca-4dc2-831b-b70c09c21231 None None] Starting request: 10.222.0.16 "GET /placement/resource_providers/b33c4a75-47bd-40ed-8f8c-ff67bd97f037/allocations" {{(pid=117894) __call__ /opt/stack/placement/placement/requestlog.py:55}}
Oct 28 21:09:11.814894 n-d-860863-2 devstack@placement-api.service[117893]: DEBUG placement.objects.research_context [req-9a77a76d-219e-4a87-8324-6c02ab512d67 req-9f45fbbf-63de-4bad-9a18-66fea63bbc31 service placement] getting providers with 1 DISK_GB {{(pid=117893) __init__ /opt/stack/placement/placement/objects/research_context.py:136}}
Oct 28 21:09:11.815672 n-d-860863-2 devstack@placement-api.service[117894]: INFO placement.requestlog [req-945c438e-c3dc-4c67-bae9-3c05ffe4ac5a req-b277547f-0eca-4dc2-831b-b70c09c21231 service placement] 10.222.0.16 "GET /placement/resource_providers/b33c4a75-47bd-40ed-8f8c-ff67bd97f037/allocations" status: 200 len: 962 microversion: 1.0
Oct 28 21:09:11.818595 n-d-860863-2 devstack@placement-api.service[117894]: [pid: 117894|app: 0|req: 653/1349] 10.222.0.16 () {58 vars in 1390 bytes} [Fri Oct 28 21:09:11 2022] GET /placement/resource_providers/b33c4a75-47bd-40ed-8f8c-ff67bd97f037/allocations => generated 962 bytes in 104 msecs (HTTP/1.1 200) 6 headers in 224 bytes (1 switches on core 0)
Oct 28 21:09:11.830877 n-d-860863-2 devstack@placement-api.service[117893]: DEBUG placement.objects.research_context [req-9a77a76d-219e-4a87-8324-6c02ab512d67 req-9f45fbbf-63de-4bad-9a18-66fea63bbc31 service placement] getting providers with 1024 MEMORY_MB {{(pid=117893) __init__ /opt/stack/placement/placement/objects/research_context.py:136}}
Oct 28 21:09:11.845962 n-d-860863-2 devstack@placement-api.service[117893]: DEBUG placement.objects.research_context [req-9a77a76d-219e-4a87-8324-6c02ab512d67 req-9f45fbbf-63de-4bad-9a18-66fea63bbc31 service placement] getting providers with 1 VCPU {{(pid=117893) __init__ /opt/stack/placement/placement/objects/research_context.py:136}}
Oct 28 21:09:11.856362 n-d-860863-2 devstack@placement-api.service[117893]: DEBUG placement.objects.research_context [req-9a77a76d-219e-4a87-8324-6c02ab512d67 req-9f45fbbf-63de-4bad-9a18-66fea63bbc31 service placement] found 2 providers with available 1 DISK_GB {{(pid=117893) get_provider_ids_matching /opt/stack/placement/placement/objects/research_context.py:563}}
Oct 28 21:09:11.857391 n-d-860863-2 devstack@placement-api.service[117893]: DEBUG placement.objects.research_context [req-9a77a76d-219e-4a87-8324-6c02ab512d67 req-9f45fbbf-63de-4bad-9a18-66fea63bbc31 service placement] found 2 providers with available 1024 MEMORY_MB {{(pid=117893) get_provider_ids_matching /opt/stack/placement/placement/objects/research_context.py:563}}
Oct 28 21:09:11.861053 n-d-860863-2 devstack@placement-api.service[117893]: DEBUG placement.objects.research_context [req-9a77a76d-219e-4a87-8324-6c02ab512d67 req-9f45fbbf-63de-4bad-9a18-66fea63bbc31 service placement] found 2 providers after filtering by previous result {{(pid=117893) get_provider_ids_matching /opt/stack/placement/placement/objects/research_context.py:594}}
Oct 28 21:09:11.861472 n-d-860863-2 devstack@placement-api.service[117893]: DEBUG placement.objects.research_context [req-9a77a76d-219e-4a87-8324-6c02ab512d67 req-9f45fbbf-63de-4bad-9a18-66fea63bbc31 service placement] found 2 providers with available 1 VCPU {{(pid=117893) get_provider_ids_matching /opt/stack/placement/placement/objects/research_context.py:563}}
Oct 28 21:09:11.861907 n-d-860863-2 devstack@placement-api.service[117893]: DEBUG placement.objects.research_context [req-9a77a76d-219e-4a87-8324-6c02ab512d67 req-9f45fbbf-63de-4bad-9a18-66fea63bbc31 service placement] found 2 providers after filtering by previous result {{(pid=117893) get_provider_ids_matching /opt/stack/placement/placement/objects/research_context.py:594}}
Oct 28 21:09:11.891917 n-d-860863-2 devstack@placement-api.service[117893]: DEBUG placement.objects.allocation_candidate [req-9a77a76d-219e-4a87-8324-6c02ab512d67 req-9f45fbbf-63de-4bad-9a18-66fea63bbc31 service placement] RequestGroup(use_same_provider=False, resources={DISK_GB:1, MEMORY_MB:1024, VCPU:1}, traits=(), aggregates=[]) (suffix '') returned 2 matches {{(pid=117893) _get_by_requests /opt/stack/placement/placement/objects/allocation_candidate.py:156}}
Oct 28 21:09:11.892584 n-d-860863-2 devstack@placement-api.service[117893]: DEBUG placement.objects.allocation_candidate [req-9a77a76d-219e-4a87-8324-6c02ab512d67 req-9f45fbbf-63de-4bad-9a18-66fea63bbc31 service placement] Merging candidates yields 2 allocation requests and 2 provider summaries {{(pid=117893) _merge_candidates /opt/stack/placement/placement/objects/allocation_candidate.py:809}}
Oct 28 21:09:11.898227 n-d-860863-2 devstack@placement-api.service[117893]: INFO placement.requestlog [req-9a77a76d-219e-4a87-8324-6c02ab512d67 req-9f45fbbf-63de-4bad-9a18-66fea63bbc31 service placement] 10.222.0.13 "GET /placement/allocation_candidates?limit=1000&resources=DISK_GB%3A1%2CMEMORY_MB%3A1024%2CVCPU%3A1&root_required=%21COMPUTE_STATUS_DISABLED" status: 200 len: 1309 microversion: 1.36
Oct 28 21:09:11.902679 n-d-860863-2 devstack@placement-api.service[117893]: [pid: 117893|app: 0|req: 697/1350] 10.222.0.13 () {60 vars in 1506 bytes} [Fri Oct 28 21:09:11 2022] GET /placement/allocation_candidates?limit=1000&resources=DISK_GB%3A1%2CMEMORY_MB%3A1024%2CVCPU%3A1&root_required=%21COMPUTE_STATUS_DISABLED => generated 1309 bytes in 326 msecs (HTTP/1.1 200) 8 headers in 297 bytes (1 switches on core 0)
Oct 28 21:09:12.021475 n-d-860863-2 devstack@placement-api.service[117894]: DEBUG placement.requestlog [req-945c438e-c3dc-4c67-bae9-3c05ffe4ac5a req-008b9ef7-f53b-4f1f-aee9-04b88ced6bc5 None None] Starting request: 10.222.0.16 "GET /placement/resource_providers/b33c4a75-47bd-40ed-8f8c-ff67bd97f037/allocations" {{(pid=117894) __call__ /opt/stack/placement/placement/requestlog.py:55}}
Oct 28 21:09:12.095111 n-d-860863-2 devstack@placement-api.service[117894]: INFO placement.requestlog [req-945c438e-c3dc-4c67-bae9-3c05ffe4ac5a req-008b9ef7-f53b-4f1f-aee9-04b88ced6bc5 service placement] 10.222.0.16 "GET /placement/resource_providers/b33c4a75-47bd-40ed-8f8c-ff67bd97f037/allocations" status: 200 len: 962 microversion: 1.0
Oct 28 21:09:12.095646 n-d-860863-2 devstack@placement-api.service[117894]: [pid: 117894|app: 0|req: 654/1351] 10.222.0.16 () {58 vars in 1390 bytes} [Fri Oct 28 21:09:12 2022] GET /placement/resource_providers/b33c4a75-47bd-40ed-8f8c-ff67bd97f037/allocations => generated 962 bytes in 75 msecs (HTTP/1.1 200) 6 headers in 224 bytes (1 switches on core 0)
Oct 28 21:09:12.105768 n-d-860863-2 devstack@placement-api.service[117893]: DEBUG placement.requestlog [req-945c438e-c3dc-4c67-bae9-3c05ffe4ac5a req-825a7fdc-3188-42bc-b94c-8c771e35d24c None None] Starting request: 10.222.0.16 "GET /placement/allocations/b125cd2f-b966-4edf-9dc0-1b4b74de352e" {{(pid=117893) __call__ /opt/stack/placement/placement/requestlog.py:55}}
Oct 28 21:09:12.127764 n-d-860863-2 devstack@placement-api.service[117893]: DEBUG dbcounter [-] [117893] Writing DB stats placement:SELECT=90,placement:INSERT=6,placement:DELETE=2,placement:UPDATE=2 {{(pid=117893) stat_writer /usr/local/lib/python3.8/dist-packages/dbcounter.py:114}}
Oct 28 21:09:12.135098 n-d-860863-2 devstack@placement-api.service[117893]: INFO placement.requestlog [req-945c438e-c3dc-4c67-bae9-3c05ffe4ac5a req-825a7fdc-3188-42bc-b94c-8c771e35d24c service placement] 10.222.0.16 "GET /placement/allocations/b125cd2f-b966-4edf-9dc0-1b4b74de352e" status: 200 len: 259 microversion: 1.28
Oct 28 21:09:12.137606 n-d-860863-2 devstack@placement-api.service[117894]: DEBUG placement.requestlog [req-9a77a76d-219e-4a87-8324-6c02ab512d67 req-8c0bf3d1-885f-4812-a00c-7176226ea378 None None] Starting request: 10.222.0.13 "GET /placement/allocations/9791cb5d-6f55-4a8e-8b3a-b5661942beb7" {{(pid=117894) __call__ /opt/stack/placement/placement/requestlog.py:55}}
Oct 28 21:09:12.147984 n-d-860863-2 devstack@placement-api.service[117893]: [pid: 117893|app: 0|req: 698/1352] 10.222.0.16 () {60 vars in 1377 bytes} [Fri Oct 28 21:09:12 2022] GET /placement/allocations/b125cd2f-b966-4edf-9dc0-1b4b74de352e => generated 259 bytes in 42 msecs (HTTP/1.1 200) 8 headers in 296 bytes (1 switches on core 0)
Oct 28 21:09:12.155042 n-d-860863-2 devstack@placement-api.service[117893]: DEBUG placement.requestlog [req-945c438e-c3dc-4c67-bae9-3c05ffe4ac5a req-b4f306ea-f71a-47ea-8053-5adf78aed61b None None] Starting request: 10.222.0.16 "GET /placement/allocations/9b525b98-b172-4f8b-a5e3-133c9493b5ad" {{(pid=117893) __call__ /opt/stack/placement/placement/requestlog.py:55}}
Oct 28 21:09:12.159351 n-d-860863-2 devstack@placement-api.service[117894]: INFO placement.requestlog [req-9a77a76d-219e-4a87-8324-6c02ab512d67 req-8c0bf3d1-885f-4812-a00c-7176226ea378 service placement] 10.222.0.13 "GET /placement/allocations/9791cb5d-6f55-4a8e-8b3a-b5661942beb7" status: 200 len: 19 microversion: 1.28
Oct 28 21:09:12.161526 n-d-860863-2 devstack@placement-api.service[117894]: [pid: 117894|app: 0|req: 655/1353] 10.222.0.13 () {60 vars in 1380 bytes} [Fri Oct 28 21:09:12 2022] GET /placement/allocations/9791cb5d-6f55-4a8e-8b3a-b5661942beb7 => generated 19 bytes in 24 msecs (HTTP/1.1 200) 8 headers in 295 bytes (2 switches on core 0)
Oct 28 21:09:12.170956 n-d-860863-2 devstack@placement-api.service[117894]: DEBUG placement.requestlog [req-9a77a76d-219e-4a87-8324-6c02ab512d67 req-f1947026-456e-493c-80ff-41b88bd63cba None None] Starting request: 10.222.0.13 "PUT /placement/allocations/9791cb5d-6f55-4a8e-8b3a-b5661942beb7" {{(pid=117894) __call__ /opt/stack/placement/placement/requestlog.py:55}}
Oct 28 21:09:12.207383 n-d-860863-2 devstack@placement-api.service[117893]: INFO placement.requestlog [req-945c438e-c3dc-4c67-bae9-3c05ffe4ac5a req-b4f306ea-f71a-47ea-8053-5adf78aed61b service placement] 10.222.0.16 "GET /placement/allocations/9b525b98-b172-4f8b-a5e3-133c9493b5ad" status: 200 len: 259 microversion: 1.28
Oct 28 21:09:12.209878 n-d-860863-2 devstack@placement-api.service[117893]: [pid: 117893|app: 0|req: 699/1354] 10.222.0.16 () {60 vars in 1377 bytes} [Fri Oct 28 21:09:12 2022] GET /placement/allocations/9b525b98-b172-4f8b-a5e3-133c9493b5ad => generated 259 bytes in 56 msecs (HTTP/1.1 200) 8 headers in 296 bytes (1 switches on core 0)
Oct 28 21:09:12.217363 n-d-860863-2 devstack@placement-api.service[117893]: DEBUG placement.requestlog [req-945c438e-c3dc-4c67-bae9-3c05ffe4ac5a req-ddfdbfcc-73ea-4356-8785-403f4c869479 None None] Starting request: 10.222.0.16 "GET /placement/allocations/6913e69f-6c45-4f6d-812e-6e2b6538e05c" {{(pid=117893) __call__ /opt/stack/placement/placement/requestlog.py:55}}
Oct 28 21:09:12.274397 n-d-860863-2 devstack@placement-api.service[117893]: INFO placement.requestlog [req-945c438e-c3dc-4c67-bae9-3c05ffe4ac5a req-ddfdbfcc-73ea-4356-8785-403f4c869479 service placement] 10.222.0.16 "GET /placement/allocations/6913e69f-6c45-4f6d-812e-6e2b6538e05c" status: 200 len: 259 microversion: 1.28
Oct 28 21:09:12.278245 n-d-860863-2 devstack@placement-api.service[117893]: [pid: 117893|app: 0|req: 700/1355] 10.222.0.16 () {60 vars in 1377 bytes} [Fri Oct 28 21:09:12 2022] GET /placement/allocations/6913e69f-6c45-4f6d-812e-6e2b6538e05c => generated 259 bytes in 61 msecs (HTTP/1.1 200) 8 headers in 296 bytes (1 switches on core 0)
Oct 28 21:09:12.286962 n-d-860863-2 devstack@placement-api.service[117893]: DEBUG placement.requestlog [req-945c438e-c3dc-4c67-bae9-3c05ffe4ac5a req-a5c9945a-487c-4186-acc3-96042a22bb6f None None] Starting request: 10.222.0.16 "GET /placement/allocations/a8d3d6ce-63f6-4f2d-b45a-783f2692f9f6" {{(pid=117893) __call__ /opt/stack/placement/placement/requestlog.py:55}}
Oct 28 21:09:12.322205 n-d-860863-2 devstack@placement-api.service[117893]: INFO placement.requestlog [req-945c438e-c3dc-4c67-bae9-3c05ffe4ac5a req-a5c9945a-487c-4186-acc3-96042a22bb6f service placement] 10.222.0.16 "GET /placement/allocations/a8d3d6ce-63f6-4f2d-b45a-783f2692f9f6" status: 200 len: 259 microversion: 1.28
Oct 28 21:09:12.322865 n-d-860863-2 devstack@placement-api.service[117893]: [pid: 117893|app: 0|req: 701/1356] 10.222.0.16 () {60 vars in 1377 bytes} [Fri Oct 28 21:09:12 2022] GET /placement/allocations/a8d3d6ce-63f6-4f2d-b45a-783f2692f9f6 => generated 259 bytes in 36 msecs (HTTP/1.1 200) 8 headers in 296 bytes (2 switches on core 0)
Oct 28 21:09:12.349751 n-d-860863-2 devstack@placement-api.service[117893]: DEBUG placement.requestlog [req-945c438e-c3dc-4c67-bae9-3c05ffe4ac5a req-dbc3fd9b-7b28-42d2-8de1-c572488d2eea None None] Starting request: 10.222.0.16 "GET /placement/allocations/73734d26-e573-4e74-95e1-3f7fb5fc3b57" {{(pid=117893) __call__ /opt/stack/placement/placement/requestlog.py:55}}
Oct 28 21:09:12.373862 n-d-860863-2 devstack@placement-api.service[117893]: INFO placement.requestlog [req-945c438e-c3dc-4c67-bae9-3c05ffe4ac5a req-dbc3fd9b-7b28-42d2-8de1-c572488d2eea service placement] 10.222.0.16 "GET /placement/allocations/73734d26-e573-4e74-95e1-3f7fb5fc3b57" status: 200 len: 259 microversion: 1.28
Oct 28 21:09:12.374428 n-d-860863-2 devstack@placement-api.service[117893]: [pid: 117893|app: 0|req: 702/1357] 10.222.0.16 () {60 vars in 1377 bytes} [Fri Oct 28 21:09:12 2022] GET /placement/allocations/73734d26-e573-4e74-95e1-3f7fb5fc3b57 => generated 259 bytes in 25 msecs (HTTP/1.1 200) 8 headers in 296 bytes (2 switches on core 0)
Oct 28 21:09:12.382594 n-d-860863-2 devstack@placement-api.service[117893]: DEBUG placement.requestlog [req-945c438e-c3dc-4c67-bae9-3c05ffe4ac5a req-daf4b215-668e-49b9-9a0d-82e18924a7a2 None None] Starting request: 10.222.0.16 "GET /placement/allocations/0da7ebb2-308f-4558-aad1-67f19eeb8fc6" {{(pid=117893) __call__ /opt/stack/placement/placement/requestlog.py:55}}
Oct 28 21:09:12.437605 n-d-860863-2 devstack@placement-api.service[117893]: INFO placement.requestlog [req-945c438e-c3dc-4c67-bae9-3c05ffe4ac5a req-daf4b215-668e-49b9-9a0d-82e18924a7a2 service placement] 10.222.0.16 "GET /placement/allocations/0da7ebb2-308f-4558-aad1-67f19eeb8fc6" status: 200 len: 259 microversion: 1.28
Oct 28 21:09:12.439005 n-d-860863-2 devstack@placement-api.service[117893]: [pid: 117893|app: 0|req: 703/1358] 10.222.0.16 () {60 vars in 1377 bytes} [Fri Oct 28 21:09:12 2022] GET /placement/allocations/0da7ebb2-308f-4558-aad1-67f19eeb8fc6 => generated 259 bytes in 56 msecs (HTTP/1.1 200) 8 headers in 296 bytes (1 switches on core 0)
Oct 28 21:09:12.441950 n-d-860863-2 devstack@placement-api.service[117894]: DEBUG placement.handlers.allocation [req-9a77a76d-219e-4a87-8324-6c02ab512d67 req-f1947026-456e-493c-80ff-41b88bd63cba service placement] Successfully wrote allocations [, , ] {{(pid=117894) _update_consumers_and_create_allocations /opt/stack/placement/placement/handlers/allocation.py:462}}
Oct 28 21:09:12.445233 n-d-860863-2 devstack@placement-api.service[117893]: DEBUG placement.requestlog [req-945c438e-c3dc-4c67-bae9-3c05ffe4ac5a req-b29b8a06-907e-46a8-b8a7-5b0680ba64ee None None] Starting request: 10.222.0.16 "GET /placement/allocations/68cc86df-8395-4dc5-a32a-1a455f45aa4d" {{(pid=117893) __call__ /opt/stack/placement/placement/requestlog.py:55}}
Oct 28 21:09:12.475206 n-d-860863-2 devstack@placement-api.service[117893]: INFO placement.requestlog [req-945c438e-c3dc-4c67-bae9-3c05ffe4ac5a req-b29b8a06-907e-46a8-b8a7-5b0680ba64ee service placement] 10.222.0.16 "GET /placement/allocations/68cc86df-8395-4dc5-a32a-1a455f45aa4d" status: 200 len: 259 microversion: 1.28
Oct 28 21:09:12.478365 n-d-860863-2 devstack@placement-api.service[117893]: [pid: 117893|app: 0|req: 704/1359] 10.222.0.16 () {60 vars in 1377 bytes} [Fri Oct 28 21:09:12 2022] GET /placement/allocations/68cc86df-8395-4dc5-a32a-1a455f45aa4d => generated 259 bytes in 33 msecs (HTTP/1.1 200) 8 headers in 296 bytes (1 switches on core 0)
Oct 28 21:09:12.479074 n-d-860863-2 devstack@placement-api.service[117893]: DEBUG placement.requestlog [req-f823fef7-39b8-4311-855e-85ca4f840066 req-2ab9d053-b34f-47df-99a4-a296f185f1a9 None None] Starting request: 10.222.0.13 "DELETE /placement/allocations/9791cb5d-6f55-4a8e-8b3a-b5661942beb7" {{(pid=117893) __call__ /opt/stack/placement/placement/requestlog.py:55}}
Oct 28 21:09:12.531402 n-d-860863-2 devstack@placement-api.service[117894]: INFO placement.requestlog [req-9a77a76d-219e-4a87-8324-6c02ab512d67 req-f1947026-456e-493c-80ff-41b88bd63cba service placement] 10.222.0.13 "PUT /placement/allocations/9791cb5d-6f55-4a8e-8b3a-b5661942beb7" status: 204 len: 0 microversion: 1.36
Oct 28 21:09:12.531717 n-d-860863-2 devstack@placement-api.service[117894]: [pid: 117894|app: 0|req: 656/1360] 10.222.0.13 () {64 vars in 1433 bytes} [Fri Oct 28 21:09:12 2022] PUT /placement/allocations/9791cb5d-6f55-4a8e-8b3a-b5661942beb7 => generated 0 bytes in 361 msecs (HTTP/1.1 204) 5 headers in 199 bytes (2 switches on core 0)
Oct 28 21:09:12.532332 n-d-860863-2 devstack@placement-api.service[117894]: DEBUG placement.requestlog [req-945c438e-c3dc-4c67-bae9-3c05ffe4ac5a req-cebc8ddb-5d3d-4ec3-97d1-054a610f1a2a None None] Starting request: 10.222.0.16 "GET /placement/allocations/28f3f263-c53e-476c-81e4-20bcd4ce6052" {{(pid=117894) __call__ /opt/stack/placement/placement/requestlog.py:55}}
Oct 28 21:09:12.586676 n-d-860863-2 devstack@placement-api.service[117894]: INFO placement.requestlog [req-945c438e-c3dc-4c67-bae9-3c05ffe4ac5a req-cebc8ddb-5d3d-4ec3-97d1-054a610f1a2a service placement] 10.222.0.16 "GET /placement/allocations/28f3f263-c53e-476c-81e4-20bcd4ce6052" status: 200 len: 259 microversion: 1.28
Oct 28 21:09:12.588436 n-d-860863-2 devstack@placement-api.service[117894]: [pid: 117894|app: 0|req: 657/1361] 10.222.0.16 () {60 vars in 1377 bytes} [Fri Oct 28 21:09:12 2022] GET /placement/allocations/28f3f263-c53e-476c-81e4-20bcd4ce6052 => generated 259 bytes in 56 msecs (HTTP/1.1 200) 8 headers in 296 bytes (1 switches on core 0)
Oct 28 21:09:12.597409 n-d-860863-2 devstack@placement-api.service[117894]: DEBUG placement.requestlog [req-945c438e-c3dc-4c67-bae9-3c05ffe4ac5a req-8fedd0de-469a-4d57-9ae4-84293664d0a4 None None] Starting request: 10.222.0.16 "GET /placement/allocations/ad171a1f-669d-4665-a74c-4d6c8f0be12d" {{(pid=117894) __call__ /opt/stack/placement/placement/requestlog.py:55}}
Oct 28 21:09:12.650960 n-d-860863-2 devstack@placement-api.service[117894]: INFO placement.requestlog [req-945c438e-c3dc-4c67-bae9-3c05ffe4ac5a req-8fedd0de-469a-4d57-9ae4-84293664d0a4 service placement] 10.222.0.16 "GET /placement/allocations/ad171a1f-669d-4665-a74c-4d6c8f0be12d" status: 200 len: 259 microversion: 1.28
Oct 28 21:09:12.653849 n-d-860863-2 devstack@placement-api.service[117894]: [pid: 117894|app: 0|req: 658/1362] 10.222.0.16 () {60 vars in 1377 bytes} [Fri Oct 28 21:09:12 2022] GET /placement/allocations/ad171a1f-669d-4665-a74c-4d6c8f0be12d => generated 259 bytes in 57 msecs (HTTP/1.1 200) 8 headers in 296 bytes (1 switches on core 0)
Oct 28 21:09:12.687408 n-d-860863-2 devstack@placement-api.service[117894]: DEBUG placement.requestlog [req-9a77a76d-219e-4a87-8324-6c02ab512d67 req-e0deacb6-0844-4337-a2ed-cd7fe804a611 None None] Starting request: 10.222.0.13 "DELETE /placement/allocations/9791cb5d-6f55-4a8e-8b3a-b5661942beb7" {{(pid=117894) __call__ /opt/stack/placement/placement/requestlog.py:55}}
Oct 28 21:09:12.731557 n-d-860863-2 devstack@placement-api.service[117894]: DEBUG dbcounter [-] [117894] Writing DB stats placement:SELECT=72,placement:DELETE=10,placement:INSERT=11,placement:UPDATE=7 {{(pid=117894) stat_writer /usr/local/lib/python3.8/dist-packages/dbcounter.py:114}}
Oct 28 21:09:12.858945 n-d-860863-2 devstack@placement-api.service[117893]: DEBUG placement.wsgi_wrapper [req-f823fef7-39b8-4311-855e-85ca4f840066 req-2ab9d053-b34f-47df-99a4-a296f185f1a9 service placement] Placement API returning an error response: No allocations for consumer '9791cb5d-6f55-4a8e-8b3a-b5661942beb7' {{(pid=117893) call_func /opt/stack/placement/placement/wsgi_wrapper.py:31}}
Oct 28 21:09:12.871529 n-d-860863-2 devstack@placement-api.service[117893]: INFO placement.requestlog [req-f823fef7-39b8-4311-855e-85ca4f840066 req-2ab9d053-b34f-47df-99a4-a296f185f1a9 service placement] 10.222.0.13 "DELETE /placement/allocations/9791cb5d-6f55-4a8e-8b3a-b5661942beb7" status: 404 len: 228 microversion: 1.0
Oct 28 21:09:12.872995 n-d-860863-2 devstack@placement-api.service[117893]: [pid: 117893|app: 0|req: 705/1363] 10.222.0.13 () {60 vars in 1349 bytes} [Fri Oct 28 21:09:12 2022] DELETE /placement/allocations/9791cb5d-6f55-4a8e-8b3a-b5661942beb7 => generated 228 bytes in 394 msecs (HTTP/1.1 404) 6 headers in 231 bytes (1 switches on core 0)
Oct 28 21:09:12.879359 n-d-860863-2 devstack@placement-api.service[117894]: DEBUG placement.handlers.allocation [req-9a77a76d-219e-4a87-8324-6c02ab512d67 req-e0deacb6-0844-4337-a2ed-cd7fe804a611 service placement] Successfully deleted allocations [, , ] {{(pid=117894) delete_allocations /opt/stack/placement/placement/handlers/allocation.py:627}}
Oct 28 21:09:12.880059 n-d-860863-2 devstack@placement-api.service[117894]: INFO placement.requestlog [req-9a77a76d-219e-4a87-8324-6c02ab512d67 req-e0deacb6-0844-4337-a2ed-cd7fe804a611 service placement] 10.222.0.13 "DELETE /placement/allocations/9791cb5d-6f55-4a8e-8b3a-b5661942beb7" status: 204 len: 0 microversion: 1.0
Oct 28 21:09:12.880278 n-d-860863-2 devstack@placement-api.service[117894]: [pid: 117894|app: 0|req: 659/1364] 10.222.0.13 () {60 vars in 1358 bytes} [Fri Oct 28 21:09:12 2022] DELETE /placement/allocations/9791cb5d-6f55-4a8e-8b3a-b5661942beb7 => generated 0 bytes in 194 msecs (HTTP/1.1 204) 5 headers in 198 bytes (1 switches on core 0)
Oct 28 21:09:14.028034 n-d-860863-2 devstack@placement-api.service[117893]: DEBUG placement.requestlog [req-c035e565-ceb0-4707-9e1a-2e57982de36f req-b23d16f0-a663-4c1a-966c-67d1dfd13585 None None] Starting request: 10.222.0.13 "GET /placement/allocation_candidates?limit=1000&resources=DISK_GB%3A1%2CMEMORY_MB%3A1024%2CVCPU%3A1&root_required=%21COMPUTE_STATUS_DISABLED" {{(pid=117893) __call__ /opt/stack/placement/placement/requestlog.py:55}}
Oct 28 21:09:14.133199 n-d-860863-2 devstack@placement-api.service[117893]: DEBUG placement.objects.research_context [req-c035e565-ceb0-4707-9e1a-2e57982de36f req-b23d16f0-a663-4c1a-966c-67d1dfd13585 service placement] getting providers with 1 DISK_GB {{(pid=117893) __init__ /opt/stack/placement/placement/objects/research_context.py:136}}
Oct 28 21:09:14.140205 n-d-860863-2 devstack@placement-api.service[117893]: DEBUG placement.objects.research_context [req-c035e565-ceb0-4707-9e1a-2e57982de36f req-b23d16f0-a663-4c1a-966c-67d1dfd13585 service placement] getting providers with 1024 MEMORY_MB {{(pid=117893) __init__ /opt/stack/placement/placement/objects/research_context.py:136}}
Oct 28 21:09:14.146466 n-d-860863-2 devstack@placement-api.service[117893]: DEBUG placement.objects.research_context [req-c035e565-ceb0-4707-9e1a-2e57982de36f req-b23d16f0-a663-4c1a-966c-67d1dfd13585 service placement] getting providers with 1 VCPU {{(pid=117893) __init__ /opt/stack/placement/placement/objects/research_context.py:136}}
Oct 28 21:09:14.154776 n-d-860863-2 devstack@placement-api.service[117893]: DEBUG placement.objects.research_context [req-c035e565-ceb0-4707-9e1a-2e57982de36f req-b23d16f0-a663-4c1a-966c-67d1dfd13585 service placement] found 2 providers with available 1 DISK_GB {{(pid=117893) get_provider_ids_matching /opt/stack/placement/placement/objects/research_context.py:563}}
Oct 28 21:09:14.155054 n-d-860863-2 devstack@placement-api.service[117893]: DEBUG placement.objects.research_context [req-c035e565-ceb0-4707-9e1a-2e57982de36f req-b23d16f0-a663-4c1a-966c-67d1dfd13585 service placement] found 2 providers with available 1024 MEMORY_MB {{(pid=117893) get_provider_ids_matching /opt/stack/placement/placement/objects/research_context.py:563}}
Oct 28 21:09:14.155321 n-d-860863-2 devstack@placement-api.service[117893]: DEBUG placement.objects.research_context [req-c035e565-ceb0-4707-9e1a-2e57982de36f req-b23d16f0-a663-4c1a-966c-67d1dfd13585 service placement] found 2 providers after filtering by previous result {{(pid=117893) get_provider_ids_matching /opt/stack/placement/placement/objects/research_context.py:594}}
Oct 28 21:09:14.155574 n-d-860863-2 devstack@placement-api.service[117893]: DEBUG placement.objects.research_context [req-c035e565-ceb0-4707-9e1a-2e57982de36f req-b23d16f0-a663-4c1a-966c-67d1dfd13585 service placement] found 2 providers with available 1 VCPU {{(pid=117893) get_provider_ids_matching /opt/stack/placement/placement/objects/research_context.py:563}}
Oct 28 21:09:14.155831 n-d-860863-2 devstack@placement-api.service[117893]: DEBUG placement.objects.research_context [req-c035e565-ceb0-4707-9e1a-2e57982de36f req-b23d16f0-a663-4c1a-966c-67d1dfd13585 service placement] found 2 providers after filtering by previous result {{(pid=117893) get_provider_ids_matching /opt/stack/placement/placement/objects/research_context.py:594}}
Oct 28 21:09:14.167638 n-d-860863-2 devstack@placement-api.service[117893]: DEBUG placement.objects.allocation_candidate [req-c035e565-ceb0-4707-9e1a-2e57982de36f req-b23d16f0-a663-4c1a-966c-67d1dfd13585 service placement] RequestGroup(use_same_provider=False, resources={DISK_GB:1, MEMORY_MB:1024, VCPU:1}, traits=(), aggregates=[]) (suffix '') returned 2 matches {{(pid=117893) _get_by_requests /opt/stack/placement/placement/objects/allocation_candidate.py:156}}
Oct 28 21:09:14.168019 n-d-860863-2 devstack@placement-api.service[117893]: DEBUG placement.objects.allocation_candidate [req-c035e565-ceb0-4707-9e1a-2e57982de36f req-b23d16f0-a663-4c1a-966c-67d1dfd13585 service placement] Merging candidates yields 2 allocation requests and 2 provider summaries {{(pid=117893) _merge_candidates /opt/stack/placement/placement/objects/allocation_candidate.py:809}}
Oct 28 21:09:14.170853 n-d-860863-2 devstack@placement-api.service[117893]: INFO placement.requestlog [req-c035e565-ceb0-4707-9e1a-2e57982de36f req-b23d16f0-a663-4c1a-966c-67d1dfd13585 service placement] 10.222.0.13 "GET /placement/allocation_candidates?limit=1000&resources=DISK_GB%3A1%2CMEMORY_MB%3A1024%2CVCPU%3A1&root_required=%21COMPUTE_STATUS_DISABLED" status: 200 len: 1309 microversion: 1.36
Oct 28 21:09:14.173919 n-d-860863-2 devstack@placement-api.service[117893]: [pid: 117893|app: 0|req: 706/1365] 10.222.0.13 () {60 vars in 1506 bytes} [Fri Oct 28 21:09:14 2022] GET /placement/allocation_candidates?limit=1000&resources=DISK_GB%3A1%2CMEMORY_MB%3A1024%2CVCPU%3A1&root_required=%21COMPUTE_STATUS_DISABLED => generated 1309 bytes in 147 msecs (HTTP/1.1 200) 8 headers in 297 bytes (1 switches on core 0)
Oct 28 21:09:14.278003 n-d-860863-2 devstack@placement-api.service[117894]: DEBUG placement.requestlog [req-c035e565-ceb0-4707-9e1a-2e57982de36f req-6a46beda-d0cb-4ce4-a3e9-5a47fa35acd8 None None] Starting request: 10.222.0.13 "GET /placement/allocations/9889660e-b24d-4209-b120-71200d9b63ac" {{(pid=117894) __call__ /opt/stack/placement/placement/requestlog.py:55}}
Oct 28 21:09:14.290639 n-d-860863-2 devstack@placement-api.service[117894]: INFO placement.requestlog [req-c035e565-ceb0-4707-9e1a-2e57982de36f req-6a46beda-d0cb-4ce4-a3e9-5a47fa35acd8 service placement] 10.222.0.13 "GET /placement/allocations/9889660e-b24d-4209-b120-71200d9b63ac" status: 200 len: 19 microversion: 1.28
Oct 28 21:09:14.291328 n-d-860863-2 devstack@placement-api.service[117894]: [pid: 117894|app: 0|req: 660/1366] 10.222.0.13 () {60 vars in 1380 bytes} [Fri Oct 28 21:09:14 2022] GET /placement/allocations/9889660e-b24d-4209-b120-71200d9b63ac => generated 19 bytes in 14 msecs (HTTP/1.1 200) 8 headers in 295 bytes (1 switches on core 0)
Oct 28 21:09:14.299561 n-d-860863-2 devstack@placement-api.service[117893]: DEBUG placement.requestlog [req-c035e565-ceb0-4707-9e1a-2e57982de36f req-b3876f1e-1565-4a61-a02c-c8e8467d8909 None None] Starting request: 10.222.0.13 "PUT /placement/allocations/9889660e-b24d-4209-b120-71200d9b63ac" {{(pid=117893) __call__ /opt/stack/placement/placement/requestlog.py:55}}
Oct 28 21:09:14.457073 n-d-860863-2 devstack@placement-api.service[117893]: DEBUG placement.handlers.allocation [req-c035e565-ceb0-4707-9e1a-2e57982de36f req-b3876f1e-1565-4a61-a02c-c8e8467d8909 service placement] Successfully wrote allocations [, , ] {{(pid=117893) _update_consumers_and_create_allocations /opt/stack/placement/placement/handlers/allocation.py:462}}
Oct 28 21:09:14.583632 n-d-860863-2 devstack@placement-api.service[117893]: INFO placement.requestlog [req-c035e565-ceb0-4707-9e1a-2e57982de36f req-b3876f1e-1565-4a61-a02c-c8e8467d8909 service placement] 10.222.0.13 "PUT /placement/allocations/9889660e-b24d-4209-b120-71200d9b63ac" status: 204 len: 0 microversion: 1.36
Oct 28 21:09:14.584874 n-d-860863-2 devstack@placement-api.service[117893]: [pid: 117893|app: 0|req: 707/1367] 10.222.0.13 () {64 vars in 1433 bytes} [Fri Oct 28 21:09:14 2022] PUT /placement/allocations/9889660e-b24d-4209-b120-71200d9b63ac => generated 0 bytes in 285 msecs (HTTP/1.1 204) 5 headers in 199 bytes (1 switches on core 0)
Oct 28 21:09:15.811237 n-d-860863-2 devstack@placement-api.service[117894]: DEBUG placement.requestlog [req-b8909f9a-eabe-4774-a204-ebf8f6960b0b req-964d7e64-e326-4152-a701-5c0bb63da0ab None None] Starting request: 10.222.0.23 "GET /placement/resource_providers/9ff7d461-6ea7-473b-bfc5-abd4d5b446e3/allocations" {{(pid=117894) __call__ /opt/stack/placement/placement/requestlog.py:55}}
Oct 28 21:09:15.849511 n-d-860863-2 devstack@placement-api.service[117893]: DEBUG placement.requestlog [req-c035e565-ceb0-4707-9e1a-2e57982de36f req-74940443-24a8-47d4-b777-ae4cbdad2be4 None None] Starting request: 10.222.0.23 "GET /placement/allocations/9889660e-b24d-4209-b120-71200d9b63ac" {{(pid=117893) __call__ /opt/stack/placement/placement/requestlog.py:55}}
Oct 28 21:09:15.853539 n-d-860863-2 devstack@placement-api.service[117894]: INFO placement.requestlog [req-b8909f9a-eabe-4774-a204-ebf8f6960b0b req-964d7e64-e326-4152-a701-5c0bb63da0ab service placement] 10.222.0.23 "GET /placement/resource_providers/9ff7d461-6ea7-473b-bfc5-abd4d5b446e3/allocations" status: 200 len: 558 microversion: 1.0
Oct 28 21:09:15.854405 n-d-860863-2 devstack@placement-api.service[117894]: [pid: 117894|app: 0|req: 661/1368] 10.222.0.23 () {58 vars in 1390 bytes} [Fri Oct 28 21:09:15 2022] GET /placement/resource_providers/9ff7d461-6ea7-473b-bfc5-abd4d5b446e3/allocations => generated 558 bytes in 43 msecs (HTTP/1.1 200) 6 headers in 224 bytes (1 switches on core 0)
Oct 28 21:09:15.868039 n-d-860863-2 devstack@placement-api.service[117893]: INFO placement.requestlog [req-c035e565-ceb0-4707-9e1a-2e57982de36f req-74940443-24a8-47d4-b777-ae4cbdad2be4 service placement] 10.222.0.23 "GET /placement/allocations/9889660e-b24d-4209-b120-71200d9b63ac" status: 200 len: 259 microversion: 1.28
Oct 28 21:09:15.868585 n-d-860863-2 devstack@placement-api.service[117893]: [pid: 117893|app: 0|req: 708/1369] 10.222.0.23 () {60 vars in 1377 bytes} [Fri Oct 28 21:09:15 2022] GET /placement/allocations/9889660e-b24d-4209-b120-71200d9b63ac => generated 259 bytes in 19 msecs (HTTP/1.1 200) 8 headers in 296 bytes (2 switches on core 0)
