Oct 10 18:50:26.658500 n-d-860863-1 neutron-server[112256]: DEBUG neutron.pecan_wsgi.hooks.policy_enforcement [req-c69ff025-5330-4315-be49-eb22e5f03ec7 req-cb705415-1aa9-4674-a92d-0a7a130062e4 tempest-FloatingIPsAssociationTestJSON-312378003 tempest-FloatingIPsAssociationTestJSON-312378003-project] Attributes excluded by policy engine: ['standard_attr_id', 'vlan_transparent', 'provider:network_type', 'provider:physical_network', 'provider:segmentation_id'] {{(pid=112256) _exclude_attributes_by_policy /opt/stack/neutron/neutron/pecan_wsgi/hooks/policy_enforcement.py:259}}
Oct 10 18:50:26.658500 n-d-860863-1 neutron-server[112256]: INFO neutron.wsgi [req-c69ff025-5330-4315-be49-eb22e5f03ec7 req-cb705415-1aa9-4674-a92d-0a7a130062e4 tempest-FloatingIPsAssociationTestJSON-312378003 tempest-FloatingIPsAssociationTestJSON-312378003-project] 10.222.0.43 "GET /networking/v2.0/networks?id=c5f3fcff-69f9-404c-aeaa-2f1924041f8b HTTP/1.1" status: 200 len: 821 time: 0.2612946
Oct 10 18:50:26.661148 n-d-860863-1 neutron-server[112256]: DEBUG dbcounter [-] [112256] Writing DB stats neutron:SELECT=84,neutron:INSERT=13,neutron:UPDATE=3 {{(pid=112256) stat_writer /usr/local/lib/python3.8/dist-packages/dbcounter.py:114}}
Oct 10 18:50:26.661148 n-d-860863-1 neutron-server[112256]: INFO neutron.wsgi [req-a54c09a0-e56e-4939-85f6-08183846c327 req-3ef0c352-621c-4477-8c37-e4075c757d64 service neutron] 10.222.0.45 "GET /networking/v2.0/floatingips?fixed_ip_address=172.20.0.11&port_id=c279876a-95a9-436e-bc98-b4a82d21aa0b HTTP/1.1" status: 200 len: 217 time: 0.0503356
Oct 10 18:50:26.672816 n-d-860863-1 neutron-server[112256]: INFO neutron.wsgi [req-c69ff025-5330-4315-be49-eb22e5f03ec7 req-481f1dcb-abd5-4f56-b285-8c1215d94cc2 tempest-FloatingIPsAssociationTestJSON-312378003 tempest-FloatingIPsAssociationTestJSON-312378003-project] 10.222.0.43 "GET /networking/v2.0/quotas/38266e43742d4a9598d44340cac9bf92 HTTP/1.1" status: 200 len: 375 time: 0.0098879
Oct 10 18:50:26.727380 n-d-860863-1 neutron-server[112256]: INFO neutron.wsgi [req-c69ff025-5330-4315-be49-eb22e5f03ec7 req-3631a4d5-7fef-412b-b52e-4f2202951e1e tempest-FloatingIPsAssociationTestJSON-312378003 tempest-FloatingIPsAssociationTestJSON-312378003-project] 10.222.0.43 "GET /networking/v2.0/ports?tenant_id=38266e43742d4a9598d44340cac9bf92&fields=id HTTP/1.1" status: 200 len: 302 time: 0.0468268
Oct 10 18:50:26.729178 n-d-860863-1 neutron-server[112257]: DEBUG neutron_lib.callbacks.manager [req-979311da-808c-4d5f-a283-d2bf584e913f req-1c26bfba-e80b-4eaf-982d-dfad455260b8 tempest-SecurityGroupsTestAdminJSON-2096269599 tempest-SecurityGroupsTestAdminJSON-2096269599-project-admin] Publish callbacks ['neutron.plugins.ml2.ovo_rpc._ObjectChangeHandler.handle_event-3723814'] for security_group (42b83257-0fa3-435e-be3a-117845514729), after_delete {{(pid=112257) _notify_loop /usr/local/lib/python3.8/dist-packages/neutron_lib/callbacks/manager.py:176}}
Oct 10 18:50:26.732790 n-d-860863-1 neutron-server[112257]: DEBUG neutron_lib.callbacks.manager [req-979311da-808c-4d5f-a283-d2bf584e913f req-1c26bfba-e80b-4eaf-982d-dfad455260b8 tempest-SecurityGroupsTestAdminJSON-2096269599 tempest-SecurityGroupsTestAdminJSON-2096269599-project-admin] Publish callbacks [] for security_group (None), before_response {{(pid=112257) _notify_loop /usr/local/lib/python3.8/dist-packages/neutron_lib/callbacks/manager.py:176}}
Oct 10 18:50:26.733567 n-d-860863-1 neutron-server[112257]: INFO neutron.wsgi [req-979311da-808c-4d5f-a283-d2bf584e913f req-1c26bfba-e80b-4eaf-982d-dfad455260b8 tempest-SecurityGroupsTestAdminJSON-2096269599 tempest-SecurityGroupsTestAdminJSON-2096269599-project-admin] 10.222.0.43 "DELETE /networking/v2.0/security-groups/42b83257-0fa3-435e-be3a-117845514729 HTTP/1.1" status: 204 len: 173 time: 0.1991222
Oct 10 18:50:26.743228 n-d-860863-1 neutron-server[112257]: DEBUG neutron.api.rpc.handlers.resources_rpc [None req-1c26bfba-e80b-4eaf-982d-dfad455260b8 tempest-SecurityGroupsTestAdminJSON-2096269599 tempest-SecurityGroupsTestAdminJSON-2096269599-project-admin] Pushing event deleted for resources: {'SecurityGroup': ['ID=42b83257-0fa3-435e-be3a-117845514729,revision_number=None']} {{(pid=112257) push /opt/stack/neutron/neutron/api/rpc/handlers/resources_rpc.py:237}}
Oct 10 18:50:26.866019 n-d-860863-1 neutron-server[112256]: INFO neutron.wsgi [req-c69ff025-5330-4315-be49-eb22e5f03ec7 req-8ec66b70-d4da-43e4-b7c2-7a24f4349d8f service neutron] 10.222.0.43 "GET /networking/v2.0/networks/c5f3fcff-69f9-404c-aeaa-2f1924041f8b?fields=segments HTTP/1.1" status: 200 len: 212 time: 0.1303301
Oct 10 18:50:26.877707 n-d-860863-1 neutron-server[112258]: DEBUG neutron.api.rpc.handlers.l3_rpc [None req-6c59990a-0e26-47cb-b9d9-f4efef165919 None None] Sync routers for ids ['ef3803a7-4219-4fbc-a697-489420966018'] in n-d-860863-1 {{(pid=112258) sync_routers /opt/stack/neutron/neutron/api/rpc/handlers/l3_rpc.py:125}}
Oct 10 18:50:26.883643 n-d-860863-1 neutron-server[112256]: DEBUG neutron.pecan_wsgi.hooks.policy_enforcement [req-a54c09a0-e56e-4939-85f6-08183846c327 req-a44e8c64-29a0-4959-a2e5-7a55dd7c0b2e service neutron] Attributes excluded by policy engine: ['standard_attr_id', 'shared'] {{(pid=112256) _exclude_attributes_by_policy /opt/stack/neutron/neutron/pecan_wsgi/hooks/policy_enforcement.py:259}}
Oct 10 18:50:26.885281 n-d-860863-1 neutron-server[112256]: INFO neutron.wsgi [req-a54c09a0-e56e-4939-85f6-08183846c327 req-a44e8c64-29a0-4959-a2e5-7a55dd7c0b2e service neutron] 10.222.0.45 "GET /networking/v2.0/subnets?id=338a1a97-1a4e-4ea2-9cab-bd5c819b7e06 HTTP/1.1" status: 200 len: 867 time: 0.0660267
Oct 10 18:50:26.887479 n-d-860863-1 neutron-server[112257]: DEBUG neutron.pecan_wsgi.hooks.policy_enforcement [req-0bcd30bc-364e-463b-8d67-d0ca0120f694 req-7a1a5d43-6b50-49a0-87ff-d2b3c9ba4bf2 tempest-FloatingIPsAssociationNegativeTestJSON-1603960827 tempest-FloatingIPsAssociationNegativeTestJSON-1603960827-project] Attributes excluded by policy engine: ['standard_attr_id', 'binding:profile', 'binding:host_id', 'binding:vif_type', 'binding:vif_details'] {{(pid=112257) _exclude_attributes_by_policy /opt/stack/neutron/neutron/pecan_wsgi/hooks/policy_enforcement.py:259}}
Oct 10 18:50:26.889419 n-d-860863-1 neutron-server[112257]: INFO neutron.wsgi [req-0bcd30bc-364e-463b-8d67-d0ca0120f694 req-7a1a5d43-6b50-49a0-87ff-d2b3c9ba4bf2 tempest-FloatingIPsAssociationNegativeTestJSON-1603960827 tempest-FloatingIPsAssociationNegativeTestJSON-1603960827-project] 10.222.0.43 "GET /networking/v2.0/ports?device_id=f5a71922-7bbf-4415-b3f5-2c2716b7c7c1 HTTP/1.1" status: 200 len: 944 time: 0.0562217
Oct 10 18:50:26.892924 n-d-860863-1 neutron-server[112258]: DEBUG neutron.db.l3_dvrscheduler_db [None req-6c59990a-0e26-47cb-b9d9-f4efef165919 None None] Routers {'ef3803a7-4219-4fbc-a697-489420966018'} bound to L3 agent in host n-d-860863-1 {{(pid=112258) _get_router_ids_for_agent /opt/stack/neutron/neutron/db/l3_dvrscheduler_db.py:425}}
Oct 10 18:50:26.893714 n-d-860863-1 neutron-server[112258]: DEBUG neutron.db.l3_hamode_db [None req-6c59990a-0e26-47cb-b9d9-f4efef165919 None None] neutron.services.l3_router.l3_router_plugin.L3RouterPlugin method get_ha_sync_data_for_host called with arguments (, 'n-d-860863-1', Agent(admin_state_up=True,agent_type='L3 agent',availability_zone='nova',binary='neutron-l3-agent',configurations={"agent_mode": "legacy", "ex_gw_ports": 3, "extensions": [], "floating_ips": 0, "handle_internal_only_routers": true, "interface_driver": "openvswitch", "interfaces": 3, "log_agent_heartbeats": false, "routers": 3},created_at=2022-10-10T18:39:03Z,description=,heartbeat_timestamp=2022-10-10T18:50:03Z,host='n-d-860863-1',id=95ba1fb4-28fd-4303-a4fa-ec8c0e3ea800,load=0,resource_versions=,resources_synced=,started_at=2022-10-10T18:39:04Z,topic='l3_agent')) {'router_ids': ['ef3803a7-4219-4fbc-a697-489420966018'], 'active': True} {{(pid=112258) wrapper /usr/local/lib/python3.8/dist-packages/oslo_log/helpers.py:65}}
Oct 10 18:50:26.959112 n-d-860863-1 neutron-server[112257]: INFO neutron.wsgi [req-0bcd30bc-364e-463b-8d67-d0ca0120f694 req-75bd12d4-235d-4da4-a06c-367d6ba23fc0 tempest-FloatingIPsAssociationNegativeTestJSON-1603960827 tempest-FloatingIPsAssociationNegativeTestJSON-1603960827-project] 10.222.0.43 "GET /networking/v2.0/security-groups?id=a3333ad6-321e-4f5e-89ae-f47f8305525f&fields=id&fields=name HTTP/1.1" status: 200 len: 286 time: 0.0611939
Oct 10 18:50:27.003972 n-d-860863-1 neutron-server[112258]: DEBUG dbcounter [-] [112258] Writing DB stats neutron:SELECT=97,neutron:UPDATE=2,neutron:INSERT=1 {{(pid=112258) stat_writer /usr/local/lib/python3.8/dist-packages/dbcounter.py:114}}
Oct 10 18:50:27.033466 n-d-860863-1 neutron-server[112258]: DEBUG neutron.db.l3_dvr_db [None req-6c59990a-0e26-47cb-b9d9-f4efef165919 None None] Set router ef3803a7-4219-4fbc-a697-489420966018 gateway port host: n-d-860863-1 {{(pid=112258) _build_routers_list /opt/stack/neutron/neutron/db/l3_dvr_db.py:907}}
Oct 10 18:50:27.056158 n-d-860863-1 neutron-server[112257]: INFO neutron.wsgi [req-255a870c-e6b7-4156-b94e-930d34f39e61 req-87fbdf9d-58b8-4d59-9bd2-3c1a194e9139 tempest-SecurityGroupsTestAdminJSON-2109297482 tempest-SecurityGroupsTestAdminJSON-2109297482-project] 10.222.0.43 "GET /networking/v2.0/security-groups/85194fe9-88ae-4563-891d-4bb08b58251c HTTP/1.1" status: 200 len: 1795 time: 0.0612221
Oct 10 18:50:27.140478 n-d-860863-1 neutron-server[112258]: DEBUG neutron.plugins.ml2.rpc [None req-218af532-2d2b-44eb-92ae-e4fd80842821 None None] Device f0e2c9b0-0f42-4cd3-970d-b9068e2a0c37 up at agent ovs-agent-n-d-860863-1 {{(pid=112258) update_device_up /opt/stack/neutron/neutron/plugins/ml2/rpc.py:296}}
Oct 10 18:50:27.158179 n-d-860863-1 neutron-server[112257]: DEBUG neutron_lib.callbacks.manager [req-255a870c-e6b7-4156-b94e-930d34f39e61 req-c0f5c0a0-9773-4936-bd51-d7c8ecb69322 tempest-SecurityGroupsTestAdminJSON-2109297482 tempest-SecurityGroupsTestAdminJSON-2109297482-project] Publish callbacks [] for security_group (85194fe9-88ae-4563-891d-4bb08b58251c), before_delete {{(pid=112257) _notify_loop /usr/local/lib/python3.8/dist-packages/neutron_lib/callbacks/manager.py:176}}
Oct 10 18:50:27.184472 n-d-860863-1 neutron-server[112257]: DEBUG neutron_lib.callbacks.manager [req-255a870c-e6b7-4156-b94e-930d34f39e61 req-c0f5c0a0-9773-4936-bd51-d7c8ecb69322 tempest-SecurityGroupsTestAdminJSON-2109297482 tempest-SecurityGroupsTestAdminJSON-2109297482-project] Publish callbacks [] for security_group (85194fe9-88ae-4563-891d-4bb08b58251c), precommit_delete {{(pid=112257) _notify_loop /usr/local/lib/python3.8/dist-packages/neutron_lib/callbacks/manager.py:176}}
Oct 10 18:50:27.219392 n-d-860863-1 neutron-server[112256]: DEBUG neutron.pecan_wsgi.hooks.policy_enforcement [req-a54c09a0-e56e-4939-85f6-08183846c327 req-5856f8b5-5404-4682-a37b-e6e0e5e1a837 service neutron] Attributes excluded by policy engine: ['standard_attr_id'] {{(pid=112256) _exclude_attributes_by_policy /opt/stack/neutron/neutron/pecan_wsgi/hooks/policy_enforcement.py:259}}
Oct 10 18:50:27.221454 n-d-860863-1 neutron-server[112256]: INFO neutron.wsgi [req-a54c09a0-e56e-4939-85f6-08183846c327 req-5856f8b5-5404-4682-a37b-e6e0e5e1a837 service neutron] 10.222.0.45 "GET /networking/v2.0/ports?network_id=bc198aba-4d54-4cd2-9a46-68327b084cae&device_owner=network%3Adhcp HTTP/1.1" status: 200 len: 1200 time: 0.3272054
Oct 10 18:50:27.252302 n-d-860863-1 neutron-server[112256]: INFO neutron.wsgi [req-c69ff025-5330-4315-be49-eb22e5f03ec7 req-2c81cf6f-c759-46e2-bc1c-8c1fbd39dd2c service neutron] 10.222.0.43 "GET /networking/v2.0/networks/c5f3fcff-69f9-404c-aeaa-2f1924041f8b?fields=provider%3Aphysical_network&fields=provider%3Anetwork_type HTTP/1.1" status: 200 len: 281 time: 0.3704927
Oct 10 18:50:27.267989 n-d-860863-1 neutron-server[112258]: DEBUG neutron.db.provisioning_blocks [None req-218af532-2d2b-44eb-92ae-e4fd80842821 None None] Provisioning complete for port f0e2c9b0-0f42-4cd3-970d-b9068e2a0c37 triggered by entity L2. {{(pid=112258) provisioning_complete /opt/stack/neutron/neutron/db/provisioning_blocks.py:144}}
Oct 10 18:50:27.273863 n-d-860863-1 neutron-server[112258]: DEBUG neutron_lib.callbacks.manager [None req-218af532-2d2b-44eb-92ae-e4fd80842821 None None] Publish callbacks ['neutron.plugins.ml2.plugin.Ml2Plugin._port_provisioned-3451943'] for port (f0e2c9b0-0f42-4cd3-970d-b9068e2a0c37), provisioning_complete {{(pid=112258) _notify_loop /usr/local/lib/python3.8/dist-packages/neutron_lib/callbacks/manager.py:176}}
Oct 10 18:50:27.273863 n-d-860863-1 neutron-server[112258]: INFO neutron.plugins.ml2.plugin [None req-218af532-2d2b-44eb-92ae-e4fd80842821 None None] Attempt 1 to provision port f0e2c9b0-0f42-4cd3-970d-b9068e2a0c37
Oct 10 18:50:27.320386 n-d-860863-1 neutron-server[112257]: DEBUG neutron_lib.callbacks.manager [req-255a870c-e6b7-4156-b94e-930d34f39e61 req-c0f5c0a0-9773-4936-bd51-d7c8ecb69322 tempest-SecurityGroupsTestAdminJSON-2109297482 tempest-SecurityGroupsTestAdminJSON-2109297482-project] Publish callbacks ['neutron.plugins.ml2.ovo_rpc._ObjectChangeHandler.handle_event-3723814'] for security_group (85194fe9-88ae-4563-891d-4bb08b58251c), after_delete {{(pid=112257) _notify_loop /usr/local/lib/python3.8/dist-packages/neutron_lib/callbacks/manager.py:176}}
Oct 10 18:50:27.323023 n-d-860863-1 neutron-server[112257]: DEBUG neutron_lib.callbacks.manager [req-255a870c-e6b7-4156-b94e-930d34f39e61 req-c0f5c0a0-9773-4936-bd51-d7c8ecb69322 tempest-SecurityGroupsTestAdminJSON-2109297482 tempest-SecurityGroupsTestAdminJSON-2109297482-project] Publish callbacks [] for security_group (None), before_response {{(pid=112257) _notify_loop /usr/local/lib/python3.8/dist-packages/neutron_lib/callbacks/manager.py:176}}
Oct 10 18:50:27.325096 n-d-860863-1 neutron-server[112257]: INFO neutron.wsgi [req-255a870c-e6b7-4156-b94e-930d34f39e61 req-c0f5c0a0-9773-4936-bd51-d7c8ecb69322 tempest-SecurityGroupsTestAdminJSON-2109297482 tempest-SecurityGroupsTestAdminJSON-2109297482-project] 10.222.0.43 "DELETE /networking/v2.0/security-groups/85194fe9-88ae-4563-891d-4bb08b58251c HTTP/1.1" status: 204 len: 173 time: 0.2674108
Oct 10 18:50:27.346737 n-d-860863-1 neutron-server[112257]: DEBUG neutron.api.rpc.handlers.resources_rpc [None req-c0f5c0a0-9773-4936-bd51-d7c8ecb69322 tempest-SecurityGroupsTestAdminJSON-2109297482 tempest-SecurityGroupsTestAdminJSON-2109297482-project] Pushing event deleted for resources: {'SecurityGroup': ['ID=85194fe9-88ae-4563-891d-4bb08b58251c,revision_number=None']} {{(pid=112257) push /opt/stack/neutron/neutron/api/rpc/handlers/resources_rpc.py:237}}
Oct 10 18:50:27.384221 n-d-860863-1 neutron-server[112258]: DEBUG neutron.db.l3_hamode_db [None req-6c59990a-0e26-47cb-b9d9-f4efef165919 None None] neutron.services.l3_router.l3_router_plugin.L3RouterPlugin method _process_sync_ha_data called with arguments (, [{'id': 'ef3803a7-4219-4fbc-a697-489420966018', 'name': 'tempest-FloatingIPsAssociationTestJSON-2042277977-router', 'tenant_id': '38266e43742d4a9598d44340cac9bf92', 'admin_state_up': True, 'status': 'ACTIVE', 'external_gateway_info': {'network_id': 'f1d4af5b-71b6-463b-9712-d164bf8b9149', 'external_fixed_ips': [{'subnet_id': 'bad8b72f-a70c-4f19-b8c4-1cc45e749481', 'ip_address': '172.25.5.141'}], 'enable_snat': True}, 'gw_port_id': 'f0e2c9b0-0f42-4cd3-970d-b9068e2a0c37', 'description': '', 'availability_zones': ['nova'], 'distributed': False, 'ha': False, 'ha_vr_id': 0, 'availability_zone_hints': [], 'routes': [], 'flavor_id': None, 'tags': [], 'created_at': '2022-10-10T18:50:16Z', 'updated_at': '2022-10-10T18:50:24Z', 'revision_number': 4, 'project_id': '38266e43742d4a9598d44340cac9bf92', 'gw_port': {'id': 'f0e2c9b0-0f42-4cd3-970d-b9068e2a0c37', 'name': '', 'network_id': 'f1d4af5b-71b6-463b-9712-d164bf8b9149', 'tenant_id': '', 'mac_address': 'fa:16:3e:5c:7a:75', 'admin_state_up': True, 'status': 'ACTIVE', 'device_id': 'ef3803a7-4219-4fbc-a697-489420966018', 'device_owner': 'network:router_gateway', 'standard_attr_id': 249, 'fixed_ips': [{'subnet_id': 'bad8b72f-a70c-4f19-b8c4-1cc45e749481', 'ip_address': '172.25.5.141', 'prefixlen': 24}], 'allowed_address_pairs': [], 'extra_dhcp_opts': [], 'security_groups': [], 'description': '', 'binding:vnic_type': 'normal', 'binding:profile': {}, 'binding:host_id': 'n-d-860863-1', 'binding:vif_type': 'ovs', 'binding:vif_details': {'connectivity': 'l2', 'port_filter': True, 'ovs_hybrid_plug': False, 'datapath_type': 'system', 'bridge_name': 'br-int', 'bound_drivers': {'0': 'openvswitch'}}, 'port_security_enabled': False, 'tags': [], 'created_at': '2022-10-10T18:50:18Z', 'updated_at': '2022-10-10T18:50:25Z', 'revision_number': 4, 'project_id': '', 'subnets': [{'id': 'bad8b72f-a70c-4f19-b8c4-1cc45e749481', 'cidr': '172.25.5.0/24', 'gateway_ip': '172.25.5.1', 'dns_nameservers': [], 'ipv6_ra_mode': None, 'subnetpool_id': None}], 'extra_subnets': [], 'address_scopes': {4: None, 6: None}, 'mtu': 1500}, 'enable_snat': True, 'gw_port_host': 'n-d-860863-1', '_interfaces': [{'id': 'b8fcfec2-50e6-4a66-b6cd-dc35269cf1a5', 'name': '', 'network_id': 'c5f3fcff-69f9-404c-aeaa-2f1924041f8b', 'tenant_id': '38266e43742d4a9598d44340cac9bf92', 'mac_address': 'fa:16:3e:75:d0:67', 'admin_state_up': True, 'status': 'DOWN', 'device_id': 'ef3803a7-4219-4fbc-a697-489420966018', 'device_owner': 'network:router_interface', 'standard_attr_id': 267, 'fixed_ips': [{'subnet_id': 'ba6e9a0c-a026-47bc-9e9b-6ebd01ea7f8b', 'ip_address': '172.20.0.1', 'prefixlen': 28}], 'allowed_address_pairs': [], 'extra_dhcp_opts': [], 'security_groups': [], 'description': '', 'binding:vnic_type': 'normal', 'binding:profile': {}, 'binding:host_id': '', 'binding:vif_type': 'unbound', 'binding:vif_details': {}, 'port_security_enabled': False, 'tags': [], 'created_at': '2022-10-10T18:50:22Z', 'updated_at': '2022-10-10T18:50:24Z', 'revision_number': 2, 'project_id': '38266e43742d4a9598d44340cac9bf92', 'subnets': [{'id': 'ba6e9a0c-a026-47bc-9e9b-6ebd01ea7f8b', 'cidr': '172.20.0.0/28', 'gateway_ip': '172.20.0.1', 'dns_nameservers': [], 'ipv6_ra_mode': None, 'subnetpool_id': None}], 'extra_subnets': [], 'address_scopes': {4: None, 6: None}, 'mtu': 1500}]}], 'n-d-860863-1', False) {} {{(pid=112258) wrapper /usr/local/lib/python3.8/dist-packages/oslo_log/helpers.py:65}}
Oct 10 18:50:27.429502 n-d-860863-1 neutron-server[112258]: DEBUG neutron.api.rpc.handlers.l3_rpc [None req-6c59990a-0e26-47cb-b9d9-f4efef165919 None None] Checking router: ef3803a7-4219-4fbc-a697-489420966018 for host: n-d-860863-1 {{(pid=112258) _ensure_host_set_on_ports /opt/stack/neutron/neutron/api/rpc/handlers/l3_rpc.py:155}}
Oct 10 18:50:27.432396 n-d-860863-1 neutron-server[112258]: DEBUG neutron.api.rpc.handlers.l3_rpc [None req-6c59990a-0e26-47cb-b9d9-f4efef165919 None None] Updating router ef3803a7-4219-4fbc-a697-489420966018 port b8fcfec2-50e6-4a66-b6cd-dc35269cf1a5 binding host n-d-860863-1 {{(pid=112258) _ensure_host_set_on_port /opt/stack/neutron/neutron/api/rpc/handlers/l3_rpc.py:205}}
Oct 10 18:50:27.442397 n-d-860863-1 neutron-server[112256]: INFO neutron.wsgi [req-a54c09a0-e56e-4939-85f6-08183846c327 req-efbd9bbf-2041-43ba-ad77-344fcf25b460 service neutron] 10.222.0.45 "GET /networking/v2.0/networks/bc198aba-4d54-4cd2-9a46-68327b084cae?fields=segments HTTP/1.1" status: 200 len: 212 time: 0.1810365
Oct 10 18:50:27.547643 n-d-860863-1 neutron-server[112257]: DEBUG neutron.pecan_wsgi.hooks.policy_enforcement [req-e4e83b7c-c3cf-4ba1-b2a1-95b30eaacafe req-33189c30-453f-4017-b42f-b697c9ba0df6 tempest-DeleteServersAdminTestJSON-34767308 tempest-DeleteServersAdminTestJSON-34767308-project] Attributes excluded by policy engine: ['standard_attr_id', 'binding:profile', 'binding:host_id', 'binding:vif_type', 'binding:vif_details'] {{(pid=112257) _exclude_attributes_by_policy /opt/stack/neutron/neutron/pecan_wsgi/hooks/policy_enforcement.py:259}}
Oct 10 18:50:27.554553 n-d-860863-1 neutron-server[112257]: INFO neutron.wsgi [req-e4e83b7c-c3cf-4ba1-b2a1-95b30eaacafe req-33189c30-453f-4017-b42f-b697c9ba0df6 tempest-DeleteServersAdminTestJSON-34767308 tempest-DeleteServersAdminTestJSON-34767308-project] 10.222.0.43 "GET /networking/v2.0/ports?device_id=907f0a12-5167-416e-a0a7-b1e3a398ebe3 HTTP/1.1" status: 200 len: 971 time: 0.0674238
Oct 10 18:50:27.631690 n-d-860863-1 neutron-server[112256]: INFO neutron.wsgi [req-a54c09a0-e56e-4939-85f6-08183846c327 req-6d769b53-43e5-4c37-a643-7fe86fff7309 service neutron] 10.222.0.45 "GET /networking/v2.0/networks/bc198aba-4d54-4cd2-9a46-68327b084cae?fields=provider%3Aphysical_network&fields=provider%3Anetwork_type HTTP/1.1" status: 200 len: 281 time: 0.1840329
Oct 10 18:50:27.665432 n-d-860863-1 neutron-server[112257]: INFO neutron.wsgi [req-e4e83b7c-c3cf-4ba1-b2a1-95b30eaacafe req-b04c157d-c53c-4f76-aa31-e3672f4d447e tempest-DeleteServersAdminTestJSON-34767308 tempest-DeleteServersAdminTestJSON-34767308-project] 10.222.0.43 "GET /networking/v2.0/security-groups?id=1171ae87-7bcf-4472-8e7e-d3fac336cbe3&fields=id&fields=name HTTP/1.1" status: 200 len: 286 time: 0.1098096
Oct 10 18:50:27.693058 n-d-860863-1 neutron-server[112258]: DEBUG neutron.plugins.ml2.plugin [None req-218af532-2d2b-44eb-92ae-e4fd80842821 None None] Current status of the port f0e2c9b0-0f42-4cd3-970d-b9068e2a0c37 is: ACTIVE; New status is: ACTIVE {{(pid=112258) _update_individual_port_db_status /opt/stack/neutron/neutron/plugins/ml2/plugin.py:2333}}
Oct 10 18:50:27.702043 n-d-860863-1 neutron-server[112258]: DEBUG neutron_lib.callbacks.manager [None req-6c59990a-0e26-47cb-b9d9-f4efef165919 None None] Publish callbacks ['neutron.plugins.ml2.plugin.SecurityGroupDbMixin._ensure_default_security_group_handler-690839'] for port (b8fcfec2-50e6-4a66-b6cd-dc35269cf1a5), before_update {{(pid=112258) _notify_loop /usr/local/lib/python3.8/dist-packages/neutron_lib/callbacks/manager.py:176}}
Oct 10 18:50:27.735061 n-d-860863-1 neutron-server[112256]: INFO neutron.wsgi [req-f5f93638-ff44-483f-9c21-09ba3a397b08 req-f1620f95-098e-48ad-b1a9-dd2ea9cfc962 tempest-ServersAdmin275Test-1484897998 tempest-ServersAdmin275Test-1484897998-project] 10.222.0.43 "GET /networking/v2.0/ports?device_id=71146662-a680-4a91-81e6-40cbea2284ab HTTP/1.1" status: 200 len: 210 time: 0.0534825
Oct 10 18:50:27.777117 n-d-860863-1 neutron-server[112257]: INFO neutron.wsgi [req-f2e430ae-6806-4a23-b6c4-3c7af92b65f0 req-a95bba1b-f12f-4645-b373-e2fa210042c5 tempest-SecurityGroupsTestAdminJSON-2109297482 tempest-SecurityGroupsTestAdminJSON-2109297482-project] 10.222.0.43 "GET /networking/v2.0/security-groups/e2eee828-75b6-45f5-8252-49c792ebdb77 HTTP/1.1" status: 200 len: 1795 time: 0.0941803
Oct 10 18:50:27.843128 n-d-860863-1 neutron-server[112256]: INFO neutron.wsgi [req-65f28e3c-a83e-4ee6-94a0-8cb9ab06fba7 req-37d03354-b396-4f6a-b22a-956e2d0ffeb5 tempest-FloatingIPsAssociationTestJSON-312378003 tempest-FloatingIPsAssociationTestJSON-312378003-project] 10.222.0.43 "GET /networking/v2.0/ports?device_id=d0af7e1f-fea0-4343-9d8d-4ca0f78c1948 HTTP/1.1" status: 200 len: 210 time: 0.0422587
Oct 10 18:50:27.865349 n-d-860863-1 neutron-server[112257]: DEBUG neutron_lib.callbacks.manager [req-f2e430ae-6806-4a23-b6c4-3c7af92b65f0 req-e515c283-eb01-46df-a8f0-eb6cb4ccc6e5 tempest-SecurityGroupsTestAdminJSON-2109297482 tempest-SecurityGroupsTestAdminJSON-2109297482-project] Publish callbacks [] for security_group (e2eee828-75b6-45f5-8252-49c792ebdb77), before_delete {{(pid=112257) _notify_loop /usr/local/lib/python3.8/dist-packages/neutron_lib/callbacks/manager.py:176}}
Oct 10 18:50:27.906955 n-d-860863-1 neutron-server[112257]: DEBUG neutron_lib.callbacks.manager [req-f2e430ae-6806-4a23-b6c4-3c7af92b65f0 req-e515c283-eb01-46df-a8f0-eb6cb4ccc6e5 tempest-SecurityGroupsTestAdminJSON-2109297482 tempest-SecurityGroupsTestAdminJSON-2109297482-project] Publish callbacks [] for security_group (e2eee828-75b6-45f5-8252-49c792ebdb77), precommit_delete {{(pid=112257) _notify_loop /usr/local/lib/python3.8/dist-packages/neutron_lib/callbacks/manager.py:176}}
Oct 10 18:50:27.914417 n-d-860863-1 neutron-server[112258]: DEBUG dbcounter [-] [112258] Writing DB stats neutron:SELECT=98,neutron:UPDATE=2 {{(pid=112258) stat_writer /usr/local/lib/python3.8/dist-packages/dbcounter.py:114}}
Oct 10 18:50:28.029456 n-d-860863-1 neutron-server[112257]: DEBUG neutron.wsgi [-] (112257) accepted ('10.222.0.43', 56420) {{(pid=112257) server /usr/local/lib/python3.8/dist-packages/eventlet/wsgi.py:1004}}
Oct 10 18:50:28.035575 n-d-860863-1 neutron-server[112257]: DEBUG neutron_lib.callbacks.manager [req-f2e430ae-6806-4a23-b6c4-3c7af92b65f0 req-e515c283-eb01-46df-a8f0-eb6cb4ccc6e5 tempest-SecurityGroupsTestAdminJSON-2109297482 tempest-SecurityGroupsTestAdminJSON-2109297482-project] Publish callbacks ['neutron.plugins.ml2.ovo_rpc._ObjectChangeHandler.handle_event-3723814'] for security_group (e2eee828-75b6-45f5-8252-49c792ebdb77), after_delete {{(pid=112257) _notify_loop /usr/local/lib/python3.8/dist-packages/neutron_lib/callbacks/manager.py:176}}
Oct 10 18:50:28.038190 n-d-860863-1 neutron-server[112257]: DEBUG neutron_lib.callbacks.manager [req-f2e430ae-6806-4a23-b6c4-3c7af92b65f0 req-e515c283-eb01-46df-a8f0-eb6cb4ccc6e5 tempest-SecurityGroupsTestAdminJSON-2109297482 tempest-SecurityGroupsTestAdminJSON-2109297482-project] Publish callbacks [] for security_group (None), before_response {{(pid=112257) _notify_loop /usr/local/lib/python3.8/dist-packages/neutron_lib/callbacks/manager.py:176}}
Oct 10 18:50:28.045177 n-d-860863-1 neutron-server[112257]: INFO neutron.wsgi [req-f2e430ae-6806-4a23-b6c4-3c7af92b65f0 req-e515c283-eb01-46df-a8f0-eb6cb4ccc6e5 tempest-SecurityGroupsTestAdminJSON-2109297482 tempest-SecurityGroupsTestAdminJSON-2109297482-project] 10.222.0.43 "DELETE /networking/v2.0/security-groups/e2eee828-75b6-45f5-8252-49c792ebdb77 HTTP/1.1" status: 204 len: 173 time: 0.2663779
Oct 10 18:50:28.047345 n-d-860863-1 neutron-server[112257]: DEBUG dbcounter [-] [112257] Writing DB stats neutron:SELECT=99,neutron:INSERT=1 {{(pid=112257) stat_writer /usr/local/lib/python3.8/dist-packages/dbcounter.py:114}}
Oct 10 18:50:28.067301 n-d-860863-1 neutron-server[112258]: DEBUG neutron_lib.callbacks.manager [None req-6c59990a-0e26-47cb-b9d9-f4efef165919 None None] Publish callbacks [] for port (b8fcfec2-50e6-4a66-b6cd-dc35269cf1a5), precommit_update {{(pid=112258) _notify_loop /usr/local/lib/python3.8/dist-packages/neutron_lib/callbacks/manager.py:176}}
Oct 10 18:50:28.080261 n-d-860863-1 neutron-server[112257]: DEBUG neutron.api.rpc.handlers.resources_rpc [None req-e515c283-eb01-46df-a8f0-eb6cb4ccc6e5 tempest-SecurityGroupsTestAdminJSON-2109297482 tempest-SecurityGroupsTestAdminJSON-2109297482-project] Pushing event deleted for resources: {'SecurityGroup': ['ID=e2eee828-75b6-45f5-8252-49c792ebdb77,revision_number=None']} {{(pid=112257) push /opt/stack/neutron/neutron/api/rpc/handlers/resources_rpc.py:237}}
Oct 10 18:50:28.109181 n-d-860863-1 neutron-server[112256]: DEBUG dbcounter [-] [112256] Writing DB stats neutron:SELECT=93,neutron:INSERT=6,neutron:UPDATE=1 {{(pid=112256) stat_writer /usr/local/lib/python3.8/dist-packages/dbcounter.py:114}}
Oct 10 18:50:28.132911 n-d-860863-1 neutron-server[112258]: DEBUG neutron_lib.callbacks.manager [None req-6c59990a-0e26-47cb-b9d9-f4efef165919 None None] Publish callbacks ['neutron.plugins.ml2.plugin.SecurityGroupServerNotifierRpcMixin._notify_sg_on_port_change-689992', 'neutron.plugins.ml2.ovo_rpc._ObjectChangeHandler.handle_event-4046866', 'neutron.api.rpc.agentnotifiers.dhcp_rpc_agent_api.DhcpAgentNotifyAPI._native_event_send_dhcp_notification-3683193', 'neutron.db.l3_db.L3RpcNotifierMixin._notify_gateway_port_ip_changed-8749429329089', 'neutron.db.l3_dvrscheduler_db._notify_l3_agent_port_update-8749428792580', 'neutron.db.l3_hascheduler_db._notify_l3_agent_ha_port_update-8749428792598'] for port (b8fcfec2-50e6-4a66-b6cd-dc35269cf1a5), after_update {{(pid=112258) _notify_loop /usr/local/lib/python3.8/dist-packages/neutron_lib/callbacks/manager.py:176}}
Oct 10 18:50:28.211889 n-d-860863-1 neutron-server[112258]: DEBUG neutron.api.rpc.handlers.resources_rpc [None req-53616108-c5a0-480e-aeed-5b549ed38592 None None] Pushing event updated for resources: {'Port': ['ID=b8fcfec2-50e6-4a66-b6cd-dc35269cf1a5,revision_number=3']} {{(pid=112258) push /opt/stack/neutron/neutron/api/rpc/handlers/resources_rpc.py:237}}
Oct 10 18:50:28.224233 n-d-860863-1 neutron-server[112257]: DEBUG neutron.pecan_wsgi.hooks.policy_enforcement [req-df8abf28-1b01-4347-aca1-6e58a512effe req-b6ac01fb-82f6-4d1f-9683-a6e2aad3f2c1 tempest-FloatingIPsAssociationNegativeTestJSON-1603960827 tempest-FloatingIPsAssociationNegativeTestJSON-1603960827-project] Attributes excluded by policy engine: ['standard_attr_id', 'binding:profile', 'binding:host_id', 'binding:vif_type', 'binding:vif_details'] {{(pid=112257) _exclude_attributes_by_policy /opt/stack/neutron/neutron/pecan_wsgi/hooks/policy_enforcement.py:259}}
Oct 10 18:50:28.228869 n-d-860863-1 neutron-server[112257]: INFO neutron.wsgi [req-df8abf28-1b01-4347-aca1-6e58a512effe req-b6ac01fb-82f6-4d1f-9683-a6e2aad3f2c1 tempest-FloatingIPsAssociationNegativeTestJSON-1603960827 tempest-FloatingIPsAssociationNegativeTestJSON-1603960827-project] 10.222.0.43 "GET /networking/v2.0/ports?device_id=f5a71922-7bbf-4415-b3f5-2c2716b7c7c1 HTTP/1.1" status: 200 len: 944 time: 0.1049125
Oct 10 18:50:28.244019 n-d-860863-1 neutron-server[112258]: DEBUG neutron.api.rpc.callbacks.version_manager [None req-53616108-c5a0-480e-aeed-5b549ed38592 None None] Version for resource type AddressGroup changed None to 1.2 on consumer Open vSwitch agent@n-d-860863-1 {{(pid=112258) _set_version /opt/stack/neutron/neutron/api/rpc/callbacks/version_manager.py:113}}
Oct 10 18:50:28.244496 n-d-860863-1 neutron-server[112258]: DEBUG neutron.api.rpc.callbacks.version_manager [None req-53616108-c5a0-480e-aeed-5b549ed38592 None None] Version for resource type Agent changed None to 1.1 on consumer Open vSwitch agent@n-d-860863-1 {{(pid=112258) _set_version /opt/stack/neutron/neutron/api/rpc/callbacks/version_manager.py:113}}
Oct 10 18:50:28.244865 n-d-860863-1 neutron-server[112258]: DEBUG neutron.api.rpc.callbacks.version_manager [None req-53616108-c5a0-480e-aeed-5b549ed38592 None None] Version for resource type ConntrackHelper changed None to 1.0 on consumer Open vSwitch agent@n-d-860863-1 {{(pid=112258) _set_version /opt/stack/neutron/neutron/api/rpc/callbacks/version_manager.py:113}}
Oct 10 18:50:28.245195 n-d-860863-1 neutron-server[112258]: DEBUG neutron.api.rpc.callbacks.version_manager [None req-53616108-c5a0-480e-aeed-5b549ed38592 None None] Version for resource type LocalIPAssociation changed None to 1.0 on consumer Open vSwitch agent@n-d-860863-1 {{(pid=112258) _set_version /opt/stack/neutron/neutron/api/rpc/callbacks/version_manager.py:113}}
Oct 10 18:50:28.245619 n-d-860863-1 neutron-server[112258]: DEBUG neutron.api.rpc.callbacks.version_manager [None req-53616108-c5a0-480e-aeed-5b549ed38592 None None] Version for resource type Log changed None to 1.0 on consumer Open vSwitch agent@n-d-860863-1 {{(pid=112258) _set_version /opt/stack/neutron/neutron/api/rpc/callbacks/version_manager.py:113}}
Oct 10 18:50:28.245889 n-d-860863-1 neutron-server[112258]: DEBUG neutron.api.rpc.callbacks.version_manager [None req-53616108-c5a0-480e-aeed-5b549ed38592 None None] Version for resource type NDPProxy changed None to 1.0 on consumer Open vSwitch agent@n-d-860863-1 {{(pid=112258) _set_version /opt/stack/neutron/neutron/api/rpc/callbacks/version_manager.py:113}}
Oct 10 18:50:28.246234 n-d-860863-1 neutron-server[112258]: DEBUG neutron.api.rpc.callbacks.version_manager [None req-53616108-c5a0-480e-aeed-5b549ed38592 None None] Version for resource type Network changed None to 1.1 on consumer Open vSwitch agent@n-d-860863-1 {{(pid=112258) _set_version /opt/stack/neutron/neutron/api/rpc/callbacks/version_manager.py:113}}
Oct 10 18:50:28.246565 n-d-860863-1 neutron-server[112258]: DEBUG neutron.api.rpc.callbacks.version_manager [None req-53616108-c5a0-480e-aeed-5b549ed38592 None None] Version for resource type Port changed None to 1.7 on consumer Open vSwitch agent@n-d-860863-1 {{(pid=112258) _set_version /opt/stack/neutron/neutron/api/rpc/callbacks/version_manager.py:113}}
Oct 10 18:50:28.247001 n-d-860863-1 neutron-server[112258]: DEBUG neutron.api.rpc.callbacks.version_manager [None req-53616108-c5a0-480e-aeed-5b549ed38592 None None] Version for resource type PortForwarding changed None to 1.3 on consumer Open vSwitch agent@n-d-860863-1 {{(pid=112258) _set_version /opt/stack/neutron/neutron/api/rpc/callbacks/version_manager.py:113}}
Oct 10 18:50:28.247329 n-d-860863-1 neutron-server[112258]: DEBUG neutron.api.rpc.callbacks.version_manager [None req-53616108-c5a0-480e-aeed-5b549ed38592 None None] Version for resource type QosPolicy changed None to 1.10 on consumer Open vSwitch agent@n-d-860863-1 {{(pid=112258) _set_version /opt/stack/neutron/neutron/api/rpc/callbacks/version_manager.py:113}}
Oct 10 18:50:28.247646 n-d-860863-1 neutron-server[112258]: DEBUG neutron.api.rpc.callbacks.version_manager [None req-53616108-c5a0-480e-aeed-5b549ed38592 None None] Version for resource type SecurityGroup changed None to 1.5 on consumer Open vSwitch agent@n-d-860863-1 {{(pid=112258) _set_version /opt/stack/neutron/neutron/api/rpc/callbacks/version_manager.py:113}}
Oct 10 18:50:28.247962 n-d-860863-1 neutron-server[112258]: DEBUG neutron.api.rpc.callbacks.version_manager [None req-53616108-c5a0-480e-aeed-5b549ed38592 None None] Version for resource type SecurityGroupRule changed None to 1.2 on consumer Open vSwitch agent@n-d-860863-1 {{(pid=112258) _set_version /opt/stack/neutron/neutron/api/rpc/callbacks/version_manager.py:113}}
Oct 10 18:50:28.248278 n-d-860863-1 neutron-server[112258]: DEBUG neutron.api.rpc.callbacks.version_manager [None req-53616108-c5a0-480e-aeed-5b549ed38592 None None] Version for resource type SubPort changed None to 1.0 on consumer Open vSwitch agent@n-d-860863-1 {{(pid=112258) _set_version /opt/stack/neutron/neutron/api/rpc/callbacks/version_manager.py:113}}
Oct 10 18:50:28.248630 n-d-860863-1 neutron-server[112258]: DEBUG neutron.api.rpc.callbacks.version_manager [None req-53616108-c5a0-480e-aeed-5b549ed38592 None None] Version for resource type Subnet changed None to 1.1 on consumer Open vSwitch agent@n-d-860863-1 {{(pid=112258) _set_version /opt/stack/neutron/neutron/api/rpc/callbacks/version_manager.py:113}}
Oct 10 18:50:28.248943 n-d-860863-1 neutron-server[112258]: DEBUG neutron.api.rpc.callbacks.version_manager [None req-53616108-c5a0-480e-aeed-5b549ed38592 None None] Version for resource type Trunk changed None to 1.1 on consumer Open vSwitch agent@n-d-860863-1 {{(pid=112258) _set_version /opt/stack/neutron/neutron/api/rpc/callbacks/version_manager.py:113}}
Oct 10 18:50:28.267010 n-d-860863-1 neutron-server[112258]: DEBUG neutron.plugins.ml2.managers [None req-6c59990a-0e26-47cb-b9d9-f4efef165919 None None] Attempting to bind port b8fcfec2-50e6-4a66-b6cd-dc35269cf1a5 on host n-d-860863-1 for vnic_type normal with profile {{(pid=112258) bind_port /opt/stack/neutron/neutron/plugins/ml2/managers.py:810}}
Oct 10 18:50:28.267422 n-d-860863-1 neutron-server[112258]: DEBUG neutron.plugins.ml2.managers [None req-6c59990a-0e26-47cb-b9d9-f4efef165919 None None] Attempting to bind port b8fcfec2-50e6-4a66-b6cd-dc35269cf1a5 by drivers openvswitch,hyperv on host n-d-860863-1 at level 0 using segments [{'id': 'bb9c2a7d-1e03-467a-9d2a-f9afdd26536f', 'network_type': 'vlan', 'physical_network': 'physnet1', 'segmentation_id': 351, 'network_id': 'c5f3fcff-69f9-404c-aeaa-2f1924041f8b'}] {{(pid=112258) _bind_port_level /opt/stack/neutron/neutron/plugins/ml2/managers.py:835}}
Oct 10 18:50:28.267800 n-d-860863-1 neutron-server[112258]: DEBUG neutron.plugins.ml2.drivers.mech_agent [None req-6c59990a-0e26-47cb-b9d9-f4efef165919 None None] Attempting to bind port b8fcfec2-50e6-4a66-b6cd-dc35269cf1a5 on network c5f3fcff-69f9-404c-aeaa-2f1924041f8b {{(pid=112258) bind_port /opt/stack/neutron/neutron/plugins/ml2/drivers/mech_agent.py:91}}
Oct 10 18:50:28.274036 n-d-860863-1 neutron-server[112257]: INFO neutron.wsgi [None req-b04cba52-7d9e-4f88-aec8-42d565c61819 admin admin] 10.222.0.43 "GET /networking/v2.0/security-groups?tenant_id=d5880a8cb15d4be881eebd9d7cf9af3b&name=default HTTP/1.1" status: 200 len: 2996 time: 0.2432859
Oct 10 18:50:28.276880 n-d-860863-1 neutron-server[112256]: DEBUG neutron.wsgi [-] (112256) accepted ('10.222.0.43', 56430) {{(pid=112256) server /usr/local/lib/python3.8/dist-packages/eventlet/wsgi.py:1004}}
Oct 10 18:50:28.280904 n-d-860863-1 neutron-server[112257]: DEBUG dbcounter [-] [112257] Writing DB stats neutron:SELECT=98,neutron:DELETE=2 {{(pid=112257) stat_writer /usr/local/lib/python3.8/dist-packages/dbcounter.py:114}}
Oct 10 18:50:28.320696 n-d-860863-1 neutron-server[112258]: DEBUG neutron.plugins.ml2.drivers.mech_agent [None req-6c59990a-0e26-47cb-b9d9-f4efef165919 None None] Checking agent: {'id': 'a3faa364-49d3-4126-ad3a-4263ea9cb830', 'agent_type': 'Open vSwitch agent', 'binary': 'neutron-openvswitch-agent', 'topic': 'N/A', 'host': 'n-d-860863-1', 'admin_state_up': True, 'created_at': datetime.datetime(2022, 10, 10, 18, 39, 6), 'started_at': datetime.datetime(2022, 10, 10, 18, 39, 36), 'heartbeat_timestamp': datetime.datetime(2022, 10, 10, 18, 50, 7), 'description': None, 'resources_synced': None, 'availability_zone': None, 'alive': True, 'configurations': {'arp_responder_enabled': False, 'baremetal_smartnic': False, 'bridge_mappings': {'physnet1': 'br-data'}, 'datapath_type': 'system', 'devices': 0, 'enable_distributed_routing': False, 'extensions': [], 'in_distributed_mode': False, 'integration_bridge': 'br-int', 'l2_population': False, 'log_agent_heartbeats': False, 'ovs_capabilities': {'datapath_types': ['netdev', 'system'], 'iface_types': ['erspan', 'geneve', 'gre', 'internal', 'ip6erspan', 'ip6gre', 'lisp', 'patch', 'stt', 'system', 'tap', 'vxlan']}, 'ovs_hybrid_plug': False, 'resource_provider_bandwidths': {}, 'resource_provider_hypervisors': {'br-data': 'n-d-860863-1'}, 'resource_provider_inventory_defaults': {'allocation_ratio': 1.0, 'min_unit': 1, 'step_size': 1, 'reserved': 0}, 'resource_provider_packet_processing_inventory_defaults': {'allocation_ratio': 1.0, 'min_unit': 1, 'step_size': 1, 'reserved': 0}, 'resource_provider_packet_processing_with_direction': {}, 'resource_provider_packet_processing_without_direction': {}, 'tunnel_types': [], 'tunneling_ip': None, 'vhostuser_socket_dir': '/var/run/openvswitch'}, 'resource_versions': {'AddressGroup': '1.2', 'Agent': '1.1', 'ConntrackHelper': '1.0', 'LocalIPAssociation': '1.0', 'Log': '1.0', 'NDPProxy': '1.0', 'Network': '1.1', 'Port': '1.7', 'PortForwarding': '1.3', 'QosPolicy': '1.10', 'SecurityGroup': '1.5', 'SecurityGroupRule': '1.2', 'SubPort': '1.0', 'Subnet': '1.1', 'Trunk': '1.1'}} {{(pid=112258) bind_port /opt/stack/neutron/neutron/plugins/ml2/drivers/mech_agent.py:127}}
Oct 10 18:50:28.321400 n-d-860863-1 neutron-server[112257]: INFO neutron.wsgi [req-df8abf28-1b01-4347-aca1-6e58a512effe req-634be970-1cd8-4498-a3e2-12a52588d28e tempest-FloatingIPsAssociationNegativeTestJSON-1603960827 tempest-FloatingIPsAssociationNegativeTestJSON-1603960827-project] 10.222.0.43 "GET /networking/v2.0/security-groups?id=a3333ad6-321e-4f5e-89ae-f47f8305525f&fields=id&fields=name HTTP/1.1" status: 200 len: 286 time: 0.0522463
Oct 10 18:50:28.327920 n-d-860863-1 neutron-server[112258]: DEBUG neutron.plugins.ml2.drivers.mech_agent [None req-6c59990a-0e26-47cb-b9d9-f4efef165919 None None] Checking segment: {'id': 'bb9c2a7d-1e03-467a-9d2a-f9afdd26536f', 'network_type': 'vlan', 'physical_network': 'physnet1', 'segmentation_id': 351, 'network_id': 'c5f3fcff-69f9-404c-aeaa-2f1924041f8b'} for mappings: {'physnet1': 'br-data'} with network types: ['local', 'flat', 'vlan'] {{(pid=112258) check_segment_for_agent /opt/stack/neutron/neutron/plugins/ml2/drivers/mech_agent.py:399}}
Oct 10 18:50:28.328385 n-d-860863-1 neutron-server[112258]: DEBUG neutron_lib.callbacks.manager [None req-6c59990a-0e26-47cb-b9d9-f4efef165919 None None] Publish callbacks [] for ovs_bridge_name (None), before_read {{(pid=112258) _notify_loop /usr/local/lib/python3.8/dist-packages/neutron_lib/callbacks/manager.py:176}}
Oct 10 18:50:28.328812 n-d-860863-1 neutron-server[112258]: DEBUG neutron.plugins.ml2.drivers.mech_agent [None req-6c59990a-0e26-47cb-b9d9-f4efef165919 None None] Bound using segment: {'id': 'bb9c2a7d-1e03-467a-9d2a-f9afdd26536f', 'network_type': 'vlan', 'physical_network': 'physnet1', 'segmentation_id': 351, 'network_id': 'c5f3fcff-69f9-404c-aeaa-2f1924041f8b'} {{(pid=112258) bind_port /opt/stack/neutron/neutron/plugins/ml2/drivers/mech_agent.py:137}}
Oct 10 18:50:28.329303 n-d-860863-1 neutron-server[112258]: DEBUG neutron.plugins.ml2.managers [None req-6c59990a-0e26-47cb-b9d9-f4efef165919 None None] Bound port: b8fcfec2-50e6-4a66-b6cd-dc35269cf1a5, host: n-d-860863-1, vif_type: ovs, vif_details: {"connectivity": "l2", "port_filter": true, "ovs_hybrid_plug": false, "datapath_type": "system", "bridge_name": "br-int"}, binding_levels: [{'bound_driver': 'openvswitch', 'bound_segment': {'id': 'bb9c2a7d-1e03-467a-9d2a-f9afdd26536f', 'network_type': 'vlan', 'physical_network': 'physnet1', 'segmentation_id': 351, 'network_id': 'c5f3fcff-69f9-404c-aeaa-2f1924041f8b'}}] {{(pid=112258) _bind_port_level /opt/stack/neutron/neutron/plugins/ml2/managers.py:947}}
Oct 10 18:50:28.329990 n-d-860863-1 neutron-server[112258]: DEBUG neutron_lib.callbacks.manager [None req-6c59990a-0e26-47cb-b9d9-f4efef165919 None None] Publish callbacks ['neutron.plugins.ml2.plugin.SecurityGroupDbMixin._ensure_default_security_group_handler-690839'] for port (b8fcfec2-50e6-4a66-b6cd-dc35269cf1a5), before_update {{(pid=112258) _notify_loop /usr/local/lib/python3.8/dist-packages/neutron_lib/callbacks/manager.py:176}}
Oct 10 18:50:28.332756 n-d-860863-1 neutron-server[112256]: DEBUG neutron_lib.callbacks.manager [None req-3633cc40-3b93-4234-a524-dc2de123ec19 admin admin] Publish callbacks [] for security_group (6b5b6620-7c65-4ddc-b211-8b8187c57756), before_delete {{(pid=112256) _notify_loop /usr/local/lib/python3.8/dist-packages/neutron_lib/callbacks/manager.py:176}}
Oct 10 18:50:28.358660 n-d-860863-1 neutron-server[112256]: DEBUG neutron_lib.callbacks.manager [None req-3633cc40-3b93-4234-a524-dc2de123ec19 admin admin] Publish callbacks [] for security_group (6b5b6620-7c65-4ddc-b211-8b8187c57756), precommit_delete {{(pid=112256) _notify_loop /usr/local/lib/python3.8/dist-packages/neutron_lib/callbacks/manager.py:176}}
Oct 10 18:50:28.424620 n-d-860863-1 neutron-server[112258]: DEBUG neutron.plugins.ml2.db [None req-6c59990a-0e26-47cb-b9d9-f4efef165919 None None] For port b8fcfec2-50e6-4a66-b6cd-dc35269cf1a5, host n-d-860863-1, cleared binding levels {{(pid=112258) clear_binding_levels /opt/stack/neutron/neutron/plugins/ml2/db.py:87}}
Oct 10 18:50:28.428054 n-d-860863-1 neutron-server[112258]: DEBUG neutron.plugins.ml2.db [None req-6c59990a-0e26-47cb-b9d9-f4efef165919 None None] For port b8fcfec2-50e6-4a66-b6cd-dc35269cf1a5, host n-d-860863-1, set binding levels [PortBindingLevel(driver='openvswitch',host='n-d-860863-1',level=0,port_id=b8fcfec2-50e6-4a66-b6cd-dc35269cf1a5,segment=NetworkSegment(bb9c2a7d-1e03-467a-9d2a-f9afdd26536f),segment_id=bb9c2a7d-1e03-467a-9d2a-f9afdd26536f)] {{(pid=112258) set_binding_levels /opt/stack/neutron/neutron/plugins/ml2/db.py:59}}
Oct 10 18:50:28.577198 n-d-860863-1 neutron-server[112256]: DEBUG neutron_lib.callbacks.manager [None req-3633cc40-3b93-4234-a524-dc2de123ec19 admin admin] Publish callbacks ['neutron.plugins.ml2.ovo_rpc._ObjectChangeHandler.handle_event-3723814'] for security_group (6b5b6620-7c65-4ddc-b211-8b8187c57756), after_delete {{(pid=112256) _notify_loop /usr/local/lib/python3.8/dist-packages/neutron_lib/callbacks/manager.py:176}}
Oct 10 18:50:28.583855 n-d-860863-1 neutron-server[112256]: DEBUG neutron_lib.callbacks.manager [None req-3633cc40-3b93-4234-a524-dc2de123ec19 admin admin] Publish callbacks [] for security_group (None), before_response {{(pid=112256) _notify_loop /usr/local/lib/python3.8/dist-packages/neutron_lib/callbacks/manager.py:176}}
Oct 10 18:50:28.584942 n-d-860863-1 neutron-server[112256]: INFO neutron.wsgi [None req-3633cc40-3b93-4234-a524-dc2de123ec19 admin admin] 10.222.0.43 "DELETE /networking/v2.0/security-groups/6b5b6620-7c65-4ddc-b211-8b8187c57756 HTTP/1.1" status: 204 len: 168 time: 0.3065104
Oct 10 18:50:28.591835 n-d-860863-1 neutron-server[112258]: DEBUG neutron_lib.callbacks.manager [None req-6c59990a-0e26-47cb-b9d9-f4efef165919 None None] Publish callbacks ['neutron.plugins.ml2.plugin.SecurityGroupServerNotifierRpcMixin._notify_sg_on_port_change-689992', 'neutron.plugins.ml2.ovo_rpc._ObjectChangeHandler.handle_event-4046866', 'neutron.api.rpc.agentnotifiers.dhcp_rpc_agent_api.DhcpAgentNotifyAPI._native_event_send_dhcp_notification-3683193', 'neutron.db.l3_db.L3RpcNotifierMixin._notify_gateway_port_ip_changed-8749429329089', 'neutron.db.l3_dvrscheduler_db._notify_l3_agent_port_update-8749428792580', 'neutron.db.l3_hascheduler_db._notify_l3_agent_ha_port_update-8749428792598'] for port (b8fcfec2-50e6-4a66-b6cd-dc35269cf1a5), after_update {{(pid=112258) _notify_loop /usr/local/lib/python3.8/dist-packages/neutron_lib/callbacks/manager.py:176}}
Oct 10 18:50:28.598016 n-d-860863-1 neutron-server[112256]: DEBUG neutron.api.rpc.handlers.resources_rpc [None req-3633cc40-3b93-4234-a524-dc2de123ec19 admin admin] Pushing event deleted for resources: {'SecurityGroup': ['ID=6b5b6620-7c65-4ddc-b211-8b8187c57756,revision_number=None']} {{(pid=112256) push /opt/stack/neutron/neutron/api/rpc/handlers/resources_rpc.py:237}}
Oct 10 18:50:28.610562 n-d-860863-1 neutron-server[112256]: DEBUG neutron.api.rpc.callbacks.version_manager [None req-3633cc40-3b93-4234-a524-dc2de123ec19 admin admin] Version for resource type AddressGroup changed None to 1.2 on consumer Open vSwitch agent@n-d-860863-1 {{(pid=112256) _set_version /opt/stack/neutron/neutron/api/rpc/callbacks/version_manager.py:113}}
Oct 10 18:50:28.610922 n-d-860863-1 neutron-server[112256]: DEBUG neutron.api.rpc.callbacks.version_manager [None req-3633cc40-3b93-4234-a524-dc2de123ec19 admin admin] Version for resource type Agent changed None to 1.1 on consumer Open vSwitch agent@n-d-860863-1 {{(pid=112256) _set_version /opt/stack/neutron/neutron/api/rpc/callbacks/version_manager.py:113}}
Oct 10 18:50:28.611244 n-d-860863-1 neutron-server[112256]: DEBUG neutron.api.rpc.callbacks.version_manager [None req-3633cc40-3b93-4234-a524-dc2de123ec19 admin admin] Version for resource type ConntrackHelper changed None to 1.0 on consumer Open vSwitch agent@n-d-860863-1 {{(pid=112256) _set_version /opt/stack/neutron/neutron/api/rpc/callbacks/version_manager.py:113}}
Oct 10 18:50:28.611575 n-d-860863-1 neutron-server[112256]: DEBUG neutron.api.rpc.callbacks.version_manager [None req-3633cc40-3b93-4234-a524-dc2de123ec19 admin admin] Version for resource type LocalIPAssociation changed None to 1.0 on consumer Open vSwitch agent@n-d-860863-1 {{(pid=112256) _set_version /opt/stack/neutron/neutron/api/rpc/callbacks/version_manager.py:113}}
Oct 10 18:50:28.611905 n-d-860863-1 neutron-server[112256]: DEBUG neutron.api.rpc.callbacks.version_manager [None req-3633cc40-3b93-4234-a524-dc2de123ec19 admin admin] Version for resource type Log changed None to 1.0 on consumer Open vSwitch agent@n-d-860863-1 {{(pid=112256) _set_version /opt/stack/neutron/neutron/api/rpc/callbacks/version_manager.py:113}}
Oct 10 18:50:28.612228 n-d-860863-1 neutron-server[112256]: DEBUG neutron.api.rpc.callbacks.version_manager [None req-3633cc40-3b93-4234-a524-dc2de123ec19 admin admin] Version for resource type NDPProxy changed None to 1.0 on consumer Open vSwitch agent@n-d-860863-1 {{(pid=112256) _set_version /opt/stack/neutron/neutron/api/rpc/callbacks/version_manager.py:113}}
Oct 10 18:50:28.612578 n-d-860863-1 neutron-server[112256]: DEBUG neutron.api.rpc.callbacks.version_manager [None req-3633cc40-3b93-4234-a524-dc2de123ec19 admin admin] Version for resource type Network changed None to 1.1 on consumer Open vSwitch agent@n-d-860863-1 {{(pid=112256) _set_version /opt/stack/neutron/neutron/api/rpc/callbacks/version_manager.py:113}}
Oct 10 18:50:28.612901 n-d-860863-1 neutron-server[112256]: DEBUG neutron.api.rpc.callbacks.version_manager [None req-3633cc40-3b93-4234-a524-dc2de123ec19 admin admin] Version for resource type Port changed None to 1.7 on consumer Open vSwitch agent@n-d-860863-1 {{(pid=112256) _set_version /opt/stack/neutron/neutron/api/rpc/callbacks/version_manager.py:113}}
Oct 10 18:50:28.613217 n-d-860863-1 neutron-server[112256]: DEBUG neutron.api.rpc.callbacks.version_manager [None req-3633cc40-3b93-4234-a524-dc2de123ec19 admin admin] Version for resource type PortForwarding changed None to 1.3 on consumer Open vSwitch agent@n-d-860863-1 {{(pid=112256) _set_version /opt/stack/neutron/neutron/api/rpc/callbacks/version_manager.py:113}}
Oct 10 18:50:28.613542 n-d-860863-1 neutron-server[112256]: DEBUG neutron.api.rpc.callbacks.version_manager [None req-3633cc40-3b93-4234-a524-dc2de123ec19 admin admin] Version for resource type QosPolicy changed None to 1.10 on consumer Open vSwitch agent@n-d-860863-1 {{(pid=112256) _set_version /opt/stack/neutron/neutron/api/rpc/callbacks/version_manager.py:113}}
Oct 10 18:50:28.613853 n-d-860863-1 neutron-server[112256]: DEBUG neutron.api.rpc.callbacks.version_manager [None req-3633cc40-3b93-4234-a524-dc2de123ec19 admin admin] Version for resource type SecurityGroup changed None to 1.5 on consumer Open vSwitch agent@n-d-860863-1 {{(pid=112256) _set_version /opt/stack/neutron/neutron/api/rpc/callbacks/version_manager.py:113}}
