Oct 04 21:15:11.993042 n-d-860283-1 devstack@n-api.service[106831]: DEBUG oslo_db.sqlalchemy.engines [None req-726e11a2-8857-4713-8a4c-c10879b20740 None None] MySQL server mode set to STRICT_TRANS_TABLES,STRICT_ALL_TABLES,NO_ZERO_IN_DATE,NO_ZERO_DATE,ERROR_FOR_DIVISION_BY_ZERO,TRADITIONAL,NO_ENGINE_SUBSTITUTION {{(pid=106831) _check_effective_sql_mode /usr/local/lib/python3.8/dist-packages/oslo_db/sqlalchemy/engines.py:314}}
Oct 04 21:15:11.996233 n-d-860283-1 devstack@n-api.service[106830]: DEBUG dbcounter [-] [106830] Writer thread running {{(pid=106830) stat_writer /usr/local/lib/python3.8/dist-packages/dbcounter.py:99}}
Oct 04 21:15:11.999727 n-d-860283-1 devstack@n-api.service[106831]: DEBUG dbcounter [-] [106831] Writer thread running {{(pid=106831) stat_writer /usr/local/lib/python3.8/dist-packages/dbcounter.py:99}}
Oct 04 21:15:12.053258 n-d-860283-1 devstack@n-api.service[106830]: DEBUG nova.context [None req-90ea5db1-5d9c-4c0e-89de-11aded2f1a30 None None] Found 2 cells: 00000000-0000-0000-0000-000000000000(cell0),7fbfbae8-5d98-42f1-979b-283634a7fdb0(cell1) {{(pid=106830) load_cells /opt/stack/nova/nova/context.py:464}}
Oct 04 21:15:12.057094 n-d-860283-1 devstack@n-api.service[106830]: DEBUG oslo_concurrency.lockutils [None req-90ea5db1-5d9c-4c0e-89de-11aded2f1a30 None None] Acquiring lock "00000000-0000-0000-0000-000000000000" by "nova.context.set_target_cell..get_or_set_cached_cell_and_set_connections" {{(pid=106830) inner /usr/local/lib/python3.8/dist-packages/oslo_concurrency/lockutils.py:404}}
Oct 04 21:15:12.057534 n-d-860283-1 devstack@n-api.service[106831]: DEBUG nova.context [None req-726e11a2-8857-4713-8a4c-c10879b20740 None None] Found 2 cells: 00000000-0000-0000-0000-000000000000(cell0),7fbfbae8-5d98-42f1-979b-283634a7fdb0(cell1) {{(pid=106831) load_cells /opt/stack/nova/nova/context.py:464}}
Oct 04 21:15:12.057662 n-d-860283-1 devstack@n-api.service[106830]: DEBUG oslo_concurrency.lockutils [None req-90ea5db1-5d9c-4c0e-89de-11aded2f1a30 None None] Lock "00000000-0000-0000-0000-000000000000" acquired by "nova.context.set_target_cell..get_or_set_cached_cell_and_set_connections" :: waited 0.001s {{(pid=106830) inner /usr/local/lib/python3.8/dist-packages/oslo_concurrency/lockutils.py:409}}
Oct 04 21:15:12.059145 n-d-860283-1 devstack@n-api.service[106830]: DEBUG oslo_concurrency.lockutils [None req-90ea5db1-5d9c-4c0e-89de-11aded2f1a30 None None] Lock "00000000-0000-0000-0000-000000000000" "released" by "nova.context.set_target_cell..get_or_set_cached_cell_and_set_connections" :: held 0.002s {{(pid=106830) inner /usr/local/lib/python3.8/dist-packages/oslo_concurrency/lockutils.py:423}}
Oct 04 21:15:12.059867 n-d-860283-1 devstack@n-api.service[106830]: DEBUG oslo_concurrency.lockutils [None req-90ea5db1-5d9c-4c0e-89de-11aded2f1a30 None None] Acquiring lock "7fbfbae8-5d98-42f1-979b-283634a7fdb0" by "nova.context.set_target_cell..get_or_set_cached_cell_and_set_connections" {{(pid=106830) inner /usr/local/lib/python3.8/dist-packages/oslo_concurrency/lockutils.py:404}}
Oct 04 21:15:12.060332 n-d-860283-1 devstack@n-api.service[106830]: DEBUG oslo_concurrency.lockutils [None req-90ea5db1-5d9c-4c0e-89de-11aded2f1a30 None None] Lock "7fbfbae8-5d98-42f1-979b-283634a7fdb0" acquired by "nova.context.set_target_cell..get_or_set_cached_cell_and_set_connections" :: waited 0.000s {{(pid=106830) inner /usr/local/lib/python3.8/dist-packages/oslo_concurrency/lockutils.py:409}}
Oct 04 21:15:12.061403 n-d-860283-1 devstack@n-api.service[106831]: DEBUG oslo_concurrency.lockutils [None req-726e11a2-8857-4713-8a4c-c10879b20740 None None] Acquiring lock "00000000-0000-0000-0000-000000000000" by "nova.context.set_target_cell..get_or_set_cached_cell_and_set_connections" {{(pid=106831) inner /usr/local/lib/python3.8/dist-packages/oslo_concurrency/lockutils.py:404}}
Oct 04 21:15:12.061878 n-d-860283-1 devstack@n-api.service[106831]: DEBUG oslo_concurrency.lockutils [None req-726e11a2-8857-4713-8a4c-c10879b20740 None None] Lock "00000000-0000-0000-0000-000000000000" acquired by "nova.context.set_target_cell..get_or_set_cached_cell_and_set_connections" :: waited 0.001s {{(pid=106831) inner /usr/local/lib/python3.8/dist-packages/oslo_concurrency/lockutils.py:409}}
Oct 04 21:15:12.062326 n-d-860283-1 devstack@n-api.service[106830]: DEBUG oslo_concurrency.lockutils [None req-90ea5db1-5d9c-4c0e-89de-11aded2f1a30 None None] Lock "7fbfbae8-5d98-42f1-979b-283634a7fdb0" "released" by "nova.context.set_target_cell..get_or_set_cached_cell_and_set_connections" :: held 0.002s {{(pid=106830) inner /usr/local/lib/python3.8/dist-packages/oslo_concurrency/lockutils.py:423}}
Oct 04 21:15:12.064106 n-d-860283-1 devstack@n-api.service[106831]: DEBUG oslo_concurrency.lockutils [None req-726e11a2-8857-4713-8a4c-c10879b20740 None None] Lock "00000000-0000-0000-0000-000000000000" "released" by "nova.context.set_target_cell..get_or_set_cached_cell_and_set_connections" :: held 0.002s {{(pid=106831) inner /usr/local/lib/python3.8/dist-packages/oslo_concurrency/lockutils.py:423}}
Oct 04 21:15:12.064861 n-d-860283-1 devstack@n-api.service[106831]: DEBUG oslo_concurrency.lockutils [None req-726e11a2-8857-4713-8a4c-c10879b20740 None None] Acquiring lock "7fbfbae8-5d98-42f1-979b-283634a7fdb0" by "nova.context.set_target_cell..get_or_set_cached_cell_and_set_connections" {{(pid=106831) inner /usr/local/lib/python3.8/dist-packages/oslo_concurrency/lockutils.py:404}}
Oct 04 21:15:12.064977 n-d-860283-1 devstack@n-api.service[106830]: INFO dbcounter [None req-90ea5db1-5d9c-4c0e-89de-11aded2f1a30 None None] Registered counter for database nova_cell0
Oct 04 21:15:12.065312 n-d-860283-1 devstack@n-api.service[106831]: DEBUG oslo_concurrency.lockutils [None req-726e11a2-8857-4713-8a4c-c10879b20740 None None] Lock "7fbfbae8-5d98-42f1-979b-283634a7fdb0" acquired by "nova.context.set_target_cell..get_or_set_cached_cell_and_set_connections" :: waited 0.000s {{(pid=106831) inner /usr/local/lib/python3.8/dist-packages/oslo_concurrency/lockutils.py:409}}
Oct 04 21:15:12.067308 n-d-860283-1 devstack@n-api.service[106831]: DEBUG oslo_concurrency.lockutils [None req-726e11a2-8857-4713-8a4c-c10879b20740 None None] Lock "7fbfbae8-5d98-42f1-979b-283634a7fdb0" "released" by "nova.context.set_target_cell..get_or_set_cached_cell_and_set_connections" :: held 0.002s {{(pid=106831) inner /usr/local/lib/python3.8/dist-packages/oslo_concurrency/lockutils.py:423}}
Oct 04 21:15:12.068876 n-d-860283-1 devstack@n-api.service[106830]: INFO dbcounter [None req-90ea5db1-5d9c-4c0e-89de-11aded2f1a30 None None] Registered counter for database nova_cell1
Oct 04 21:15:12.069333 n-d-860283-1 devstack@n-api.service[106831]: INFO dbcounter [None req-726e11a2-8857-4713-8a4c-c10879b20740 None None] Registered counter for database nova_cell0
Oct 04 21:15:12.073351 n-d-860283-1 devstack@n-api.service[106831]: INFO dbcounter [None req-726e11a2-8857-4713-8a4c-c10879b20740 None None] Registered counter for database nova_cell1
Oct 04 21:15:12.076576 n-d-860283-1 devstack@n-api.service[106830]: DEBUG oslo_db.sqlalchemy.engines [None req-90ea5db1-5d9c-4c0e-89de-11aded2f1a30 None None] MySQL server mode set to STRICT_TRANS_TABLES,STRICT_ALL_TABLES,NO_ZERO_IN_DATE,NO_ZERO_DATE,ERROR_FOR_DIVISION_BY_ZERO,TRADITIONAL,NO_ENGINE_SUBSTITUTION {{(pid=106830) _check_effective_sql_mode /usr/local/lib/python3.8/dist-packages/oslo_db/sqlalchemy/engines.py:314}}
Oct 04 21:15:12.078231 n-d-860283-1 devstack@n-api.service[106830]: DEBUG oslo_db.sqlalchemy.engines [None req-90ea5db1-5d9c-4c0e-89de-11aded2f1a30 None None] MySQL server mode set to STRICT_TRANS_TABLES,STRICT_ALL_TABLES,NO_ZERO_IN_DATE,NO_ZERO_DATE,ERROR_FOR_DIVISION_BY_ZERO,TRADITIONAL,NO_ENGINE_SUBSTITUTION {{(pid=106830) _check_effective_sql_mode /usr/local/lib/python3.8/dist-packages/oslo_db/sqlalchemy/engines.py:314}}
Oct 04 21:15:12.080047 n-d-860283-1 devstack@n-api.service[106831]: DEBUG oslo_db.sqlalchemy.engines [None req-726e11a2-8857-4713-8a4c-c10879b20740 None None] MySQL server mode set to STRICT_TRANS_TABLES,STRICT_ALL_TABLES,NO_ZERO_IN_DATE,NO_ZERO_DATE,ERROR_FOR_DIVISION_BY_ZERO,TRADITIONAL,NO_ENGINE_SUBSTITUTION {{(pid=106831) _check_effective_sql_mode /usr/local/lib/python3.8/dist-packages/oslo_db/sqlalchemy/engines.py:314}}
Oct 04 21:15:12.083660 n-d-860283-1 devstack@n-api.service[106830]: DEBUG dbcounter [-] [106830] Writer thread running {{(pid=106830) stat_writer /usr/local/lib/python3.8/dist-packages/dbcounter.py:99}}
Oct 04 21:15:12.083790 n-d-860283-1 devstack@n-api.service[106831]: DEBUG oslo_db.sqlalchemy.engines [None req-726e11a2-8857-4713-8a4c-c10879b20740 None None] MySQL server mode set to STRICT_TRANS_TABLES,STRICT_ALL_TABLES,NO_ZERO_IN_DATE,NO_ZERO_DATE,ERROR_FOR_DIVISION_BY_ZERO,TRADITIONAL,NO_ENGINE_SUBSTITUTION {{(pid=106831) _check_effective_sql_mode /usr/local/lib/python3.8/dist-packages/oslo_db/sqlalchemy/engines.py:314}}
Oct 04 21:15:12.086727 n-d-860283-1 devstack@n-api.service[106831]: DEBUG dbcounter [-] [106831] Writer thread running {{(pid=106831) stat_writer /usr/local/lib/python3.8/dist-packages/dbcounter.py:99}}
Oct 04 21:15:12.222917 n-d-860283-1 devstack@n-api.service[106830]: DEBUG dbcounter [-] [106830] Writer thread running {{(pid=106830) stat_writer /usr/local/lib/python3.8/dist-packages/dbcounter.py:99}}
Oct 04 21:15:12.230847 n-d-860283-1 devstack@n-api.service[106831]: DEBUG dbcounter [-] [106831] Writer thread running {{(pid=106831) stat_writer /usr/local/lib/python3.8/dist-packages/dbcounter.py:99}}
Oct 04 21:15:12.233069 n-d-860283-1 devstack@n-api.service[106830]: INFO dbcounter [None req-90ea5db1-5d9c-4c0e-89de-11aded2f1a30 None None] Registered counter for database nova_cell0
Oct 04 21:15:12.241067 n-d-860283-1 devstack@n-api.service[106831]: INFO dbcounter [None req-726e11a2-8857-4713-8a4c-c10879b20740 None None] Registered counter for database nova_cell0
Oct 04 21:15:12.242274 n-d-860283-1 devstack@n-api.service[106830]: DEBUG oslo_db.sqlalchemy.engines [None req-90ea5db1-5d9c-4c0e-89de-11aded2f1a30 None None] MySQL server mode set to STRICT_TRANS_TABLES,STRICT_ALL_TABLES,NO_ZERO_IN_DATE,NO_ZERO_DATE,ERROR_FOR_DIVISION_BY_ZERO,TRADITIONAL,NO_ENGINE_SUBSTITUTION {{(pid=106830) _check_effective_sql_mode /usr/local/lib/python3.8/dist-packages/oslo_db/sqlalchemy/engines.py:314}}
Oct 04 21:15:12.246762 n-d-860283-1 devstack@n-api.service[106830]: DEBUG dbcounter [-] [106830] Writer thread running {{(pid=106830) stat_writer /usr/local/lib/python3.8/dist-packages/dbcounter.py:99}}
Oct 04 21:15:12.247523 n-d-860283-1 devstack@n-api.service[106831]: DEBUG oslo_db.sqlalchemy.engines [None req-726e11a2-8857-4713-8a4c-c10879b20740 None None] MySQL server mode set to STRICT_TRANS_TABLES,STRICT_ALL_TABLES,NO_ZERO_IN_DATE,NO_ZERO_DATE,ERROR_FOR_DIVISION_BY_ZERO,TRADITIONAL,NO_ENGINE_SUBSTITUTION {{(pid=106831) _check_effective_sql_mode /usr/local/lib/python3.8/dist-packages/oslo_db/sqlalchemy/engines.py:314}}
Oct 04 21:15:12.252375 n-d-860283-1 devstack@n-api.service[106831]: DEBUG dbcounter [-] [106831] Writer thread running {{(pid=106831) stat_writer /usr/local/lib/python3.8/dist-packages/dbcounter.py:99}}
Oct 04 21:15:12.655154 n-d-860283-1 devstack@n-api.service[106830]: WARNING keystonemiddleware.auth_token [None req-90ea5db1-5d9c-4c0e-89de-11aded2f1a30 None None] AuthToken middleware is set with keystone_authtoken.service_token_roles_required set to False. This is backwards compatible but deprecated behaviour. Please set this to True.
Oct 04 21:15:12.663011 n-d-860283-1 devstack@n-api.service[106830]: WARNING keystonemiddleware.auth_token [None req-90ea5db1-5d9c-4c0e-89de-11aded2f1a30 None None] Configuring www_authenticate_uri to point to the public identity endpoint is required; clients may not be able to authenticate against an admin endpoint
Oct 04 21:15:12.676799 n-d-860283-1 devstack@n-api.service[106831]: WARNING keystonemiddleware.auth_token [None req-726e11a2-8857-4713-8a4c-c10879b20740 None None] AuthToken middleware is set with keystone_authtoken.service_token_roles_required set to False. This is backwards compatible but deprecated behaviour. Please set this to True.
Oct 04 21:15:12.684066 n-d-860283-1 devstack@n-api.service[106831]: WARNING keystonemiddleware.auth_token [None req-726e11a2-8857-4713-8a4c-c10879b20740 None None] Configuring www_authenticate_uri to point to the public identity endpoint is required; clients may not be able to authenticate against an admin endpoint
Oct 04 21:15:13.004432 n-d-860283-1 devstack@n-api.service[106830]: WARNING keystonemiddleware.auth_token [None req-90ea5db1-5d9c-4c0e-89de-11aded2f1a30 None None] AuthToken middleware is set with keystone_authtoken.service_token_roles_required set to False. This is backwards compatible but deprecated behaviour. Please set this to True.
Oct 04 21:15:13.010305 n-d-860283-1 devstack@n-api.service[106830]: WARNING keystonemiddleware.auth_token [None req-90ea5db1-5d9c-4c0e-89de-11aded2f1a30 None None] Configuring www_authenticate_uri to point to the public identity endpoint is required; clients may not be able to authenticate against an admin endpoint
Oct 04 21:15:13.015482 n-d-860283-1 devstack@n-api.service[106830]: WSGI app 0 (mountpoint='') ready in 6 seconds on interpreter 0x559697a639c0 pid: 106830 (default app)
Oct 04 21:15:13.018104 n-d-860283-1 devstack@n-api.service[106830]: DEBUG nova.api.openstack.wsgi [None req-90ea5db1-5d9c-4c0e-89de-11aded2f1a30 None None] Calling method '>' {{(pid=106830) _process_stack /opt/stack/nova/nova/api/openstack/wsgi.py:513}}
Oct 04 21:15:13.019337 n-d-860283-1 devstack@n-api.service[106830]: INFO nova.api.openstack.requestlog [None req-90ea5db1-5d9c-4c0e-89de-11aded2f1a30 None None] 10.222.0.26 "GET /compute/v2.1/" status: 200 len: 388 microversion: 2.1 time: 0.001754
Oct 04 21:15:13.019741 n-d-860283-1 devstack@n-api.service[106830]: [pid: 106830|app: 0|req: 1/1] 10.222.0.26 () {50 vars in 788 bytes} [Tue Oct 4 21:15:13 2022] GET /compute/v2.1/ => generated 388 bytes in 4 msecs (HTTP/1.1 200) 9 headers in 357 bytes (1 switches on core 0)
Oct 04 21:15:13.026350 n-d-860283-1 devstack@n-api.service[106831]: WARNING keystonemiddleware.auth_token [None req-726e11a2-8857-4713-8a4c-c10879b20740 None None] AuthToken middleware is set with keystone_authtoken.service_token_roles_required set to False. This is backwards compatible but deprecated behaviour. Please set this to True.
Oct 04 21:15:13.035652 n-d-860283-1 devstack@n-api.service[106831]: WARNING keystonemiddleware.auth_token [None req-726e11a2-8857-4713-8a4c-c10879b20740 None None] Configuring www_authenticate_uri to point to the public identity endpoint is required; clients may not be able to authenticate against an admin endpoint
Oct 04 21:15:13.041257 n-d-860283-1 devstack@n-api.service[106831]: WSGI app 0 (mountpoint='') ready in 6 seconds on interpreter 0x559697a639c0 pid: 106831 (default app)
Oct 04 21:16:36.911870 n-d-860283-1 devstack@n-api.service[106830]: DEBUG nova.api.openstack.wsgi [None req-90ea5db1-5d9c-4c0e-89de-11aded2f1a30 None None] Calling method '>' {{(pid=106830) _process_stack /opt/stack/nova/nova/api/openstack/wsgi.py:513}}
Oct 04 21:16:36.913004 n-d-860283-1 devstack@n-api.service[106830]: INFO nova.api.openstack.requestlog [None req-90ea5db1-5d9c-4c0e-89de-11aded2f1a30 None None] 10.222.0.26 "GET /compute/v2.1" status: 200 len: 388 microversion: 2.1 time: 0.001559
Oct 04 21:16:36.913403 n-d-860283-1 devstack@n-api.service[106830]: [pid: 106830|app: 0|req: 2/2] 10.222.0.26 () {54 vars in 931 bytes} [Tue Oct 4 21:16:36 2022] GET /compute/v2.1 => generated 388 bytes in 2 msecs (HTTP/1.1 200) 9 headers in 357 bytes (1 switches on core 0)
Oct 04 21:16:36.926791 n-d-860283-1 devstack@n-api.service[106831]: DEBUG dbcounter [-] [106831] Writing DB stats nova_api:SELECT=3 {{(pid=106831) stat_writer /usr/local/lib/python3.8/dist-packages/dbcounter.py:114}}
Oct 04 21:16:36.927922 n-d-860283-1 devstack@n-api.service[106831]: DEBUG dbcounter [-] [106831] Writing DB stats nova_cell1:SELECT=3 {{(pid=106831) stat_writer /usr/local/lib/python3.8/dist-packages/dbcounter.py:114}}
Oct 04 21:16:36.928815 n-d-860283-1 devstack@n-api.service[106831]: DEBUG dbcounter [-] [106831] Writing DB stats nova_cell0:SELECT=3 {{(pid=106831) stat_writer /usr/local/lib/python3.8/dist-packages/dbcounter.py:114}}
Oct 04 21:16:36.929844 n-d-860283-1 devstack@n-api.service[106831]: DEBUG dbcounter [-] [106831] Writing DB stats nova_cell0:SELECT=6,nova_cell0:INSERT=1 {{(pid=106831) stat_writer /usr/local/lib/python3.8/dist-packages/dbcounter.py:114}}
Oct 04 21:16:37.814370 n-d-860283-1 devstack@n-api.service[106831]: DEBUG nova.api.openstack.wsgi [None req-68c48034-96a6-4c5f-a51d-0a3fc7387ebc admin admin] Calling method '>' {{(pid=106831) _process_stack /opt/stack/nova/nova/api/openstack/wsgi.py:513}}
Oct 04 21:16:37.849071 n-d-860283-1 devstack@n-api.service[106831]: INFO nova.api.openstack.requestlog [None req-68c48034-96a6-4c5f-a51d-0a3fc7387ebc admin admin] 10.222.0.26 "GET /compute/v2.1/flavors/detail?is_public=True" status: 200 len: 15 microversion: 2.61 time: 0.928708
Oct 04 21:16:37.850057 n-d-860283-1 devstack@n-api.service[106831]: [pid: 106831|app: 0|req: 1/3] 10.222.0.26 () {60 vars in 1292 bytes} [Tue Oct 4 21:16:36 2022] GET /compute/v2.1/flavors/detail?is_public=True => generated 15 bytes in 931 msecs (HTTP/1.1 200) 9 headers in 358 bytes (1 switches on core 0)
Oct 04 21:16:40.457086 n-d-860283-1 devstack@n-api.service[106830]: DEBUG nova.api.openstack.wsgi [None req-90ea5db1-5d9c-4c0e-89de-11aded2f1a30 None None] Calling method '>' {{(pid=106830) _process_stack /opt/stack/nova/nova/api/openstack/wsgi.py:513}}
Oct 04 21:16:40.458121 n-d-860283-1 devstack@n-api.service[106830]: INFO nova.api.openstack.requestlog [None req-90ea5db1-5d9c-4c0e-89de-11aded2f1a30 None None] 10.222.0.26 "GET /compute/v2.1" status: 200 len: 388 microversion: 2.1 time: 0.001505
Oct 04 21:16:40.458817 n-d-860283-1 devstack@n-api.service[106830]: [pid: 106830|app: 0|req: 3/4] 10.222.0.26 () {54 vars in 931 bytes} [Tue Oct 4 21:16:40 2022] GET /compute/v2.1 => generated 388 bytes in 2 msecs (HTTP/1.1 200) 9 headers in 357 bytes (1 switches on core 0)
Oct 04 21:16:40.901581 n-d-860283-1 devstack@n-api.service[106831]: DEBUG nova.api.openstack.wsgi [None req-df52942c-b62c-4fb1-9124-8b1da2a30eb1 admin admin] Action: 'create', calling method: >, body: {"flavor": {"vcpus": 1, "ram": 256, "id": "c1", "swap": 0, "rxtx_factor": 1.0, "os-flavor-access:is_public": true, "disk": 1, "OS-FLV-EXT-DATA:ephemeral": 0, "name": "cirros256"}} {{(pid=106831) _process_stack /opt/stack/nova/nova/api/openstack/wsgi.py:511}}
Oct 04 21:16:40.985693 n-d-860283-1 devstack@n-api.service[106831]: INFO nova.api.openstack.requestlog [None req-df52942c-b62c-4fb1-9124-8b1da2a30eb1 admin admin] 10.222.0.26 "POST /compute/v2.1/flavors" status: 200 len: 407 microversion: 2.61 time: 0.520737
Oct 04 21:16:40.986258 n-d-860283-1 devstack@n-api.service[106831]: [pid: 106831|app: 0|req: 2/5] 10.222.0.26 () {64 vars in 1283 bytes} [Tue Oct 4 21:16:40 2022] POST /compute/v2.1/flavors => generated 407 bytes in 522 msecs (HTTP/1.1 200) 9 headers in 359 bytes (1 switches on core 0)
Oct 04 21:16:41.001576 n-d-860283-1 devstack@n-api.service[106830]: DEBUG dbcounter [-] [106830] Writing DB stats nova_api:SELECT=3 {{(pid=106830) stat_writer /usr/local/lib/python3.8/dist-packages/dbcounter.py:114}}
Oct 04 21:16:41.002476 n-d-860283-1 devstack@n-api.service[106830]: DEBUG dbcounter [-] [106830] Writing DB stats nova_cell0:SELECT=3 {{(pid=106830) stat_writer /usr/local/lib/python3.8/dist-packages/dbcounter.py:114}}
Oct 04 21:16:41.003210 n-d-860283-1 devstack@n-api.service[106830]: DEBUG dbcounter [-] [106830] Writing DB stats nova_cell1:SELECT=3 {{(pid=106830) stat_writer /usr/local/lib/python3.8/dist-packages/dbcounter.py:114}}
Oct 04 21:16:41.004253 n-d-860283-1 devstack@n-api.service[106830]: DEBUG dbcounter [-] [106830] Writing DB stats nova_cell0:SELECT=6,nova_cell0:INSERT=1 {{(pid=106830) stat_writer /usr/local/lib/python3.8/dist-packages/dbcounter.py:114}}
Oct 04 21:16:41.211741 n-d-860283-1 devstack@n-api.service[106830]: DEBUG nova.api.openstack.wsgi [None req-e29816fa-f7ea-4611-a86b-09806bec3488 admin admin] Action: 'create', calling method: >, body: {"extra_specs": {"hw_rng:allowed": "True"}} {{(pid=106830) _process_stack /opt/stack/nova/nova/api/openstack/wsgi.py:511}}
Oct 04 21:16:41.334596 n-d-860283-1 devstack@n-api.service[106830]: INFO nova.api.openstack.requestlog [None req-e29816fa-f7ea-4611-a86b-09806bec3488 admin admin] 10.222.0.26 "POST /compute/v2.1/flavors/c1/os-extra_specs" status: 200 len: 43 microversion: 2.61 time: 0.339288
Oct 04 21:16:41.339654 n-d-860283-1 devstack@n-api.service[106830]: [pid: 106830|app: 0|req: 4/6] 10.222.0.26 () {64 vars in 1336 bytes} [Tue Oct 4 21:16:40 2022] POST /compute/v2.1/flavors/c1/os-extra_specs => generated 43 bytes in 341 msecs (HTTP/1.1 200) 9 headers in 358 bytes (1 switches on core 0)
Oct 04 21:16:43.970327 n-d-860283-1 devstack@n-api.service[106831]: DEBUG nova.api.openstack.wsgi [None req-df52942c-b62c-4fb1-9124-8b1da2a30eb1 admin admin] Calling method '>' {{(pid=106831) _process_stack /opt/stack/nova/nova/api/openstack/wsgi.py:513}}
Oct 04 21:16:43.971273 n-d-860283-1 devstack@n-api.service[106831]: INFO nova.api.openstack.requestlog [None req-df52942c-b62c-4fb1-9124-8b1da2a30eb1 admin admin] 10.222.0.26 "GET /compute/v2.1" status: 200 len: 388 microversion: 2.1 time: 0.001488
Oct 04 21:16:43.972322 n-d-860283-1 devstack@n-api.service[106831]: [pid: 106831|app: 0|req: 3/7] 10.222.0.26 () {54 vars in 931 bytes} [Tue Oct 4 21:16:43 2022] GET /compute/v2.1 => generated 388 bytes in 3 msecs (HTTP/1.1 200) 9 headers in 357 bytes (1 switches on core 0)
Oct 04 21:16:44.778237 n-d-860283-1 devstack@n-api.service[106830]: DEBUG nova.api.openstack.wsgi [None req-83d4507c-ccfc-4eaf-bcf0-5ce4800740e1 admin admin] Action: 'create', calling method: >, body: {"flavor": {"rxtx_factor": 1.0, "vcpus": 1, "disk": 5, "OS-FLV-EXT-DATA:ephemeral": 0, "id": "d1", "os-flavor-access:is_public": true, "name": "ds512M", "ram": 512, "swap": 0}} {{(pid=106830) _process_stack /opt/stack/nova/nova/api/openstack/wsgi.py:511}}
Oct 04 21:16:44.889541 n-d-860283-1 devstack@n-api.service[106830]: INFO nova.api.openstack.requestlog [None req-83d4507c-ccfc-4eaf-bcf0-5ce4800740e1 admin admin] 10.222.0.26 "POST /compute/v2.1/flavors" status: 200 len: 404 microversion: 2.61 time: 0.904929
Oct 04 21:16:44.890376 n-d-860283-1 devstack@n-api.service[106830]: [pid: 106830|app: 0|req: 5/8] 10.222.0.26 () {64 vars in 1283 bytes} [Tue Oct 4 21:16:43 2022] POST /compute/v2.1/flavors => generated 404 bytes in 907 msecs (HTTP/1.1 200) 9 headers in 359 bytes (1 switches on core 0)
Oct 04 21:16:44.905928 n-d-860283-1 devstack@n-api.service[106831]: DEBUG nova.api.openstack.wsgi [None req-41f25ce2-a675-48c7-8712-608055284e84 admin admin] Action: 'create', calling method: >, body: {"extra_specs": {"hw_rng:allowed": "True"}} {{(pid=106831) _process_stack /opt/stack/nova/nova/api/openstack/wsgi.py:511}}
Oct 04 21:16:45.057704 n-d-860283-1 devstack@n-api.service[106831]: INFO nova.api.openstack.requestlog [None req-41f25ce2-a675-48c7-8712-608055284e84 admin admin] 10.222.0.26 "POST /compute/v2.1/flavors/d1/os-extra_specs" status: 200 len: 43 microversion: 2.61 time: 0.155101
Oct 04 21:16:45.057704 n-d-860283-1 devstack@n-api.service[106831]: [pid: 106831|app: 0|req: 4/9] 10.222.0.26 () {64 vars in 1336 bytes} [Tue Oct 4 21:16:44 2022] POST /compute/v2.1/flavors/d1/os-extra_specs => generated 43 bytes in 157 msecs (HTTP/1.1 200) 9 headers in 358 bytes (1 switches on core 0)
Oct 04 21:16:47.866930 n-d-860283-1 devstack@n-api.service[106830]: DEBUG nova.api.openstack.wsgi [None req-83d4507c-ccfc-4eaf-bcf0-5ce4800740e1 admin admin] Calling method '>' {{(pid=106830) _process_stack /opt/stack/nova/nova/api/openstack/wsgi.py:513}}
Oct 04 21:16:47.867528 n-d-860283-1 devstack@n-api.service[106830]: INFO nova.api.openstack.requestlog [None req-83d4507c-ccfc-4eaf-bcf0-5ce4800740e1 admin admin] 10.222.0.26 "GET /compute/v2.1" status: 200 len: 388 microversion: 2.1 time: 0.001453
Oct 04 21:16:47.868922 n-d-860283-1 devstack@n-api.service[106830]: [pid: 106830|app: 0|req: 6/10] 10.222.0.26 () {54 vars in 931 bytes} [Tue Oct 4 21:16:47 2022] GET /compute/v2.1 => generated 388 bytes in 3 msecs (HTTP/1.1 200) 9 headers in 357 bytes (1 switches on core 0)
Oct 04 21:16:48.458432 n-d-860283-1 devstack@n-api.service[106831]: DEBUG nova.api.openstack.wsgi [None req-36642a5b-4fc4-4a07-88f4-940b3acaab8b admin admin] Action: 'create', calling method: >, body: {"flavor": {"name": "ds1G", "os-flavor-access:is_public": true, "ram": 1024, "rxtx_factor": 1.0, "vcpus": 1, "OS-FLV-EXT-DATA:ephemeral": 0, "swap": 0, "disk": 10, "id": "d2"}} {{(pid=106831) _process_stack /opt/stack/nova/nova/api/openstack/wsgi.py:511}}
Oct 04 21:16:48.569708 n-d-860283-1 devstack@n-api.service[106831]: INFO nova.api.openstack.requestlog [None req-36642a5b-4fc4-4a07-88f4-940b3acaab8b admin admin] 10.222.0.26 "POST /compute/v2.1/flavors" status: 200 len: 404 microversion: 2.61 time: 0.693104
Oct 04 21:16:48.570577 n-d-860283-1 devstack@n-api.service[106831]: [pid: 106831|app: 0|req: 5/11] 10.222.0.26 () {64 vars in 1283 bytes} [Tue Oct 4 21:16:47 2022] POST /compute/v2.1/flavors => generated 404 bytes in 695 msecs (HTTP/1.1 200) 9 headers in 359 bytes (1 switches on core 0)
Oct 04 21:16:48.585765 n-d-860283-1 devstack@n-api.service[106830]: DEBUG nova.api.openstack.wsgi [None req-db06bed3-09fe-4676-b96c-d8de7b164dc8 admin admin] Action: 'create', calling method: >, body: {"extra_specs": {"hw_rng:allowed": "True"}} {{(pid=106830) _process_stack /opt/stack/nova/nova/api/openstack/wsgi.py:511}}
Oct 04 21:16:48.672282 n-d-860283-1 devstack@n-api.service[106830]: INFO nova.api.openstack.requestlog [None req-db06bed3-09fe-4676-b96c-d8de7b164dc8 admin admin] 10.222.0.26 "POST /compute/v2.1/flavors/d2/os-extra_specs" status: 200 len: 43 microversion: 2.61 time: 0.092279
Oct 04 21:16:48.673029 n-d-860283-1 devstack@n-api.service[106830]: [pid: 106830|app: 0|req: 7/12] 10.222.0.26 () {64 vars in 1336 bytes} [Tue Oct 4 21:16:48 2022] POST /compute/v2.1/flavors/d2/os-extra_specs => generated 43 bytes in 94 msecs (HTTP/1.1 200) 9 headers in 358 bytes (1 switches on core 0)
Oct 04 21:16:51.270138 n-d-860283-1 devstack@n-api.service[106831]: DEBUG nova.api.openstack.wsgi [None req-36642a5b-4fc4-4a07-88f4-940b3acaab8b admin admin] Calling method '>' {{(pid=106831) _process_stack /opt/stack/nova/nova/api/openstack/wsgi.py:513}}
Oct 04 21:16:51.271181 n-d-860283-1 devstack@n-api.service[106831]: INFO nova.api.openstack.requestlog [None req-36642a5b-4fc4-4a07-88f4-940b3acaab8b admin admin] 10.222.0.26 "GET /compute/v2.1" status: 200 len: 388 microversion: 2.1 time: 0.001506
Oct 04 21:16:51.271587 n-d-860283-1 devstack@n-api.service[106831]: [pid: 106831|app: 0|req: 6/13] 10.222.0.26 () {54 vars in 931 bytes} [Tue Oct 4 21:16:51 2022] GET /compute/v2.1 => generated 388 bytes in 2 msecs (HTTP/1.1 200) 9 headers in 357 bytes (1 switches on core 0)
Oct 04 21:16:51.738984 n-d-860283-1 devstack@n-api.service[106830]: DEBUG nova.api.openstack.wsgi [None req-09609fc6-fb33-4a82-b75a-0f04204fdc44 admin admin] Action: 'create', calling method: >, body: {"flavor": {"name": "ds2G", "ram": 2048, "disk": 10, "swap": 0, "os-flavor-access:is_public": true, "id": "d3", "OS-FLV-EXT-DATA:ephemeral": 0, "vcpus": 2, "rxtx_factor": 1.0}} {{(pid=106830) _process_stack /opt/stack/nova/nova/api/openstack/wsgi.py:511}}
Oct 04 21:16:51.810025 n-d-860283-1 devstack@n-api.service[106830]: INFO nova.api.openstack.requestlog [None req-09609fc6-fb33-4a82-b75a-0f04204fdc44 admin admin] 10.222.0.26 "POST /compute/v2.1/flavors" status: 200 len: 404 microversion: 2.61 time: 0.531203
Oct 04 21:16:51.810619 n-d-860283-1 devstack@n-api.service[106830]: [pid: 106830|app: 0|req: 8/14] 10.222.0.26 () {64 vars in 1283 bytes} [Tue Oct 4 21:16:51 2022] POST /compute/v2.1/flavors => generated 404 bytes in 533 msecs (HTTP/1.1 200) 9 headers in 359 bytes (1 switches on core 0)
Oct 04 21:16:51.825050 n-d-860283-1 devstack@n-api.service[106831]: DEBUG nova.api.openstack.wsgi [None req-c9c6eb08-c10e-49bf-afb7-8a3ab2dd02bf admin admin] Action: 'create', calling method: >, body: {"extra_specs": {"hw_rng:allowed": "True"}} {{(pid=106831) _process_stack /opt/stack/nova/nova/api/openstack/wsgi.py:511}}
Oct 04 21:16:51.940874 n-d-860283-1 devstack@n-api.service[106831]: INFO nova.api.openstack.requestlog [None req-c9c6eb08-c10e-49bf-afb7-8a3ab2dd02bf admin admin] 10.222.0.26 "POST /compute/v2.1/flavors/d3/os-extra_specs" status: 200 len: 43 microversion: 2.61 time: 0.121392
Oct 04 21:16:51.941946 n-d-860283-1 devstack@n-api.service[106831]: [pid: 106831|app: 0|req: 7/15] 10.222.0.26 () {64 vars in 1336 bytes} [Tue Oct 4 21:16:51 2022] POST /compute/v2.1/flavors/d3/os-extra_specs => generated 43 bytes in 123 msecs (HTTP/1.1 200) 9 headers in 358 bytes (1 switches on core 0)
Oct 04 21:16:54.684349 n-d-860283-1 devstack@n-api.service[106830]: DEBUG nova.api.openstack.wsgi [None req-09609fc6-fb33-4a82-b75a-0f04204fdc44 admin admin] Calling method '>' {{(pid=106830) _process_stack /opt/stack/nova/nova/api/openstack/wsgi.py:513}}
Oct 04 21:16:54.685851 n-d-860283-1 devstack@n-api.service[106830]: INFO nova.api.openstack.requestlog [None req-09609fc6-fb33-4a82-b75a-0f04204fdc44 admin admin] 10.222.0.26 "GET /compute/v2.1" status: 200 len: 388 microversion: 2.1 time: 0.001549
Oct 04 21:16:54.686435 n-d-860283-1 devstack@n-api.service[106830]: [pid: 106830|app: 0|req: 9/16] 10.222.0.26 () {54 vars in 931 bytes} [Tue Oct 4 21:16:54 2022] GET /compute/v2.1 => generated 388 bytes in 3 msecs (HTTP/1.1 200) 9 headers in 357 bytes (1 switches on core 0)
Oct 04 21:16:55.194271 n-d-860283-1 devstack@n-api.service[106831]: DEBUG nova.api.openstack.wsgi [None req-59a6ca4e-91e9-4155-b621-a4347af7d593 admin admin] Action: 'create', calling method: >, body: {"flavor": {"name": "ds4G", "vcpus": 4, "id": "d4", "disk": 20, "ram": 4096, "rxtx_factor": 1.0, "OS-FLV-EXT-DATA:ephemeral": 0, "swap": 0, "os-flavor-access:is_public": true}} {{(pid=106831) _process_stack /opt/stack/nova/nova/api/openstack/wsgi.py:511}}
Oct 04 21:16:55.261958 n-d-860283-1 devstack@n-api.service[106831]: INFO nova.api.openstack.requestlog [None req-59a6ca4e-91e9-4155-b621-a4347af7d593 admin admin] 10.222.0.26 "POST /compute/v2.1/flavors" status: 200 len: 404 microversion: 2.61 time: 0.569044
Oct 04 21:16:55.270799 n-d-860283-1 devstack@n-api.service[106831]: [pid: 106831|app: 0|req: 8/17] 10.222.0.26 () {64 vars in 1283 bytes} [Tue Oct 4 21:16:54 2022] POST /compute/v2.1/flavors => generated 404 bytes in 578 msecs (HTTP/1.1 200) 9 headers in 359 bytes (1 switches on core 0)
Oct 04 21:16:55.275062 n-d-860283-1 devstack@n-api.service[106830]: DEBUG nova.api.openstack.wsgi [None req-e61f75c5-9543-4a0d-8fd3-2b89c18a6eb2 admin admin] Action: 'create', calling method: >, body: {"extra_specs": {"hw_rng:allowed": "True"}} {{(pid=106830) _process_stack /opt/stack/nova/nova/api/openstack/wsgi.py:511}}
Oct 04 21:16:55.346716 n-d-860283-1 devstack@n-api.service[106830]: INFO nova.api.openstack.requestlog [None req-e61f75c5-9543-4a0d-8fd3-2b89c18a6eb2 admin admin] 10.222.0.26 "POST /compute/v2.1/flavors/d4/os-extra_specs" status: 200 len: 43 microversion: 2.61 time: 0.075156
Oct 04 21:16:55.348010 n-d-860283-1 devstack@n-api.service[106830]: [pid: 106830|app: 0|req: 10/18] 10.222.0.26 () {64 vars in 1336 bytes} [Tue Oct 4 21:16:55 2022] POST /compute/v2.1/flavors/d4/os-extra_specs => generated 43 bytes in 77 msecs (HTTP/1.1 200) 9 headers in 358 bytes (2 switches on core 0)
Oct 04 21:16:58.069026 n-d-860283-1 devstack@n-api.service[106831]: DEBUG nova.api.openstack.wsgi [None req-59a6ca4e-91e9-4155-b621-a4347af7d593 admin admin] Calling method '>' {{(pid=106831) _process_stack /opt/stack/nova/nova/api/openstack/wsgi.py:513}}
Oct 04 21:16:58.070388 n-d-860283-1 devstack@n-api.service[106831]: INFO nova.api.openstack.requestlog [None req-59a6ca4e-91e9-4155-b621-a4347af7d593 admin admin] 10.222.0.26 "GET /compute/v2.1" status: 200 len: 388 microversion: 2.1 time: 0.002048
Oct 04 21:16:58.071358 n-d-860283-1 devstack@n-api.service[106831]: [pid: 106831|app: 0|req: 9/19] 10.222.0.26 () {54 vars in 931 bytes} [Tue Oct 4 21:16:58 2022] GET /compute/v2.1 => generated 388 bytes in 3 msecs (HTTP/1.1 200) 9 headers in 357 bytes (1 switches on core 0)
Oct 04 21:16:58.508063 n-d-860283-1 devstack@n-api.service[106830]: DEBUG nova.api.openstack.wsgi [None req-65069f23-db0f-4742-b5f7-7d70fb621e43 admin admin] Calling method '>' {{(pid=106830) _process_stack /opt/stack/nova/nova/api/openstack/wsgi.py:513}}
Oct 04 21:16:58.534434 n-d-860283-1 devstack@n-api.service[106830]: INFO nova.api.openstack.requestlog [None req-65069f23-db0f-4742-b5f7-7d70fb621e43 admin admin] 10.222.0.26 "GET /compute/v2.1/flavors/detail?is_public=True" status: 200 len: 2106 microversion: 2.61 time: 0.457114
Oct 04 21:16:58.534987 n-d-860283-1 devstack@n-api.service[106830]: [pid: 106830|app: 0|req: 11/20] 10.222.0.26 () {60 vars in 1292 bytes} [Tue Oct 4 21:16:58 2022] GET /compute/v2.1/flavors/detail?is_public=True => generated 2106 bytes in 458 msecs (HTTP/1.1 200) 9 headers in 360 bytes (1 switches on core 0)
Oct 04 21:17:01.134024 n-d-860283-1 devstack@n-api.service[106831]: DEBUG nova.api.openstack.wsgi [None req-59a6ca4e-91e9-4155-b621-a4347af7d593 admin admin] Calling method '>' {{(pid=106831) _process_stack /opt/stack/nova/nova/api/openstack/wsgi.py:513}}
Oct 04 21:17:01.135055 n-d-860283-1 devstack@n-api.service[106831]: INFO nova.api.openstack.requestlog [None req-59a6ca4e-91e9-4155-b621-a4347af7d593 admin admin] 10.222.0.26 "GET /compute/v2.1" status: 200 len: 388 microversion: 2.1 time: 0.001531
Oct 04 21:17:01.135483 n-d-860283-1 devstack@n-api.service[106831]: [pid: 106831|app: 0|req: 10/21] 10.222.0.26 () {54 vars in 931 bytes} [Tue Oct 4 21:17:01 2022] GET /compute/v2.1 => generated 388 bytes in 2 msecs (HTTP/1.1 200) 9 headers in 357 bytes (1 switches on core 0)
Oct 04 21:17:01.572747 n-d-860283-1 devstack@n-api.service[106830]: DEBUG nova.api.openstack.wsgi [None req-dbe03b25-3720-4a78-a439-e193102f989f admin admin] Action: 'create', calling method: >, body: {"flavor": {"OS-FLV-EXT-DATA:ephemeral": 0, "vcpus": 1, "name": "m1.tiny", "id": "1", "swap": 0, "disk": 1, "rxtx_factor": 1.0, "ram": 512, "os-flavor-access:is_public": true}} {{(pid=106830) _process_stack /opt/stack/nova/nova/api/openstack/wsgi.py:511}}
Oct 04 21:17:01.645473 n-d-860283-1 devstack@n-api.service[106830]: INFO nova.api.openstack.requestlog [None req-dbe03b25-3720-4a78-a439-e193102f989f admin admin] 10.222.0.26 "POST /compute/v2.1/flavors" status: 200 len: 402 microversion: 2.61 time: 0.501576
Oct 04 21:17:01.645995 n-d-860283-1 devstack@n-api.service[106830]: [pid: 106830|app: 0|req: 12/22] 10.222.0.26 () {64 vars in 1283 bytes} [Tue Oct 4 21:17:01 2022] POST /compute/v2.1/flavors => generated 402 bytes in 503 msecs (HTTP/1.1 200) 9 headers in 359 bytes (2 switches on core 0)
Oct 04 21:17:01.658044 n-d-860283-1 devstack@n-api.service[106831]: DEBUG nova.api.openstack.wsgi [None req-40d6bef9-540e-44d1-b629-b87a2ba79d0a admin admin] Action: 'create', calling method: >, body: {"extra_specs": {"hw_rng:allowed": "True"}} {{(pid=106831) _process_stack /opt/stack/nova/nova/api/openstack/wsgi.py:511}}
Oct 04 21:17:01.733047 n-d-860283-1 devstack@n-api.service[106831]: INFO nova.api.openstack.requestlog [None req-40d6bef9-540e-44d1-b629-b87a2ba79d0a admin admin] 10.222.0.26 "POST /compute/v2.1/flavors/1/os-extra_specs" status: 200 len: 43 microversion: 2.61 time: 0.078611
Oct 04 21:17:01.733635 n-d-860283-1 devstack@n-api.service[106831]: [pid: 106831|app: 0|req: 11/23] 10.222.0.26 () {64 vars in 1333 bytes} [Tue Oct 4 21:17:01 2022] POST /compute/v2.1/flavors/1/os-extra_specs => generated 43 bytes in 80 msecs (HTTP/1.1 200) 9 headers in 358 bytes (1 switches on core 0)
Oct 04 21:17:04.358767 n-d-860283-1 devstack@n-api.service[106830]: DEBUG nova.api.openstack.wsgi [None req-dbe03b25-3720-4a78-a439-e193102f989f admin admin] Calling method '>' {{(pid=106830) _process_stack /opt/stack/nova/nova/api/openstack/wsgi.py:513}}
Oct 04 21:17:04.359780 n-d-860283-1 devstack@n-api.service[106830]: INFO nova.api.openstack.requestlog [None req-dbe03b25-3720-4a78-a439-e193102f989f admin admin] 10.222.0.26 "GET /compute/v2.1" status: 200 len: 388 microversion: 2.1 time: 0.001456
Oct 04 21:17:04.360178 n-d-860283-1 devstack@n-api.service[106830]: [pid: 106830|app: 0|req: 13/24] 10.222.0.26 () {54 vars in 931 bytes} [Tue Oct 4 21:17:04 2022] GET /compute/v2.1 => generated 388 bytes in 3 msecs (HTTP/1.1 200) 9 headers in 357 bytes (1 switches on core 0)
Oct 04 21:17:04.762100 n-d-860283-1 devstack@n-api.service[106831]: DEBUG nova.api.openstack.wsgi [None req-b5693354-b730-48e5-9e4b-c2656d667b89 admin admin] Action: 'create', calling method: >, body: {"flavor": {"swap": 0, "vcpus": 1, "OS-FLV-EXT-DATA:ephemeral": 0, "disk": 20, "ram": 2048, "name": "m1.small", "os-flavor-access:is_public": true, "id": "2", "rxtx_factor": 1.0}} {{(pid=106831) _process_stack /opt/stack/nova/nova/api/openstack/wsgi.py:511}}
Oct 04 21:17:04.832841 n-d-860283-1 devstack@n-api.service[106831]: INFO nova.api.openstack.requestlog [None req-b5693354-b730-48e5-9e4b-c2656d667b89 admin admin] 10.222.0.26 "POST /compute/v2.1/flavors" status: 200 len: 405 microversion: 2.61 time: 0.466522
Oct 04 21:17:04.833428 n-d-860283-1 devstack@n-api.service[106831]: [pid: 106831|app: 0|req: 12/25] 10.222.0.26 () {64 vars in 1283 bytes} [Tue Oct 4 21:17:04 2022] POST /compute/v2.1/flavors => generated 405 bytes in 468 msecs (HTTP/1.1 200) 9 headers in 359 bytes (1 switches on core 0)
Oct 04 21:17:04.845954 n-d-860283-1 devstack@n-api.service[106830]: DEBUG nova.api.openstack.wsgi [None req-fc42c2ab-fe40-48b4-9eee-f7f6146289a2 admin admin] Action: 'create', calling method: >, body: {"extra_specs": {"hw_rng:allowed": "True"}} {{(pid=106830) _process_stack /opt/stack/nova/nova/api/openstack/wsgi.py:511}}
Oct 04 21:17:04.927541 n-d-860283-1 devstack@n-api.service[106830]: INFO nova.api.openstack.requestlog [None req-fc42c2ab-fe40-48b4-9eee-f7f6146289a2 admin admin] 10.222.0.26 "POST /compute/v2.1/flavors/2/os-extra_specs" status: 200 len: 43 microversion: 2.61 time: 0.085140
Oct 04 21:17:04.928052 n-d-860283-1 devstack@n-api.service[106830]: [pid: 106830|app: 0|req: 14/26] 10.222.0.26 () {64 vars in 1333 bytes} [Tue Oct 4 21:17:04 2022] POST /compute/v2.1/flavors/2/os-extra_specs => generated 43 bytes in 87 msecs (HTTP/1.1 200) 9 headers in 358 bytes (1 switches on core 0)
Oct 04 21:17:07.530291 n-d-860283-1 devstack@n-api.service[106831]: DEBUG nova.api.openstack.wsgi [None req-b5693354-b730-48e5-9e4b-c2656d667b89 admin admin] Calling method '>' {{(pid=106831) _process_stack /opt/stack/nova/nova/api/openstack/wsgi.py:513}}
Oct 04 21:17:07.531318 n-d-860283-1 devstack@n-api.service[106831]: INFO nova.api.openstack.requestlog [None req-b5693354-b730-48e5-9e4b-c2656d667b89 admin admin] 10.222.0.26 "GET /compute/v2.1" status: 200 len: 388 microversion: 2.1 time: 0.001462
Oct 04 21:17:07.531733 n-d-860283-1 devstack@n-api.service[106831]: [pid: 106831|app: 0|req: 13/27] 10.222.0.26 () {54 vars in 931 bytes} [Tue Oct 4 21:17:07 2022] GET /compute/v2.1 => generated 388 bytes in 3 msecs (HTTP/1.1 200) 9 headers in 357 bytes (1 switches on core 0)
Oct 04 21:17:07.946152 n-d-860283-1 devstack@n-api.service[106830]: DEBUG nova.api.openstack.wsgi [None req-8ca7eb77-7bc9-4249-a169-1cf9b31726bd admin admin] Action: 'create', calling method: >, body: {"flavor": {"disk": 40, "vcpus": 2, "ram": 4096, "id": "3", "OS-FLV-EXT-DATA:ephemeral": 0, "rxtx_factor": 1.0, "os-flavor-access:is_public": true, "name": "m1.medium", "swap": 0}} {{(pid=106830) _process_stack /opt/stack/nova/nova/api/openstack/wsgi.py:511}}
Oct 04 21:17:08.038001 n-d-860283-1 devstack@n-api.service[106830]: INFO nova.api.openstack.requestlog [None req-8ca7eb77-7bc9-4249-a169-1cf9b31726bd admin admin] 10.222.0.26 "POST /compute/v2.1/flavors" status: 200 len: 406 microversion: 2.61 time: 0.499958
Oct 04 21:17:08.038771 n-d-860283-1 devstack@n-api.service[106830]: [pid: 106830|app: 0|req: 15/28] 10.222.0.26 () {64 vars in 1283 bytes} [Tue Oct 4 21:17:07 2022] POST /compute/v2.1/flavors => generated 406 bytes in 501 msecs (HTTP/1.1 200) 9 headers in 359 bytes (1 switches on core 0)
Oct 04 21:17:08.051789 n-d-860283-1 devstack@n-api.service[106831]: DEBUG nova.api.openstack.wsgi [None req-ec56e259-fa77-4afb-a123-d4c4b2b53083 admin admin] Action: 'create', calling method: >, body: {"extra_specs": {"hw_rng:allowed": "True"}} {{(pid=106831) _process_stack /opt/stack/nova/nova/api/openstack/wsgi.py:511}}
Oct 04 21:17:08.056878 n-d-860283-1 devstack@n-api.service[106831]: DEBUG dbcounter [-] [106831] Writing DB stats nova_api:SELECT=33,nova_api:INSERT=7,nova_api:SAVEPOINT=3,nova_api:RELEASE=3 {{(pid=106831) stat_writer /usr/local/lib/python3.8/dist-packages/dbcounter.py:114}}
Oct 04 21:17:08.134556 n-d-860283-1 devstack@n-api.service[106831]: INFO nova.api.openstack.requestlog [None req-ec56e259-fa77-4afb-a123-d4c4b2b53083 admin admin] 10.222.0.26 "POST /compute/v2.1/flavors/3/os-extra_specs" status: 200 len: 43 microversion: 2.61 time: 0.086555
Oct 04 21:17:08.135195 n-d-860283-1 devstack@n-api.service[106831]: [pid: 106831|app: 0|req: 14/29] 10.222.0.26 () {64 vars in 1333 bytes} [Tue Oct 4 21:17:08 2022] POST /compute/v2.1/flavors/3/os-extra_specs => generated 43 bytes in 88 msecs (HTTP/1.1 200) 9 headers in 358 bytes (1 switches on core 0)
Oct 04 21:17:10.869263 n-d-860283-1 devstack@n-api.service[106830]: DEBUG nova.api.openstack.wsgi [None req-8ca7eb77-7bc9-4249-a169-1cf9b31726bd admin admin] Calling method '>' {{(pid=106830) _process_stack /opt/stack/nova/nova/api/openstack/wsgi.py:513}}
Oct 04 21:17:10.870510 n-d-860283-1 devstack@n-api.service[106830]: INFO nova.api.openstack.requestlog [None req-8ca7eb77-7bc9-4249-a169-1cf9b31726bd admin admin] 10.222.0.26 "GET /compute/v2.1" status: 200 len: 388 microversion: 2.1 time: 0.001725
Oct 04 21:17:10.871153 n-d-860283-1 devstack@n-api.service[106830]: [pid: 106830|app: 0|req: 16/30] 10.222.0.26 () {54 vars in 931 bytes} [Tue Oct 4 21:17:10 2022] GET /compute/v2.1 => generated 388 bytes in 3 msecs (HTTP/1.1 200) 9 headers in 357 bytes (1 switches on core 0)
Oct 04 21:17:11.330015 n-d-860283-1 devstack@n-api.service[106831]: DEBUG nova.api.openstack.wsgi [None req-106d6c1b-06ae-4a6e-9788-25f506637393 admin admin] Action: 'create', calling method: >, body: {"flavor": {"name": "m1.large", "disk": 80, "os-flavor-access:is_public": true, "OS-FLV-EXT-DATA:ephemeral": 0, "vcpus": 4, "rxtx_factor": 1.0, "id": "4", "ram": 8192, "swap": 0}} {{(pid=106831) _process_stack /opt/stack/nova/nova/api/openstack/wsgi.py:511}}
Oct 04 21:17:11.409803 n-d-860283-1 devstack@n-api.service[106831]: INFO nova.api.openstack.requestlog [None req-106d6c1b-06ae-4a6e-9788-25f506637393 admin admin] 10.222.0.26 "POST /compute/v2.1/flavors" status: 200 len: 405 microversion: 2.61 time: 0.532525
Oct 04 21:17:11.416335 n-d-860283-1 devstack@n-api.service[106831]: [pid: 106831|app: 0|req: 15/31] 10.222.0.26 () {64 vars in 1283 bytes} [Tue Oct 4 21:17:10 2022] POST /compute/v2.1/flavors => generated 405 bytes in 534 msecs (HTTP/1.1 200) 9 headers in 359 bytes (1 switches on core 0)
Oct 04 21:17:11.424903 n-d-860283-1 devstack@n-api.service[106830]: DEBUG nova.api.openstack.wsgi [None req-ac825af8-3af3-4c30-989d-516af5c7aa0e admin admin] Action: 'create', calling method: >, body: {"extra_specs": {"hw_rng:allowed": "True"}} {{(pid=106830) _process_stack /opt/stack/nova/nova/api/openstack/wsgi.py:511}}
Oct 04 21:17:11.430101 n-d-860283-1 devstack@n-api.service[106830]: DEBUG dbcounter [-] [106830] Writing DB stats nova_api:SELECT=39,nova_api:SAVEPOINT=4,nova_api:INSERT=8,nova_api:RELEASE=4 {{(pid=106830) stat_writer /usr/local/lib/python3.8/dist-packages/dbcounter.py:114}}
Oct 04 21:17:11.630542 n-d-860283-1 devstack@n-api.service[106830]: INFO nova.api.openstack.requestlog [None req-ac825af8-3af3-4c30-989d-516af5c7aa0e admin admin] 10.222.0.26 "POST /compute/v2.1/flavors/4/os-extra_specs" status: 200 len: 43 microversion: 2.61 time: 0.211351
Oct 04 21:17:11.631232 n-d-860283-1 devstack@n-api.service[106830]: [pid: 106830|app: 0|req: 17/32] 10.222.0.26 () {64 vars in 1333 bytes} [Tue Oct 4 21:17:11 2022] POST /compute/v2.1/flavors/4/os-extra_specs => generated 43 bytes in 213 msecs (HTTP/1.1 200) 9 headers in 358 bytes (1 switches on core 0)
Oct 04 21:17:14.256960 n-d-860283-1 devstack@n-api.service[106831]: DEBUG nova.api.openstack.wsgi [None req-106d6c1b-06ae-4a6e-9788-25f506637393 admin admin] Calling method '>' {{(pid=106831) _process_stack /opt/stack/nova/nova/api/openstack/wsgi.py:513}}
Oct 04 21:17:14.258993 n-d-860283-1 devstack@n-api.service[106831]: INFO nova.api.openstack.requestlog [None req-106d6c1b-06ae-4a6e-9788-25f506637393 admin admin] 10.222.0.26 "GET /compute/v2.1" status: 200 len: 388 microversion: 2.1 time: 0.002424
Oct 04 21:17:14.259433 n-d-860283-1 devstack@n-api.service[106831]: [pid: 106831|app: 0|req: 16/33] 10.222.0.26 () {54 vars in 931 bytes} [Tue Oct 4 21:17:14 2022] GET /compute/v2.1 => generated 388 bytes in 3 msecs (HTTP/1.1 200) 9 headers in 357 bytes (1 switches on core 0)
Oct 04 21:17:14.706260 n-d-860283-1 devstack@n-api.service[106830]: DEBUG nova.api.openstack.wsgi [None req-53d15cf7-63cf-4996-8cc4-affa9729c3d9 admin admin] Action: 'create', calling method: >, body: {"flavor": {"name": "m1.xlarge", "disk": 160, "OS-FLV-EXT-DATA:ephemeral": 0, "vcpus": 8, "rxtx_factor": 1.0, "swap": 0, "id": "5", "os-flavor-access:is_public": true, "ram": 16384}} {{(pid=106830) _process_stack /opt/stack/nova/nova/api/openstack/wsgi.py:511}}
Oct 04 21:17:14.769828 n-d-860283-1 devstack@n-api.service[106830]: INFO nova.api.openstack.requestlog [None req-53d15cf7-63cf-4996-8cc4-affa9729c3d9 admin admin] 10.222.0.26 "POST /compute/v2.1/flavors" status: 200 len: 408 microversion: 2.61 time: 0.504187
Oct 04 21:17:14.770387 n-d-860283-1 devstack@n-api.service[106830]: [pid: 106830|app: 0|req: 18/34] 10.222.0.26 () {64 vars in 1283 bytes} [Tue Oct 4 21:17:14 2022] POST /compute/v2.1/flavors => generated 408 bytes in 505 msecs (HTTP/1.1 200) 9 headers in 359 bytes (2 switches on core 0)
Oct 04 21:17:14.782883 n-d-860283-1 devstack@n-api.service[106831]: DEBUG nova.api.openstack.wsgi [None req-7fa77fdc-74eb-46cb-bdd9-0ffcc71bbd9d admin admin] Action: 'create', calling method: >, body: {"extra_specs": {"hw_rng:allowed": "True"}} {{(pid=106831) _process_stack /opt/stack/nova/nova/api/openstack/wsgi.py:511}}
Oct 04 21:17:14.864741 n-d-860283-1 devstack@n-api.service[106831]: INFO nova.api.openstack.requestlog [None req-7fa77fdc-74eb-46cb-bdd9-0ffcc71bbd9d admin admin] 10.222.0.26 "POST /compute/v2.1/flavors/5/os-extra_specs" status: 200 len: 43 microversion: 2.61 time: 0.085799
Oct 04 21:17:14.865651 n-d-860283-1 devstack@n-api.service[106831]: [pid: 106831|app: 0|req: 17/35] 10.222.0.26 () {64 vars in 1333 bytes} [Tue Oct 4 21:17:14 2022] POST /compute/v2.1/flavors/5/os-extra_specs => generated 43 bytes in 88 msecs (HTTP/1.1 200) 9 headers in 358 bytes (1 switches on core 0)
Oct 04 21:17:35.810480 n-d-860283-1 devstack@n-api.service[106830]: DEBUG nova.api.openstack.wsgi [None req-53d15cf7-63cf-4996-8cc4-affa9729c3d9 admin admin] Calling method '>' {{(pid=106830) _process_stack /opt/stack/nova/nova/api/openstack/wsgi.py:513}}
Oct 04 21:17:35.811501 n-d-860283-1 devstack@n-api.service[106830]: INFO nova.api.openstack.requestlog [None req-53d15cf7-63cf-4996-8cc4-affa9729c3d9 admin admin] 10.222.0.26 "GET /compute/v2.1" status: 200 len: 388 microversion: 2.1 time: 0.001979
Oct 04 21:17:35.811906 n-d-860283-1 devstack@n-api.service[106830]: [pid: 106830|app: 0|req: 19/36] 10.222.0.26 () {54 vars in 931 bytes} [Tue Oct 4 21:17:35 2022] GET /compute/v2.1 => generated 388 bytes in 3 msecs (HTTP/1.1 200) 9 headers in 357 bytes (1 switches on core 0)
Oct 04 21:17:35.822354 n-d-860283-1 devstack@n-api.service[106831]: DEBUG dbcounter [-] [106831] Writing DB stats nova_api:SELECT=14,nova_api:SAVEPOINT=2,nova_api:INSERT=3,nova_api:RELEASE=2 {{(pid=106831) stat_writer /usr/local/lib/python3.8/dist-packages/dbcounter.py:114}}
Oct 04 21:17:36.197017 n-d-860283-1 devstack@n-api.service[106831]: DEBUG nova.api.openstack.wsgi [None req-a299e971-46de-471b-8acb-506116eec866 admin admin] Calling method '>' {{(pid=106831) _process_stack /opt/stack/nova/nova/api/openstack/wsgi.py:513}}
Oct 04 21:17:36.215849 n-d-860283-1 devstack@n-api.service[106831]: INFO nova.api.openstack.requestlog [None req-a299e971-46de-471b-8acb-506116eec866 admin admin] 10.222.0.26 "GET /compute/v2.1/flavors/detail?is_public=True" status: 200 len: 4202 microversion: 2.61 time: 0.397888
Oct 04 21:17:36.217048 n-d-860283-1 devstack@n-api.service[106831]: [pid: 106831|app: 0|req: 18/37] 10.222.0.26 () {60 vars in 1292 bytes} [Tue Oct 4 21:17:35 2022] GET /compute/v2.1/flavors/detail?is_public=True => generated 4202 bytes in 400 msecs (HTTP/1.1 200) 9 headers in 360 bytes (1 switches on core 0)
Oct 04 21:17:37.514304 n-d-860283-1 devstack@n-api.service[106830]: DEBUG nova.api.openstack.wsgi [None req-53d15cf7-63cf-4996-8cc4-affa9729c3d9 admin admin] Calling method '>' {{(pid=106830) _process_stack /opt/stack/nova/nova/api/openstack/wsgi.py:513}}
Oct 04 21:17:37.515312 n-d-860283-1 devstack@n-api.service[106830]: INFO nova.api.openstack.requestlog [None req-53d15cf7-63cf-4996-8cc4-affa9729c3d9 admin admin] 10.222.0.26 "GET /compute/v2.1" status: 200 len: 388 microversion: 2.1 time: 0.001417
