Sep 27 01:16:23.754861 n-d-859358-1 devstack@keystone.service[81804]: DEBUG keystone.server.flask.request_processing.middleware.auth_context [None req-31701e28-a268-49f5-9133-7c8ce7cb0567 None admin] Validating token access rules against request {{(pid=81804) validate_allowed_request /usr/local/lib/python3.8/dist-packages/keystonemiddleware/auth_token/__init__.py:545}}
Sep 27 01:16:23.781002 n-d-859358-1 devstack@keystone.service[81803]: DEBUG keystone.server.flask.request_processing.middleware.auth_context [None req-012abc19-d301-4ddc-8b17-45e28d65e88c None admin] Validating token access rules against request {{(pid=81803) validate_allowed_request /usr/local/lib/python3.8/dist-packages/keystonemiddleware/auth_token/__init__.py:545}}
Sep 27 01:16:23.802803 n-d-859358-1 devstack@keystone.service[81804]: DEBUG keystone.server.flask.request_processing.middleware.auth_context [None req-6ac4dfa7-3fa7-4239-be5f-644225ecb7e2 None admin] RBAC: auth_context: {'token': , 'domain_id': None, 'trust_id': None, 'trustor_id': None, 'trustee_id': None, 'domain_name': None, 'group_ids': [], 'user_id': '105f3b011caf41d88b0cf71baced512f', 'user_domain_id': 'default', 'system_scope': 'all', 'project_id': None, 'project_domain_id': None, 'roles': ['admin', 'member', 'reader'], 'is_admin_project': True, 'service_user_id': None, 'service_user_domain_id': None, 'service_project_id': None, 'service_project_domain_id': None, 'service_roles': []} {{(pid=81804) fill_context /opt/stack/keystone/keystone/server/flask/request_processing/middleware/auth_context.py:478}}
Sep 27 01:16:23.803419 n-d-859358-1 devstack@keystone.service[81804]: DEBUG keystone.server.flask.request_processing.req_logging [None req-6ac4dfa7-3fa7-4239-be5f-644225ecb7e2 None admin] REQUEST_METHOD: `GET` {{(pid=81804) log_request_info /opt/stack/keystone/keystone/server/flask/request_processing/req_logging.py:27}}
Sep 27 01:16:23.803696 n-d-859358-1 devstack@keystone.service[81804]: DEBUG keystone.server.flask.request_processing.req_logging [None req-6ac4dfa7-3fa7-4239-be5f-644225ecb7e2 None admin] SCRIPT_NAME: `/identity` {{(pid=81804) log_request_info /opt/stack/keystone/keystone/server/flask/request_processing/req_logging.py:28}}
Sep 27 01:16:23.803969 n-d-859358-1 devstack@keystone.service[81804]: DEBUG keystone.server.flask.request_processing.req_logging [None req-6ac4dfa7-3fa7-4239-be5f-644225ecb7e2 None admin] PATH_INFO: `/v3/roles` {{(pid=81804) log_request_info /opt/stack/keystone/keystone/server/flask/request_processing/req_logging.py:29}}
Sep 27 01:16:23.804638 n-d-859358-1 devstack@keystone.service[81804]: DEBUG keystone.common.rbac_enforcer.enforcer [None req-6ac4dfa7-3fa7-4239-be5f-644225ecb7e2 None admin] RBAC: Adding query filter params (name=admin) {{(pid=81804) _extract_filter_values /opt/stack/keystone/keystone/common/rbac_enforcer/enforcer.py:167}}
Sep 27 01:16:23.804937 n-d-859358-1 devstack@keystone.service[81804]: DEBUG keystone.common.rbac_enforcer.enforcer [None req-6ac4dfa7-3fa7-4239-be5f-644225ecb7e2 None admin] RBAC: Authorizing `identity:list_roles()` {{(pid=81804) enforce_call /opt/stack/keystone/keystone/common/rbac_enforcer/enforcer.py:449}}
Sep 27 01:16:23.806809 n-d-859358-1 devstack@keystone.service[81804]: DEBUG keystone.common.rbac_enforcer.enforcer [None req-6ac4dfa7-3fa7-4239-be5f-644225ecb7e2 None admin] RBAC: Authorization granted {{(pid=81804) enforce_call /opt/stack/keystone/keystone/common/rbac_enforcer/enforcer.py:457}}
Sep 27 01:16:23.816157 n-d-859358-1 devstack@keystone.service[81803]: DEBUG dbcounter [-] [81803] Writing DB stats keystone:SELECT=100 {{(pid=81803) stat_writer /usr/local/lib/python3.8/dist-packages/dbcounter.py:114}}
Sep 27 01:16:23.822314 n-d-859358-1 devstack@keystone.service[81804]: [pid: 81804|app: 0|req: 108/224] 10.222.0.52 () {56 vars in 1099 bytes} [Tue Sep 27 01:16:23 2022] GET /identity/v3/roles?name=admin => generated 339 bytes in 176 msecs (HTTP/1.1 200) 5 headers in 177 bytes (2 switches on core 0)
Sep 27 01:16:23.823439 n-d-859358-1 devstack@keystone.service[81804]: DEBUG keystone.server.flask.request_processing.middleware.auth_context [None req-6ac4dfa7-3fa7-4239-be5f-644225ecb7e2 None admin] Authenticating user token {{(pid=81804) process_request /usr/local/lib/python3.8/dist-packages/keystonemiddleware/auth_token/__init__.py:407}}
Sep 27 01:16:23.833039 n-d-859358-1 devstack@keystone.service[81803]: DEBUG keystone.server.flask.request_processing.middleware.auth_context [None req-1b4a5bf0-cffe-4f81-94e2-757b559fcdcc None admin] RBAC: auth_context: {'token': , 'domain_id': None, 'trust_id': None, 'trustor_id': None, 'trustee_id': None, 'domain_name': None, 'group_ids': [], 'user_id': '105f3b011caf41d88b0cf71baced512f', 'user_domain_id': 'default', 'system_scope': 'all', 'project_id': None, 'project_domain_id': None, 'roles': ['admin', 'member', 'reader'], 'is_admin_project': True, 'service_user_id': None, 'service_user_domain_id': None, 'service_project_id': None, 'service_project_domain_id': None, 'service_roles': []} {{(pid=81803) fill_context /opt/stack/keystone/keystone/server/flask/request_processing/middleware/auth_context.py:478}}
Sep 27 01:16:23.834002 n-d-859358-1 devstack@keystone.service[81803]: DEBUG keystone.server.flask.request_processing.req_logging [None req-1b4a5bf0-cffe-4f81-94e2-757b559fcdcc None admin] REQUEST_METHOD: `GET` {{(pid=81803) log_request_info /opt/stack/keystone/keystone/server/flask/request_processing/req_logging.py:27}}
Sep 27 01:16:23.834511 n-d-859358-1 devstack@keystone.service[81803]: DEBUG keystone.server.flask.request_processing.req_logging [None req-1b4a5bf0-cffe-4f81-94e2-757b559fcdcc None admin] SCRIPT_NAME: `/identity` {{(pid=81803) log_request_info /opt/stack/keystone/keystone/server/flask/request_processing/req_logging.py:28}}
Sep 27 01:16:23.835428 n-d-859358-1 devstack@keystone.service[81803]: DEBUG keystone.server.flask.request_processing.req_logging [None req-1b4a5bf0-cffe-4f81-94e2-757b559fcdcc None admin] PATH_INFO: `/v3/projects/abfd0d51f40141e6bfabafebac72c013` {{(pid=81803) log_request_info /opt/stack/keystone/keystone/server/flask/request_processing/req_logging.py:29}}
Sep 27 01:16:23.837135 n-d-859358-1 devstack@keystone.service[81803]: DEBUG keystone.common.rbac_enforcer.enforcer [None req-1b4a5bf0-cffe-4f81-94e2-757b559fcdcc None admin] RBAC: Authorizing `identity:get_project(project_id=abfd0d51f40141e6bfabafebac72c013)` {{(pid=81803) enforce_call /opt/stack/keystone/keystone/common/rbac_enforcer/enforcer.py:449}}
Sep 27 01:16:23.839411 n-d-859358-1 devstack@keystone.service[81803]: DEBUG keystone.common.rbac_enforcer.enforcer [None req-1b4a5bf0-cffe-4f81-94e2-757b559fcdcc None admin] RBAC: Authorization granted {{(pid=81803) enforce_call /opt/stack/keystone/keystone/common/rbac_enforcer/enforcer.py:457}}
Sep 27 01:16:23.841729 n-d-859358-1 devstack@keystone.service[81803]: [pid: 81803|app: 0|req: 117/225] 10.222.0.52 () {56 vars in 1186 bytes} [Tue Sep 27 01:16:23 2022] GET /identity/v3/projects/abfd0d51f40141e6bfabafebac72c013 => generated 302 bytes in 175 msecs (HTTP/1.1 200) 5 headers in 177 bytes (2 switches on core 0)
Sep 27 01:16:23.843105 n-d-859358-1 devstack@keystone.service[81803]: DEBUG keystone.server.flask.request_processing.middleware.auth_context [None req-1b4a5bf0-cffe-4f81-94e2-757b559fcdcc None admin] Authenticating user token {{(pid=81803) process_request /usr/local/lib/python3.8/dist-packages/keystonemiddleware/auth_token/__init__.py:407}}
Sep 27 01:16:23.943345 n-d-859358-1 devstack@keystone.service[81804]: DEBUG keystone.server.flask.request_processing.middleware.auth_context [None req-6ac4dfa7-3fa7-4239-be5f-644225ecb7e2 None admin] Validating token access rules against request {{(pid=81804) validate_allowed_request /usr/local/lib/python3.8/dist-packages/keystonemiddleware/auth_token/__init__.py:545}}
Sep 27 01:16:23.972820 n-d-859358-1 devstack@keystone.service[81803]: DEBUG keystone.server.flask.request_processing.middleware.auth_context [None req-1b4a5bf0-cffe-4f81-94e2-757b559fcdcc None admin] Validating token access rules against request {{(pid=81803) validate_allowed_request /usr/local/lib/python3.8/dist-packages/keystonemiddleware/auth_token/__init__.py:545}}
Sep 27 01:16:23.988468 n-d-859358-1 devstack@keystone.service[81804]: DEBUG keystone.server.flask.request_processing.middleware.auth_context [None req-3b0c21da-49e0-492d-a5ab-f327e48879c3 None admin] RBAC: auth_context: {'token': , 'domain_id': None, 'trust_id': None, 'trustor_id': None, 'trustee_id': None, 'domain_name': None, 'group_ids': [], 'user_id': '105f3b011caf41d88b0cf71baced512f', 'user_domain_id': 'default', 'system_scope': 'all', 'project_id': None, 'project_domain_id': None, 'roles': ['admin', 'member', 'reader'], 'is_admin_project': True, 'service_user_id': None, 'service_user_domain_id': None, 'service_project_id': None, 'service_project_domain_id': None, 'service_roles': []} {{(pid=81804) fill_context /opt/stack/keystone/keystone/server/flask/request_processing/middleware/auth_context.py:478}}
Sep 27 01:16:23.989087 n-d-859358-1 devstack@keystone.service[81804]: DEBUG keystone.server.flask.request_processing.req_logging [None req-3b0c21da-49e0-492d-a5ab-f327e48879c3 None admin] REQUEST_METHOD: `GET` {{(pid=81804) log_request_info /opt/stack/keystone/keystone/server/flask/request_processing/req_logging.py:27}}
Sep 27 01:16:23.989293 n-d-859358-1 devstack@keystone.service[81804]: DEBUG keystone.server.flask.request_processing.req_logging [None req-3b0c21da-49e0-492d-a5ab-f327e48879c3 None admin] SCRIPT_NAME: `/identity` {{(pid=81804) log_request_info /opt/stack/keystone/keystone/server/flask/request_processing/req_logging.py:28}}
Sep 27 01:16:23.989592 n-d-859358-1 devstack@keystone.service[81804]: DEBUG keystone.server.flask.request_processing.req_logging [None req-3b0c21da-49e0-492d-a5ab-f327e48879c3 None admin] PATH_INFO: `/v3/roles/anotherrole` {{(pid=81804) log_request_info /opt/stack/keystone/keystone/server/flask/request_processing/req_logging.py:29}}
Sep 27 01:16:24.001639 n-d-859358-1 devstack@keystone.service[81804]: DEBUG keystone.common.rbac_enforcer.enforcer [None req-3b0c21da-49e0-492d-a5ab-f327e48879c3 None admin] Extracting inferred target data resulted in "NOT FOUND (404)". {{(pid=81804) enforce_call /opt/stack/keystone/keystone/common/rbac_enforcer/enforcer.py:409}}
Sep 27 01:16:24.007853 n-d-859358-1 devstack@keystone.service[81804]: ERROR keystone.server.flask.application [None req-3b0c21da-49e0-492d-a5ab-f327e48879c3 None admin] Could not find role: anotherrole.: keystone.exception.RoleNotFound: Could not find role: anotherrole.
Sep 27 01:16:24.007853 n-d-859358-1 devstack@keystone.service[81804]: ERROR keystone.server.flask.application
Traceback (most recent call last):
Sep 27 01:16:24.007853 n-d-859358-1 devstack@keystone.service[81804]: ERROR keystone.server.flask.application
File "/usr/local/lib/python3.8/dist-packages/flask/app.py", line 1820, in full_dispatch_request
Sep 27 01:16:24.007853 n-d-859358-1 devstack@keystone.service[81804]: ERROR keystone.server.flask.application rv = self.dispatch_request()
Sep 27 01:16:24.007853 n-d-859358-1 devstack@keystone.service[81804]: ERROR keystone.server.flask.application
File "/usr/local/lib/python3.8/dist-packages/flask/app.py", line 1796, in dispatch_request
Sep 27 01:16:24.007853 n-d-859358-1 devstack@keystone.service[81804]: ERROR keystone.server.flask.application return self.ensure_sync(self.view_functions[rule.endpoint])(**view_args)
Sep 27 01:16:24.007853 n-d-859358-1 devstack@keystone.service[81804]: ERROR keystone.server.flask.application
File "/usr/local/lib/python3.8/dist-packages/flask_restful/__init__.py", line 467, in wrapper
Sep 27 01:16:24.007853 n-d-859358-1 devstack@keystone.service[81804]: ERROR keystone.server.flask.application resp = resource(*args, **kwargs)
Sep 27 01:16:24.007853 n-d-859358-1 devstack@keystone.service[81804]: ERROR keystone.server.flask.application
File "/usr/local/lib/python3.8/dist-packages/flask/views.py", line 107, in view
Sep 27 01:16:24.007853 n-d-859358-1 devstack@keystone.service[81804]: ERROR keystone.server.flask.application return current_app.ensure_sync(self.dispatch_request)(**kwargs)
Sep 27 01:16:24.007853 n-d-859358-1 devstack@keystone.service[81804]: ERROR keystone.server.flask.application
File "/usr/local/lib/python3.8/dist-packages/flask_restful/__init__.py", line 582, in dispatch_request
Sep 27 01:16:24.007853 n-d-859358-1 devstack@keystone.service[81804]: ERROR keystone.server.flask.application resp = meth(*args, **kwargs)
Sep 27 01:16:24.007853 n-d-859358-1 devstack@keystone.service[81804]: ERROR keystone.server.flask.application
File "/opt/stack/keystone/keystone/api/roles.py", line 50, in get
Sep 27 01:16:24.007853 n-d-859358-1 devstack@keystone.service[81804]: ERROR keystone.server.flask.application return self._get_role(role_id)
Sep 27 01:16:24.007853 n-d-859358-1 devstack@keystone.service[81804]: ERROR keystone.server.flask.application
File "/opt/stack/keystone/keystone/api/roles.py", line 70, in _get_role
Sep 27 01:16:24.007853 n-d-859358-1 devstack@keystone.service[81804]: ERROR keystone.server.flask.application ENFORCER.enforce_call(action='identity:get_role')
Sep 27 01:16:24.008731 n-d-859358-1 devstack@keystone.service[81804]: ERROR keystone.server.flask.application
File "/opt/stack/keystone/keystone/common/rbac_enforcer/enforcer.py", line 402, in enforce_call
Sep 27 01:16:24.008731 n-d-859358-1 devstack@keystone.service[81804]: ERROR keystone.server.flask.application policy_dict.update(cls._extract_member_target_data(
Sep 27 01:16:24.008731 n-d-859358-1 devstack@keystone.service[81804]: ERROR keystone.server.flask.application
File "/opt/stack/keystone/keystone/common/rbac_enforcer/enforcer.py", line 234, in _extract_member_target_data
Sep 27 01:16:24.008731 n-d-859358-1 devstack@keystone.service[81804]: ERROR keystone.server.flask.application member_name: func(flask.request.view_args[key])
Sep 27 01:16:24.008731 n-d-859358-1 devstack@keystone.service[81804]: ERROR keystone.server.flask.application
File "/opt/stack/keystone/keystone/common/manager.py", line 115, in wrapped
Sep 27 01:16:24.008731 n-d-859358-1 devstack@keystone.service[81804]: ERROR keystone.server.flask.application __ret_val = __f(*args, **kwargs)
Sep 27 01:16:24.008731 n-d-859358-1 devstack@keystone.service[81804]: ERROR keystone.server.flask.application
File "/usr/local/lib/python3.8/dist-packages/decorator.py", line 232, in fun
Sep 27 01:16:24.008731 n-d-859358-1 devstack@keystone.service[81804]: ERROR keystone.server.flask.application return caller(func, *(extras + args), **kw)
Sep 27 01:16:24.008731 n-d-859358-1 devstack@keystone.service[81804]: ERROR keystone.server.flask.application
File "/usr/local/lib/python3.8/dist-packages/dogpile/cache/region.py", line 1577, in get_or_create_for_user_func
Sep 27 01:16:24.008731 n-d-859358-1 devstack@keystone.service[81804]: ERROR keystone.server.flask.application return self.get_or_create(
Sep 27 01:16:24.008731 n-d-859358-1 devstack@keystone.service[81804]: ERROR keystone.server.flask.application
File "/usr/local/lib/python3.8/dist-packages/dogpile/cache/region.py", line 1042, in get_or_create
Sep 27 01:16:24.008731 n-d-859358-1 devstack@keystone.service[81804]: ERROR keystone.server.flask.application with Lock(
Sep 27 01:16:24.008731 n-d-859358-1 devstack@keystone.service[81804]: ERROR keystone.server.flask.application
File "/usr/local/lib/python3.8/dist-packages/dogpile/lock.py", line 185, in __enter__
Sep 27 01:16:24.008731 n-d-859358-1 devstack@keystone.service[81804]: ERROR keystone.server.flask.application return self._enter()
Sep 27 01:16:24.008731 n-d-859358-1 devstack@keystone.service[81804]: ERROR keystone.server.flask.application
File "/usr/local/lib/python3.8/dist-packages/dogpile/lock.py", line 94, in _enter
Sep 27 01:16:24.008731 n-d-859358-1 devstack@keystone.service[81804]: ERROR keystone.server.flask.application generated = self._enter_create(value, createdtime)
Sep 27 01:16:24.009905 n-d-859358-1 devstack@keystone.service[81804]: ERROR keystone.server.flask.application
File "/usr/local/lib/python3.8/dist-packages/dogpile/lock.py", line 178, in _enter_create
Sep 27 01:16:24.009905 n-d-859358-1 devstack@keystone.service[81804]: ERROR keystone.server.flask.application return self.creator()
Sep 27 01:16:24.009905 n-d-859358-1 devstack@keystone.service[81804]: ERROR keystone.server.flask.application
File "/usr/local/lib/python3.8/dist-packages/dogpile/cache/region.py", line 995, in gen_value
Sep 27 01:16:24.009905 n-d-859358-1 devstack@keystone.service[81804]: ERROR keystone.server.flask.application created_value = creator(
Sep 27 01:16:24.009905 n-d-859358-1 devstack@keystone.service[81804]: ERROR keystone.server.flask.application
File "/opt/stack/keystone/keystone/assignment/core.py", line 1276, in get_role
Sep 27 01:16:24.009905 n-d-859358-1 devstack@keystone.service[81804]: ERROR keystone.server.flask.application return self.driver.get_role(role_id)
Sep 27 01:16:24.009905 n-d-859358-1 devstack@keystone.service[81804]: ERROR keystone.server.flask.application
File "/opt/stack/keystone/keystone/assignment/role_backends/sql.py", line 70, in get_role
Sep 27 01:16:24.009905 n-d-859358-1 devstack@keystone.service[81804]: ERROR keystone.server.flask.application return self._get_role(session, role_id).to_dict()
Sep 27 01:16:24.009905 n-d-859358-1 devstack@keystone.service[81804]: ERROR keystone.server.flask.application
File "/opt/stack/keystone/keystone/assignment/role_backends/sql.py", line 65, in _get_role
Sep 27 01:16:24.009905 n-d-859358-1 devstack@keystone.service[81804]: ERROR keystone.server.flask.application raise exception.RoleNotFound(role_id=role_id)
Sep 27 01:16:24.009905 n-d-859358-1 devstack@keystone.service[81804]: ERROR keystone.server.flask.application keystone.exception.RoleNotFound: Could not find role: anotherrole.
Sep 27 01:16:24.009905 n-d-859358-1 devstack@keystone.service[81804]: ERROR keystone.server.flask.application
Sep 27 01:16:24.009905 n-d-859358-1 devstack@keystone.service[81804]: [pid: 81804|app: 0|req: 109/226] 10.222.0.52 () {56 vars in 1114 bytes} [Tue Sep 27 01:16:23 2022] GET /identity/v3/roles/anotherrole => generated 89 bytes in 186 msecs (HTTP/1.1 404) 5 headers in 183 bytes (1 switches on core 0)
Sep 27 01:16:24.009905 n-d-859358-1 devstack@keystone.service[81804]: DEBUG keystone.server.flask.request_processing.middleware.auth_context [None req-3b0c21da-49e0-492d-a5ab-f327e48879c3 None admin] Authenticating user token {{(pid=81804) process_request /usr/local/lib/python3.8/dist-packages/keystonemiddleware/auth_token/__init__.py:407}}
Sep 27 01:16:24.014396 n-d-859358-1 devstack@keystone.service[81804]: DEBUG dbcounter [-] [81804] Writing DB stats keystone:SELECT=100 {{(pid=81804) stat_writer /usr/local/lib/python3.8/dist-packages/dbcounter.py:114}}
Sep 27 01:16:24.019630 n-d-859358-1 devstack@keystone.service[81803]: DEBUG keystone.server.flask.request_processing.middleware.auth_context [None req-c573519d-c6c9-4b6b-8098-e5f69e1ea20d None admin] RBAC: auth_context: {'token': , 'domain_id': None, 'trust_id': None, 'trustor_id': None, 'trustee_id': None, 'domain_name': None, 'group_ids': [], 'user_id': '105f3b011caf41d88b0cf71baced512f', 'user_domain_id': 'default', 'system_scope': 'all', 'project_id': None, 'project_domain_id': None, 'roles': ['admin', 'member', 'reader'], 'is_admin_project': True, 'service_user_id': None, 'service_user_domain_id': None, 'service_project_id': None, 'service_project_domain_id': None, 'service_roles': []} {{(pid=81803) fill_context /opt/stack/keystone/keystone/server/flask/request_processing/middleware/auth_context.py:478}}
Sep 27 01:16:24.020514 n-d-859358-1 devstack@keystone.service[81803]: DEBUG keystone.server.flask.request_processing.req_logging [None req-c573519d-c6c9-4b6b-8098-e5f69e1ea20d None admin] REQUEST_METHOD: `GET` {{(pid=81803) log_request_info /opt/stack/keystone/keystone/server/flask/request_processing/req_logging.py:27}}
Sep 27 01:16:24.021007 n-d-859358-1 devstack@keystone.service[81803]: DEBUG keystone.server.flask.request_processing.req_logging [None req-c573519d-c6c9-4b6b-8098-e5f69e1ea20d None admin] SCRIPT_NAME: `/identity` {{(pid=81803) log_request_info /opt/stack/keystone/keystone/server/flask/request_processing/req_logging.py:28}}
Sep 27 01:16:24.021516 n-d-859358-1 devstack@keystone.service[81803]: DEBUG keystone.server.flask.request_processing.req_logging [None req-c573519d-c6c9-4b6b-8098-e5f69e1ea20d None admin] PATH_INFO: `/v3/users/2ca933b5df2e42ac8d7a80e2041e7f1f` {{(pid=81803) log_request_info /opt/stack/keystone/keystone/server/flask/request_processing/req_logging.py:29}}
Sep 27 01:16:24.023276 n-d-859358-1 devstack@keystone.service[81803]: DEBUG keystone.common.rbac_enforcer.enforcer [None req-c573519d-c6c9-4b6b-8098-e5f69e1ea20d None admin] RBAC: Authorizing `identity:get_user(user_id=2ca933b5df2e42ac8d7a80e2041e7f1f)` {{(pid=81803) enforce_call /opt/stack/keystone/keystone/common/rbac_enforcer/enforcer.py:449}}
Sep 27 01:16:24.025291 n-d-859358-1 devstack@keystone.service[81803]: DEBUG keystone.common.rbac_enforcer.enforcer [None req-c573519d-c6c9-4b6b-8098-e5f69e1ea20d None admin] RBAC: Authorization granted {{(pid=81803) enforce_call /opt/stack/keystone/keystone/common/rbac_enforcer/enforcer.py:457}}
Sep 27 01:16:24.027760 n-d-859358-1 devstack@keystone.service[81803]: [pid: 81803|app: 0|req: 118/227] 10.222.0.52 () {56 vars in 1177 bytes} [Tue Sep 27 01:16:23 2022] GET /identity/v3/users/2ca933b5df2e42ac8d7a80e2041e7f1f => generated 283 bytes in 185 msecs (HTTP/1.1 200) 5 headers in 177 bytes (1 switches on core 0)
Sep 27 01:16:24.028730 n-d-859358-1 devstack@keystone.service[81803]: DEBUG keystone.server.flask.request_processing.middleware.auth_context [None req-c573519d-c6c9-4b6b-8098-e5f69e1ea20d None admin] Authenticating user token {{(pid=81803) process_request /usr/local/lib/python3.8/dist-packages/keystonemiddleware/auth_token/__init__.py:407}}
Sep 27 01:16:24.095231 n-d-859358-1 devstack@keystone.service[81803]: DEBUG dbcounter [-] [81803] Writing DB stats keystone:SELECT=100 {{(pid=81803) stat_writer /usr/local/lib/python3.8/dist-packages/dbcounter.py:114}}
Sep 27 01:16:24.137930 n-d-859358-1 devstack@keystone.service[81804]: DEBUG keystone.server.flask.request_processing.middleware.auth_context [None req-3b0c21da-49e0-492d-a5ab-f327e48879c3 None admin] Validating token access rules against request {{(pid=81804) validate_allowed_request /usr/local/lib/python3.8/dist-packages/keystonemiddleware/auth_token/__init__.py:545}}
Sep 27 01:16:24.138143 n-d-859358-1 devstack@keystone.service[81803]: DEBUG keystone.server.flask.request_processing.middleware.auth_context [None req-c573519d-c6c9-4b6b-8098-e5f69e1ea20d None admin] Validating token access rules against request {{(pid=81803) validate_allowed_request /usr/local/lib/python3.8/dist-packages/keystonemiddleware/auth_token/__init__.py:545}}
Sep 27 01:16:24.175814 n-d-859358-1 devstack@keystone.service[81804]: DEBUG keystone.server.flask.request_processing.middleware.auth_context [None req-a2d14981-703c-4320-9ab4-4207ee651206 None admin] RBAC: auth_context: {'token': , 'domain_id': None, 'trust_id': None, 'trustor_id': None, 'trustee_id': None, 'domain_name': None, 'group_ids': [], 'user_id': '105f3b011caf41d88b0cf71baced512f', 'user_domain_id': 'default', 'system_scope': 'all', 'project_id': None, 'project_domain_id': None, 'roles': ['admin', 'member', 'reader'], 'is_admin_project': True, 'service_user_id': None, 'service_user_domain_id': None, 'service_project_id': None, 'service_project_domain_id': None, 'service_roles': []} {{(pid=81804) fill_context /opt/stack/keystone/keystone/server/flask/request_processing/middleware/auth_context.py:478}}
Sep 27 01:16:24.176801 n-d-859358-1 devstack@keystone.service[81804]: DEBUG keystone.server.flask.request_processing.req_logging [None req-a2d14981-703c-4320-9ab4-4207ee651206 None admin] REQUEST_METHOD: `GET` {{(pid=81804) log_request_info /opt/stack/keystone/keystone/server/flask/request_processing/req_logging.py:27}}
Sep 27 01:16:24.176906 n-d-859358-1 devstack@keystone.service[81803]: DEBUG keystone.server.flask.request_processing.middleware.auth_context [None req-a1b35a53-81c7-4b9e-8090-1e0ef703f325 None admin] RBAC: auth_context: {'token': , 'domain_id': None, 'trust_id': None, 'trustor_id': None, 'trustee_id': None, 'domain_name': None, 'group_ids': [], 'user_id': '105f3b011caf41d88b0cf71baced512f', 'user_domain_id': 'default', 'system_scope': 'all', 'project_id': None, 'project_domain_id': None, 'roles': ['admin', 'member', 'reader'], 'is_admin_project': True, 'service_user_id': None, 'service_user_domain_id': None, 'service_project_id': None, 'service_project_domain_id': None, 'service_roles': []} {{(pid=81803) fill_context /opt/stack/keystone/keystone/server/flask/request_processing/middleware/auth_context.py:478}}
Sep 27 01:16:24.177415 n-d-859358-1 devstack@keystone.service[81804]: DEBUG keystone.server.flask.request_processing.req_logging [None req-a2d14981-703c-4320-9ab4-4207ee651206 None admin] SCRIPT_NAME: `/identity` {{(pid=81804) log_request_info /opt/stack/keystone/keystone/server/flask/request_processing/req_logging.py:28}}
Sep 27 01:16:24.177531 n-d-859358-1 devstack@keystone.service[81803]: DEBUG keystone.server.flask.request_processing.req_logging [None req-a1b35a53-81c7-4b9e-8090-1e0ef703f325 None admin] REQUEST_METHOD: `GET` {{(pid=81803) log_request_info /opt/stack/keystone/keystone/server/flask/request_processing/req_logging.py:27}}
Sep 27 01:16:24.177735 n-d-859358-1 devstack@keystone.service[81803]: DEBUG keystone.server.flask.request_processing.req_logging [None req-a1b35a53-81c7-4b9e-8090-1e0ef703f325 None admin] SCRIPT_NAME: `/identity` {{(pid=81803) log_request_info /opt/stack/keystone/keystone/server/flask/request_processing/req_logging.py:28}}
Sep 27 01:16:24.178009 n-d-859358-1 devstack@keystone.service[81803]: DEBUG keystone.server.flask.request_processing.req_logging [None req-a1b35a53-81c7-4b9e-8090-1e0ef703f325 None admin] PATH_INFO: `/v3/roles` {{(pid=81803) log_request_info /opt/stack/keystone/keystone/server/flask/request_processing/req_logging.py:29}}
Sep 27 01:16:24.178383 n-d-859358-1 devstack@keystone.service[81804]: DEBUG keystone.server.flask.request_processing.req_logging [None req-a2d14981-703c-4320-9ab4-4207ee651206 None admin] PATH_INFO: `/v3/role_assignments` {{(pid=81804) log_request_info /opt/stack/keystone/keystone/server/flask/request_processing/req_logging.py:29}}
Sep 27 01:16:24.178840 n-d-859358-1 devstack@keystone.service[81803]: DEBUG keystone.common.rbac_enforcer.enforcer [None req-a1b35a53-81c7-4b9e-8090-1e0ef703f325 None admin] RBAC: Adding query filter params (name=anotherrole) {{(pid=81803) _extract_filter_values /opt/stack/keystone/keystone/common/rbac_enforcer/enforcer.py:167}}
Sep 27 01:16:24.179148 n-d-859358-1 devstack@keystone.service[81803]: DEBUG keystone.common.rbac_enforcer.enforcer [None req-a1b35a53-81c7-4b9e-8090-1e0ef703f325 None admin] RBAC: Authorizing `identity:list_roles()` {{(pid=81803) enforce_call /opt/stack/keystone/keystone/common/rbac_enforcer/enforcer.py:449}}
Sep 27 01:16:24.179686 n-d-859358-1 devstack@keystone.service[81804]: DEBUG keystone.common.rbac_enforcer.enforcer [None req-a2d14981-703c-4320-9ab4-4207ee651206 None admin] RBAC: Adding query filter params (role.id=805f71326391475c8aa7de224e1fd8ec, scope.project.id=abfd0d51f40141e6bfabafebac72c013, user.id=ebd3c4a475a448999bcad30dbee83e4b) {{(pid=81804) _extract_filter_values /opt/stack/keystone/keystone/common/rbac_enforcer/enforcer.py:167}}
Sep 27 01:16:24.180190 n-d-859358-1 devstack@keystone.service[81804]: DEBUG keystone.common.rbac_enforcer.enforcer [None req-a2d14981-703c-4320-9ab4-4207ee651206 None admin] RBAC: Authorizing `identity:list_role_assignments()` {{(pid=81804) enforce_call /opt/stack/keystone/keystone/common/rbac_enforcer/enforcer.py:449}}
Sep 27 01:16:24.180521 n-d-859358-1 devstack@keystone.service[81803]: DEBUG keystone.common.rbac_enforcer.enforcer [None req-a1b35a53-81c7-4b9e-8090-1e0ef703f325 None admin] RBAC: Authorization granted {{(pid=81803) enforce_call /opt/stack/keystone/keystone/common/rbac_enforcer/enforcer.py:457}}
Sep 27 01:16:24.182046 n-d-859358-1 devstack@keystone.service[81804]: DEBUG keystone.common.rbac_enforcer.enforcer [None req-a2d14981-703c-4320-9ab4-4207ee651206 None admin] RBAC: Authorization granted {{(pid=81804) enforce_call /opt/stack/keystone/keystone/common/rbac_enforcer/enforcer.py:457}}
Sep 27 01:16:24.188840 n-d-859358-1 devstack@keystone.service[81804]: [pid: 81804|app: 0|req: 110/228] 10.222.0.52 () {56 vars in 1374 bytes} [Tue Sep 27 01:16:24 2022] GET /identity/v3/role_assignments?user.id=ebd3c4a475a448999bcad30dbee83e4b&scope.project.id=abfd0d51f40141e6bfabafebac72c013&role.id=805f71326391475c8aa7de224e1fd8ec => generated 259 bytes in 179 msecs (HTTP/1.1 200) 5 headers in 177 bytes (1 switches on core 0)
Sep 27 01:16:24.189935 n-d-859358-1 devstack@keystone.service[81804]: DEBUG keystone.server.flask.request_processing.middleware.auth_context [None req-a2d14981-703c-4320-9ab4-4207ee651206 None admin] Authenticating user token {{(pid=81804) process_request /usr/local/lib/python3.8/dist-packages/keystonemiddleware/auth_token/__init__.py:407}}
Sep 27 01:16:24.190295 n-d-859358-1 devstack@keystone.service[81803]: [pid: 81803|app: 0|req: 119/229] 10.222.0.52 () {56 vars in 1111 bytes} [Tue Sep 27 01:16:24 2022] GET /identity/v3/roles?name=anotherrole => generated 334 bytes in 162 msecs (HTTP/1.1 200) 5 headers in 177 bytes (1 switches on core 0)
Sep 27 01:16:24.207977 n-d-859358-1 devstack@keystone.service[81803]: DEBUG keystone.server.flask.request_processing.middleware.auth_context [None req-a1b35a53-81c7-4b9e-8090-1e0ef703f325 None admin] Authenticating user token {{(pid=81803) process_request /usr/local/lib/python3.8/dist-packages/keystonemiddleware/auth_token/__init__.py:407}}
Sep 27 01:16:24.270369 n-d-859358-1 devstack@keystone.service[81804]: DEBUG dbcounter [-] [81804] Writing DB stats keystone:SELECT=100 {{(pid=81804) stat_writer /usr/local/lib/python3.8/dist-packages/dbcounter.py:114}}
Sep 27 01:16:24.318649 n-d-859358-1 devstack@keystone.service[81804]: DEBUG keystone.server.flask.request_processing.middleware.auth_context [None req-a2d14981-703c-4320-9ab4-4207ee651206 None admin] Validating token access rules against request {{(pid=81804) validate_allowed_request /usr/local/lib/python3.8/dist-packages/keystonemiddleware/auth_token/__init__.py:545}}
Sep 27 01:16:24.393311 n-d-859358-1 devstack@keystone.service[81804]: DEBUG keystone.server.flask.request_processing.middleware.auth_context [None req-b09c9eca-8e3f-41d3-95a2-17a2d523e4bd None admin] RBAC: auth_context: {'token': , 'domain_id': None, 'trust_id': None, 'trustor_id': None, 'trustee_id': None, 'domain_name': None, 'group_ids': [], 'user_id': '105f3b011caf41d88b0cf71baced512f', 'user_domain_id': 'default', 'system_scope': 'all', 'project_id': None, 'project_domain_id': None, 'roles': ['admin', 'member', 'reader'], 'is_admin_project': True, 'service_user_id': None, 'service_user_domain_id': None, 'service_project_id': None, 'service_project_domain_id': None, 'service_roles': []} {{(pid=81804) fill_context /opt/stack/keystone/keystone/server/flask/request_processing/middleware/auth_context.py:478}}
Sep 27 01:16:24.394797 n-d-859358-1 devstack@keystone.service[81804]: DEBUG keystone.server.flask.request_processing.req_logging [None req-b09c9eca-8e3f-41d3-95a2-17a2d523e4bd None admin] REQUEST_METHOD: `GET` {{(pid=81804) log_request_info /opt/stack/keystone/keystone/server/flask/request_processing/req_logging.py:27}}
Sep 27 01:16:24.395240 n-d-859358-1 devstack@keystone.service[81804]: DEBUG keystone.server.flask.request_processing.req_logging [None req-b09c9eca-8e3f-41d3-95a2-17a2d523e4bd None admin] SCRIPT_NAME: `/identity` {{(pid=81804) log_request_info /opt/stack/keystone/keystone/server/flask/request_processing/req_logging.py:28}}
Sep 27 01:16:24.395665 n-d-859358-1 devstack@keystone.service[81804]: DEBUG keystone.server.flask.request_processing.req_logging [None req-b09c9eca-8e3f-41d3-95a2-17a2d523e4bd None admin] PATH_INFO: `/v3/projects/abfd0d51f40141e6bfabafebac72c013` {{(pid=81804) log_request_info /opt/stack/keystone/keystone/server/flask/request_processing/req_logging.py:29}}
Sep 27 01:16:24.397003 n-d-859358-1 devstack@keystone.service[81804]: DEBUG keystone.common.rbac_enforcer.enforcer [None req-b09c9eca-8e3f-41d3-95a2-17a2d523e4bd None admin] RBAC: Authorizing `identity:get_project(project_id=abfd0d51f40141e6bfabafebac72c013)` {{(pid=81804) enforce_call /opt/stack/keystone/keystone/common/rbac_enforcer/enforcer.py:449}}
Sep 27 01:16:24.397816 n-d-859358-1 devstack@keystone.service[81803]: DEBUG keystone.server.flask.request_processing.middleware.auth_context [None req-a1b35a53-81c7-4b9e-8090-1e0ef703f325 None admin] Validating token access rules against request {{(pid=81803) validate_allowed_request /usr/local/lib/python3.8/dist-packages/keystonemiddleware/auth_token/__init__.py:545}}
Sep 27 01:16:24.399240 n-d-859358-1 devstack@keystone.service[81804]: DEBUG keystone.common.rbac_enforcer.enforcer [None req-b09c9eca-8e3f-41d3-95a2-17a2d523e4bd None admin] RBAC: Authorization granted {{(pid=81804) enforce_call /opt/stack/keystone/keystone/common/rbac_enforcer/enforcer.py:457}}
Sep 27 01:16:24.401111 n-d-859358-1 devstack@keystone.service[81804]: [pid: 81804|app: 0|req: 111/230] 10.222.0.52 () {56 vars in 1186 bytes} [Tue Sep 27 01:16:24 2022] GET /identity/v3/projects/abfd0d51f40141e6bfabafebac72c013 => generated 302 bytes in 211 msecs (HTTP/1.1 200) 5 headers in 177 bytes (1 switches on core 0)
Sep 27 01:16:24.407141 n-d-859358-1 devstack@keystone.service[81804]: DEBUG keystone.server.flask.request_processing.middleware.auth_context [None req-b09c9eca-8e3f-41d3-95a2-17a2d523e4bd None admin] Authenticating user token {{(pid=81804) process_request /usr/local/lib/python3.8/dist-packages/keystonemiddleware/auth_token/__init__.py:407}}
Sep 27 01:16:24.427440 n-d-859358-1 devstack@keystone.service[81803]: DEBUG dbcounter [-] [81803] Writing DB stats keystone:SELECT=100 {{(pid=81803) stat_writer /usr/local/lib/python3.8/dist-packages/dbcounter.py:114}}
Sep 27 01:16:24.445371 n-d-859358-1 devstack@keystone.service[81803]: DEBUG keystone.server.flask.request_processing.middleware.auth_context [None req-dc2319a7-8b63-4312-a984-373141eb2c4b None admin] RBAC: auth_context: {'token': , 'domain_id': None, 'trust_id': None, 'trustor_id': None, 'trustee_id': None, 'domain_name': None, 'group_ids': [], 'user_id': '105f3b011caf41d88b0cf71baced512f', 'user_domain_id': 'default', 'system_scope': 'all', 'project_id': None, 'project_domain_id': None, 'roles': ['admin', 'member', 'reader'], 'is_admin_project': True, 'service_user_id': None, 'service_user_domain_id': None, 'service_project_id': None, 'service_project_domain_id': None, 'service_roles': []} {{(pid=81803) fill_context /opt/stack/keystone/keystone/server/flask/request_processing/middleware/auth_context.py:478}}
Sep 27 01:16:24.445371 n-d-859358-1 devstack@keystone.service[81803]: DEBUG keystone.server.flask.request_processing.req_logging [None req-dc2319a7-8b63-4312-a984-373141eb2c4b None admin] REQUEST_METHOD: `GET` {{(pid=81803) log_request_info /opt/stack/keystone/keystone/server/flask/request_processing/req_logging.py:27}}
Sep 27 01:16:24.445371 n-d-859358-1 devstack@keystone.service[81803]: DEBUG keystone.server.flask.request_processing.req_logging [None req-dc2319a7-8b63-4312-a984-373141eb2c4b None admin] SCRIPT_NAME: `/identity` {{(pid=81803) log_request_info /opt/stack/keystone/keystone/server/flask/request_processing/req_logging.py:28}}
Sep 27 01:16:24.445371 n-d-859358-1 devstack@keystone.service[81803]: DEBUG keystone.server.flask.request_processing.req_logging [None req-dc2319a7-8b63-4312-a984-373141eb2c4b None admin] PATH_INFO: `/v3/users/2ca933b5df2e42ac8d7a80e2041e7f1f` {{(pid=81803) log_request_info /opt/stack/keystone/keystone/server/flask/request_processing/req_logging.py:29}}
Sep 27 01:16:24.445772 n-d-859358-1 devstack@keystone.service[81803]: DEBUG keystone.common.rbac_enforcer.enforcer [None req-dc2319a7-8b63-4312-a984-373141eb2c4b None admin] RBAC: Authorizing `identity:get_user(user_id=2ca933b5df2e42ac8d7a80e2041e7f1f)` {{(pid=81803) enforce_call /opt/stack/keystone/keystone/common/rbac_enforcer/enforcer.py:449}}
Sep 27 01:16:24.445772 n-d-859358-1 devstack@keystone.service[81803]: DEBUG keystone.common.rbac_enforcer.enforcer [None req-dc2319a7-8b63-4312-a984-373141eb2c4b None admin] RBAC: Authorization granted {{(pid=81803) enforce_call /opt/stack/keystone/keystone/common/rbac_enforcer/enforcer.py:457}}
Sep 27 01:16:24.447076 n-d-859358-1 devstack@keystone.service[81803]: [pid: 81803|app: 0|req: 120/231] 10.222.0.52 () {56 vars in 1177 bytes} [Tue Sep 27 01:16:24 2022] GET /identity/v3/users/2ca933b5df2e42ac8d7a80e2041e7f1f => generated 283 bytes in 240 msecs (HTTP/1.1 200) 5 headers in 177 bytes (2 switches on core 0)
Sep 27 01:16:24.454693 n-d-859358-1 devstack@keystone.service[81803]: DEBUG keystone.server.flask.request_processing.middleware.auth_context [None req-dc2319a7-8b63-4312-a984-373141eb2c4b None admin] Authenticating user token {{(pid=81803) process_request /usr/local/lib/python3.8/dist-packages/keystonemiddleware/auth_token/__init__.py:407}}
Sep 27 01:16:24.566881 n-d-859358-1 devstack@keystone.service[81804]: DEBUG keystone.server.flask.request_processing.middleware.auth_context [None req-b09c9eca-8e3f-41d3-95a2-17a2d523e4bd None admin] Validating token access rules against request {{(pid=81804) validate_allowed_request /usr/local/lib/python3.8/dist-packages/keystonemiddleware/auth_token/__init__.py:545}}
Sep 27 01:16:24.624560 n-d-859358-1 devstack@keystone.service[81804]: DEBUG keystone.server.flask.request_processing.middleware.auth_context [None req-4dd6a388-ed49-469e-bcdd-ed5077b598ef None admin] RBAC: auth_context: {'token': , 'domain_id': None, 'trust_id': None, 'trustor_id': None, 'trustee_id': None, 'domain_name': None, 'group_ids': [], 'user_id': '105f3b011caf41d88b0cf71baced512f', 'user_domain_id': 'default', 'system_scope': 'all', 'project_id': None, 'project_domain_id': None, 'roles': ['admin', 'member', 'reader'], 'is_admin_project': True, 'service_user_id': None, 'service_user_domain_id': None, 'service_project_id': None, 'service_project_domain_id': None, 'service_roles': []} {{(pid=81804) fill_context /opt/stack/keystone/keystone/server/flask/request_processing/middleware/auth_context.py:478}}
Sep 27 01:16:24.626226 n-d-859358-1 devstack@keystone.service[81804]: DEBUG keystone.server.flask.request_processing.req_logging [None req-4dd6a388-ed49-469e-bcdd-ed5077b598ef None admin] REQUEST_METHOD: `PUT` {{(pid=81804) log_request_info /opt/stack/keystone/keystone/server/flask/request_processing/req_logging.py:27}}
Sep 27 01:16:24.626726 n-d-859358-1 devstack@keystone.service[81804]: DEBUG keystone.server.flask.request_processing.req_logging [None req-4dd6a388-ed49-469e-bcdd-ed5077b598ef None admin] SCRIPT_NAME: `/identity` {{(pid=81804) log_request_info /opt/stack/keystone/keystone/server/flask/request_processing/req_logging.py:28}}
Sep 27 01:16:24.627201 n-d-859358-1 devstack@keystone.service[81804]: DEBUG keystone.server.flask.request_processing.req_logging [None req-4dd6a388-ed49-469e-bcdd-ed5077b598ef None admin] PATH_INFO: `/v3/projects/abfd0d51f40141e6bfabafebac72c013/users/2ca933b5df2e42ac8d7a80e2041e7f1f/roles/7c152c64564f444590a396073d125d09` {{(pid=81804) log_request_info /opt/stack/keystone/keystone/server/flask/request_processing/req_logging.py:29}}
Sep 27 01:16:24.631222 n-d-859358-1 devstack@keystone.service[81804]: DEBUG keystone.common.rbac_enforcer.enforcer [None req-4dd6a388-ed49-469e-bcdd-ed5077b598ef None admin] RBAC: Authorizing `identity:create_grant(project_id=abfd0d51f40141e6bfabafebac72c013, user_id=2ca933b5df2e42ac8d7a80e2041e7f1f, role_id=7c152c64564f444590a396073d125d09)` {{(pid=81804) enforce_call /opt/stack/keystone/keystone/common/rbac_enforcer/enforcer.py:449}}
Sep 27 01:16:24.632886 n-d-859358-1 devstack@keystone.service[81804]: DEBUG keystone.common.rbac_enforcer.enforcer [None req-4dd6a388-ed49-469e-bcdd-ed5077b598ef None admin] RBAC: Authorization granted {{(pid=81804) enforce_call /opt/stack/keystone/keystone/common/rbac_enforcer/enforcer.py:457}}
Sep 27 01:16:24.641667 n-d-859358-1 devstack@keystone.service[81804]: DEBUG dbcounter [-] [81804] Writing DB stats keystone:SELECT=99,keystone:INSERT=1 {{(pid=81804) stat_writer /usr/local/lib/python3.8/dist-packages/dbcounter.py:114}}
Sep 27 01:16:24.642518 n-d-859358-1 devstack@keystone.service[81803]: DEBUG keystone.server.flask.request_processing.middleware.auth_context [None req-dc2319a7-8b63-4312-a984-373141eb2c4b None admin] Validating token access rules against request {{(pid=81803) validate_allowed_request /usr/local/lib/python3.8/dist-packages/keystonemiddleware/auth_token/__init__.py:545}}
Sep 27 01:16:24.663894 n-d-859358-1 devstack@keystone.service[81804]: [pid: 81804|app: 0|req: 112/232] 10.222.0.52 () {58 vars in 1439 bytes} [Tue Sep 27 01:16:24 2022] PUT /identity/v3/projects/abfd0d51f40141e6bfabafebac72c013/users/2ca933b5df2e42ac8d7a80e2041e7f1f/roles/7c152c64564f444590a396073d125d09 => generated 0 bytes in 257 msecs (HTTP/1.1 204) 3 headers in 132 bytes (0 switches on core 0)
Sep 27 01:16:24.689439 n-d-859358-1 devstack@keystone.service[81803]: DEBUG keystone.server.flask.request_processing.middleware.auth_context [None req-80cc1435-09ef-4552-94fd-d1e5240c9e90 None admin] RBAC: auth_context: {'token': , 'domain_id': None, 'trust_id': None, 'trustor_id': None, 'trustee_id': None, 'domain_name': None, 'group_ids': [], 'user_id': '105f3b011caf41d88b0cf71baced512f', 'user_domain_id': 'default', 'system_scope': 'all', 'project_id': None, 'project_domain_id': None, 'roles': ['admin', 'member', 'reader'], 'is_admin_project': True, 'service_user_id': None, 'service_user_domain_id': None, 'service_project_id': None, 'service_project_domain_id': None, 'service_roles': []} {{(pid=81803) fill_context /opt/stack/keystone/keystone/server/flask/request_processing/middleware/auth_context.py:478}}
Sep 27 01:16:24.690503 n-d-859358-1 devstack@keystone.service[81803]: DEBUG keystone.server.flask.request_processing.req_logging [None req-80cc1435-09ef-4552-94fd-d1e5240c9e90 None admin] REQUEST_METHOD: `GET` {{(pid=81803) log_request_info /opt/stack/keystone/keystone/server/flask/request_processing/req_logging.py:27}}
Sep 27 01:16:24.691055 n-d-859358-1 devstack@keystone.service[81803]: DEBUG keystone.server.flask.request_processing.req_logging [None req-80cc1435-09ef-4552-94fd-d1e5240c9e90 None admin] SCRIPT_NAME: `/identity` {{(pid=81803) log_request_info /opt/stack/keystone/keystone/server/flask/request_processing/req_logging.py:28}}
Sep 27 01:16:24.691539 n-d-859358-1 devstack@keystone.service[81803]: DEBUG keystone.server.flask.request_processing.req_logging [None req-80cc1435-09ef-4552-94fd-d1e5240c9e90 None admin] PATH_INFO: `/v3/projects/abfd0d51f40141e6bfabafebac72c013` {{(pid=81803) log_request_info /opt/stack/keystone/keystone/server/flask/request_processing/req_logging.py:29}}
Sep 27 01:16:24.693061 n-d-859358-1 devstack@keystone.service[81803]: DEBUG keystone.common.rbac_enforcer.enforcer [None req-80cc1435-09ef-4552-94fd-d1e5240c9e90 None admin] RBAC: Authorizing `identity:get_project(project_id=abfd0d51f40141e6bfabafebac72c013)` {{(pid=81803) enforce_call /opt/stack/keystone/keystone/common/rbac_enforcer/enforcer.py:449}}
Sep 27 01:16:24.695056 n-d-859358-1 devstack@keystone.service[81803]: DEBUG keystone.common.rbac_enforcer.enforcer [None req-80cc1435-09ef-4552-94fd-d1e5240c9e90 None admin] RBAC: Authorization granted {{(pid=81803) enforce_call /opt/stack/keystone/keystone/common/rbac_enforcer/enforcer.py:457}}
Sep 27 01:16:24.697535 n-d-859358-1 devstack@keystone.service[81803]: [pid: 81803|app: 0|req: 121/233] 10.222.0.52 () {56 vars in 1186 bytes} [Tue Sep 27 01:16:24 2022] GET /identity/v3/projects/abfd0d51f40141e6bfabafebac72c013 => generated 302 bytes in 245 msecs (HTTP/1.1 200) 5 headers in 177 bytes (1 switches on core 0)
Sep 27 01:16:24.705405 n-d-859358-1 devstack@keystone.service[81804]: DEBUG keystone.server.flask.request_processing.middleware.auth_context [None req-4dd6a388-ed49-469e-bcdd-ed5077b598ef None admin] Authenticating user token {{(pid=81804) process_request /usr/local/lib/python3.8/dist-packages/keystonemiddleware/auth_token/__init__.py:407}}
Sep 27 01:16:24.858237 n-d-859358-1 devstack@keystone.service[81804]: DEBUG keystone.server.flask.request_processing.middleware.auth_context [None req-4dd6a388-ed49-469e-bcdd-ed5077b598ef None admin] Validating token access rules against request {{(pid=81804) validate_allowed_request /usr/local/lib/python3.8/dist-packages/keystonemiddleware/auth_token/__init__.py:545}}
Sep 27 01:16:24.907423 n-d-859358-1 devstack@keystone.service[81804]: DEBUG keystone.server.flask.request_processing.middleware.auth_context [None req-99ccaa0c-83de-4c34-9bbf-31b021b042d4 None admin] RBAC: auth_context: {'token': , 'domain_id': None, 'trust_id': None, 'trustor_id': None, 'trustee_id': None, 'domain_name': None, 'group_ids': [], 'user_id': '105f3b011caf41d88b0cf71baced512f', 'user_domain_id': 'default', 'system_scope': 'all', 'project_id': None, 'project_domain_id': None, 'roles': ['admin', 'member', 'reader'], 'is_admin_project': True, 'service_user_id': None, 'service_user_domain_id': None, 'service_project_id': None, 'service_project_domain_id': None, 'service_roles': []} {{(pid=81804) fill_context /opt/stack/keystone/keystone/server/flask/request_processing/middleware/auth_context.py:478}}
Sep 27 01:16:24.908405 n-d-859358-1 devstack@keystone.service[81804]: DEBUG keystone.server.flask.request_processing.req_logging [None req-99ccaa0c-83de-4c34-9bbf-31b021b042d4 None admin] REQUEST_METHOD: `PUT` {{(pid=81804) log_request_info /opt/stack/keystone/keystone/server/flask/request_processing/req_logging.py:27}}
Sep 27 01:16:24.908853 n-d-859358-1 devstack@keystone.service[81804]: DEBUG keystone.server.flask.request_processing.req_logging [None req-99ccaa0c-83de-4c34-9bbf-31b021b042d4 None admin] SCRIPT_NAME: `/identity` {{(pid=81804) log_request_info /opt/stack/keystone/keystone/server/flask/request_processing/req_logging.py:28}}
Sep 27 01:16:24.909323 n-d-859358-1 devstack@keystone.service[81804]: DEBUG keystone.server.flask.request_processing.req_logging [None req-99ccaa0c-83de-4c34-9bbf-31b021b042d4 None admin] PATH_INFO: `/v3/projects/abfd0d51f40141e6bfabafebac72c013/users/2ca933b5df2e42ac8d7a80e2041e7f1f/roles/b3e256daf12e4ab0ba33c89f23b316a4` {{(pid=81804) log_request_info /opt/stack/keystone/keystone/server/flask/request_processing/req_logging.py:29}}
Sep 27 01:16:24.914693 n-d-859358-1 devstack@keystone.service[81804]: DEBUG keystone.common.rbac_enforcer.enforcer [None req-99ccaa0c-83de-4c34-9bbf-31b021b042d4 None admin] RBAC: Authorizing `identity:create_grant(project_id=abfd0d51f40141e6bfabafebac72c013, user_id=2ca933b5df2e42ac8d7a80e2041e7f1f, role_id=b3e256daf12e4ab0ba33c89f23b316a4)` {{(pid=81804) enforce_call /opt/stack/keystone/keystone/common/rbac_enforcer/enforcer.py:449}}
Sep 27 01:16:24.916409 n-d-859358-1 devstack@keystone.service[81804]: DEBUG keystone.common.rbac_enforcer.enforcer [None req-99ccaa0c-83de-4c34-9bbf-31b021b042d4 None admin] RBAC: Authorization granted {{(pid=81804) enforce_call /opt/stack/keystone/keystone/common/rbac_enforcer/enforcer.py:457}}
Sep 27 01:16:24.940862 n-d-859358-1 devstack@keystone.service[81804]: [pid: 81804|app: 0|req: 113/234] 10.222.0.52 () {58 vars in 1439 bytes} [Tue Sep 27 01:16:24 2022] PUT /identity/v3/projects/abfd0d51f40141e6bfabafebac72c013/users/2ca933b5df2e42ac8d7a80e2041e7f1f/roles/b3e256daf12e4ab0ba33c89f23b316a4 => generated 0 bytes in 238 msecs (HTTP/1.1 204) 3 headers in 132 bytes (0 switches on core 0)
Sep 27 01:16:25.827282 n-d-859358-1 devstack@keystone.service[81803]: DEBUG keystone.server.flask.request_processing.req_logging [None req-0517ab5b-72b4-4ce0-a612-e24e610492d1 None None] REQUEST_METHOD: `GET` {{(pid=81803) log_request_info /opt/stack/keystone/keystone/server/flask/request_processing/req_logging.py:27}}
Sep 27 01:16:25.828235 n-d-859358-1 devstack@keystone.service[81803]: DEBUG keystone.server.flask.request_processing.req_logging [None req-0517ab5b-72b4-4ce0-a612-e24e610492d1 None None] SCRIPT_NAME: `/identity` {{(pid=81803) log_request_info /opt/stack/keystone/keystone/server/flask/request_processing/req_logging.py:28}}
Sep 27 01:16:25.829273 n-d-859358-1 devstack@keystone.service[81803]: DEBUG keystone.server.flask.request_processing.req_logging [None req-0517ab5b-72b4-4ce0-a612-e24e610492d1 None None] PATH_INFO: `/` {{(pid=81803) log_request_info /opt/stack/keystone/keystone/server/flask/request_processing/req_logging.py:29}}
Sep 27 01:16:25.831113 n-d-859358-1 devstack@keystone.service[81803]: [pid: 81803|app: 0|req: 122/235] 10.222.0.52 () {54 vars in 927 bytes} [Tue Sep 27 01:16:25 2022] GET /identity => generated 270 bytes in 5 msecs (HTTP/1.1 300) 6 headers in 234 bytes (1 switches on core 0)
Sep 27 01:16:25.836568 n-d-859358-1 devstack@keystone.service[81804]: DEBUG keystone.server.flask.request_processing.req_logging [None req-c3af67ed-0aba-4dec-8453-3c73ec5397c5 None None] REQUEST_METHOD: `POST` {{(pid=81804) log_request_info /opt/stack/keystone/keystone/server/flask/request_processing/req_logging.py:27}}
Sep 27 01:16:25.837380 n-d-859358-1 devstack@keystone.service[81804]: DEBUG keystone.server.flask.request_processing.req_logging [None req-c3af67ed-0aba-4dec-8453-3c73ec5397c5 None None] SCRIPT_NAME: `/identity` {{(pid=81804) log_request_info /opt/stack/keystone/keystone/server/flask/request_processing/req_logging.py:28}}
