Oct 17 18:31:34.972607 n-d-859321-2 devstack@n-api.service[104097]: DEBUG nova.policy [None req-a6eab69e-6bcd-4bf1-937f-af74facaa375 tempest-AggregatesAdminTestJSON-1255460797 tempest-AggregatesAdminTestJSON-1255460797-project] Policy check for os_compute_api:os-extended-server-attributes failed with credentials {'is_admin': False, 'user_id': 'f69c2b3f3d3845e8979da1dc7c10e009', 'user_domain_id': 'default', 'system_scope': None, 'domain_id': None, 'project_id': '20a95bd506d34402aba5fcddd7b3f0e4', 'project_domain_id': 'default', 'roles': ['reader', 'member'], 'is_admin_project': True, 'service_user_id': None, 'service_user_domain_id': None, 'service_project_id': None, 'service_project_domain_id': None, 'service_roles': []} {{(pid=104097) authorize /opt/stack/nova/nova/policy.py:199}}
Oct 17 18:31:34.983384 n-d-859321-2 devstack@n-api.service[104098]: INFO nova.api.openstack.requestlog [None req-250aee13-8031-44de-856d-3245591f1350 tempest-ServersAdmin275Test-389201003 tempest-ServersAdmin275Test-389201003-project] 10.222.0.18 "GET /compute/v2.1/servers/2af33d16-e2f3-4b85-8cb7-3a7fb290c6ac" status: 200 len: 1416 microversion: 2.75 time: 0.507372
Oct 17 18:31:34.983989 n-d-859321-2 devstack@n-api.service[104098]: [pid: 104098|app: 0|req: 51/131] 10.222.0.18 () {60 vars in 1277 bytes} [Mon Oct 17 18:31:34 2022] GET /compute/v2.1/servers/2af33d16-e2f3-4b85-8cb7-3a7fb290c6ac => generated 1416 bytes in 509 msecs (HTTP/1.1 200) 9 headers in 360 bytes (1 switches on core 0)
Oct 17 18:31:35.003715 n-d-859321-2 devstack@n-api.service[104098]: DEBUG nova.api.openstack.wsgi [None req-d6d36a36-e584-4927-a3c6-6ea1ac6a1c07 tempest-QuotasAdminNegativeTest-2000422975 tempest-QuotasAdminNegativeTest-2000422975-project-admin] Action: 'update', calling method: .version_select at 0x7f1ef9906790>, body: {"quota_set": {"cores": 20}} {{(pid=104098) _process_stack /opt/stack/nova/nova/api/openstack/wsgi.py:511}}
Oct 17 18:31:35.009699 n-d-859321-2 devstack@n-api.service[104098]: /usr/local/lib/python3.8/dist-packages/oslo_policy/policy.py:1065: UserWarning: Policy os_compute_api:os-quota-sets:update failed scope check. The token used to make the request was project scoped but the policy requires ['system'] scope. This behavior may change in the future where using the intended scope is required
Oct 17 18:31:35.009699 n-d-859321-2 devstack@n-api.service[104098]: warnings.warn(msg)
Oct 17 18:31:35.013532 n-d-859321-2 devstack@n-api.service[104097]: INFO nova.api.openstack.requestlog [None req-a6eab69e-6bcd-4bf1-937f-af74facaa375 tempest-AggregatesAdminTestJSON-1255460797 tempest-AggregatesAdminTestJSON-1255460797-project] 10.222.0.18 "GET /compute/v2.1/servers/abc1860f-dd68-485d-9f66-235a29df0f50" status: 200 len: 1494 microversion: 2.1 time: 1.047807
Oct 17 18:31:35.019571 n-d-859321-2 devstack@n-api.service[104097]: [pid: 104097|app: 0|req: 81/132] 10.222.0.18 () {58 vars in 1236 bytes} [Mon Oct 17 18:31:33 2022] GET /compute/v2.1/servers/abc1860f-dd68-485d-9f66-235a29df0f50 => generated 1494 bytes in 1054 msecs (HTTP/1.1 200) 9 headers in 358 bytes (1 switches on core 0)
Oct 17 18:31:35.567320 n-d-859321-2 devstack@n-api.service[104098]: DEBUG oslo_concurrency.lockutils [None req-d6d36a36-e584-4927-a3c6-6ea1ac6a1c07 tempest-QuotasAdminNegativeTest-2000422975 tempest-QuotasAdminNegativeTest-2000422975-project-admin] Lock "00000000-0000-0000-0000-000000000000" acquired by "nova.context.set_target_cell..get_or_set_cached_cell_and_set_connections" :: waited 0.000s {{(pid=104098) inner /usr/local/lib/python3.8/dist-packages/oslo_concurrency/lockutils.py:355}}
Oct 17 18:31:35.568422 n-d-859321-2 devstack@n-api.service[104098]: DEBUG oslo_concurrency.lockutils [None req-d6d36a36-e584-4927-a3c6-6ea1ac6a1c07 tempest-QuotasAdminNegativeTest-2000422975 tempest-QuotasAdminNegativeTest-2000422975-project-admin] Lock "00000000-0000-0000-0000-000000000000" released by "nova.context.set_target_cell..get_or_set_cached_cell_and_set_connections" :: held 0.002s {{(pid=104098) inner /usr/local/lib/python3.8/dist-packages/oslo_concurrency/lockutils.py:367}}
Oct 17 18:31:35.570300 n-d-859321-2 devstack@n-api.service[104098]: DEBUG oslo_concurrency.lockutils [None req-d6d36a36-e584-4927-a3c6-6ea1ac6a1c07 tempest-QuotasAdminNegativeTest-2000422975 tempest-QuotasAdminNegativeTest-2000422975-project-admin] Lock "f247c012-4a5e-4151-ac17-daa71cc5c97e" acquired by "nova.context.set_target_cell..get_or_set_cached_cell_and_set_connections" :: waited 0.000s {{(pid=104098) inner /usr/local/lib/python3.8/dist-packages/oslo_concurrency/lockutils.py:355}}
Oct 17 18:31:35.573207 n-d-859321-2 devstack@n-api.service[104098]: DEBUG oslo_concurrency.lockutils [None req-d6d36a36-e584-4927-a3c6-6ea1ac6a1c07 tempest-QuotasAdminNegativeTest-2000422975 tempest-QuotasAdminNegativeTest-2000422975-project-admin] Lock "f247c012-4a5e-4151-ac17-daa71cc5c97e" released by "nova.context.set_target_cell..get_or_set_cached_cell_and_set_connections" :: held 0.003s {{(pid=104098) inner /usr/local/lib/python3.8/dist-packages/oslo_concurrency/lockutils.py:367}}
Oct 17 18:31:35.704527 n-d-859321-2 devstack@n-api.service[104098]: INFO nova.api.openstack.requestlog [None req-d6d36a36-e584-4927-a3c6-6ea1ac6a1c07 tempest-QuotasAdminNegativeTest-2000422975 tempest-QuotasAdminNegativeTest-2000422975-project-admin] 10.222.0.18 "PUT /compute/v2.1/os-quota-sets/e67258566d744126a315db68821a8819" status: 200 len: 329 microversion: 2.1 time: 0.713439
Oct 17 18:31:35.706531 n-d-859321-2 devstack@n-api.service[104098]: [pid: 104098|app: 0|req: 52/133] 10.222.0.18 () {60 vars in 1262 bytes} [Mon Oct 17 18:31:34 2022] PUT /compute/v2.1/os-quota-sets/e67258566d744126a315db68821a8819 => generated 329 bytes in 716 msecs (HTTP/1.1 200) 9 headers in 357 bytes (1 switches on core 0)
Oct 17 18:31:35.719589 n-d-859321-2 devstack@n-api.service[104097]: DEBUG nova.api.openstack.wsgi [None req-518af1fc-ed9f-4257-9c94-2ca469c22444 tempest-QuotasAdminNegativeTest-2000422975 tempest-QuotasAdminNegativeTest-2000422975-project-admin] Calling method '.version_select at 0x7f1ef97e59d0>' {{(pid=104097) _process_stack /opt/stack/nova/nova/api/openstack/wsgi.py:513}}
Oct 17 18:31:35.902870 n-d-859321-2 devstack@n-api.service[104097]: INFO nova.api.openstack.requestlog [None req-518af1fc-ed9f-4257-9c94-2ca469c22444 tempest-QuotasAdminNegativeTest-2000422975 tempest-QuotasAdminNegativeTest-2000422975-project-admin] 10.222.0.18 "GET /compute/v2.1/os-quota-sets/e67258566d744126a315db68821a8819" status: 200 len: 371 microversion: 2.1 time: 0.187636
Oct 17 18:31:35.903392 n-d-859321-2 devstack@n-api.service[104097]: [pid: 104097|app: 0|req: 82/134] 10.222.0.18 () {58 vars in 1242 bytes} [Mon Oct 17 18:31:35 2022] GET /compute/v2.1/os-quota-sets/e67258566d744126a315db68821a8819 => generated 371 bytes in 189 msecs (HTTP/1.1 200) 9 headers in 357 bytes (1 switches on core 0)
Oct 17 18:31:35.917230 n-d-859321-2 devstack@n-api.service[104098]: DEBUG nova.api.openstack.wsgi [None req-7c17237a-ad9d-4db1-aea1-1f26744cfca9 tempest-QuotasAdminNegativeTest-2000422975 tempest-QuotasAdminNegativeTest-2000422975-project-admin] Action: 'update', calling method: .version_select at 0x7f1ef8f7bf70>, body: {"quota_set": {"force": true, "instances": 0}} {{(pid=104098) _process_stack /opt/stack/nova/nova/api/openstack/wsgi.py:511}}
Oct 17 18:31:36.019101 n-d-859321-2 devstack@n-api.service[104097]: DEBUG nova.api.openstack.wsgi [None req-3599c4de-22c0-4265-9d61-a66d2fb446a6 tempest-ServersAdmin275Test-389201003 tempest-ServersAdmin275Test-389201003-project] Calling method '>' {{(pid=104097) _process_stack /opt/stack/nova/nova/api/openstack/wsgi.py:513}}
Oct 17 18:31:36.019713 n-d-859321-2 devstack@n-api.service[104097]: DEBUG nova.compute.api [None req-3599c4de-22c0-4265-9d61-a66d2fb446a6 tempest-ServersAdmin275Test-389201003 tempest-ServersAdmin275Test-389201003-project] [instance: 2af33d16-e2f3-4b85-8cb7-3a7fb290c6ac] Fetching instance by UUID {{(pid=104097) get /opt/stack/nova/nova/compute/api.py:2815}}
Oct 17 18:31:36.028345 n-d-859321-2 devstack@n-api.service[104097]: DEBUG oslo_concurrency.lockutils [None req-3599c4de-22c0-4265-9d61-a66d2fb446a6 tempest-ServersAdmin275Test-389201003 tempest-ServersAdmin275Test-389201003-project] Lock "f247c012-4a5e-4151-ac17-daa71cc5c97e" acquired by "nova.context.set_target_cell..get_or_set_cached_cell_and_set_connections" :: waited 0.000s {{(pid=104097) inner /usr/local/lib/python3.8/dist-packages/oslo_concurrency/lockutils.py:355}}
Oct 17 18:31:36.037444 n-d-859321-2 devstack@n-api.service[104097]: DEBUG oslo_concurrency.lockutils [None req-3599c4de-22c0-4265-9d61-a66d2fb446a6 tempest-ServersAdmin275Test-389201003 tempest-ServersAdmin275Test-389201003-project] Lock "f247c012-4a5e-4151-ac17-daa71cc5c97e" released by "nova.context.set_target_cell..get_or_set_cached_cell_and_set_connections" :: held 0.009s {{(pid=104097) inner /usr/local/lib/python3.8/dist-packages/oslo_concurrency/lockutils.py:367}}
Oct 17 18:31:36.050777 n-d-859321-2 devstack@n-api.service[104097]: DEBUG oslo_concurrency.lockutils [None req-3599c4de-22c0-4265-9d61-a66d2fb446a6 tempest-ServersAdmin275Test-389201003 tempest-ServersAdmin275Test-389201003-project] Lock "f247c012-4a5e-4151-ac17-daa71cc5c97e" acquired by "nova.context.set_target_cell..get_or_set_cached_cell_and_set_connections" :: waited 0.000s {{(pid=104097) inner /usr/local/lib/python3.8/dist-packages/oslo_concurrency/lockutils.py:355}}
Oct 17 18:31:36.053244 n-d-859321-2 devstack@n-api.service[104097]: DEBUG oslo_concurrency.lockutils [None req-3599c4de-22c0-4265-9d61-a66d2fb446a6 tempest-ServersAdmin275Test-389201003 tempest-ServersAdmin275Test-389201003-project] Lock "f247c012-4a5e-4151-ac17-daa71cc5c97e" released by "nova.context.set_target_cell..get_or_set_cached_cell_and_set_connections" :: held 0.002s {{(pid=104097) inner /usr/local/lib/python3.8/dist-packages/oslo_concurrency/lockutils.py:367}}
Oct 17 18:31:36.077923 n-d-859321-2 devstack@n-api.service[104098]: DEBUG oslo_concurrency.lockutils [None req-7c17237a-ad9d-4db1-aea1-1f26744cfca9 tempest-QuotasAdminNegativeTest-2000422975 tempest-QuotasAdminNegativeTest-2000422975-project-admin] Lock "00000000-0000-0000-0000-000000000000" acquired by "nova.context.set_target_cell..get_or_set_cached_cell_and_set_connections" :: waited 0.000s {{(pid=104098) inner /usr/local/lib/python3.8/dist-packages/oslo_concurrency/lockutils.py:355}}
Oct 17 18:31:36.081321 n-d-859321-2 devstack@n-api.service[104098]: DEBUG oslo_concurrency.lockutils [None req-7c17237a-ad9d-4db1-aea1-1f26744cfca9 tempest-QuotasAdminNegativeTest-2000422975 tempest-QuotasAdminNegativeTest-2000422975-project-admin] Lock "00000000-0000-0000-0000-000000000000" released by "nova.context.set_target_cell..get_or_set_cached_cell_and_set_connections" :: held 0.001s {{(pid=104098) inner /usr/local/lib/python3.8/dist-packages/oslo_concurrency/lockutils.py:367}}
Oct 17 18:31:36.083079 n-d-859321-2 devstack@n-api.service[104098]: DEBUG oslo_concurrency.lockutils [None req-7c17237a-ad9d-4db1-aea1-1f26744cfca9 tempest-QuotasAdminNegativeTest-2000422975 tempest-QuotasAdminNegativeTest-2000422975-project-admin] Lock "f247c012-4a5e-4151-ac17-daa71cc5c97e" acquired by "nova.context.set_target_cell..get_or_set_cached_cell_and_set_connections" :: waited 0.000s {{(pid=104098) inner /usr/local/lib/python3.8/dist-packages/oslo_concurrency/lockutils.py:355}}
Oct 17 18:31:36.083516 n-d-859321-2 devstack@n-api.service[104098]: DEBUG oslo_concurrency.lockutils [None req-7c17237a-ad9d-4db1-aea1-1f26744cfca9 tempest-QuotasAdminNegativeTest-2000422975 tempest-QuotasAdminNegativeTest-2000422975-project-admin] Lock "f247c012-4a5e-4151-ac17-daa71cc5c97e" released by "nova.context.set_target_cell..get_or_set_cached_cell_and_set_connections" :: held 0.000s {{(pid=104098) inner /usr/local/lib/python3.8/dist-packages/oslo_concurrency/lockutils.py:367}}
Oct 17 18:31:36.211299 n-d-859321-2 devstack@n-api.service[104098]: INFO nova.api.openstack.requestlog [None req-7c17237a-ad9d-4db1-aea1-1f26744cfca9 tempest-QuotasAdminNegativeTest-2000422975 tempest-QuotasAdminNegativeTest-2000422975-project-admin] 10.222.0.18 "PUT /compute/v2.1/os-quota-sets/e67258566d744126a315db68821a8819" status: 200 len: 328 microversion: 2.1 time: 0.297972
Oct 17 18:31:36.211949 n-d-859321-2 devstack@n-api.service[104098]: [pid: 104098|app: 0|req: 53/135] 10.222.0.18 () {60 vars in 1262 bytes} [Mon Oct 17 18:31:35 2022] PUT /compute/v2.1/os-quota-sets/e67258566d744126a315db68821a8819 => generated 328 bytes in 300 msecs (HTTP/1.1 200) 9 headers in 357 bytes (1 switches on core 0)
Oct 17 18:31:36.239330 n-d-859321-2 devstack@n-api.service[104098]: DEBUG nova.api.openstack.wsgi [None req-62a9c722-5a2c-46f2-b7fe-a16e09079fe1 tempest-AggregatesAdminTestJSON-1255460797 tempest-AggregatesAdminTestJSON-1255460797-project] Calling method '>' {{(pid=104098) _process_stack /opt/stack/nova/nova/api/openstack/wsgi.py:513}}
Oct 17 18:31:36.239979 n-d-859321-2 devstack@n-api.service[104098]: DEBUG nova.compute.api [None req-62a9c722-5a2c-46f2-b7fe-a16e09079fe1 tempest-AggregatesAdminTestJSON-1255460797 tempest-AggregatesAdminTestJSON-1255460797-project] [instance: abc1860f-dd68-485d-9f66-235a29df0f50] Fetching instance by UUID {{(pid=104098) get /opt/stack/nova/nova/compute/api.py:2815}}
Oct 17 18:31:36.264178 n-d-859321-2 devstack@n-api.service[104098]: DEBUG oslo_concurrency.lockutils [None req-62a9c722-5a2c-46f2-b7fe-a16e09079fe1 tempest-AggregatesAdminTestJSON-1255460797 tempest-AggregatesAdminTestJSON-1255460797-project] Lock "f247c012-4a5e-4151-ac17-daa71cc5c97e" acquired by "nova.context.set_target_cell..get_or_set_cached_cell_and_set_connections" :: waited 0.000s {{(pid=104098) inner /usr/local/lib/python3.8/dist-packages/oslo_concurrency/lockutils.py:355}}
Oct 17 18:31:36.264639 n-d-859321-2 devstack@n-api.service[104098]: DEBUG oslo_concurrency.lockutils [None req-62a9c722-5a2c-46f2-b7fe-a16e09079fe1 tempest-AggregatesAdminTestJSON-1255460797 tempest-AggregatesAdminTestJSON-1255460797-project] Lock "f247c012-4a5e-4151-ac17-daa71cc5c97e" released by "nova.context.set_target_cell..get_or_set_cached_cell_and_set_connections" :: held 0.002s {{(pid=104098) inner /usr/local/lib/python3.8/dist-packages/oslo_concurrency/lockutils.py:367}}
Oct 17 18:31:36.265424 n-d-859321-2 devstack@n-api.service[104098]: DEBUG oslo_concurrency.lockutils [None req-62a9c722-5a2c-46f2-b7fe-a16e09079fe1 tempest-AggregatesAdminTestJSON-1255460797 tempest-AggregatesAdminTestJSON-1255460797-project] Lock "f247c012-4a5e-4151-ac17-daa71cc5c97e" acquired by "nova.context.set_target_cell..get_or_set_cached_cell_and_set_connections" :: waited 0.000s {{(pid=104098) inner /usr/local/lib/python3.8/dist-packages/oslo_concurrency/lockutils.py:355}}
Oct 17 18:31:36.270004 n-d-859321-2 devstack@n-api.service[104098]: DEBUG oslo_concurrency.lockutils [None req-62a9c722-5a2c-46f2-b7fe-a16e09079fe1 tempest-AggregatesAdminTestJSON-1255460797 tempest-AggregatesAdminTestJSON-1255460797-project] Lock "f247c012-4a5e-4151-ac17-daa71cc5c97e" released by "nova.context.set_target_cell..get_or_set_cached_cell_and_set_connections" :: held 0.004s {{(pid=104098) inner /usr/local/lib/python3.8/dist-packages/oslo_concurrency/lockutils.py:367}}
Oct 17 18:31:36.731846 n-d-859321-2 devstack@n-api.service[104097]: DEBUG nova.policy [None req-3599c4de-22c0-4265-9d61-a66d2fb446a6 tempest-ServersAdmin275Test-389201003 tempest-ServersAdmin275Test-389201003-project] Policy check for os_compute_api:os-extended-server-attributes failed with credentials {'is_admin': False, 'user_id': 'd90e7059dbb34ad9979573829016daee', 'user_domain_id': 'default', 'system_scope': None, 'domain_id': None, 'project_id': '4e3beb380ad14d5cb55b4086ea73bc1f', 'project_domain_id': 'default', 'roles': ['reader', 'member'], 'is_admin_project': True, 'service_user_id': None, 'service_user_domain_id': None, 'service_project_id': None, 'service_project_domain_id': None, 'service_roles': []} {{(pid=104097) authorize /opt/stack/nova/nova/policy.py:199}}
Oct 17 18:31:36.761116 n-d-859321-2 devstack@n-api.service[104097]: DEBUG nova.policy [None req-3599c4de-22c0-4265-9d61-a66d2fb446a6 tempest-ServersAdmin275Test-389201003 tempest-ServersAdmin275Test-389201003-project] Policy check for os_compute_api:servers:show:host_status failed with credentials {'is_admin': False, 'user_id': 'd90e7059dbb34ad9979573829016daee', 'user_domain_id': 'default', 'system_scope': None, 'domain_id': None, 'project_id': '4e3beb380ad14d5cb55b4086ea73bc1f', 'project_domain_id': 'default', 'roles': ['reader', 'member'], 'is_admin_project': True, 'service_user_id': None, 'service_user_domain_id': None, 'service_project_id': None, 'service_project_domain_id': None, 'service_roles': []} {{(pid=104097) authorize /opt/stack/nova/nova/policy.py:199}}
Oct 17 18:31:36.763843 n-d-859321-2 devstack@n-api.service[104097]: DEBUG nova.policy [None req-3599c4de-22c0-4265-9d61-a66d2fb446a6 tempest-ServersAdmin275Test-389201003 tempest-ServersAdmin275Test-389201003-project] Policy check for os_compute_api:servers:show:host_status:unknown-only failed with credentials {'is_admin': False, 'user_id': 'd90e7059dbb34ad9979573829016daee', 'user_domain_id': 'default', 'system_scope': None, 'domain_id': None, 'project_id': '4e3beb380ad14d5cb55b4086ea73bc1f', 'project_domain_id': 'default', 'roles': ['reader', 'member'], 'is_admin_project': True, 'service_user_id': None, 'service_user_domain_id': None, 'service_project_id': None, 'service_project_domain_id': None, 'service_roles': []} {{(pid=104097) authorize /opt/stack/nova/nova/policy.py:199}}
Oct 17 18:31:36.775276 n-d-859321-2 devstack@n-api.service[104097]: INFO nova.api.openstack.requestlog [None req-3599c4de-22c0-4265-9d61-a66d2fb446a6 tempest-ServersAdmin275Test-389201003 tempest-ServersAdmin275Test-389201003-project] 10.222.0.18 "GET /compute/v2.1/servers/2af33d16-e2f3-4b85-8cb7-3a7fb290c6ac" status: 200 len: 1416 microversion: 2.75 time: 0.764035
Oct 17 18:31:36.782907 n-d-859321-2 devstack@n-api.service[104097]: [pid: 104097|app: 0|req: 83/136] 10.222.0.18 () {60 vars in 1277 bytes} [Mon Oct 17 18:31:36 2022] GET /compute/v2.1/servers/2af33d16-e2f3-4b85-8cb7-3a7fb290c6ac => generated 1416 bytes in 772 msecs (HTTP/1.1 200) 9 headers in 360 bytes (2 switches on core 0)
Oct 17 18:31:36.796340 n-d-859321-2 devstack@n-api.service[104097]: DEBUG nova.api.openstack.wsgi [None req-f9a57309-da2e-41a0-be0c-6619809fcdb4 tempest-QuotasAdminNegativeTest-1078097644 tempest-QuotasAdminNegativeTest-1078097644-project] Action: 'create', calling method: >, body: {"server": {"name": "tempest-QuotasAdminNegativeTest-server-1155673961", "imageRef": "d1a11259-03d2-4b51-bb27-39edac0e3ac0", "flavorRef": "452"}} {{(pid=104097) _process_stack /opt/stack/nova/nova/api/openstack/wsgi.py:511}}
Oct 17 18:31:36.926179 n-d-859321-2 devstack@n-api.service[104097]: DEBUG nova.network.neutron [None req-f9a57309-da2e-41a0-be0c-6619809fcdb4 tempest-QuotasAdminNegativeTest-1078097644 tempest-QuotasAdminNegativeTest-1078097644-project] validate_networks() for None {{(pid=104097) validate_networks /opt/stack/nova/nova/network/neutron.py:2367}}
Oct 17 18:31:37.447476 n-d-859321-2 devstack@n-api.service[104098]: DEBUG nova.policy [None req-62a9c722-5a2c-46f2-b7fe-a16e09079fe1 tempest-AggregatesAdminTestJSON-1255460797 tempest-AggregatesAdminTestJSON-1255460797-project] Policy check for os_compute_api:os-extended-server-attributes failed with credentials {'is_admin': False, 'user_id': 'f69c2b3f3d3845e8979da1dc7c10e009', 'user_domain_id': 'default', 'system_scope': None, 'domain_id': None, 'project_id': '20a95bd506d34402aba5fcddd7b3f0e4', 'project_domain_id': 'default', 'roles': ['reader', 'member'], 'is_admin_project': True, 'service_user_id': None, 'service_user_domain_id': None, 'service_project_id': None, 'service_project_domain_id': None, 'service_roles': []} {{(pid=104098) authorize /opt/stack/nova/nova/policy.py:199}}
Oct 17 18:31:37.461368 n-d-859321-2 devstack@n-api.service[104098]: INFO nova.api.openstack.requestlog [None req-62a9c722-5a2c-46f2-b7fe-a16e09079fe1 tempest-AggregatesAdminTestJSON-1255460797 tempest-AggregatesAdminTestJSON-1255460797-project] 10.222.0.18 "GET /compute/v2.1/servers/abc1860f-dd68-485d-9f66-235a29df0f50" status: 200 len: 1494 microversion: 2.1 time: 1.241467
Oct 17 18:31:37.462620 n-d-859321-2 devstack@n-api.service[104098]: [pid: 104098|app: 0|req: 54/137] 10.222.0.18 () {58 vars in 1236 bytes} [Mon Oct 17 18:31:36 2022] GET /compute/v2.1/servers/abc1860f-dd68-485d-9f66-235a29df0f50 => generated 1494 bytes in 1250 msecs (HTTP/1.1 200) 9 headers in 358 bytes (1 switches on core 0)
Oct 17 18:31:37.813520 n-d-859321-2 devstack@n-api.service[104098]: DEBUG nova.api.openstack.wsgi [None req-01c4ef41-69ff-4c2a-a789-d7dc04fe649d tempest-ServersAdmin275Test-389201003 tempest-ServersAdmin275Test-389201003-project] Calling method '>' {{(pid=104098) _process_stack /opt/stack/nova/nova/api/openstack/wsgi.py:513}}
Oct 17 18:31:37.814547 n-d-859321-2 devstack@n-api.service[104098]: DEBUG nova.compute.api [None req-01c4ef41-69ff-4c2a-a789-d7dc04fe649d tempest-ServersAdmin275Test-389201003 tempest-ServersAdmin275Test-389201003-project] [instance: 2af33d16-e2f3-4b85-8cb7-3a7fb290c6ac] Fetching instance by UUID {{(pid=104098) get /opt/stack/nova/nova/compute/api.py:2815}}
Oct 17 18:31:37.830714 n-d-859321-2 devstack@n-api.service[104098]: DEBUG oslo_concurrency.lockutils [None req-01c4ef41-69ff-4c2a-a789-d7dc04fe649d tempest-ServersAdmin275Test-389201003 tempest-ServersAdmin275Test-389201003-project] Lock "f247c012-4a5e-4151-ac17-daa71cc5c97e" acquired by "nova.context.set_target_cell..get_or_set_cached_cell_and_set_connections" :: waited 0.000s {{(pid=104098) inner /usr/local/lib/python3.8/dist-packages/oslo_concurrency/lockutils.py:355}}
Oct 17 18:31:37.831372 n-d-859321-2 devstack@n-api.service[104098]: DEBUG oslo_concurrency.lockutils [None req-01c4ef41-69ff-4c2a-a789-d7dc04fe649d tempest-ServersAdmin275Test-389201003 tempest-ServersAdmin275Test-389201003-project] Lock "f247c012-4a5e-4151-ac17-daa71cc5c97e" released by "nova.context.set_target_cell..get_or_set_cached_cell_and_set_connections" :: held 0.004s {{(pid=104098) inner /usr/local/lib/python3.8/dist-packages/oslo_concurrency/lockutils.py:367}}
Oct 17 18:31:37.835037 n-d-859321-2 devstack@n-api.service[104098]: DEBUG oslo_concurrency.lockutils [None req-01c4ef41-69ff-4c2a-a789-d7dc04fe649d tempest-ServersAdmin275Test-389201003 tempest-ServersAdmin275Test-389201003-project] Lock "f247c012-4a5e-4151-ac17-daa71cc5c97e" acquired by "nova.context.set_target_cell..get_or_set_cached_cell_and_set_connections" :: waited 0.000s {{(pid=104098) inner /usr/local/lib/python3.8/dist-packages/oslo_concurrency/lockutils.py:355}}
Oct 17 18:31:37.835409 n-d-859321-2 devstack@n-api.service[104098]: DEBUG oslo_concurrency.lockutils [None req-01c4ef41-69ff-4c2a-a789-d7dc04fe649d tempest-ServersAdmin275Test-389201003 tempest-ServersAdmin275Test-389201003-project] Lock "f247c012-4a5e-4151-ac17-daa71cc5c97e" released by "nova.context.set_target_cell..get_or_set_cached_cell_and_set_connections" :: held 0.002s {{(pid=104098) inner /usr/local/lib/python3.8/dist-packages/oslo_concurrency/lockutils.py:367}}
Oct 17 18:31:37.855702 n-d-859321-2 devstack@n-api.service[104097]: DEBUG nova.virt.hardware [None req-f9a57309-da2e-41a0-be0c-6619809fcdb4 tempest-QuotasAdminNegativeTest-1078097644 tempest-QuotasAdminNegativeTest-1078097644-project] Flavor limits 0:0:0 {{(pid=104097) get_cpu_topology_constraints /opt/stack/nova/nova/virt/hardware.py:343}}
Oct 17 18:31:37.856704 n-d-859321-2 devstack@n-api.service[104097]: DEBUG nova.virt.hardware [None req-f9a57309-da2e-41a0-be0c-6619809fcdb4 tempest-QuotasAdminNegativeTest-1078097644 tempest-QuotasAdminNegativeTest-1078097644-project] Image limits 0:0:0 {{(pid=104097) get_cpu_topology_constraints /opt/stack/nova/nova/virt/hardware.py:347}}
Oct 17 18:31:37.857951 n-d-859321-2 devstack@n-api.service[104097]: DEBUG nova.virt.hardware [None req-f9a57309-da2e-41a0-be0c-6619809fcdb4 tempest-QuotasAdminNegativeTest-1078097644 tempest-QuotasAdminNegativeTest-1078097644-project] Flavor pref 0:0:0 {{(pid=104097) get_cpu_topology_constraints /opt/stack/nova/nova/virt/hardware.py:383}}
Oct 17 18:31:37.858684 n-d-859321-2 devstack@n-api.service[104097]: DEBUG nova.virt.hardware [None req-f9a57309-da2e-41a0-be0c-6619809fcdb4 tempest-QuotasAdminNegativeTest-1078097644 tempest-QuotasAdminNegativeTest-1078097644-project] Image pref 0:0:0 {{(pid=104097) get_cpu_topology_constraints /opt/stack/nova/nova/virt/hardware.py:387}}
Oct 17 18:31:37.859329 n-d-859321-2 devstack@n-api.service[104097]: DEBUG nova.virt.hardware [None req-f9a57309-da2e-41a0-be0c-6619809fcdb4 tempest-QuotasAdminNegativeTest-1078097644 tempest-QuotasAdminNegativeTest-1078097644-project] Chose sockets=0, cores=0, threads=0; limits were sockets=65536, cores=65536, threads=65536 {{(pid=104097) get_cpu_topology_constraints /opt/stack/nova/nova/virt/hardware.py:425}}
Oct 17 18:31:37.885766 n-d-859321-2 devstack@n-api.service[104097]: DEBUG oslo_concurrency.lockutils [None req-f9a57309-da2e-41a0-be0c-6619809fcdb4 tempest-QuotasAdminNegativeTest-1078097644 tempest-QuotasAdminNegativeTest-1078097644-project] Lock "00000000-0000-0000-0000-000000000000" acquired by "nova.context.set_target_cell..get_or_set_cached_cell_and_set_connections" :: waited 0.000s {{(pid=104097) inner /usr/local/lib/python3.8/dist-packages/oslo_concurrency/lockutils.py:355}}
Oct 17 18:31:37.886546 n-d-859321-2 devstack@n-api.service[104097]: DEBUG oslo_concurrency.lockutils [None req-f9a57309-da2e-41a0-be0c-6619809fcdb4 tempest-QuotasAdminNegativeTest-1078097644 tempest-QuotasAdminNegativeTest-1078097644-project] Lock "00000000-0000-0000-0000-000000000000" released by "nova.context.set_target_cell..get_or_set_cached_cell_and_set_connections" :: held 0.001s {{(pid=104097) inner /usr/local/lib/python3.8/dist-packages/oslo_concurrency/lockutils.py:367}}
Oct 17 18:31:37.888978 n-d-859321-2 devstack@n-api.service[104097]: DEBUG oslo_concurrency.lockutils [None req-f9a57309-da2e-41a0-be0c-6619809fcdb4 tempest-QuotasAdminNegativeTest-1078097644 tempest-QuotasAdminNegativeTest-1078097644-project] Lock "f247c012-4a5e-4151-ac17-daa71cc5c97e" acquired by "nova.context.set_target_cell..get_or_set_cached_cell_and_set_connections" :: waited 0.000s {{(pid=104097) inner /usr/local/lib/python3.8/dist-packages/oslo_concurrency/lockutils.py:355}}
Oct 17 18:31:37.889764 n-d-859321-2 devstack@n-api.service[104097]: DEBUG oslo_concurrency.lockutils [None req-f9a57309-da2e-41a0-be0c-6619809fcdb4 tempest-QuotasAdminNegativeTest-1078097644 tempest-QuotasAdminNegativeTest-1078097644-project] Lock "f247c012-4a5e-4151-ac17-daa71cc5c97e" released by "nova.context.set_target_cell..get_or_set_cached_cell_and_set_connections" :: held 0.001s {{(pid=104097) inner /usr/local/lib/python3.8/dist-packages/oslo_concurrency/lockutils.py:367}}
Oct 17 18:31:37.945798 n-d-859321-2 devstack@n-api.service[104097]: DEBUG nova.quota [None req-f9a57309-da2e-41a0-be0c-6619809fcdb4 tempest-QuotasAdminNegativeTest-1078097644 tempest-QuotasAdminNegativeTest-1078097644-project] Getting quotas for project e67258566d744126a315db68821a8819. Resources: {'instances', 'cores', 'ram'} {{(pid=104097) _get_quotas /opt/stack/nova/nova/quota.py:387}}
Oct 17 18:31:37.970002 n-d-859321-2 devstack@n-api.service[104097]: DEBUG nova.quota [None req-f9a57309-da2e-41a0-be0c-6619809fcdb4 tempest-QuotasAdminNegativeTest-1078097644 tempest-QuotasAdminNegativeTest-1078097644-project] Getting quotas for user fc40bc501277448a87d09da359a5be74 and project e67258566d744126a315db68821a8819. Resources: {'instances', 'cores', 'ram'} {{(pid=104097) _get_quotas /opt/stack/nova/nova/quota.py:377}}
Oct 17 18:31:37.994908 n-d-859321-2 devstack@n-api.service[104097]: DEBUG nova.compute.utils [None req-f9a57309-da2e-41a0-be0c-6619809fcdb4 tempest-QuotasAdminNegativeTest-1078097644 tempest-QuotasAdminNegativeTest-1078097644-project] instances quota exceeded for e67258566d744126a315db68821a8819, tried to run 1 instances. Cannot run any more instances of this type. {{(pid=104097) check_num_instances_quota /opt/stack/nova/nova/compute/utils.py:1168}}
Oct 17 18:31:37.995974 n-d-859321-2 devstack@n-api.service[104097]: INFO nova.api.openstack.wsgi [None req-f9a57309-da2e-41a0-be0c-6619809fcdb4 tempest-QuotasAdminNegativeTest-1078097644 tempest-QuotasAdminNegativeTest-1078097644-project] HTTP exception thrown: Quota exceeded for instances: Requested 1, but already used 0 of 0 instances
Oct 17 18:31:37.997106 n-d-859321-2 devstack@n-api.service[104097]: DEBUG nova.api.openstack.wsgi [None req-f9a57309-da2e-41a0-be0c-6619809fcdb4 tempest-QuotasAdminNegativeTest-1078097644 tempest-QuotasAdminNegativeTest-1078097644-project] Returning 403 to user: Quota exceeded for instances: Requested 1, but already used 0 of 0 instances {{(pid=104097) __call__ /opt/stack/nova/nova/api/openstack/wsgi.py:927}}
Oct 17 18:31:37.999022 n-d-859321-2 devstack@n-api.service[104097]: INFO nova.api.openstack.requestlog [None req-f9a57309-da2e-41a0-be0c-6619809fcdb4 tempest-QuotasAdminNegativeTest-1078097644 tempest-QuotasAdminNegativeTest-1078097644-project] 10.222.0.18 "POST /compute/v2.1/servers" status: 403 len: 119 microversion: 2.1 time: 1.211757
Oct 17 18:31:38.000834 n-d-859321-2 devstack@n-api.service[104097]: [pid: 104097|app: 0|req: 84/138] 10.222.0.18 () {60 vars in 1147 bytes} [Mon Oct 17 18:31:36 2022] POST /compute/v2.1/servers => generated 119 bytes in 1217 msecs (HTTP/1.1 403) 9 headers in 379 bytes (1 switches on core 0)
Oct 17 18:31:38.014579 n-d-859321-2 devstack@n-api.service[104097]: DEBUG nova.api.openstack.wsgi [req-9fe7e3d2-e012-4864-a56b-7dec355b1d34 req-897c2fa1-c4cc-4875-8caf-9a3834507e64 service nova] Action: 'create', calling method: >, body: {"events": [{"server_uuid": "abc1860f-dd68-485d-9f66-235a29df0f50", "name": "network-vif-deleted", "tag": "9fa782d1-7e3c-49c2-afc1-07971b04efa7"}]} {{(pid=104097) _process_stack /opt/stack/nova/nova/api/openstack/wsgi.py:511}}
Oct 17 18:31:38.020553 n-d-859321-2 devstack@n-api.service[104097]: /usr/local/lib/python3.8/dist-packages/oslo_policy/policy.py:1065: UserWarning: Policy os_compute_api:os-server-external-events:create failed scope check. The token used to make the request was project scoped but the policy requires ['system'] scope. This behavior may change in the future where using the intended scope is required
Oct 17 18:31:38.020553 n-d-859321-2 devstack@n-api.service[104097]: warnings.warn(msg)
Oct 17 18:31:38.035085 n-d-859321-2 devstack@n-api.service[104097]: DEBUG oslo_concurrency.lockutils [req-9fe7e3d2-e012-4864-a56b-7dec355b1d34 req-897c2fa1-c4cc-4875-8caf-9a3834507e64 service nova] Lock "f247c012-4a5e-4151-ac17-daa71cc5c97e" acquired by "nova.context.set_target_cell..get_or_set_cached_cell_and_set_connections" :: waited 0.000s {{(pid=104097) inner /usr/local/lib/python3.8/dist-packages/oslo_concurrency/lockutils.py:355}}
Oct 17 18:31:38.037044 n-d-859321-2 devstack@n-api.service[104097]: DEBUG oslo_concurrency.lockutils [req-9fe7e3d2-e012-4864-a56b-7dec355b1d34 req-897c2fa1-c4cc-4875-8caf-9a3834507e64 service nova] Lock "f247c012-4a5e-4151-ac17-daa71cc5c97e" released by "nova.context.set_target_cell..get_or_set_cached_cell_and_set_connections" :: held 0.002s {{(pid=104097) inner /usr/local/lib/python3.8/dist-packages/oslo_concurrency/lockutils.py:367}}
Oct 17 18:31:38.089799 n-d-859321-2 devstack@n-api.service[104098]: DEBUG nova.policy [None req-01c4ef41-69ff-4c2a-a789-d7dc04fe649d tempest-ServersAdmin275Test-389201003 tempest-ServersAdmin275Test-389201003-project] Policy check for os_compute_api:os-extended-server-attributes failed with credentials {'is_admin': False, 'user_id': 'd90e7059dbb34ad9979573829016daee', 'user_domain_id': 'default', 'system_scope': None, 'domain_id': None, 'project_id': '4e3beb380ad14d5cb55b4086ea73bc1f', 'project_domain_id': 'default', 'roles': ['reader', 'member'], 'is_admin_project': True, 'service_user_id': None, 'service_user_domain_id': None, 'service_project_id': None, 'service_project_domain_id': None, 'service_roles': []} {{(pid=104098) authorize /opt/stack/nova/nova/policy.py:199}}
Oct 17 18:31:38.096278 n-d-859321-2 devstack@n-api.service[104097]: INFO nova.api.openstack.compute.server_external_events [req-9fe7e3d2-e012-4864-a56b-7dec355b1d34 req-897c2fa1-c4cc-4875-8caf-9a3834507e64 service nova] Creating event network-vif-deleted:9fa782d1-7e3c-49c2-afc1-07971b04efa7 for instance abc1860f-dd68-485d-9f66-235a29df0f50 on n-h2-859321-2
Oct 17 18:31:38.106721 n-d-859321-2 devstack@n-api.service[104098]: DEBUG nova.policy [None req-01c4ef41-69ff-4c2a-a789-d7dc04fe649d tempest-ServersAdmin275Test-389201003 tempest-ServersAdmin275Test-389201003-project] Policy check for os_compute_api:servers:show:host_status failed with credentials {'is_admin': False, 'user_id': 'd90e7059dbb34ad9979573829016daee', 'user_domain_id': 'default', 'system_scope': None, 'domain_id': None, 'project_id': '4e3beb380ad14d5cb55b4086ea73bc1f', 'project_domain_id': 'default', 'roles': ['reader', 'member'], 'is_admin_project': True, 'service_user_id': None, 'service_user_domain_id': None, 'service_project_id': None, 'service_project_domain_id': None, 'service_roles': []} {{(pid=104098) authorize /opt/stack/nova/nova/policy.py:199}}
Oct 17 18:31:38.107914 n-d-859321-2 devstack@n-api.service[104097]: INFO nova.api.openstack.requestlog [req-9fe7e3d2-e012-4864-a56b-7dec355b1d34 req-897c2fa1-c4cc-4875-8caf-9a3834507e64 service nova] 10.222.0.18 "POST /compute/v2.1/os-server-external-events" status: 200 len: 183 microversion: 2.1 time: 0.102392
Oct 17 18:31:38.108718 n-d-859321-2 devstack@n-api.service[104098]: DEBUG nova.policy [None req-01c4ef41-69ff-4c2a-a789-d7dc04fe649d tempest-ServersAdmin275Test-389201003 tempest-ServersAdmin275Test-389201003-project] Policy check for os_compute_api:servers:show:host_status:unknown-only failed with credentials {'is_admin': False, 'user_id': 'd90e7059dbb34ad9979573829016daee', 'user_domain_id': 'default', 'system_scope': None, 'domain_id': None, 'project_id': '4e3beb380ad14d5cb55b4086ea73bc1f', 'project_domain_id': 'default', 'roles': ['reader', 'member'], 'is_admin_project': True, 'service_user_id': None, 'service_user_domain_id': None, 'service_project_id': None, 'service_project_domain_id': None, 'service_roles': []} {{(pid=104098) authorize /opt/stack/nova/nova/policy.py:199}}
Oct 17 18:31:38.109784 n-d-859321-2 devstack@n-api.service[104097]: [pid: 104097|app: 0|req: 85/139] 10.222.0.18 () {64 vars in 1317 bytes} [Mon Oct 17 18:31:38 2022] POST /compute/v2.1/os-server-external-events => generated 183 bytes in 108 msecs (HTTP/1.1 200) 9 headers in 357 bytes (1 switches on core 0)
Oct 17 18:31:38.118211 n-d-859321-2 devstack@n-api.service[104098]: INFO nova.api.openstack.requestlog [None req-01c4ef41-69ff-4c2a-a789-d7dc04fe649d tempest-ServersAdmin275Test-389201003 tempest-ServersAdmin275Test-389201003-project] 10.222.0.18 "GET /compute/v2.1/servers/2af33d16-e2f3-4b85-8cb7-3a7fb290c6ac" status: 200 len: 1416 microversion: 2.75 time: 0.311133
Oct 17 18:31:38.118931 n-d-859321-2 devstack@n-api.service[104097]: DEBUG nova.api.openstack.wsgi [None req-5ea7e283-c6af-43ad-8fe6-fe34aa73a58b tempest-QuotasAdminNegativeTest-2000422975 tempest-QuotasAdminNegativeTest-2000422975-project-admin] Action: 'update', calling method: .version_select at 0x7f1ef97e50d0>, body: {"quota_set": {"instances": 10}} {{(pid=104097) _process_stack /opt/stack/nova/nova/api/openstack/wsgi.py:511}}
Oct 17 18:31:38.121478 n-d-859321-2 devstack@n-api.service[104097]: /usr/local/lib/python3.8/dist-packages/oslo_policy/policy.py:1065: UserWarning: Policy os_compute_api:os-quota-sets:update failed scope check. The token used to make the request was project scoped but the policy requires ['system'] scope. This behavior may change in the future where using the intended scope is required
Oct 17 18:31:38.121478 n-d-859321-2 devstack@n-api.service[104097]: warnings.warn(msg)
Oct 17 18:31:38.122667 n-d-859321-2 devstack@n-api.service[104098]: [pid: 104098|app: 0|req: 55/140] 10.222.0.18 () {60 vars in 1277 bytes} [Mon Oct 17 18:31:37 2022] GET /compute/v2.1/servers/2af33d16-e2f3-4b85-8cb7-3a7fb290c6ac => generated 1416 bytes in 317 msecs (HTTP/1.1 200) 9 headers in 360 bytes (2 switches on core 0)
Oct 17 18:31:38.361354 n-d-859321-2 devstack@n-api.service[104097]: DEBUG oslo_concurrency.lockutils [None req-5ea7e283-c6af-43ad-8fe6-fe34aa73a58b tempest-QuotasAdminNegativeTest-2000422975 tempest-QuotasAdminNegativeTest-2000422975-project-admin] Lock "00000000-0000-0000-0000-000000000000" acquired by "nova.context.set_target_cell..get_or_set_cached_cell_and_set_connections" :: waited 0.000s {{(pid=104097) inner /usr/local/lib/python3.8/dist-packages/oslo_concurrency/lockutils.py:355}}
Oct 17 18:31:38.362120 n-d-859321-2 devstack@n-api.service[104097]: DEBUG oslo_concurrency.lockutils [None req-5ea7e283-c6af-43ad-8fe6-fe34aa73a58b tempest-QuotasAdminNegativeTest-2000422975 tempest-QuotasAdminNegativeTest-2000422975-project-admin] Lock "00000000-0000-0000-0000-000000000000" released by "nova.context.set_target_cell..get_or_set_cached_cell_and_set_connections" :: held 0.001s {{(pid=104097) inner /usr/local/lib/python3.8/dist-packages/oslo_concurrency/lockutils.py:367}}
Oct 17 18:31:38.364261 n-d-859321-2 devstack@n-api.service[104097]: DEBUG oslo_concurrency.lockutils [None req-5ea7e283-c6af-43ad-8fe6-fe34aa73a58b tempest-QuotasAdminNegativeTest-2000422975 tempest-QuotasAdminNegativeTest-2000422975-project-admin] Lock "f247c012-4a5e-4151-ac17-daa71cc5c97e" acquired by "nova.context.set_target_cell..get_or_set_cached_cell_and_set_connections" :: waited 0.000s {{(pid=104097) inner /usr/local/lib/python3.8/dist-packages/oslo_concurrency/lockutils.py:355}}
Oct 17 18:31:38.365719 n-d-859321-2 devstack@n-api.service[104097]: DEBUG oslo_concurrency.lockutils [None req-5ea7e283-c6af-43ad-8fe6-fe34aa73a58b tempest-QuotasAdminNegativeTest-2000422975 tempest-QuotasAdminNegativeTest-2000422975-project-admin] Lock "f247c012-4a5e-4151-ac17-daa71cc5c97e" released by "nova.context.set_target_cell..get_or_set_cached_cell_and_set_connections" :: held 0.001s {{(pid=104097) inner /usr/local/lib/python3.8/dist-packages/oslo_concurrency/lockutils.py:367}}
Oct 17 18:31:38.470371 n-d-859321-2 devstack@n-api.service[104097]: INFO nova.api.openstack.requestlog [None req-5ea7e283-c6af-43ad-8fe6-fe34aa73a58b tempest-QuotasAdminNegativeTest-2000422975 tempest-QuotasAdminNegativeTest-2000422975-project-admin] 10.222.0.18 "PUT /compute/v2.1/os-quota-sets/e67258566d744126a315db68821a8819" status: 200 len: 329 microversion: 2.1 time: 0.358919
Oct 17 18:31:38.471414 n-d-859321-2 devstack@n-api.service[104097]: [pid: 104097|app: 0|req: 86/141] 10.222.0.18 () {60 vars in 1262 bytes} [Mon Oct 17 18:31:38 2022] PUT /compute/v2.1/os-quota-sets/e67258566d744126a315db68821a8819 => generated 329 bytes in 361 msecs (HTTP/1.1 200) 9 headers in 357 bytes (1 switches on core 0)
Oct 17 18:31:38.484577 n-d-859321-2 devstack@n-api.service[104098]: DEBUG nova.api.openstack.wsgi [None req-7671410b-058c-49bf-b2b6-07e6ea29d404 tempest-AggregatesAdminTestJSON-1255460797 tempest-AggregatesAdminTestJSON-1255460797-project] Calling method '>' {{(pid=104098) _process_stack /opt/stack/nova/nova/api/openstack/wsgi.py:513}}
Oct 17 18:31:38.485533 n-d-859321-2 devstack@n-api.service[104097]: DEBUG nova.api.openstack.wsgi [None req-fe3c01cc-3053-4587-9088-b9c99a6f7897 tempest-QuotasAdminNegativeTest-2000422975 tempest-QuotasAdminNegativeTest-2000422975-project-admin] Calling method '.version_select at 0x7f1ef97e55e0>' {{(pid=104097) _process_stack /opt/stack/nova/nova/api/openstack/wsgi.py:513}}
Oct 17 18:31:38.486763 n-d-859321-2 devstack@n-api.service[104098]: DEBUG nova.compute.api [None req-7671410b-058c-49bf-b2b6-07e6ea29d404 tempest-AggregatesAdminTestJSON-1255460797 tempest-AggregatesAdminTestJSON-1255460797-project] [instance: abc1860f-dd68-485d-9f66-235a29df0f50] Fetching instance by UUID {{(pid=104098) get /opt/stack/nova/nova/compute/api.py:2815}}
Oct 17 18:31:38.520713 n-d-859321-2 devstack@n-api.service[104098]: DEBUG oslo_concurrency.lockutils [None req-7671410b-058c-49bf-b2b6-07e6ea29d404 tempest-AggregatesAdminTestJSON-1255460797 tempest-AggregatesAdminTestJSON-1255460797-project] Lock "f247c012-4a5e-4151-ac17-daa71cc5c97e" acquired by "nova.context.set_target_cell..get_or_set_cached_cell_and_set_connections" :: waited 0.000s {{(pid=104098) inner /usr/local/lib/python3.8/dist-packages/oslo_concurrency/lockutils.py:355}}
Oct 17 18:31:38.523846 n-d-859321-2 devstack@n-api.service[104098]: DEBUG oslo_concurrency.lockutils [None req-7671410b-058c-49bf-b2b6-07e6ea29d404 tempest-AggregatesAdminTestJSON-1255460797 tempest-AggregatesAdminTestJSON-1255460797-project] Lock "f247c012-4a5e-4151-ac17-daa71cc5c97e" released by "nova.context.set_target_cell..get_or_set_cached_cell_and_set_connections" :: held 0.015s {{(pid=104098) inner /usr/local/lib/python3.8/dist-packages/oslo_concurrency/lockutils.py:367}}
Oct 17 18:31:38.526704 n-d-859321-2 devstack@n-api.service[104098]: DEBUG oslo_concurrency.lockutils [None req-7671410b-058c-49bf-b2b6-07e6ea29d404 tempest-AggregatesAdminTestJSON-1255460797 tempest-AggregatesAdminTestJSON-1255460797-project] Lock "f247c012-4a5e-4151-ac17-daa71cc5c97e" acquired by "nova.context.set_target_cell..get_or_set_cached_cell_and_set_connections" :: waited 0.000s {{(pid=104098) inner /usr/local/lib/python3.8/dist-packages/oslo_concurrency/lockutils.py:355}}
Oct 17 18:31:38.534704 n-d-859321-2 devstack@n-api.service[104098]: DEBUG oslo_concurrency.lockutils [None req-7671410b-058c-49bf-b2b6-07e6ea29d404 tempest-AggregatesAdminTestJSON-1255460797 tempest-AggregatesAdminTestJSON-1255460797-project] Lock "f247c012-4a5e-4151-ac17-daa71cc5c97e" released by "nova.context.set_target_cell..get_or_set_cached_cell_and_set_connections" :: held 0.008s {{(pid=104098) inner /usr/local/lib/python3.8/dist-packages/oslo_concurrency/lockutils.py:367}}
Oct 17 18:31:38.621657 n-d-859321-2 devstack@n-api.service[104097]: INFO nova.api.openstack.requestlog [None req-fe3c01cc-3053-4587-9088-b9c99a6f7897 tempest-QuotasAdminNegativeTest-2000422975 tempest-QuotasAdminNegativeTest-2000422975-project-admin] 10.222.0.18 "GET /compute/v2.1/os-quota-sets/e67258566d744126a315db68821a8819" status: 200 len: 371 microversion: 2.1 time: 0.139940
Oct 17 18:31:38.627241 n-d-859321-2 devstack@n-api.service[104097]: [pid: 104097|app: 0|req: 87/142] 10.222.0.18 () {58 vars in 1242 bytes} [Mon Oct 17 18:31:38 2022] GET /compute/v2.1/os-quota-sets/e67258566d744126a315db68821a8819 => generated 371 bytes in 146 msecs (HTTP/1.1 200) 9 headers in 357 bytes (1 switches on core 0)
Oct 17 18:31:38.640688 n-d-859321-2 devstack@n-api.service[104097]: DEBUG nova.api.openstack.wsgi [None req-cca6b563-2e3c-49ab-8d30-3f885af4ff48 tempest-QuotasAdminNegativeTest-2000422975 tempest-QuotasAdminNegativeTest-2000422975-project-admin] Action: 'update', calling method: .version_select at 0x7f1ef97e5c10>, body: {"quota_set": {"force": true, "ram": 0}} {{(pid=104097) _process_stack /opt/stack/nova/nova/api/openstack/wsgi.py:511}}
Oct 17 18:31:38.695356 n-d-859321-2 devstack@n-api.service[104098]: DEBUG oslo_concurrency.lockutils [None req-7671410b-058c-49bf-b2b6-07e6ea29d404 tempest-AggregatesAdminTestJSON-1255460797 tempest-AggregatesAdminTestJSON-1255460797-project] Lock "f247c012-4a5e-4151-ac17-daa71cc5c97e" acquired by "nova.context.set_target_cell..get_or_set_cached_cell_and_set_connections" :: waited 0.000s {{(pid=104098) inner /usr/local/lib/python3.8/dist-packages/oslo_concurrency/lockutils.py:355}}
Oct 17 18:31:38.695821 n-d-859321-2 devstack@n-api.service[104098]: DEBUG oslo_concurrency.lockutils [None req-7671410b-058c-49bf-b2b6-07e6ea29d404 tempest-AggregatesAdminTestJSON-1255460797 tempest-AggregatesAdminTestJSON-1255460797-project] Lock "f247c012-4a5e-4151-ac17-daa71cc5c97e" released by "nova.context.set_target_cell..get_or_set_cached_cell_and_set_connections" :: held 0.002s {{(pid=104098) inner /usr/local/lib/python3.8/dist-packages/oslo_concurrency/lockutils.py:367}}
Oct 17 18:31:38.697305 n-d-859321-2 devstack@n-api.service[104098]: DEBUG nova.objects.instance [None req-7671410b-058c-49bf-b2b6-07e6ea29d404 tempest-AggregatesAdminTestJSON-1255460797 tempest-AggregatesAdminTestJSON-1255460797-project] Lazy-loading 'fault' on Instance uuid abc1860f-dd68-485d-9f66-235a29df0f50 {{(pid=104098) obj_load_attr /opt/stack/nova/nova/objects/instance.py:1098}}
Oct 17 18:31:38.748685 n-d-859321-2 devstack@n-api.service[104097]: DEBUG oslo_concurrency.lockutils [None req-cca6b563-2e3c-49ab-8d30-3f885af4ff48 tempest-QuotasAdminNegativeTest-2000422975 tempest-QuotasAdminNegativeTest-2000422975-project-admin] Lock "00000000-0000-0000-0000-000000000000" acquired by "nova.context.set_target_cell..get_or_set_cached_cell_and_set_connections" :: waited 0.000s {{(pid=104097) inner /usr/local/lib/python3.8/dist-packages/oslo_concurrency/lockutils.py:355}}
Oct 17 18:31:38.749123 n-d-859321-2 devstack@n-api.service[104097]: DEBUG oslo_concurrency.lockutils [None req-cca6b563-2e3c-49ab-8d30-3f885af4ff48 tempest-QuotasAdminNegativeTest-2000422975 tempest-QuotasAdminNegativeTest-2000422975-project-admin] Lock "00000000-0000-0000-0000-000000000000" released by "nova.context.set_target_cell..get_or_set_cached_cell_and_set_connections" :: held 0.001s {{(pid=104097) inner /usr/local/lib/python3.8/dist-packages/oslo_concurrency/lockutils.py:367}}
Oct 17 18:31:38.754521 n-d-859321-2 devstack@n-api.service[104097]: DEBUG oslo_concurrency.lockutils [None req-cca6b563-2e3c-49ab-8d30-3f885af4ff48 tempest-QuotasAdminNegativeTest-2000422975 tempest-QuotasAdminNegativeTest-2000422975-project-admin] Lock "f247c012-4a5e-4151-ac17-daa71cc5c97e" acquired by "nova.context.set_target_cell..get_or_set_cached_cell_and_set_connections" :: waited 0.000s {{(pid=104097) inner /usr/local/lib/python3.8/dist-packages/oslo_concurrency/lockutils.py:355}}
Oct 17 18:31:38.755099 n-d-859321-2 devstack@n-api.service[104097]: DEBUG oslo_concurrency.lockutils [None req-cca6b563-2e3c-49ab-8d30-3f885af4ff48 tempest-QuotasAdminNegativeTest-2000422975 tempest-QuotasAdminNegativeTest-2000422975-project-admin] Lock "f247c012-4a5e-4151-ac17-daa71cc5c97e" released by "nova.context.set_target_cell..get_or_set_cached_cell_and_set_connections" :: held 0.005s {{(pid=104097) inner /usr/local/lib/python3.8/dist-packages/oslo_concurrency/lockutils.py:367}}
Oct 17 18:31:38.931530 n-d-859321-2 devstack@n-api.service[104098]: DEBUG nova.policy [None req-7671410b-058c-49bf-b2b6-07e6ea29d404 tempest-AggregatesAdminTestJSON-1255460797 tempest-AggregatesAdminTestJSON-1255460797-project] Policy check for os_compute_api:os-extended-server-attributes failed with credentials {'is_admin': False, 'user_id': 'f69c2b3f3d3845e8979da1dc7c10e009', 'user_domain_id': 'default', 'system_scope': None, 'domain_id': None, 'project_id': '20a95bd506d34402aba5fcddd7b3f0e4', 'project_domain_id': 'default', 'roles': ['reader', 'member'], 'is_admin_project': True, 'service_user_id': None, 'service_user_domain_id': None, 'service_project_id': None, 'service_project_domain_id': None, 'service_roles': []} {{(pid=104098) authorize /opt/stack/nova/nova/policy.py:199}}
Oct 17 18:31:38.951994 n-d-859321-2 devstack@n-api.service[104098]: INFO nova.api.openstack.requestlog [None req-7671410b-058c-49bf-b2b6-07e6ea29d404 tempest-AggregatesAdminTestJSON-1255460797 tempest-AggregatesAdminTestJSON-1255460797-project] 10.222.0.18 "GET /compute/v2.1/servers/abc1860f-dd68-485d-9f66-235a29df0f50" status: 200 len: 1329 microversion: 2.1 time: 0.467936
Oct 17 18:31:38.969208 n-d-859321-2 devstack@n-api.service[104097]: INFO nova.api.openstack.requestlog [None req-cca6b563-2e3c-49ab-8d30-3f885af4ff48 tempest-QuotasAdminNegativeTest-2000422975 tempest-QuotasAdminNegativeTest-2000422975-project-admin] 10.222.0.18 "PUT /compute/v2.1/os-quota-sets/e67258566d744126a315db68821a8819" status: 200 len: 325 microversion: 2.1 time: 0.333483
Oct 17 18:31:38.971542 n-d-859321-2 devstack@n-api.service[104097]: [pid: 104097|app: 0|req: 88/143] 10.222.0.18 () {60 vars in 1262 bytes} [Mon Oct 17 18:31:38 2022] PUT /compute/v2.1/os-quota-sets/e67258566d744126a315db68821a8819 => generated 325 bytes in 337 msecs (HTTP/1.1 200) 9 headers in 357 bytes (1 switches on core 0)
Oct 17 18:31:38.981207 n-d-859321-2 devstack@n-api.service[104098]: [pid: 104098|app: 0|req: 56/144] 10.222.0.18 () {58 vars in 1236 bytes} [Mon Oct 17 18:31:38 2022] GET /compute/v2.1/servers/abc1860f-dd68-485d-9f66-235a29df0f50 => generated 1329 bytes in 501 msecs (HTTP/1.1 200) 9 headers in 358 bytes (1 switches on core 0)
Oct 17 18:31:39.161771 n-d-859321-2 devstack@n-api.service[104097]: DEBUG nova.api.openstack.wsgi [None req-a565df44-26da-4ba6-94e5-c951f6e592ff tempest-ServersAdmin275Test-389201003 tempest-ServersAdmin275Test-389201003-project] Calling method '>' {{(pid=104097) _process_stack /opt/stack/nova/nova/api/openstack/wsgi.py:513}}
Oct 17 18:31:39.174988 n-d-859321-2 devstack@n-api.service[104097]: DEBUG nova.compute.api [None req-a565df44-26da-4ba6-94e5-c951f6e592ff tempest-ServersAdmin275Test-389201003 tempest-ServersAdmin275Test-389201003-project] [instance: 2af33d16-e2f3-4b85-8cb7-3a7fb290c6ac] Fetching instance by UUID {{(pid=104097) get /opt/stack/nova/nova/compute/api.py:2815}}
Oct 17 18:31:39.202213 n-d-859321-2 devstack@n-api.service[104097]: DEBUG oslo_concurrency.lockutils [None req-a565df44-26da-4ba6-94e5-c951f6e592ff tempest-ServersAdmin275Test-389201003 tempest-ServersAdmin275Test-389201003-project] Lock "f247c012-4a5e-4151-ac17-daa71cc5c97e" acquired by "nova.context.set_target_cell..get_or_set_cached_cell_and_set_connections" :: waited 0.000s {{(pid=104097) inner /usr/local/lib/python3.8/dist-packages/oslo_concurrency/lockutils.py:355}}
