Sep 26 18:39:10.407006 n-d-859320-1 devstack@c-api.service[96890]: INFO cinder.api.openstack.wsgi [req-e005f294-463a-4c2c-86be-f2c5aca416be req-c1e6e5a7-dbdb-4688-8fa5-71f51187a5e8 tempest-VolumesSnapshotsTestJSON-68234316 tempest-VolumesSnapshotsTestJSON-68234316-project] http://10.222.0.82/volume/v3/d72559b2305e4d6bb8928ae0f61c59c1/volumes/d37aed6e-c310-4575-a697-9ac2b24c518d returned with HTTP 200
Sep 26 18:39:10.410534 n-d-859320-1 devstack@c-api.service[96890]: [pid: 96890|app: 0|req: 207/405] 10.222.0.82 () {60 vars in 1578 bytes} [Mon Sep 26 18:39:10 2022] GET /volume/v3/d72559b2305e4d6bb8928ae0f61c59c1/volumes/d37aed6e-c310-4575-a697-9ac2b24c518d => generated 915 bytes in 377 msecs (HTTP/1.1 200) 7 headers in 285 bytes (1 switches on core 0)
Sep 26 18:39:10.410891 n-d-859320-1 devstack@c-api.service[96891]: INFO cinder.api.openstack.wsgi [None req-cc058f61-5fcf-4673-960e-25596d70e03e tempest-VolumesListAdminTestJSON-525815842 tempest-VolumesListAdminTestJSON-525815842-project] GET http://10.222.0.82/volume/v3/bd74c7a5019a4251941ad98dd6d7dc76/volumes/38d69098-4214-4c76-b460-4feb7cfe5cef
Sep 26 18:39:10.410891 n-d-859320-1 devstack@c-api.service[96891]: DEBUG cinder.api.openstack.wsgi [None req-cc058f61-5fcf-4673-960e-25596d70e03e tempest-VolumesListAdminTestJSON-525815842 tempest-VolumesListAdminTestJSON-525815842-project] Empty body provided in request {{(pid=96891) get_body /opt/stack/cinder/cinder/api/openstack/wsgi.py:713}}
Sep 26 18:39:10.410891 n-d-859320-1 devstack@c-api.service[96891]: /usr/local/lib/python3.8/dist-packages/webob/acceptparse.py:1047: DeprecationWarning: The behavior of AcceptValidHeader.best_match is currently being maintained for backward compatibility, but it will be deprecated in the future, as it does not conform to the RFC.
Sep 26 18:39:10.410891 n-d-859320-1 devstack@c-api.service[96891]: warnings.warn(
Sep 26 18:39:10.410891 n-d-859320-1 devstack@c-api.service[96891]: DEBUG cinder.api.openstack.wsgi [None req-cc058f61-5fcf-4673-960e-25596d70e03e tempest-VolumesListAdminTestJSON-525815842 tempest-VolumesListAdminTestJSON-525815842-project] Calling method 'show' {{(pid=96891) _process_stack /opt/stack/cinder/cinder/api/openstack/wsgi.py:866}}
Sep 26 18:39:10.414540 n-d-859320-1 devstack@c-api.service[96890]: INFO cinder.api.openstack.wsgi [None req-e1ddcdda-3855-47fb-8b28-6875ae7f64ad tempest-TaggedBootDevicesTest-1631470291 tempest-TaggedBootDevicesTest-1631470291-project] GET http://10.222.0.82/volume/v3/72be4d8d5f234a6d9ce8242d5dc33b76/volumes/e164351b-06bd-4f9d-87da-b9236832c936
Sep 26 18:39:10.415258 n-d-859320-1 devstack@c-api.service[96890]: DEBUG cinder.api.openstack.wsgi [None req-e1ddcdda-3855-47fb-8b28-6875ae7f64ad tempest-TaggedBootDevicesTest-1631470291 tempest-TaggedBootDevicesTest-1631470291-project] Empty body provided in request {{(pid=96890) get_body /opt/stack/cinder/cinder/api/openstack/wsgi.py:713}}
Sep 26 18:39:10.416688 n-d-859320-1 devstack@c-api.service[96890]: /usr/local/lib/python3.8/dist-packages/webob/acceptparse.py:1047: DeprecationWarning: The behavior of AcceptValidHeader.best_match is currently being maintained for backward compatibility, but it will be deprecated in the future, as it does not conform to the RFC.
Sep 26 18:39:10.416688 n-d-859320-1 devstack@c-api.service[96890]: warnings.warn(
Sep 26 18:39:10.417396 n-d-859320-1 devstack@c-api.service[96890]: DEBUG cinder.api.openstack.wsgi [None req-e1ddcdda-3855-47fb-8b28-6875ae7f64ad tempest-TaggedBootDevicesTest-1631470291 tempest-TaggedBootDevicesTest-1631470291-project] Calling method 'show' {{(pid=96890) _process_stack /opt/stack/cinder/cinder/api/openstack/wsgi.py:866}}
Sep 26 18:39:10.491938 n-d-859320-1 devstack@c-api.service[96890]: /usr/local/lib/python3.8/dist-packages/oslo_context/context.py:105: DeprecationWarning: Policy enforcement is depending on the value of is_admin. This key is deprecated. Please update your policy file to use the standard policy values.
Sep 26 18:39:10.491938 n-d-859320-1 devstack@c-api.service[96890]: warnings.warn('Policy enforcement is depending on the value of '
Sep 26 18:39:10.501772 n-d-859320-1 devstack@c-api.service[96890]: INFO cinder.volume.api [None req-e1ddcdda-3855-47fb-8b28-6875ae7f64ad tempest-TaggedBootDevicesTest-1631470291 tempest-TaggedBootDevicesTest-1631470291-project] Volume info retrieved successfully.
Sep 26 18:39:10.512275 n-d-859320-1 devstack@c-api.service[96890]: INFO cinder.api.openstack.wsgi [None req-e1ddcdda-3855-47fb-8b28-6875ae7f64ad tempest-TaggedBootDevicesTest-1631470291 tempest-TaggedBootDevicesTest-1631470291-project] http://10.222.0.82/volume/v3/72be4d8d5f234a6d9ce8242d5dc33b76/volumes/e164351b-06bd-4f9d-87da-b9236832c936 returned with HTTP 200
Sep 26 18:39:10.513735 n-d-859320-1 devstack@c-api.service[96890]: [pid: 96890|app: 0|req: 208/406] 10.222.0.82 () {58 vars in 1325 bytes} [Mon Sep 26 18:39:10 2022] GET /volume/v3/72be4d8d5f234a6d9ce8242d5dc33b76/volumes/e164351b-06bd-4f9d-87da-b9236832c936 => generated 913 bytes in 105 msecs (HTTP/1.1 200) 7 headers in 285 bytes (1 switches on core 0)
Sep 26 18:39:10.518260 n-d-859320-1 devstack@c-api.service[96890]: INFO cinder.api.openstack.wsgi [None req-79e2d694-caca-4fe3-9107-05a5fd41eae5 tempest-ServersTestBootFromVolume-1964543364 tempest-ServersTestBootFromVolume-1964543364-project] GET http://10.222.0.82/volume/v3/2519059c6206406a84c6a4bf108259e3/volumes/dfffbc73-dce8-4677-bb2f-3a53867eab4a
Sep 26 18:39:10.519071 n-d-859320-1 devstack@c-api.service[96890]: DEBUG cinder.api.openstack.wsgi [None req-79e2d694-caca-4fe3-9107-05a5fd41eae5 tempest-ServersTestBootFromVolume-1964543364 tempest-ServersTestBootFromVolume-1964543364-project] Empty body provided in request {{(pid=96890) get_body /opt/stack/cinder/cinder/api/openstack/wsgi.py:713}}
Sep 26 18:39:10.519399 n-d-859320-1 devstack@c-api.service[96890]: /usr/local/lib/python3.8/dist-packages/webob/acceptparse.py:1047: DeprecationWarning: The behavior of AcceptValidHeader.best_match is currently being maintained for backward compatibility, but it will be deprecated in the future, as it does not conform to the RFC.
Sep 26 18:39:10.519399 n-d-859320-1 devstack@c-api.service[96890]: warnings.warn(
Sep 26 18:39:10.519954 n-d-859320-1 devstack@c-api.service[96890]: DEBUG cinder.api.openstack.wsgi [None req-79e2d694-caca-4fe3-9107-05a5fd41eae5 tempest-ServersTestBootFromVolume-1964543364 tempest-ServersTestBootFromVolume-1964543364-project] Calling method 'show' {{(pid=96890) _process_stack /opt/stack/cinder/cinder/api/openstack/wsgi.py:866}}
Sep 26 18:39:10.525383 n-d-859320-1 devstack@c-api.service[96891]: /usr/local/lib/python3.8/dist-packages/oslo_context/context.py:105: DeprecationWarning: Policy enforcement is depending on the value of is_admin. This key is deprecated. Please update your policy file to use the standard policy values.
Sep 26 18:39:10.525383 n-d-859320-1 devstack@c-api.service[96891]: warnings.warn('Policy enforcement is depending on the value of '
Sep 26 18:39:10.535497 n-d-859320-1 devstack@c-api.service[96891]: INFO cinder.volume.api [None req-cc058f61-5fcf-4673-960e-25596d70e03e tempest-VolumesListAdminTestJSON-525815842 tempest-VolumesListAdminTestJSON-525815842-project] Volume info retrieved successfully.
Sep 26 18:39:10.548635 n-d-859320-1 devstack@c-api.service[96891]: INFO cinder.api.openstack.wsgi [None req-cc058f61-5fcf-4673-960e-25596d70e03e tempest-VolumesListAdminTestJSON-525815842 tempest-VolumesListAdminTestJSON-525815842-project] http://10.222.0.82/volume/v3/bd74c7a5019a4251941ad98dd6d7dc76/volumes/38d69098-4214-4c76-b460-4feb7cfe5cef returned with HTTP 200
Sep 26 18:39:10.549772 n-d-859320-1 devstack@c-api.service[96891]: [pid: 96891|app: 0|req: 199/407] 10.222.0.82 () {58 vars in 1325 bytes} [Mon Sep 26 18:39:10 2022] GET /volume/v3/bd74c7a5019a4251941ad98dd6d7dc76/volumes/38d69098-4214-4c76-b460-4feb7cfe5cef => generated 917 bytes in 152 msecs (HTTP/1.1 200) 7 headers in 285 bytes (1 switches on core 0)
Sep 26 18:39:10.577482 n-d-859320-1 devstack@c-api.service[96890]: /usr/local/lib/python3.8/dist-packages/oslo_context/context.py:105: DeprecationWarning: Policy enforcement is depending on the value of is_admin. This key is deprecated. Please update your policy file to use the standard policy values.
Sep 26 18:39:10.577482 n-d-859320-1 devstack@c-api.service[96890]: warnings.warn('Policy enforcement is depending on the value of '
Sep 26 18:39:10.579467 n-d-859320-1 devstack@c-api.service[96891]: INFO cinder.api.openstack.wsgi [None req-6fd0b0f1-db9a-4983-9070-77a0e52507dc tempest-VolumesListAdminTestJSON-525815842 tempest-VolumesListAdminTestJSON-525815842-project] GET http://10.222.0.82/volume/v3/bd74c7a5019a4251941ad98dd6d7dc76/volumes/38d69098-4214-4c76-b460-4feb7cfe5cef
Sep 26 18:39:10.580289 n-d-859320-1 devstack@c-api.service[96891]: DEBUG cinder.api.openstack.wsgi [None req-6fd0b0f1-db9a-4983-9070-77a0e52507dc tempest-VolumesListAdminTestJSON-525815842 tempest-VolumesListAdminTestJSON-525815842-project] Empty body provided in request {{(pid=96891) get_body /opt/stack/cinder/cinder/api/openstack/wsgi.py:713}}
Sep 26 18:39:10.580572 n-d-859320-1 devstack@c-api.service[96891]: /usr/local/lib/python3.8/dist-packages/webob/acceptparse.py:1047: DeprecationWarning: The behavior of AcceptValidHeader.best_match is currently being maintained for backward compatibility, but it will be deprecated in the future, as it does not conform to the RFC.
Sep 26 18:39:10.580572 n-d-859320-1 devstack@c-api.service[96891]: warnings.warn(
Sep 26 18:39:10.581660 n-d-859320-1 devstack@c-api.service[96891]: DEBUG cinder.api.openstack.wsgi [None req-6fd0b0f1-db9a-4983-9070-77a0e52507dc tempest-VolumesListAdminTestJSON-525815842 tempest-VolumesListAdminTestJSON-525815842-project] Calling method 'show' {{(pid=96891) _process_stack /opt/stack/cinder/cinder/api/openstack/wsgi.py:866}}
Sep 26 18:39:10.592882 n-d-859320-1 devstack@c-api.service[96890]: INFO cinder.volume.api [None req-79e2d694-caca-4fe3-9107-05a5fd41eae5 tempest-ServersTestBootFromVolume-1964543364 tempest-ServersTestBootFromVolume-1964543364-project] Volume info retrieved successfully.
Sep 26 18:39:10.623256 n-d-859320-1 devstack@c-api.service[96890]: INFO cinder.api.openstack.wsgi [None req-79e2d694-caca-4fe3-9107-05a5fd41eae5 tempest-ServersTestBootFromVolume-1964543364 tempest-ServersTestBootFromVolume-1964543364-project] http://10.222.0.82/volume/v3/2519059c6206406a84c6a4bf108259e3/volumes/dfffbc73-dce8-4677-bb2f-3a53867eab4a returned with HTTP 200
Sep 26 18:39:10.626462 n-d-859320-1 devstack@c-api.service[96890]: [pid: 96890|app: 0|req: 209/408] 10.222.0.82 () {58 vars in 1325 bytes} [Mon Sep 26 18:39:10 2022] GET /volume/v3/2519059c6206406a84c6a4bf108259e3/volumes/dfffbc73-dce8-4677-bb2f-3a53867eab4a => generated 890 bytes in 112 msecs (HTTP/1.1 200) 7 headers in 285 bytes (1 switches on core 0)
Sep 26 18:39:10.682474 n-d-859320-1 devstack@c-api.service[96891]: /usr/local/lib/python3.8/dist-packages/oslo_context/context.py:105: DeprecationWarning: Policy enforcement is depending on the value of is_admin. This key is deprecated. Please update your policy file to use the standard policy values.
Sep 26 18:39:10.682474 n-d-859320-1 devstack@c-api.service[96891]: warnings.warn('Policy enforcement is depending on the value of '
Sep 26 18:39:10.692472 n-d-859320-1 devstack@c-api.service[96891]: INFO cinder.volume.api [None req-6fd0b0f1-db9a-4983-9070-77a0e52507dc tempest-VolumesListAdminTestJSON-525815842 tempest-VolumesListAdminTestJSON-525815842-project] Volume info retrieved successfully.
Sep 26 18:39:10.703432 n-d-859320-1 devstack@c-api.service[96891]: INFO cinder.api.openstack.wsgi [None req-6fd0b0f1-db9a-4983-9070-77a0e52507dc tempest-VolumesListAdminTestJSON-525815842 tempest-VolumesListAdminTestJSON-525815842-project] http://10.222.0.82/volume/v3/bd74c7a5019a4251941ad98dd6d7dc76/volumes/38d69098-4214-4c76-b460-4feb7cfe5cef returned with HTTP 200
Sep 26 18:39:10.704828 n-d-859320-1 devstack@c-api.service[96891]: [pid: 96891|app: 0|req: 200/409] 10.222.0.82 () {58 vars in 1325 bytes} [Mon Sep 26 18:39:10 2022] GET /volume/v3/bd74c7a5019a4251941ad98dd6d7dc76/volumes/38d69098-4214-4c76-b460-4feb7cfe5cef => generated 917 bytes in 139 msecs (HTTP/1.1 200) 7 headers in 285 bytes (1 switches on core 0)
Sep 26 18:39:10.906636 n-d-859320-1 devstack@c-api.service[96890]: INFO cinder.api.openstack.wsgi [None req-7fa3444b-f94c-4590-984c-a45751f0f42a tempest-VolumesListAdminTestJSON-381479821 tempest-VolumesListAdminTestJSON-381479821-project-admin] POST http://10.222.0.82/volume/v3/c018865de55d44b18184f067db043f7d/volumes
Sep 26 18:39:10.907355 n-d-859320-1 devstack@c-api.service[96890]: /usr/local/lib/python3.8/dist-packages/webob/acceptparse.py:1047: DeprecationWarning: The behavior of AcceptValidHeader.best_match is currently being maintained for backward compatibility, but it will be deprecated in the future, as it does not conform to the RFC.
Sep 26 18:39:10.907355 n-d-859320-1 devstack@c-api.service[96890]: warnings.warn(
Sep 26 18:39:10.908334 n-d-859320-1 devstack@c-api.service[96890]: DEBUG cinder.api.openstack.wsgi [None req-7fa3444b-f94c-4590-984c-a45751f0f42a tempest-VolumesListAdminTestJSON-381479821 tempest-VolumesListAdminTestJSON-381479821-project-admin] Action: 'create', calling method: create, body: {"volume": {"size": 1}} {{(pid=96890) _process_stack /opt/stack/cinder/cinder/api/openstack/wsgi.py:864}}
Sep 26 18:39:10.909559 n-d-859320-1 devstack@c-api.service[96890]: DEBUG cinder.api.v3.volumes [None req-7fa3444b-f94c-4590-984c-a45751f0f42a tempest-VolumesListAdminTestJSON-381479821 tempest-VolumesListAdminTestJSON-381479821-project-admin] Create volume request body: {'volume': {'size': 1}} {{(pid=96890) create /opt/stack/cinder/cinder/api/v3/volumes.py:289}}
Sep 26 18:39:10.910110 n-d-859320-1 devstack@c-api.service[96890]: INFO cinder.api.v3.volumes [None req-7fa3444b-f94c-4590-984c-a45751f0f42a tempest-VolumesListAdminTestJSON-381479821 tempest-VolumesListAdminTestJSON-381479821-project-admin] Create volume of 1 GB
Sep 26 18:39:10.926125 n-d-859320-1 devstack@c-api.service[96890]: INFO cinder.volume.api [None req-7fa3444b-f94c-4590-984c-a45751f0f42a tempest-VolumesListAdminTestJSON-381479821 tempest-VolumesListAdminTestJSON-381479821-project-admin] Availability Zones retrieved successfully.
Sep 26 18:39:10.947275 n-d-859320-1 devstack@c-api.service[96890]: DEBUG cinder.volume.api [None req-7fa3444b-f94c-4590-984c-a45751f0f42a tempest-VolumesListAdminTestJSON-381479821 tempest-VolumesListAdminTestJSON-381479821-project-admin] Flow 'volume_create_api' (66a844d4-db48-4df9-bff9-d5dacd596c15) transitioned into state 'RUNNING' from state 'PENDING' {{(pid=96890) _flow_receiver /usr/local/lib/python3.8/dist-packages/taskflow/listeners/logging.py:141}}
Sep 26 18:39:10.950616 n-d-859320-1 devstack@c-api.service[96890]: DEBUG cinder.volume.api [None req-7fa3444b-f94c-4590-984c-a45751f0f42a tempest-VolumesListAdminTestJSON-381479821 tempest-VolumesListAdminTestJSON-381479821-project-admin] Task 'cinder.volume.flows.api.create_volume.ExtractVolumeRequestTask;volume:create' (b52135cd-feb0-46fa-a911-829a3bcc2380) transitioned into state 'RUNNING' from state 'PENDING' {{(pid=96890) _task_receiver /usr/local/lib/python3.8/dist-packages/taskflow/listeners/logging.py:190}}
Sep 26 18:39:10.952729 n-d-859320-1 devstack@c-api.service[96890]: DEBUG cinder.volume.flows.api.create_volume [None req-7fa3444b-f94c-4590-984c-a45751f0f42a tempest-VolumesListAdminTestJSON-381479821 tempest-VolumesListAdminTestJSON-381479821-project-admin] Validating volume size '1' using validate_int {{(pid=96890) _extract_size /opt/stack/cinder/cinder/volume/flows/api/create_volume.py:201}}
Sep 26 18:39:11.031355 n-d-859320-1 devstack@c-api.service[96890]: DEBUG cinder.volume.api [None req-7fa3444b-f94c-4590-984c-a45751f0f42a tempest-VolumesListAdminTestJSON-381479821 tempest-VolumesListAdminTestJSON-381479821-project-admin] Task 'cinder.volume.flows.api.create_volume.ExtractVolumeRequestTask;volume:create' (b52135cd-feb0-46fa-a911-829a3bcc2380) transitioned into state 'SUCCESS' from state 'RUNNING' with result '{'size': 1, 'snapshot_id': None, 'source_volid': None, 'volume_type': VolumeType(created_at=2022-09-26T18:08:45Z,deleted=False,deleted_at=None,description=None,extra_specs={volume_backend_name='lvmdriver-1'},id=eb1a12ff-e85f-4c20-8ad5-06f8b9c42690,is_public=True,name='lvmdriver-1',projects=[],qos_specs=,qos_specs_id=None,updated_at=None), 'volume_type_id': 'eb1a12ff-e85f-4c20-8ad5-06f8b9c42690', 'encryption_key_id': None, 'qos_specs': None, 'consistencygroup_id': None, 'cgsnapshot_id': None, 'group_id': None, 'replication_status': 'disabled', 'refresh_az': False, 'backup_id': None, 'multiattach': False, 'availability_zones': ['nova']}' {{(pid=96890) _task_receiver /usr/local/lib/python3.8/dist-packages/taskflow/listeners/logging.py:178}}
Sep 26 18:39:11.033658 n-d-859320-1 devstack@c-api.service[96890]: DEBUG cinder.volume.api [None req-7fa3444b-f94c-4590-984c-a45751f0f42a tempest-VolumesListAdminTestJSON-381479821 tempest-VolumesListAdminTestJSON-381479821-project-admin] Task 'cinder.volume.flows.api.create_volume.QuotaReserveTask;volume:create' (4cddac21-6c66-4631-96ca-11affd87ee6a) transitioned into state 'RUNNING' from state 'PENDING' {{(pid=96890) _task_receiver /usr/local/lib/python3.8/dist-packages/taskflow/listeners/logging.py:190}}
Sep 26 18:39:11.347951 n-d-859320-1 devstack@c-api.service[96890]: DEBUG cinder.quota [None req-7fa3444b-f94c-4590-984c-a45751f0f42a tempest-VolumesListAdminTestJSON-381479821 tempest-VolumesListAdminTestJSON-381479821-project-admin] Created reservations ['468f4a2a-cbff-406f-9da9-30a03a696225', 'd2795620-cee4-43b6-bb46-aed149b000d9', '155ee2df-fc9f-4d02-822b-5f4e8c398f8c', '45019555-dffa-49e4-a2a3-e5d28579516a'] {{(pid=96890) reserve /opt/stack/cinder/cinder/quota.py:756}}
Sep 26 18:39:11.354043 n-d-859320-1 devstack@c-api.service[96890]: DEBUG cinder.volume.api [None req-7fa3444b-f94c-4590-984c-a45751f0f42a tempest-VolumesListAdminTestJSON-381479821 tempest-VolumesListAdminTestJSON-381479821-project-admin] Task 'cinder.volume.flows.api.create_volume.QuotaReserveTask;volume:create' (4cddac21-6c66-4631-96ca-11affd87ee6a) transitioned into state 'SUCCESS' from state 'RUNNING' with result '{'reservations': ['468f4a2a-cbff-406f-9da9-30a03a696225', 'd2795620-cee4-43b6-bb46-aed149b000d9', '155ee2df-fc9f-4d02-822b-5f4e8c398f8c', '45019555-dffa-49e4-a2a3-e5d28579516a']}' {{(pid=96890) _task_receiver /usr/local/lib/python3.8/dist-packages/taskflow/listeners/logging.py:178}}
Sep 26 18:39:11.354043 n-d-859320-1 devstack@c-api.service[96890]: DEBUG cinder.volume.api [None req-7fa3444b-f94c-4590-984c-a45751f0f42a tempest-VolumesListAdminTestJSON-381479821 tempest-VolumesListAdminTestJSON-381479821-project-admin] Task 'cinder.volume.flows.api.create_volume.EntryCreateTask;volume:create' (f8104eb9-213b-4c00-b5f9-3d41a4ebf71b) transitioned into state 'RUNNING' from state 'PENDING' {{(pid=96890) _task_receiver /usr/local/lib/python3.8/dist-packages/taskflow/listeners/logging.py:190}}
Sep 26 18:39:11.455590 n-d-859320-1 devstack@c-api.service[96891]: INFO cinder.api.openstack.wsgi [req-5a31b09c-50e7-4e89-89e7-a6cd5e5bb1fe req-a25f4d35-b063-43be-ba8f-b95f5620346e tempest-VolumesSnapshotsTestJSON-68234316 tempest-VolumesSnapshotsTestJSON-68234316-project] GET http://10.222.0.82/volume/v3/d72559b2305e4d6bb8928ae0f61c59c1/volumes/d37aed6e-c310-4575-a697-9ac2b24c518d
Sep 26 18:39:11.459351 n-d-859320-1 devstack@c-api.service[96891]: DEBUG cinder.api.openstack.wsgi [req-5a31b09c-50e7-4e89-89e7-a6cd5e5bb1fe req-a25f4d35-b063-43be-ba8f-b95f5620346e tempest-VolumesSnapshotsTestJSON-68234316 tempest-VolumesSnapshotsTestJSON-68234316-project] Empty body provided in request {{(pid=96891) get_body /opt/stack/cinder/cinder/api/openstack/wsgi.py:713}}
Sep 26 18:39:11.459571 n-d-859320-1 devstack@c-api.service[96891]: /usr/local/lib/python3.8/dist-packages/webob/acceptparse.py:1047: DeprecationWarning: The behavior of AcceptValidHeader.best_match is currently being maintained for backward compatibility, but it will be deprecated in the future, as it does not conform to the RFC.
Sep 26 18:39:11.459571 n-d-859320-1 devstack@c-api.service[96891]: warnings.warn(
Sep 26 18:39:11.460634 n-d-859320-1 devstack@c-api.service[96891]: DEBUG cinder.api.openstack.wsgi [req-5a31b09c-50e7-4e89-89e7-a6cd5e5bb1fe req-a25f4d35-b063-43be-ba8f-b95f5620346e tempest-VolumesSnapshotsTestJSON-68234316 tempest-VolumesSnapshotsTestJSON-68234316-project] Calling method 'show' {{(pid=96891) _process_stack /opt/stack/cinder/cinder/api/openstack/wsgi.py:866}}
Sep 26 18:39:11.512111 n-d-859320-1 devstack@c-api.service[96891]: /usr/local/lib/python3.8/dist-packages/oslo_context/context.py:105: DeprecationWarning: Policy enforcement is depending on the value of is_admin. This key is deprecated. Please update your policy file to use the standard policy values.
Sep 26 18:39:11.512111 n-d-859320-1 devstack@c-api.service[96891]: warnings.warn('Policy enforcement is depending on the value of '
Sep 26 18:39:11.521652 n-d-859320-1 devstack@c-api.service[96891]: INFO cinder.volume.api [req-5a31b09c-50e7-4e89-89e7-a6cd5e5bb1fe req-a25f4d35-b063-43be-ba8f-b95f5620346e tempest-VolumesSnapshotsTestJSON-68234316 tempest-VolumesSnapshotsTestJSON-68234316-project] Volume info retrieved successfully.
Sep 26 18:39:11.533925 n-d-859320-1 devstack@c-api.service[96891]: INFO cinder.api.openstack.wsgi [req-5a31b09c-50e7-4e89-89e7-a6cd5e5bb1fe req-a25f4d35-b063-43be-ba8f-b95f5620346e tempest-VolumesSnapshotsTestJSON-68234316 tempest-VolumesSnapshotsTestJSON-68234316-project] http://10.222.0.82/volume/v3/d72559b2305e4d6bb8928ae0f61c59c1/volumes/d37aed6e-c310-4575-a697-9ac2b24c518d returned with HTTP 200
Sep 26 18:39:11.539289 n-d-859320-1 devstack@c-api.service[96891]: [pid: 96891|app: 0|req: 201/410] 10.222.0.82 () {60 vars in 1578 bytes} [Mon Sep 26 18:39:11 2022] GET /volume/v3/d72559b2305e4d6bb8928ae0f61c59c1/volumes/d37aed6e-c310-4575-a697-9ac2b24c518d => generated 916 bytes in 95 msecs (HTTP/1.1 200) 7 headers in 285 bytes (2 switches on core 0)
Sep 26 18:39:11.539482 n-d-859320-1 devstack@c-api.service[96890]: DEBUG cinder.volume.api [None req-7fa3444b-f94c-4590-984c-a45751f0f42a tempest-VolumesListAdminTestJSON-381479821 tempest-VolumesListAdminTestJSON-381479821-project-admin] Task 'cinder.volume.flows.api.create_volume.EntryCreateTask;volume:create' (f8104eb9-213b-4c00-b5f9-3d41a4ebf71b) transitioned into state 'SUCCESS' from state 'RUNNING' with result '{'volume_id': '7182977b-f82c-4de3-84cd-571a52a5f716', 'volume_properties': VolumeProperties(attach_status='detached',availability_zone='nova',cgsnapshot_id=None,consistencygroup_id=None,display_description=None,display_name=None,encryption_key_id=None,group_id=None,group_type_id=,metadata={},multiattach=False,project_id='c018865de55d44b18184f067db043f7d',qos_specs=None,replication_status=,reservations=['468f4a2a-cbff-406f-9da9-30a03a696225','d2795620-cee4-43b6-bb46-aed149b000d9','155ee2df-fc9f-4d02-822b-5f4e8c398f8c','45019555-dffa-49e4-a2a3-e5d28579516a'],size=1,snapshot_id=None,source_replicaid=,source_volid=None,status='creating',user_id='ee0c7bee126a4d85a38053089e1866cc',volume_type_id=eb1a12ff-e85f-4c20-8ad5-06f8b9c42690), 'volume': Volume(_name_id=None,admin_metadata={},attach_status='detached',availability_zone='nova',bootable=False,cluster=,cluster_name=None,consistencygroup=,consistencygroup_id=None,created_at=2022-09-26T18:39:11Z,deleted=False,deleted_at=None,display_description=None,display_name=None,ec2_id=None,encryption_key_id=None,glance_metadata=,group=,group_id=None,host=None,id=7182977b-f82c-4de3-84cd-571a52a5f716,launched_at=None,metadata={},migration_status=None,multiattach=False,previous_status=None,project_id='c018865de55d44b18184f067db043f7d',provider_auth=None,provider_geometry=None,provider_id=None,provider_location=None,replication_driver_data=None,replication_extended_status=None,replication_status=None,scheduled_at=None,service_uuid=None,shared_targets=True,size=1,snapshot_id=None,snapshots=,source_volid=None,status='creating',terminated_at=None,updated_at=None,user_id='ee0c7bee126a4d85a38053089e1866cc',volume_attachment=VolumeAttachmentList,volume_type=VolumeType(eb1a12ff-e85f-4c20-8ad5-06f8b9c42690),volume_type_id=eb1a12ff-e85f-4c20-8ad5-06f8b9c42690)}' {{(pid=96890) _task_receiver /usr/local/lib/python3.8/dist-packages/taskflow/listeners/logging.py:178}}
Sep 26 18:39:11.543487 n-d-859320-1 devstack@c-api.service[96891]: INFO cinder.api.openstack.wsgi [None req-23f1a3b9-a211-4d24-9960-5b2f8996a68b tempest-TaggedBootDevicesTest-1631470291 tempest-TaggedBootDevicesTest-1631470291-project] GET http://10.222.0.82/volume/v3/72be4d8d5f234a6d9ce8242d5dc33b76/volumes/e164351b-06bd-4f9d-87da-b9236832c936
Sep 26 18:39:11.544339 n-d-859320-1 devstack@c-api.service[96891]: DEBUG cinder.api.openstack.wsgi [None req-23f1a3b9-a211-4d24-9960-5b2f8996a68b tempest-TaggedBootDevicesTest-1631470291 tempest-TaggedBootDevicesTest-1631470291-project] Empty body provided in request {{(pid=96891) get_body /opt/stack/cinder/cinder/api/openstack/wsgi.py:713}}
Sep 26 18:39:11.544746 n-d-859320-1 devstack@c-api.service[96891]: /usr/local/lib/python3.8/dist-packages/webob/acceptparse.py:1047: DeprecationWarning: The behavior of AcceptValidHeader.best_match is currently being maintained for backward compatibility, but it will be deprecated in the future, as it does not conform to the RFC.
Sep 26 18:39:11.544746 n-d-859320-1 devstack@c-api.service[96891]: warnings.warn(
Sep 26 18:39:11.545380 n-d-859320-1 devstack@c-api.service[96891]: DEBUG cinder.api.openstack.wsgi [None req-23f1a3b9-a211-4d24-9960-5b2f8996a68b tempest-TaggedBootDevicesTest-1631470291 tempest-TaggedBootDevicesTest-1631470291-project] Calling method 'show' {{(pid=96891) _process_stack /opt/stack/cinder/cinder/api/openstack/wsgi.py:866}}
Sep 26 18:39:11.545579 n-d-859320-1 devstack@c-api.service[96890]: DEBUG cinder.volume.api [None req-7fa3444b-f94c-4590-984c-a45751f0f42a tempest-VolumesListAdminTestJSON-381479821 tempest-VolumesListAdminTestJSON-381479821-project-admin] Task 'cinder.volume.flows.api.create_volume.QuotaCommitTask;volume:create' (9621a6f5-0657-4f45-8ecf-99ee8b57a9be) transitioned into state 'RUNNING' from state 'PENDING' {{(pid=96890) _task_receiver /usr/local/lib/python3.8/dist-packages/taskflow/listeners/logging.py:190}}
Sep 26 18:39:11.609001 n-d-859320-1 devstack@c-api.service[96891]: /usr/local/lib/python3.8/dist-packages/oslo_context/context.py:105: DeprecationWarning: Policy enforcement is depending on the value of is_admin. This key is deprecated. Please update your policy file to use the standard policy values.
Sep 26 18:39:11.609001 n-d-859320-1 devstack@c-api.service[96891]: warnings.warn('Policy enforcement is depending on the value of '
Sep 26 18:39:11.617360 n-d-859320-1 devstack@c-api.service[96891]: INFO cinder.volume.api [None req-23f1a3b9-a211-4d24-9960-5b2f8996a68b tempest-TaggedBootDevicesTest-1631470291 tempest-TaggedBootDevicesTest-1631470291-project] Volume info retrieved successfully.
Sep 26 18:39:11.628966 n-d-859320-1 devstack@c-api.service[96891]: INFO cinder.api.openstack.wsgi [None req-23f1a3b9-a211-4d24-9960-5b2f8996a68b tempest-TaggedBootDevicesTest-1631470291 tempest-TaggedBootDevicesTest-1631470291-project] http://10.222.0.82/volume/v3/72be4d8d5f234a6d9ce8242d5dc33b76/volumes/e164351b-06bd-4f9d-87da-b9236832c936 returned with HTTP 200
Sep 26 18:39:11.629830 n-d-859320-1 devstack@c-api.service[96891]: [pid: 96891|app: 0|req: 202/411] 10.222.0.82 () {58 vars in 1325 bytes} [Mon Sep 26 18:39:11 2022] GET /volume/v3/72be4d8d5f234a6d9ce8242d5dc33b76/volumes/e164351b-06bd-4f9d-87da-b9236832c936 => generated 913 bytes in 90 msecs (HTTP/1.1 200) 7 headers in 285 bytes (1 switches on core 0)
Sep 26 18:39:11.641028 n-d-859320-1 devstack@c-api.service[96891]: INFO cinder.api.openstack.wsgi [req-94439612-cb65-47ea-9573-7099b7a6db7f req-782ce0ad-8fad-4375-82f7-412acf84d6ba tempest-VolumesSnapshotsTestJSON-68234316 tempest-VolumesSnapshotsTestJSON-68234316-project] POST http://10.222.0.82/volume/v3/d72559b2305e4d6bb8928ae0f61c59c1/snapshots
Sep 26 18:39:11.641723 n-d-859320-1 devstack@c-api.service[96891]: /usr/local/lib/python3.8/dist-packages/webob/acceptparse.py:1047: DeprecationWarning: The behavior of AcceptValidHeader.best_match is currently being maintained for backward compatibility, but it will be deprecated in the future, as it does not conform to the RFC.
Sep 26 18:39:11.641723 n-d-859320-1 devstack@c-api.service[96891]: warnings.warn(
Sep 26 18:39:11.642753 n-d-859320-1 devstack@c-api.service[96891]: DEBUG cinder.api.openstack.wsgi [req-94439612-cb65-47ea-9573-7099b7a6db7f req-782ce0ad-8fad-4375-82f7-412acf84d6ba tempest-VolumesSnapshotsTestJSON-68234316 tempest-VolumesSnapshotsTestJSON-68234316-project] Action: 'create', calling method: create, body: {"snapshot": {"volume_id": "d37aed6e-c310-4575-a697-9ac2b24c518d", "force": false, "name": "tempest-VolumesSnapshotsTestJSON-Snapshot-1951616630", "description": null, "metadata": {}}} {{(pid=96891) _process_stack /opt/stack/cinder/cinder/api/openstack/wsgi.py:864}}
Sep 26 18:39:11.705844 n-d-859320-1 devstack@c-api.service[96891]: /usr/local/lib/python3.8/dist-packages/oslo_context/context.py:105: DeprecationWarning: Policy enforcement is depending on the value of is_admin. This key is deprecated. Please update your policy file to use the standard policy values.
Sep 26 18:39:11.705844 n-d-859320-1 devstack@c-api.service[96891]: warnings.warn('Policy enforcement is depending on the value of '
Sep 26 18:39:11.707566 n-d-859320-1 devstack@c-api.service[96891]: INFO cinder.volume.api [req-94439612-cb65-47ea-9573-7099b7a6db7f req-782ce0ad-8fad-4375-82f7-412acf84d6ba tempest-VolumesSnapshotsTestJSON-68234316 tempest-VolumesSnapshotsTestJSON-68234316-project] Volume info retrieved successfully.
Sep 26 18:39:11.708053 n-d-859320-1 devstack@c-api.service[96891]: INFO cinder.api.v2.snapshots [req-94439612-cb65-47ea-9573-7099b7a6db7f req-782ce0ad-8fad-4375-82f7-412acf84d6ba tempest-VolumesSnapshotsTestJSON-68234316 tempest-VolumesSnapshotsTestJSON-68234316-project] Create snapshot from volume d37aed6e-c310-4575-a697-9ac2b24c518d
Sep 26 18:39:11.710511 n-d-859320-1 devstack@c-api.service[96890]: DEBUG cinder.volume.api [None req-7fa3444b-f94c-4590-984c-a45751f0f42a tempest-VolumesListAdminTestJSON-381479821 tempest-VolumesListAdminTestJSON-381479821-project-admin] Task 'cinder.volume.flows.api.create_volume.QuotaCommitTask;volume:create' (9621a6f5-0657-4f45-8ecf-99ee8b57a9be) transitioned into state 'SUCCESS' from state 'RUNNING' with result '{'volume_properties': VolumeProperties(attach_status='detached',availability_zone='nova',cgsnapshot_id=None,consistencygroup_id=None,display_description=None,display_name=None,encryption_key_id=None,group_id=None,group_type_id=,metadata={},multiattach=False,project_id='c018865de55d44b18184f067db043f7d',qos_specs=None,replication_status=,reservations=['468f4a2a-cbff-406f-9da9-30a03a696225','d2795620-cee4-43b6-bb46-aed149b000d9','155ee2df-fc9f-4d02-822b-5f4e8c398f8c','45019555-dffa-49e4-a2a3-e5d28579516a'],size=1,snapshot_id=None,source_replicaid=,source_volid=None,status='creating',user_id='ee0c7bee126a4d85a38053089e1866cc',volume_type_id=eb1a12ff-e85f-4c20-8ad5-06f8b9c42690)}' {{(pid=96890) _task_receiver /usr/local/lib/python3.8/dist-packages/taskflow/listeners/logging.py:178}}
Sep 26 18:39:11.712442 n-d-859320-1 devstack@c-api.service[96890]: DEBUG cinder.volume.api [None req-7fa3444b-f94c-4590-984c-a45751f0f42a tempest-VolumesListAdminTestJSON-381479821 tempest-VolumesListAdminTestJSON-381479821-project-admin] Task 'cinder.volume.flows.api.create_volume.VolumeCastTask;volume:create' (f42028dc-b6ec-4dde-ab78-f0954c9320e3) transitioned into state 'RUNNING' from state 'PENDING' {{(pid=96890) _task_receiver /usr/local/lib/python3.8/dist-packages/taskflow/listeners/logging.py:190}}
Sep 26 18:39:11.757329 n-d-859320-1 devstack@c-api.service[96891]: WARNING cinder.quota [req-94439612-cb65-47ea-9573-7099b7a6db7f req-782ce0ad-8fad-4375-82f7-412acf84d6ba tempest-VolumesSnapshotsTestJSON-68234316 tempest-VolumesSnapshotsTestJSON-68234316-project] Deprecated: Default quota for resource: snapshots_lvmdriver-1 is set by the default quota flag: quota_snapshots_lvmdriver-1, it is now deprecated. Please use the default quota class for default quota.
Sep 26 18:39:11.825031 n-d-859320-1 devstack@c-api.service[96890]: DEBUG cinder.volume.api [None req-7fa3444b-f94c-4590-984c-a45751f0f42a tempest-VolumesListAdminTestJSON-381479821 tempest-VolumesListAdminTestJSON-381479821-project-admin] Task 'cinder.volume.flows.api.create_volume.VolumeCastTask;volume:create' (f42028dc-b6ec-4dde-ab78-f0954c9320e3) transitioned into state 'SUCCESS' from state 'RUNNING' with result 'None' {{(pid=96890) _task_receiver /usr/local/lib/python3.8/dist-packages/taskflow/listeners/logging.py:178}}
Sep 26 18:39:11.833652 n-d-859320-1 devstack@c-api.service[96890]: DEBUG cinder.volume.api [None req-7fa3444b-f94c-4590-984c-a45751f0f42a tempest-VolumesListAdminTestJSON-381479821 tempest-VolumesListAdminTestJSON-381479821-project-admin] Flow 'volume_create_api' (66a844d4-db48-4df9-bff9-d5dacd596c15) transitioned into state 'SUCCESS' from state 'RUNNING' {{(pid=96890) _flow_receiver /usr/local/lib/python3.8/dist-packages/taskflow/listeners/logging.py:141}}
Sep 26 18:39:11.839622 n-d-859320-1 devstack@c-api.service[96890]: INFO cinder.volume.api [None req-7fa3444b-f94c-4590-984c-a45751f0f42a tempest-VolumesListAdminTestJSON-381479821 tempest-VolumesListAdminTestJSON-381479821-project-admin] Create volume request issued successfully.
Sep 26 18:39:11.840321 n-d-859320-1 devstack@c-api.service[96890]: INFO cinder.api.openstack.wsgi [None req-7fa3444b-f94c-4590-984c-a45751f0f42a tempest-VolumesListAdminTestJSON-381479821 tempest-VolumesListAdminTestJSON-381479821-project-admin] http://10.222.0.82/volume/v3/c018865de55d44b18184f067db043f7d/volumes returned with HTTP 202
Sep 26 18:39:11.844886 n-d-859320-1 devstack@c-api.service[96890]: [pid: 96890|app: 0|req: 210/412] 10.222.0.82 () {60 vars in 1235 bytes} [Mon Sep 26 18:39:10 2022] POST /volume/v3/c018865de55d44b18184f067db043f7d/volumes => generated 802 bytes in 1120 msecs (HTTP/1.1 202) 7 headers in 291 bytes (1 switches on core 0)
Sep 26 18:39:11.862007 n-d-859320-1 devstack@c-api.service[96890]: INFO cinder.api.openstack.wsgi [None req-fd2afaf7-ac34-4354-a6a9-d693c7a1a91d tempest-ServersTestBootFromVolume-1964543364 tempest-ServersTestBootFromVolume-1964543364-project] GET http://10.222.0.82/volume/v3/2519059c6206406a84c6a4bf108259e3/volumes/dfffbc73-dce8-4677-bb2f-3a53867eab4a
Sep 26 18:39:11.876418 n-d-859320-1 devstack@c-api.service[96890]: DEBUG cinder.api.openstack.wsgi [None req-fd2afaf7-ac34-4354-a6a9-d693c7a1a91d tempest-ServersTestBootFromVolume-1964543364 tempest-ServersTestBootFromVolume-1964543364-project] Empty body provided in request {{(pid=96890) get_body /opt/stack/cinder/cinder/api/openstack/wsgi.py:713}}
Sep 26 18:39:11.876418 n-d-859320-1 devstack@c-api.service[96890]: /usr/local/lib/python3.8/dist-packages/webob/acceptparse.py:1047: DeprecationWarning: The behavior of AcceptValidHeader.best_match is currently being maintained for backward compatibility, but it will be deprecated in the future, as it does not conform to the RFC.
Sep 26 18:39:11.876418 n-d-859320-1 devstack@c-api.service[96890]: warnings.warn(
Sep 26 18:39:11.876418 n-d-859320-1 devstack@c-api.service[96890]: DEBUG cinder.api.openstack.wsgi [None req-fd2afaf7-ac34-4354-a6a9-d693c7a1a91d tempest-ServersTestBootFromVolume-1964543364 tempest-ServersTestBootFromVolume-1964543364-project] Calling method 'show' {{(pid=96890) _process_stack /opt/stack/cinder/cinder/api/openstack/wsgi.py:866}}
Sep 26 18:39:11.934256 n-d-859320-1 devstack@c-api.service[96890]: /usr/local/lib/python3.8/dist-packages/oslo_context/context.py:105: DeprecationWarning: Policy enforcement is depending on the value of is_admin. This key is deprecated. Please update your policy file to use the standard policy values.
Sep 26 18:39:11.934256 n-d-859320-1 devstack@c-api.service[96890]: warnings.warn('Policy enforcement is depending on the value of '
Sep 26 18:39:11.946099 n-d-859320-1 devstack@c-api.service[96890]: INFO cinder.volume.api [None req-fd2afaf7-ac34-4354-a6a9-d693c7a1a91d tempest-ServersTestBootFromVolume-1964543364 tempest-ServersTestBootFromVolume-1964543364-project] Volume info retrieved successfully.
Sep 26 18:39:11.961710 n-d-859320-1 devstack@c-api.service[96890]: INFO cinder.api.openstack.wsgi [None req-fd2afaf7-ac34-4354-a6a9-d693c7a1a91d tempest-ServersTestBootFromVolume-1964543364 tempest-ServersTestBootFromVolume-1964543364-project] http://10.222.0.82/volume/v3/2519059c6206406a84c6a4bf108259e3/volumes/dfffbc73-dce8-4677-bb2f-3a53867eab4a returned with HTTP 200
Sep 26 18:39:11.961710 n-d-859320-1 devstack@c-api.service[96890]: [pid: 96890|app: 0|req: 211/413] 10.222.0.82 () {58 vars in 1325 bytes} [Mon Sep 26 18:39:11 2022] GET /volume/v3/2519059c6206406a84c6a4bf108259e3/volumes/dfffbc73-dce8-4677-bb2f-3a53867eab4a => generated 914 bytes in 119 msecs (HTTP/1.1 200) 7 headers in 285 bytes (1 switches on core 0)
Sep 26 18:39:11.975506 n-d-859320-1 devstack@c-api.service[96890]: INFO cinder.api.openstack.wsgi [None req-ba739f8d-6d88-4f9f-9351-ebac0b134946 tempest-VolumesListAdminTestJSON-381479821 tempest-VolumesListAdminTestJSON-381479821-project-admin] GET http://10.222.0.82/volume/v3/c018865de55d44b18184f067db043f7d/volumes/7182977b-f82c-4de3-84cd-571a52a5f716
Sep 26 18:39:11.975506 n-d-859320-1 devstack@c-api.service[96890]: DEBUG cinder.api.openstack.wsgi [None req-ba739f8d-6d88-4f9f-9351-ebac0b134946 tempest-VolumesListAdminTestJSON-381479821 tempest-VolumesListAdminTestJSON-381479821-project-admin] Empty body provided in request {{(pid=96890) get_body /opt/stack/cinder/cinder/api/openstack/wsgi.py:713}}
Sep 26 18:39:11.975506 n-d-859320-1 devstack@c-api.service[96890]: /usr/local/lib/python3.8/dist-packages/webob/acceptparse.py:1047: DeprecationWarning: The behavior of AcceptValidHeader.best_match is currently being maintained for backward compatibility, but it will be deprecated in the future, as it does not conform to the RFC.
Sep 26 18:39:11.975506 n-d-859320-1 devstack@c-api.service[96890]: warnings.warn(
Sep 26 18:39:11.975506 n-d-859320-1 devstack@c-api.service[96890]: DEBUG cinder.api.openstack.wsgi [None req-ba739f8d-6d88-4f9f-9351-ebac0b134946 tempest-VolumesListAdminTestJSON-381479821 tempest-VolumesListAdminTestJSON-381479821-project-admin] Calling method 'show' {{(pid=96890) _process_stack /opt/stack/cinder/cinder/api/openstack/wsgi.py:866}}
Sep 26 18:39:12.012622 n-d-859320-1 devstack@c-api.service[96891]: DEBUG cinder.quota [req-94439612-cb65-47ea-9573-7099b7a6db7f req-782ce0ad-8fad-4375-82f7-412acf84d6ba tempest-VolumesSnapshotsTestJSON-68234316 tempest-VolumesSnapshotsTestJSON-68234316-project] Created reservations ['df50fd5d-3aa4-45d6-9ebe-6ae1f5e6fa70', 'e22bb2fa-f0b3-4039-8f20-624eaf0170f8', '0f6e7d51-8ea4-45f0-8e24-35d4df07e5be', '2facc299-4448-49e9-a4e8-6fcb3eab0329'] {{(pid=96891) reserve /opt/stack/cinder/cinder/quota.py:756}}
Sep 26 18:39:12.109178 n-d-859320-1 devstack@c-api.service[96890]: /usr/local/lib/python3.8/dist-packages/oslo_context/context.py:105: DeprecationWarning: Policy enforcement is depending on the value of is_admin. This key is deprecated. Please update your policy file to use the standard policy values.
Sep 26 18:39:12.109178 n-d-859320-1 devstack@c-api.service[96890]: warnings.warn('Policy enforcement is depending on the value of '
Sep 26 18:39:12.122804 n-d-859320-1 devstack@c-api.service[96890]: INFO cinder.volume.api [None req-ba739f8d-6d88-4f9f-9351-ebac0b134946 tempest-VolumesListAdminTestJSON-381479821 tempest-VolumesListAdminTestJSON-381479821-project-admin] Volume info retrieved successfully.
Sep 26 18:39:12.139193 n-d-859320-1 devstack@c-api.service[96890]: INFO cinder.api.openstack.wsgi [None req-ba739f8d-6d88-4f9f-9351-ebac0b134946 tempest-VolumesListAdminTestJSON-381479821 tempest-VolumesListAdminTestJSON-381479821-project-admin] http://10.222.0.82/volume/v3/c018865de55d44b18184f067db043f7d/volumes/7182977b-f82c-4de3-84cd-571a52a5f716 returned with HTTP 200
Sep 26 18:39:12.140494 n-d-859320-1 devstack@c-api.service[96890]: [pid: 96890|app: 0|req: 212/414] 10.222.0.82 () {58 vars in 1325 bytes} [Mon Sep 26 18:39:11 2022] GET /volume/v3/c018865de55d44b18184f067db043f7d/volumes/7182977b-f82c-4de3-84cd-571a52a5f716 => generated 981 bytes in 179 msecs (HTTP/1.1 200) 7 headers in 285 bytes (1 switches on core 0)
Sep 26 18:39:12.457701 n-d-859320-1 devstack@c-api.service[96891]: INFO cinder.volume.api [req-94439612-cb65-47ea-9573-7099b7a6db7f req-782ce0ad-8fad-4375-82f7-412acf84d6ba tempest-VolumesSnapshotsTestJSON-68234316 tempest-VolumesSnapshotsTestJSON-68234316-project] Snapshot create request issued successfully.
Sep 26 18:39:12.459289 n-d-859320-1 devstack@c-api.service[96891]: INFO cinder.api.openstack.wsgi [req-94439612-cb65-47ea-9573-7099b7a6db7f req-782ce0ad-8fad-4375-82f7-412acf84d6ba tempest-VolumesSnapshotsTestJSON-68234316 tempest-VolumesSnapshotsTestJSON-68234316-project] http://10.222.0.82/volume/v3/d72559b2305e4d6bb8928ae0f61c59c1/snapshots returned with HTTP 202
Sep 26 18:39:12.461032 n-d-859320-1 devstack@c-api.service[96891]: [pid: 96891|app: 0|req: 203/415] 10.222.0.82 () {64 vars in 1527 bytes} [Mon Sep 26 18:39:11 2022] POST /volume/v3/d72559b2305e4d6bb8928ae0f61c59c1/snapshots => generated 311 bytes in 830 msecs (HTTP/1.1 202) 7 headers in 291 bytes (1 switches on core 0)
Sep 26 18:39:12.660625 n-d-859320-1 devstack@c-api.service[96890]: INFO cinder.api.openstack.wsgi [None req-6d45b9ce-2bb5-47f2-af33-ee2f1875546b tempest-TaggedBootDevicesTest-1631470291 tempest-TaggedBootDevicesTest-1631470291-project] GET http://10.222.0.82/volume/v3/72be4d8d5f234a6d9ce8242d5dc33b76/volumes/e164351b-06bd-4f9d-87da-b9236832c936
Sep 26 18:39:12.661951 n-d-859320-1 devstack@c-api.service[96890]: DEBUG cinder.api.openstack.wsgi [None req-6d45b9ce-2bb5-47f2-af33-ee2f1875546b tempest-TaggedBootDevicesTest-1631470291 tempest-TaggedBootDevicesTest-1631470291-project] Empty body provided in request {{(pid=96890) get_body /opt/stack/cinder/cinder/api/openstack/wsgi.py:713}}
Sep 26 18:39:12.662142 n-d-859320-1 devstack@c-api.service[96890]: /usr/local/lib/python3.8/dist-packages/webob/acceptparse.py:1047: DeprecationWarning: The behavior of AcceptValidHeader.best_match is currently being maintained for backward compatibility, but it will be deprecated in the future, as it does not conform to the RFC.
Sep 26 18:39:12.662142 n-d-859320-1 devstack@c-api.service[96890]: warnings.warn(
Sep 26 18:39:12.662481 n-d-859320-1 devstack@c-api.service[96890]: DEBUG cinder.api.openstack.wsgi [None req-6d45b9ce-2bb5-47f2-af33-ee2f1875546b tempest-TaggedBootDevicesTest-1631470291 tempest-TaggedBootDevicesTest-1631470291-project] Calling method 'show' {{(pid=96890) _process_stack /opt/stack/cinder/cinder/api/openstack/wsgi.py:866}}
Sep 26 18:39:12.803984 n-d-859320-1 devstack@c-api.service[96890]: /usr/local/lib/python3.8/dist-packages/oslo_context/context.py:105: DeprecationWarning: Policy enforcement is depending on the value of is_admin. This key is deprecated. Please update your policy file to use the standard policy values.
Sep 26 18:39:12.803984 n-d-859320-1 devstack@c-api.service[96890]: warnings.warn('Policy enforcement is depending on the value of '
Sep 26 18:39:12.822259 n-d-859320-1 devstack@c-api.service[96890]: INFO cinder.volume.api [None req-6d45b9ce-2bb5-47f2-af33-ee2f1875546b tempest-TaggedBootDevicesTest-1631470291 tempest-TaggedBootDevicesTest-1631470291-project] Volume info retrieved successfully.
Sep 26 18:39:12.839670 n-d-859320-1 devstack@c-api.service[96890]: INFO cinder.api.openstack.wsgi [None req-6d45b9ce-2bb5-47f2-af33-ee2f1875546b tempest-TaggedBootDevicesTest-1631470291 tempest-TaggedBootDevicesTest-1631470291-project] http://10.222.0.82/volume/v3/72be4d8d5f234a6d9ce8242d5dc33b76/volumes/e164351b-06bd-4f9d-87da-b9236832c936 returned with HTTP 200
Sep 26 18:39:12.841096 n-d-859320-1 devstack@c-api.service[96890]: [pid: 96890|app: 0|req: 213/416] 10.222.0.82 () {58 vars in 1325 bytes} [Mon Sep 26 18:39:12 2022] GET /volume/v3/72be4d8d5f234a6d9ce8242d5dc33b76/volumes/e164351b-06bd-4f9d-87da-b9236832c936 => generated 913 bytes in 192 msecs (HTTP/1.1 200) 7 headers in 285 bytes (1 switches on core 0)
Sep 26 18:39:12.988198 n-d-859320-1 devstack@c-api.service[96891]: INFO cinder.api.openstack.wsgi [None req-d1cdfa69-f3e9-4d53-939b-ffa327994728 tempest-ServersTestBootFromVolume-1964543364 tempest-ServersTestBootFromVolume-1964543364-project] GET http://10.222.0.82/volume/v3/2519059c6206406a84c6a4bf108259e3/volumes/dfffbc73-dce8-4677-bb2f-3a53867eab4a
Sep 26 18:39:12.988661 n-d-859320-1 devstack@c-api.service[96891]: DEBUG cinder.api.openstack.wsgi [None req-d1cdfa69-f3e9-4d53-939b-ffa327994728 tempest-ServersTestBootFromVolume-1964543364 tempest-ServersTestBootFromVolume-1964543364-project] Empty body provided in request {{(pid=96891) get_body /opt/stack/cinder/cinder/api/openstack/wsgi.py:713}}
Sep 26 18:39:12.988749 n-d-859320-1 devstack@c-api.service[96891]: /usr/local/lib/python3.8/dist-packages/webob/acceptparse.py:1047: DeprecationWarning: The behavior of AcceptValidHeader.best_match is currently being maintained for backward compatibility, but it will be deprecated in the future, as it does not conform to the RFC.
Sep 26 18:39:12.988749 n-d-859320-1 devstack@c-api.service[96891]: warnings.warn(
Sep 26 18:39:12.989721 n-d-859320-1 devstack@c-api.service[96891]: DEBUG cinder.api.openstack.wsgi [None req-d1cdfa69-f3e9-4d53-939b-ffa327994728 tempest-ServersTestBootFromVolume-1964543364 tempest-ServersTestBootFromVolume-1964543364-project] Calling method 'show' {{(pid=96891) _process_stack /opt/stack/cinder/cinder/api/openstack/wsgi.py:866}}
Sep 26 18:39:13.161209 n-d-859320-1 devstack@c-api.service[96890]: INFO cinder.api.openstack.wsgi [None req-f1ce899b-c229-466f-8a0f-dbaa78c0a75c tempest-VolumesListAdminTestJSON-381479821 tempest-VolumesListAdminTestJSON-381479821-project-admin] GET http://10.222.0.82/volume/v3/c018865de55d44b18184f067db043f7d/volumes/7182977b-f82c-4de3-84cd-571a52a5f716
Sep 26 18:39:13.161659 n-d-859320-1 devstack@c-api.service[96890]: DEBUG cinder.api.openstack.wsgi [None req-f1ce899b-c229-466f-8a0f-dbaa78c0a75c tempest-VolumesListAdminTestJSON-381479821 tempest-VolumesListAdminTestJSON-381479821-project-admin] Empty body provided in request {{(pid=96890) get_body /opt/stack/cinder/cinder/api/openstack/wsgi.py:713}}
Sep 26 18:39:13.161859 n-d-859320-1 devstack@c-api.service[96890]: /usr/local/lib/python3.8/dist-packages/webob/acceptparse.py:1047: DeprecationWarning: The behavior of AcceptValidHeader.best_match is currently being maintained for backward compatibility, but it will be deprecated in the future, as it does not conform to the RFC.
Sep 26 18:39:13.161859 n-d-859320-1 devstack@c-api.service[96890]: warnings.warn(
Sep 26 18:39:13.162148 n-d-859320-1 devstack@c-api.service[96890]: DEBUG cinder.api.openstack.wsgi [None req-f1ce899b-c229-466f-8a0f-dbaa78c0a75c tempest-VolumesListAdminTestJSON-381479821 tempest-VolumesListAdminTestJSON-381479821-project-admin] Calling method 'show' {{(pid=96890) _process_stack /opt/stack/cinder/cinder/api/openstack/wsgi.py:866}}
Sep 26 18:39:13.199250 n-d-859320-1 devstack@c-api.service[96891]: /usr/local/lib/python3.8/dist-packages/oslo_context/context.py:105: DeprecationWarning: Policy enforcement is depending on the value of is_admin. This key is deprecated. Please update your policy file to use the standard policy values.
Sep 26 18:39:13.199250 n-d-859320-1 devstack@c-api.service[96891]: warnings.warn('Policy enforcement is depending on the value of '
Sep 26 18:39:13.230367 n-d-859320-1 devstack@c-api.service[96891]: INFO cinder.volume.api [None req-d1cdfa69-f3e9-4d53-939b-ffa327994728 tempest-ServersTestBootFromVolume-1964543364 tempest-ServersTestBootFromVolume-1964543364-project] Volume info retrieved successfully.
Sep 26 18:39:13.274301 n-d-859320-1 devstack@c-api.service[96891]: INFO cinder.api.openstack.wsgi [None req-d1cdfa69-f3e9-4d53-939b-ffa327994728 tempest-ServersTestBootFromVolume-1964543364 tempest-ServersTestBootFromVolume-1964543364-project] http://10.222.0.82/volume/v3/2519059c6206406a84c6a4bf108259e3/volumes/dfffbc73-dce8-4677-bb2f-3a53867eab4a returned with HTTP 200
Sep 26 18:39:13.275768 n-d-859320-1 devstack@c-api.service[96891]: [pid: 96891|app: 0|req: 204/417] 10.222.0.82 () {58 vars in 1325 bytes} [Mon Sep 26 18:39:12 2022] GET /volume/v3/2519059c6206406a84c6a4bf108259e3/volumes/dfffbc73-dce8-4677-bb2f-3a53867eab4a => generated 914 bytes in 291 msecs (HTTP/1.1 200) 7 headers in 285 bytes (1 switches on core 0)
Sep 26 18:39:13.293502 n-d-859320-1 devstack@c-api.service[96891]: INFO cinder.api.openstack.wsgi [req-1ea80280-a369-49ca-be49-b93192a6f1db req-15ca4b07-81c7-431e-b7cd-8a81db1d0d3e tempest-VolumesSnapshotsTestJSON-68234316 tempest-VolumesSnapshotsTestJSON-68234316-project] GET http://10.222.0.82/volume/v3/d72559b2305e4d6bb8928ae0f61c59c1/snapshots/0f22b6e6-7c04-4e2c-a3f9-39b3de89fa28
Sep 26 18:39:13.293962 n-d-859320-1 devstack@c-api.service[96891]: DEBUG cinder.api.openstack.wsgi [req-1ea80280-a369-49ca-be49-b93192a6f1db req-15ca4b07-81c7-431e-b7cd-8a81db1d0d3e tempest-VolumesSnapshotsTestJSON-68234316 tempest-VolumesSnapshotsTestJSON-68234316-project] Empty body provided in request {{(pid=96891) get_body /opt/stack/cinder/cinder/api/openstack/wsgi.py:713}}
