Oct 17 18:02:43.031836 n-d-859313-2 devstack@placement-api.service[105305]: : pkg_resources.extern.packaging.version.InvalidVersion: Invalid version: '0.1.36ubuntu1'
Oct 17 18:02:43.034137 n-d-859313-2 devstack@placement-api.service[105305]: WARNING keystonemiddleware.auth_token [-] Configuring www_authenticate_uri to point to the public identity endpoint is required; clients may not be able to authenticate against an admin endpoint
Oct 17 18:02:43.038527 n-d-859313-2 devstack@placement-api.service[105304]: WARNING py.warnings [-] /usr/local/lib/python3.8/dist-packages/pkg_resources/__init__.py:122: PkgResourcesDeprecationWarning: 0.23ubuntu1 is an invalid version and will not be supported in a future release
Oct 17 18:02:43.038527 n-d-859313-2 devstack@placement-api.service[105304]: warnings.warn(
Oct 17 18:02:43.038527 n-d-859313-2 devstack@placement-api.service[105304]: : pkg_resources.extern.packaging.version.InvalidVersion: Invalid version: '0.23ubuntu1'
Oct 17 18:02:43.039202 n-d-859313-2 devstack@placement-api.service[105304]: WARNING py.warnings [-] /usr/local/lib/python3.8/dist-packages/pkg_resources/__init__.py:122: PkgResourcesDeprecationWarning: 0.1.36ubuntu1 is an invalid version and will not be supported in a future release
Oct 17 18:02:43.039202 n-d-859313-2 devstack@placement-api.service[105304]: warnings.warn(
Oct 17 18:02:43.039202 n-d-859313-2 devstack@placement-api.service[105304]: : pkg_resources.extern.packaging.version.InvalidVersion: Invalid version: '0.1.36ubuntu1'
Oct 17 18:02:43.041120 n-d-859313-2 devstack@placement-api.service[105305]: DEBUG oslo_concurrency.lockutils [-] Acquired lock "trait_sync" {{(pid=105305) lock /usr/local/lib/python3.8/dist-packages/oslo_concurrency/lockutils.py:294}}
Oct 17 18:02:43.041465 n-d-859313-2 devstack@placement-api.service[105304]: WARNING keystonemiddleware.auth_token [-] Configuring www_authenticate_uri to point to the public identity endpoint is required; clients may not be able to authenticate against an admin endpoint
Oct 17 18:02:43.049305 n-d-859313-2 devstack@placement-api.service[105304]: DEBUG oslo_concurrency.lockutils [-] Acquired lock "trait_sync" {{(pid=105304) lock /usr/local/lib/python3.8/dist-packages/oslo_concurrency/lockutils.py:294}}
Oct 17 18:02:43.081860 n-d-859313-2 devstack@placement-api.service[105305]: DEBUG oslo_db.sqlalchemy.engines [-] MySQL server mode set to STRICT_TRANS_TABLES,STRICT_ALL_TABLES,NO_ZERO_IN_DATE,NO_ZERO_DATE,ERROR_FOR_DIVISION_BY_ZERO,TRADITIONAL,NO_ENGINE_SUBSTITUTION {{(pid=105305) _check_effective_sql_mode /usr/local/lib/python3.8/dist-packages/oslo_db/sqlalchemy/engines.py:314}}
Oct 17 18:02:43.089361 n-d-859313-2 devstack@placement-api.service[105304]: DEBUG oslo_db.sqlalchemy.engines [-] MySQL server mode set to STRICT_TRANS_TABLES,STRICT_ALL_TABLES,NO_ZERO_IN_DATE,NO_ZERO_DATE,ERROR_FOR_DIVISION_BY_ZERO,TRADITIONAL,NO_ENGINE_SUBSTITUTION {{(pid=105304) _check_effective_sql_mode /usr/local/lib/python3.8/dist-packages/oslo_db/sqlalchemy/engines.py:314}}
Oct 17 18:02:43.152648 n-d-859313-2 devstack@placement-api.service[105305]: DEBUG placement.objects.trait [-] Synced traits from os_traits into API DB: {'COMPUTE_REMOTE_MANAGED_PORTS', 'HW_GPU_API_DIRECT3D_V11_0', 'HW_ARCH_XTENSAEB', 'HW_NIC_ACCEL_TLS', 'HW_GPU_RESOLUTION_W1280H800', 'HW_CPU_AARCH64_SHA512', 'HW_GPU_API_OPENGL_V1_2', 'HW_NIC_OFFLOAD_TSO', 'HW_ARCH_S390X', 'HW_CPU_AMD_SEV', 'HW_CPU_AARCH64_ATOMICS', 'HW_NIC_ACCEL_DIFFIEH', 'HW_GPU_API_DIRECT3D_V10_1', 'HW_GPU_RESOLUTION_W1280H768', 'HW_NIC_OFFLOAD_TCS', 'HW_CPU_X86_TBM', 'HW_GPU_RESOLUTION_W1280H1024', 'COMPUTE_NET_VIF_MODEL_NETFRONT', 'HW_GPU_RESOLUTION_W1600H900', 'HW_CPU_X86_SHA', 'HW_GPU_CUDA_SDK_V9_0', 'HW_GPU_API_OPENGL_V3_1', 'HW_GPU_MAX_DISPLAY_HEADS_6', 'COMPUTE_IMAGE_TYPE_VHDX', 'HW_NIC_OFFLOAD_TXVLAN', 'COMPUTE_NODE', 'HW_CPU_X86_AVX512VPOPCNTDQ', 'HW_CPU_X86_SGX', 'HW_GPU_RESOLUTION_W1360H768', 'HW_GPU_API_OPENGL_V2_0', 'HW_CPU_AARCH64_LRCPC', 'HW_NIC_OFFLOAD_RXHASH', 'COMPUTE_STORAGE_BUS_LXC', 'COMPUTE_IMAGE_TYPE_QCOW2', 'HW_ARCH_SPARC', 'HW_GPU_RESOLUTION_W7680H4320', 'HW_CPU_X86_AVX512VNNI', 'HW_GPU_API_DIRECT3D_V9_0', 'COMPUTE_NET_ATTACH_INTERFACE_WITH_TAG', 'HW_NIC_OFFLOAD_FDF', 'HW_ARCH_SH4EB', 'HW_ARCH_M68K', 'HW_NIC_OFFLOAD_GRO', 'HW_CPU_AARCH64_FPHP', 'HW_GPU_RESOLUTION_W640H480', 'HW_CPU_X86_3DNOW', 'COMPUTE_STORAGE_BUS_USB', 'HW_CPU_AARCH64_ASIMDHP', 'HW_CPU_AARCH64_SM3', 'HW_CPU_X86_MPX', 'COMPUTE_MIGRATE_AUTO_CONVERGE', 'HW_CPU_AARCH64_AES', 'COMPUTE_NET_VIF_MODEL_E1000', 'HW_ARCH_SH4', 'HW_GPU_API_DIRECT3D_V8_0', 'HW_CPU_AARCH64_FCMA', 'HW_NIC_OFFLOAD_LSO', 'HW_CPU_X86_ASF', 'HW_NIC_OFFLOAD_VXLAN', 'HW_ARCH_PARISC', 'HW_GPU_MAX_DISPLAY_HEADS_1', 'HW_NIC_DCB_PFC', 'HW_ARCH_CRIS', 'HW_GPU_API_DIRECT3D_V12_0', 'HW_GPU_CUDA_COMPUTE_CAPABILITY_V2_1', 'HW_CPU_X86_SSE4A', 'HW_GPU_CUDA_COMPUTE_CAPABILITY_V3_7', 'HW_NIC_OFFLOAD_GENEVE', 'HW_GPU_API_OPENGL_V1_1', 'COMPUTE_IMAGE_TYPE_ISO', 'HW_CPU_HYPERTHREADING', 'HW_GPU_API_OPENGL_V3_2', 'COMPUTE_VOLUME_ATTACH', 'COMPUTE_IMAGE_TYPE_VDI', 'HW_CPU_AARCH64_SVE', 'HW_CPU_AARCH64_JSCVT', 'HW_CPU_X86_AVX512VBMI', 'HW_CPU_AARCH64_FP', 'HW_GPU_API_DIRECT3D_V11_3', 'HW_GPU_API_OPENGL_V3_0', 'HW_GPU_API_OPENGL_V1_4', 'HW_NIC_SRIOV', 'HW_GPU_CUDA_COMPUTE_CAPABILITY_V5_0', 'HW_GPU_API_OPENGL_V3_3', 'HW_CPU_AARCH64_ASIMDDP', 'HW_NIC_OFFLOAD_QINQ', 'HW_ARCH_I686', 'HW_CPU_X86_SSE3', 'HW_GPU_API_DIRECT3D_V9_0B', 'HW_CPU_AARCH64_PMULL', 'HW_CPU_X86_ABM', 'HW_GPU_CUDA_COMPUTE_CAPABILITY_V1_3', 'HW_CPU_AARCH64_SHA1', 'HW_ARCH_PARISC64', 'COMPUTE_SAME_HOST_COLD_MIGRATE', 'HW_GPU_RESOLUTION_W320H240', 'HW_GPU_API_OPENGL_V1_3', 'HW_CPU_X86_SSSE3', 'COMPUTE_STORAGE_BUS_XEN', 'COMPUTE_ARCH_S390X', 'HW_CPU_X86_BMI2', 'HW_CPU_AARCH64_CRC32', 'HW_GPU_API_OPENGL_V4_3', 'HW_NIC_DCB_QCN', 'COMPUTE_EPHEMERAL_ENCRYPTION', 'COMPUTE_GRAPHICS_MODEL_CIRRUS', 'HW_CPU_X86_AVX512BW', 'COMPUTE_NET_VIF_MODEL_SPAPR_VLAN', 'HW_ARCH_ARMV7', 'COMPUTE_EPHEMERAL_ENCRYPTION_LUKS', 'HW_CPU_X86_AVX512ER', 'HW_NIC_ACCEL_ECC', 'COMPUTE_GRAPHICS_MODEL_XEN', 'HW_NIC_OFFLOAD_TX', 'HW_NIC_OFFLOAD_GSO', 'HW_CPU_X86_SSE2', 'HW_GPU_MAX_DISPLAY_HEADS_2', 'HW_ARCH_PPCLE', 'HW_CPU_X86_F16C', 'COMPUTE_ARCH_PPC64LE', 'HW_GPU_CUDA_COMPUTE_CAPABILITY_V3_2', 'HW_NIC_SRIOV_QOS_TX', 'HW_ARCH_UNICORE32', 'HW_GPU_API_DIRECT3D_V11_2', 'COMPUTE_ARCH_RISCV64', 'STORAGE_DISK_SSD', 'COMPUTE_VOLUME_ATTACH_WITH_TAG', 'COMPUTE_TRUSTED_CERTS', 'HW_CPU_X86_AVX512BITALG', 'HW_GPU_API_OPENGL_V4_5', 'COMPUTE_STORAGE_BUS_UML', 'HW_ARCH_MICROBLAZEEL', 'HW_CPU_X86_AVX2', 'HW_GPU_API_OPENGL_V4_1', 'HW_GPU_CUDA_COMPUTE_CAPABILITY_V1_0', 'COMPUTE_ARCH_AARCH64', 'HW_NIC_OFFLOAD_RXVLAN', 'HW_GPU_CUDA_COMPUTE_CAPABILITY_V6_0', 'HW_CPU_X86_AESNI', 'HW_CPU_PPC64LE_POWER9', 'COMPUTE_VOLUME_EXTEND', 'COMPUTE_GRAPHICS_MODEL_GOP', 'COMPUTE_ARCH_X86_64', 'HW_NIC_ACCEL_IPSEC', 'HW_NIC_OFFLOAD_SWITCHDEV', 'HW_NIC_DCB_ETS', 'HW_GPU_RESOLUTION_W1024H600', 'COMPUTE_NET_VIF_MODEL_VIRTIO', 'HW_CPU_X86_INTEL_SPEC_CTRL', 'COMPUTE_IMAGE_TYPE_ARI', 'HW_ARCH_PPC64', 'COMPUTE_NET_VIF_MODEL_E1000E', 'HW_CPU_X86_AVX512F', 'HW_CPU_AARCH64_SM4', 'COMPUTE_IMAGE_TYPE_PLOOP', 'HW_GPU_RESOLUTION_W1440H900', 'HW_CPU_X86_SSE', 'HW_CPU_X86_AVX512IFMA', 'HW_NIC_OFFLOAD_RDMA', 'HW_ARCH_ARMV6', 'COMPUTE_NET_VIF_MODEL_RTL8139', 'HW_NIC_OFFLOAD_SG', 'COMPUTE_STATUS_DISABLED', 'HW_CPU_X86_AVX', 'HW_CPU_X86_FMA3', 'HW_GPU_CUDA_SDK_V9_2', 'HW_GPU_API_DIRECT3D_V8_1', 'HW_ARCH_PPCEMB', 'HW_GPU_RESOLUTION_W1366H768', 'HW_NIC_VMDQ', 'HW_GPU_MAX_DISPLAY_HEADS_8', 'HW_NIC_ACCEL_SSL', 'HW_GPU_API_OPENGL_V2_1', 'HW_CPU_X86_INTEL_PCID', 'HW_CPU_X86_AVX512VAES', 'HW_GPU_CUDA_COMPUTE_CAPABILITY_V6_2', 'HW_ARCH_SPARC64', 'HW_GPU_API_OPENCL_V2_1', 'COMPUTE_IMAGE_TYPE_AMI', 'COMPUTE_STORAGE_BUS_SCSI', 'HW_GPU_CUDA_COMPUTE_CAPABILITY_V5_2', 'HW_CPU_AARCH64_ASIMDRDM', 'COMPUTE_STORAGE_BUS_IDE', 'HW_CPU_AARCH64_DCPOP', 'HW_GPU_RESOLUTION_W1600H1200', 'HW_GPU_API_OPENCL_V1_1', 'HW_CPU_X86_SVM', 'HW_GPU_RESOLUTION_W800H600', 'STORAGE_DISK_HDD', 'HW_GPU_CUDA_SDK_V6_5', 'HW_CPU_X86_AVX512DQ', 'HW_GPU_API_DIRECT3D_V7_0', 'HW_GPU_RESOLUTION_W2560H1600', 'COMPUTE_STORAGE_BUS_VIRTIO', 'HW_GPU_API_OPENGL_V1_5', 'HW_GPU_CUDA_COMPUTE_CAPABILITY_V3_0', 'HW_NIC_OFFLOAD_SCS', 'COMPUTE_IMAGE_TYPE_RAW', 'HW_CPU_X86_INTEL_VMX', 'HW_ARCH_XTENSA', 'HW_CPU_X86_FMA4', 'HW_CPU_X86_AMD_VIRT_SSBD', 'HW_NIC_SRIOV_QOS_RX', 'COMPUTE_ARCH_MIPSEL', 'HW_CPU_AARCH64_CPUID', 'COMPUTE_VOLUME_MULTI_ATTACH', 'COMPUTE_NET_VIF_MODEL_SRIOV', 'COMPUTE_GRAPHICS_MODEL_VIRTIO', 'HW_ARCH_MIPS64', 'COMPUTE_GRAPHICS_MODEL_VGA', 'COMPUTE_NET_VIF_MODEL_LAN9118', 'HW_ARCH_MIPS', 'HW_CPU_X86_AMD_SEV', 'HW_NIC_ACCEL_LZS', 'HW_CPU_PPC64LE_POWER8', 'COMPUTE_IMAGE_TYPE_VHD', 'COMPUTE_FIRMWARE_BIOS', 'COMPUTE_NET_VIF_MODEL_VMXNET3', 'HW_CPU_X86_CLMUL', 'HW_ARCH_S390', 'HW_GPU_MAX_DISPLAY_HEADS_4', 'HW_GPU_RESOLUTION_W3840H2160', 'HW_NIC_OFFLOAD_UCS', 'COMPUTE_STORAGE_BUS_FDC', 'HW_NIC_OFFLOAD_TXUDP', 'HW_GPU_API_DIRECTX_V12', 'HW_NIC_OFFLOAD_UFO', 'HW_ARCH_AARCH64', 'COMPUTE_SECURITY_UEFI_SECURE_BOOT', 'HW_NUMA_ROOT', 'HW_GPU_CUDA_COMPUTE_CAPABILITY_V7_0', 'HW_CPU_X86_MMX', 'HW_GPU_API_DIRECT3D_V11_1', 'HW_CPU_X86_INTEL_SSBD', 'HW_CPU_X86_AMD_NO_SSB', 'HW_GPU_API_DIRECT3D_V6_0', 'HW_GPU_API_DIRECT3D_V9_0L', 'HW_GPU_CUDA_COMPUTE_CAPABILITY_V3_5', 'HW_GPU_API_DIRECT2D', 'COMPUTE_GRAPHICS_MODEL_VMVGA', 'HW_ARCH_MICROBLAZE', 'HW_GPU_CUDA_COMPUTE_CAPABILITY_V6_1', 'HW_ARCH_PPC64LE', 'COMPUTE_GRAPHICS_MODEL_QXL', 'HW_GPU_CUDA_COMPUTE_CAPABILITY_V7_1', 'COMPUTE_SECURITY_TPM_1_2', 'COMPUTE_GRAPHICS_MODEL_BOCHS', 'HW_GPU_API_VULKAN', 'HW_GPU_CUDA_COMPUTE_CAPABILITY_V1_2', 'HW_NIC_ACCEL_RSA', 'HW_GPU_API_DIRECT3D_V10_0', 'HW_NIC_SRIOV_TRUSTED', 'HW_GPU_CUDA_SDK_V7_5', 'COMPUTE_MIGRATE_POST_COPY', 'HW_GPU_API_OPENGL_V4_4', 'COMPUTE_ACCELERATORS', 'HW_CPU_X86_AMD_SSBD', 'HW_GPU_API_OPENGL_V4_0', 'HW_GPU_API_DIRECT3D_V9_0C', 'COMPUTE_DEVICE_TAGGING', 'HW_GPU_RESOLUTION_W1280H720', 'HW_ARCH_PPC', 'HW_GPU_API_OPENCL_V2_2', 'HW_ARCH_MIPSEL', 'HW_CPU_X86_AMD_SVM', 'HW_ARCH_MIPS64EL', 'HW_ARCH_IA64', 'HW_GPU_API_DIRECTX_V11', 'HW_NIC_ACCEL_DEFLATE', 'HW_GPU_API_OPENCL_V1_0', 'HW_CPU_X86_STIBP', 'HW_CPU_X86_AVX512VBMI2', 'HW_CPU_X86_VMX', 'HW_GPU_CUDA_COMPUTE_CAPABILITY_V2_0', 'HW_CPU_X86_AVX512GFNI', 'HW_GPU_CUDA_SDK_V8_0', 'COMPUTE_NET_VIF_MODEL_NE2K_PCI', 'HW_NIC_OFFLOAD_GRE', 'HW_GPU_API_OPENCL_V2_0', 'HW_GPU_RESOLUTION_W1920H1200', 'COMPUTE_RESCUE_BFV', 'HW_CPU_X86_AVX512VL', 'HW_NIC_OFFLOAD_L2CRC', 'HW_CPU_X86_SSE41', 'HW_CPU_X86_BMI', 'HW_CPU_X86_AMD_IBPB', 'HW_CPU_AARCH64_SHA2', 'HW_GPU_CUDA_COMPUTE_CAPABILITY_V1_1', 'HW_ARCH_ALPHA', 'MISC_SHARES_VIA_AGGREGATE', 'HW_CPU_X86_AVX512VPCLMULQDQ', 'HW_GPU_RESOLUTION_W1024H768', 'HW_NIC_OFFLOAD_RX', 'COMPUTE_IMAGE_TYPE_VMDK', 'HW_CPU_X86_PDPE1GB', 'COMPUTE_NET_VIF_MODEL_PCNET', 'HW_ARCH_X86_64', 'HW_GPU_API_OPENGL_V4_2', 'HW_CPU_X86_AVX512PF', 'COMPUTE_GRAPHICS_MODEL_NONE', 'HW_GPU_CUDA_SDK_V10_0', 'HW_CPU_X86_SSE42', 'COMPUTE_SOCKET_PCI_NUMA_AFFINITY', 'HW_ARCH_ARMV7B', 'HW_CPU_X86_INTEL_MD_CLEAR', 'HW_NIC_PROGRAMMABLE_PIPELINE', 'HW_CPU_AARCH64_SHA3', 'HW_GPU_RESOLUTION_W2560H1440', 'COMPUTE_EPHEMERAL_ENCRYPTION_PLAIN', 'HW_GPU_CUDA_COMPUTE_CAPABILITY_V5_3', 'HW_GPU_CUDA_COMPUTE_CAPABILITY_V7_2', 'HW_GPU_CUDA_SDK_V9_1', 'HW_CPU_X86_TSX', 'COMPUTE_NET_ATTACH_INTERFACE', 'COMPUTE_NET_VIF_MODEL_VMXNET', 'HW_ARCH_OPENRISC', 'COMPUTE_FIRMWARE_UEFI', 'HW_CPU_X86_AVX512CD', 'HW_GPU_RESOLUTION_W1152H864', 'HW_ARCH_LM32', 'COMPUTE_SECURITY_TPM_2_0', 'HW_NIC_SRIOV_MULTIQUEUE', 'HW_CPU_AARCH64_ASIMD', 'HW_CPU_X86_XOP', 'HW_NIC_MULTIQUEUE', 'COMPUTE_IMAGE_TYPE_AKI', 'HW_NIC_OFFLOAD_LRO', 'COMPUTE_EPHEMERAL_ENCRYPTION_LUKSV2', 'COMPUTE_STORAGE_BUS_SATA', 'HW_CPU_AARCH64_EVTSTRM', 'HW_GPU_RESOLUTION_W1680H1050', 'HW_GPU_RESOLUTION_W1920H1080', 'HW_GPU_API_DIRECTX_V10', 'HW_GPU_API_DXVA', 'HW_GPU_API_OPENCL_V1_2'} {{(pid=105305) _trait_sync /opt/stack/placement/placement/objects/trait.py:286}}
Oct 17 18:02:43.164118 n-d-859313-2 devstack@placement-api.service[105305]: DEBUG oslo_concurrency.lockutils [-] Releasing lock "trait_sync" {{(pid=105305) lock /usr/local/lib/python3.8/dist-packages/oslo_concurrency/lockutils.py:312}}
Oct 17 18:02:43.165412 n-d-859313-2 devstack@placement-api.service[105305]: DEBUG oslo_concurrency.lockutils [-] Acquired lock "resource_classes_sync" {{(pid=105305) lock /usr/local/lib/python3.8/dist-packages/oslo_concurrency/lockutils.py:294}}
Oct 17 18:02:43.167449 n-d-859313-2 devstack@placement-api.service[105304]: DEBUG oslo_concurrency.lockutils [-] Releasing lock "trait_sync" {{(pid=105304) lock /usr/local/lib/python3.8/dist-packages/oslo_concurrency/lockutils.py:312}}
Oct 17 18:02:43.167970 n-d-859313-2 devstack@placement-api.service[105304]: DEBUG oslo_concurrency.lockutils [-] Acquired lock "resource_classes_sync" {{(pid=105304) lock /usr/local/lib/python3.8/dist-packages/oslo_concurrency/lockutils.py:294}}
Oct 17 18:02:43.228296 n-d-859313-2 devstack@placement-api.service[105304]: DEBUG placement.objects.resource_class [-] Found existing resource classes in db: [] {{(pid=105304) _resource_classes_sync /opt/stack/placement/placement/objects/resource_class.py:228}}
Oct 17 18:02:43.228567 n-d-859313-2 devstack@placement-api.service[105305]: DEBUG placement.objects.resource_class [-] Found existing resource classes in db: [] {{(pid=105305) _resource_classes_sync /opt/stack/placement/placement/objects/resource_class.py:228}}
Oct 17 18:02:43.232476 n-d-859313-2 devstack@placement-api.service[105305]: DEBUG placement.objects.resource_class [-] Synced resource_classes from os_resource_classes: [{'name': 'VCPU', 'id': 0}, {'name': 'MEMORY_MB', 'id': 1}, {'name': 'DISK_GB', 'id': 2}, {'name': 'PCI_DEVICE', 'id': 3}, {'name': 'SRIOV_NET_VF', 'id': 4}, {'name': 'NUMA_SOCKET', 'id': 5}, {'name': 'NUMA_CORE', 'id': 6}, {'name': 'NUMA_THREAD', 'id': 7}, {'name': 'NUMA_MEMORY_MB', 'id': 8}, {'name': 'IPV4_ADDRESS', 'id': 9}, {'name': 'VGPU', 'id': 10}, {'name': 'VGPU_DISPLAY_HEAD', 'id': 11}, {'name': 'NET_BW_EGR_KILOBIT_PER_SEC', 'id': 12}, {'name': 'NET_BW_IGR_KILOBIT_PER_SEC', 'id': 13}, {'name': 'PCPU', 'id': 14}, {'name': 'MEM_ENCRYPTION_CONTEXT', 'id': 15}, {'name': 'FPGA', 'id': 16}, {'name': 'PGPU', 'id': 17}, {'name': 'NET_PACKET_RATE_KILOPACKET_PER_SEC', 'id': 18}, {'name': 'NET_PACKET_RATE_EGR_KILOPACKET_PER_SEC', 'id': 19}, {'name': 'NET_PACKET_RATE_IGR_KILOPACKET_PER_SEC', 'id': 20}] {{(pid=105305) _resource_classes_sync /opt/stack/placement/placement/objects/resource_class.py:245}}
Oct 17 18:02:43.236938 n-d-859313-2 devstack@placement-api.service[105305]: DEBUG oslo_concurrency.lockutils [-] Releasing lock "resource_classes_sync" {{(pid=105305) lock /usr/local/lib/python3.8/dist-packages/oslo_concurrency/lockutils.py:312}}
Oct 17 18:02:43.237328 n-d-859313-2 devstack@placement-api.service[105305]: WSGI app 0 (mountpoint='') ready in 3 seconds on interpreter 0x55894a5779c0 pid: 105305 (default app)
Oct 17 18:02:43.238387 n-d-859313-2 devstack@placement-api.service[105304]: DEBUG oslo_concurrency.lockutils [-] Releasing lock "resource_classes_sync" {{(pid=105304) lock /usr/local/lib/python3.8/dist-packages/oslo_concurrency/lockutils.py:312}}
Oct 17 18:02:43.238603 n-d-859313-2 devstack@placement-api.service[105304]: WSGI app 0 (mountpoint='') ready in 3 seconds on interpreter 0x55894a5779c0 pid: 105304 (default app)
Oct 17 18:02:43.238707 n-d-859313-2 devstack@placement-api.service[105305]: DEBUG placement.requestlog [None req-548198d6-548c-4306-aab6-376a74cc6137 None None] Starting request: 10.222.0.72 "GET /placement/" {{(pid=105305) __call__ /opt/stack/placement/placement/requestlog.py:55}}
Oct 17 18:02:43.255867 n-d-859313-2 devstack@placement-api.service[105305]: INFO placement.requestlog [None req-548198d6-548c-4306-aab6-376a74cc6137 None None] 10.222.0.72 "GET /placement/" status: 200 len: 136 microversion: 1.0
Oct 17 18:02:43.256217 n-d-859313-2 devstack@placement-api.service[105305]: [pid: 105305|app: 0|req: 1/1] 10.222.0.72 () {50 vars in 776 bytes} [Mon Oct 17 18:02:43 2022] GET /placement => generated 136 bytes in 18 msecs (HTTP/1.1 200) 6 headers in 224 bytes (1 switches on core 0)
Oct 17 18:03:47.240608 n-d-859313-2 devstack@placement-api.service[105304]: DEBUG placement.requestlog [None req-8f47d64a-0f62-4d9b-930e-7731398d98c6 None None] Starting request: 10.222.0.72 "GET /placement/" {{(pid=105304) __call__ /opt/stack/placement/placement/requestlog.py:55}}
Oct 17 18:03:47.279180 n-d-859313-2 devstack@placement-api.service[105304]: INFO placement.requestlog [None req-8f47d64a-0f62-4d9b-930e-7731398d98c6 None None] 10.222.0.72 "GET /placement/" status: 200 len: 136 microversion: 1.0
Oct 17 18:03:47.291455 n-d-859313-2 devstack@placement-api.service[105304]: [pid: 105304|app: 0|req: 1/2] 10.222.0.72 () {54 vars in 916 bytes} [Mon Oct 17 18:03:47 2022] GET /placement => generated 136 bytes in 52 msecs (HTTP/1.1 200) 6 headers in 224 bytes (1 switches on core 0)
Oct 17 18:03:52.310739 n-d-859313-2 devstack@placement-api.service[105305]: DEBUG placement.requestlog [None req-021917f5-0f25-4c1f-913b-15dac2abfd28 None None] Starting request: 10.222.0.72 "GET /placement/" {{(pid=105305) __call__ /opt/stack/placement/placement/requestlog.py:55}}
Oct 17 18:03:52.311749 n-d-859313-2 devstack@placement-api.service[105305]: INFO placement.requestlog [None req-021917f5-0f25-4c1f-913b-15dac2abfd28 None None] 10.222.0.72 "GET /placement/" status: 200 len: 136 microversion: 1.0
Oct 17 18:03:52.312300 n-d-859313-2 devstack@placement-api.service[105305]: [pid: 105305|app: 0|req: 2/3] 10.222.0.72 () {54 vars in 916 bytes} [Mon Oct 17 18:03:52 2022] GET /placement => generated 136 bytes in 2 msecs (HTTP/1.1 200) 6 headers in 224 bytes (1 switches on core 0)
Oct 17 18:03:54.011427 n-d-859313-2 devstack@placement-api.service[105304]: DEBUG placement.requestlog [None req-2728411a-1614-4990-a4e8-205b7077f689 None None] Starting request: 10.222.0.72 "GET /placement/" {{(pid=105304) __call__ /opt/stack/placement/placement/requestlog.py:55}}
Oct 17 18:03:54.012384 n-d-859313-2 devstack@placement-api.service[105304]: INFO placement.requestlog [None req-2728411a-1614-4990-a4e8-205b7077f689 None None] 10.222.0.72 "GET /placement/" status: 200 len: 136 microversion: 1.0
Oct 17 18:03:54.012702 n-d-859313-2 devstack@placement-api.service[105304]: [pid: 105304|app: 0|req: 2/4] 10.222.0.72 () {54 vars in 916 bytes} [Mon Oct 17 18:03:54 2022] GET /placement => generated 136 bytes in 2 msecs (HTTP/1.1 200) 6 headers in 224 bytes (1 switches on core 0)
Oct 17 18:04:54.565109 n-d-859313-2 devstack@placement-api.service[105305]: DEBUG placement.requestlog [None req-177c7269-b018-4b69-bcde-8a1ad5005655 None None] Starting request: 10.222.0.72 "GET /placement//" {{(pid=105305) __call__ /opt/stack/placement/placement/requestlog.py:55}}
Oct 17 18:04:54.566118 n-d-859313-2 devstack@placement-api.service[105305]: INFO placement.requestlog [None req-177c7269-b018-4b69-bcde-8a1ad5005655 None None] 10.222.0.72 "GET /placement//" status: 200 len: 136 microversion: 1.0
Oct 17 18:04:54.566880 n-d-859313-2 devstack@placement-api.service[105305]: [pid: 105305|app: 0|req: 3/5] 10.222.0.72 () {56 vars in 1106 bytes} [Mon Oct 17 18:04:54 2022] GET /placement/ => generated 136 bytes in 2 msecs (HTTP/1.1 200) 6 headers in 224 bytes (1 switches on core 0)
Oct 17 18:11:12.323523 n-d-859313-2 devstack@placement-api.service[105304]: DEBUG placement.requestlog [None req-cb749fa2-be42-4e46-b329-ca144c40e30f None None] Starting request: 10.222.0.64 "GET /placement/" {{(pid=105304) __call__ /opt/stack/placement/placement/requestlog.py:55}}
Oct 17 18:11:12.324614 n-d-859313-2 devstack@placement-api.service[105304]: INFO placement.requestlog [None req-cb749fa2-be42-4e46-b329-ca144c40e30f None None] 10.222.0.64 "GET /placement/" status: 200 len: 136 microversion: 1.0
Oct 17 18:11:12.324926 n-d-859313-2 devstack@placement-api.service[105304]: [pid: 105304|app: 0|req: 3/6] 10.222.0.64 () {54 vars in 913 bytes} [Mon Oct 17 18:11:12 2022] GET /placement => generated 136 bytes in 2 msecs (HTTP/1.1 200) 6 headers in 224 bytes (1 switches on core 0)
Oct 17 18:11:15.307583 n-d-859313-2 devstack@placement-api.service[105305]: DEBUG placement.requestlog [None req-abab341b-635d-41fc-a7a9-5314d87addc5 None None] Starting request: 10.222.0.81 "GET /placement/" {{(pid=105305) __call__ /opt/stack/placement/placement/requestlog.py:55}}
Oct 17 18:11:15.308545 n-d-859313-2 devstack@placement-api.service[105305]: INFO placement.requestlog [None req-abab341b-635d-41fc-a7a9-5314d87addc5 None None] 10.222.0.81 "GET /placement/" status: 200 len: 136 microversion: 1.0
Oct 17 18:11:15.308885 n-d-859313-2 devstack@placement-api.service[105305]: [pid: 105305|app: 0|req: 4/7] 10.222.0.81 () {54 vars in 913 bytes} [Mon Oct 17 18:11:15 2022] GET /placement => generated 136 bytes in 2 msecs (HTTP/1.1 200) 6 headers in 224 bytes (1 switches on core 0)
Oct 17 18:11:21.061203 n-d-859313-2 devstack@placement-api.service[105304]: DEBUG placement.requestlog [req-eb692a2d-a501-4b43-aeec-5a14e618c963 req-a0c0d496-6cad-4e04-90f4-20a3c7d25b1a None None] Starting request: 10.222.0.64 "GET /placement/resource_providers?in_tree=637b2c40-6550-4d75-b678-a64d2fd05236" {{(pid=105304) __call__ /opt/stack/placement/placement/requestlog.py:55}}
Oct 17 18:11:21.580446 n-d-859313-2 devstack@placement-api.service[105304]: INFO placement.requestlog [req-eb692a2d-a501-4b43-aeec-5a14e618c963 req-a0c0d496-6cad-4e04-90f4-20a3c7d25b1a service placement] 10.222.0.64 "GET /placement/resource_providers?in_tree=637b2c40-6550-4d75-b678-a64d2fd05236" status: 200 len: 26 microversion: 1.14
Oct 17 18:11:21.580750 n-d-859313-2 devstack@placement-api.service[105304]: [pid: 105304|app: 0|req: 4/8] 10.222.0.64 () {60 vars in 1376 bytes} [Mon Oct 17 18:11:21 2022] GET /placement/resource_providers?in_tree=637b2c40-6550-4d75-b678-a64d2fd05236 => generated 26 bytes in 520 msecs (HTTP/1.1 200) 6 headers in 224 bytes (1 switches on core 0)
Oct 17 18:11:21.587962 n-d-859313-2 devstack@placement-api.service[105305]: DEBUG placement.requestlog [req-eb692a2d-a501-4b43-aeec-5a14e618c963 req-d9136e32-e985-4c9d-9833-f9aac707234c None None] Starting request: 10.222.0.64 "POST /placement/resource_providers" {{(pid=105305) __call__ /opt/stack/placement/placement/requestlog.py:55}}
Oct 17 18:11:22.032080 n-d-859313-2 devstack@placement-api.service[105305]: INFO placement.requestlog [req-eb692a2d-a501-4b43-aeec-5a14e618c963 req-d9136e32-e985-4c9d-9833-f9aac707234c service placement] 10.222.0.64 "POST /placement/resource_providers" status: 200 len: 836 microversion: 1.20
Oct 17 18:11:22.032583 n-d-859313-2 devstack@placement-api.service[105305]: [pid: 105305|app: 0|req: 5/9] 10.222.0.64 () {64 vars in 1340 bytes} [Mon Oct 17 18:11:21 2022] POST /placement/resource_providers => generated 836 bytes in 445 msecs (HTTP/1.1 200) 9 headers in 392 bytes (1 switches on core 0)
Oct 17 18:11:22.281328 n-d-859313-2 devstack@placement-api.service[105304]: DEBUG placement.requestlog [req-eb692a2d-a501-4b43-aeec-5a14e618c963 req-d66869d3-bfd7-42cb-88ed-2f26e4702ad8 None None] Starting request: 10.222.0.64 "PUT /placement/resource_providers/637b2c40-6550-4d75-b678-a64d2fd05236/inventories" {{(pid=105304) __call__ /opt/stack/placement/placement/requestlog.py:55}}
Oct 17 18:11:22.313269 n-d-859313-2 devstack@placement-api.service[105304]: INFO placement.requestlog [req-eb692a2d-a501-4b43-aeec-5a14e618c963 req-d66869d3-bfd7-42cb-88ed-2f26e4702ad8 service placement] 10.222.0.64 "PUT /placement/resource_providers/637b2c40-6550-4d75-b678-a64d2fd05236/inventories" status: 200 len: 397 microversion: 1.26
Oct 17 18:11:22.313633 n-d-859313-2 devstack@placement-api.service[105304]: [pid: 105304|app: 0|req: 5/10] 10.222.0.64 () {64 vars in 1487 bytes} [Mon Oct 17 18:11:22 2022] PUT /placement/resource_providers/637b2c40-6550-4d75-b678-a64d2fd05236/inventories => generated 397 bytes in 33 msecs (HTTP/1.1 200) 8 headers in 296 bytes (1 switches on core 0)
Oct 17 18:11:22.342301 n-d-859313-2 devstack@placement-api.service[105305]: DEBUG placement.requestlog [req-eb692a2d-a501-4b43-aeec-5a14e618c963 req-44e886b2-de3f-4a35-898e-ebbb0d9be509 None None] Starting request: 10.222.0.64 "GET /placement/traits?name=in:COMPUTE_DEVICE_TAGGING,COMPUTE_IMAGE_TYPE_VHD,COMPUTE_IMAGE_TYPE_VHDX,COMPUTE_NODE,COMPUTE_SECURITY_UEFI_SECURE_BOOT,COMPUTE_NET_ATTACH_INTERFACE" {{(pid=105305) __call__ /opt/stack/placement/placement/requestlog.py:55}}
Oct 17 18:11:22.355886 n-d-859313-2 devstack@placement-api.service[105305]: INFO placement.requestlog [req-eb692a2d-a501-4b43-aeec-5a14e618c963 req-44e886b2-de3f-4a35-898e-ebbb0d9be509 service placement] 10.222.0.64 "GET /placement/traits?name=in:COMPUTE_DEVICE_TAGGING,COMPUTE_IMAGE_TYPE_VHD,COMPUTE_IMAGE_TYPE_VHDX,COMPUTE_NODE,COMPUTE_SECURITY_UEFI_SECURE_BOOT,COMPUTE_NET_ATTACH_INTERFACE" status: 200 len: 176 microversion: 1.6
Oct 17 18:11:22.356240 n-d-859313-2 devstack@placement-api.service[105305]: [pid: 105305|app: 0|req: 6/11] 10.222.0.64 () {60 vars in 1557 bytes} [Mon Oct 17 18:11:22 2022] GET /placement/traits?name=in:COMPUTE_DEVICE_TAGGING,COMPUTE_IMAGE_TYPE_VHD,COMPUTE_IMAGE_TYPE_VHDX,COMPUTE_NODE,COMPUTE_SECURITY_UEFI_SECURE_BOOT,COMPUTE_NET_ATTACH_INTERFACE => generated 176 bytes in 14 msecs (HTTP/1.1 200) 6 headers in 224 bytes (1 switches on core 0)
Oct 17 18:11:22.363519 n-d-859313-2 devstack@placement-api.service[105304]: DEBUG placement.requestlog [req-eb692a2d-a501-4b43-aeec-5a14e618c963 req-fc385002-e853-4f17-bc56-943cf64af39d None None] Starting request: 10.222.0.64 "PUT /placement/resource_providers/637b2c40-6550-4d75-b678-a64d2fd05236/traits" {{(pid=105304) __call__ /opt/stack/placement/placement/requestlog.py:55}}
Oct 17 18:11:22.412252 n-d-859313-2 devstack@placement-api.service[105304]: INFO placement.requestlog [req-eb692a2d-a501-4b43-aeec-5a14e618c963 req-fc385002-e853-4f17-bc56-943cf64af39d service placement] 10.222.0.64 "PUT /placement/resource_providers/637b2c40-6550-4d75-b678-a64d2fd05236/traits" status: 200 len: 211 microversion: 1.6
Oct 17 18:11:22.412757 n-d-859313-2 devstack@placement-api.service[105304]: [pid: 105304|app: 0|req: 6/12] 10.222.0.64 () {64 vars in 1471 bytes} [Mon Oct 17 18:11:22 2022] PUT /placement/resource_providers/637b2c40-6550-4d75-b678-a64d2fd05236/traits => generated 211 bytes in 50 msecs (HTTP/1.1 200) 6 headers in 224 bytes (2 switches on core 0)
Oct 17 18:11:23.760826 n-d-859313-2 devstack@placement-api.service[105305]: DEBUG placement.requestlog [req-ec820f2d-60c0-44a3-8235-11ce94ba489c req-1253aa33-a7d0-4d19-a868-cecceea58d02 None None] Starting request: 10.222.0.81 "GET /placement/resource_providers?in_tree=a2e414b7-8b72-4188-84d1-cf4a861cb321" {{(pid=105305) __call__ /opt/stack/placement/placement/requestlog.py:55}}
Oct 17 18:11:23.871094 n-d-859313-2 devstack@placement-api.service[105305]: INFO placement.requestlog [req-ec820f2d-60c0-44a3-8235-11ce94ba489c req-1253aa33-a7d0-4d19-a868-cecceea58d02 service placement] 10.222.0.81 "GET /placement/resource_providers?in_tree=a2e414b7-8b72-4188-84d1-cf4a861cb321" status: 200 len: 26 microversion: 1.14
Oct 17 18:11:23.871700 n-d-859313-2 devstack@placement-api.service[105305]: [pid: 105305|app: 0|req: 7/13] 10.222.0.81 () {60 vars in 1376 bytes} [Mon Oct 17 18:11:23 2022] GET /placement/resource_providers?in_tree=a2e414b7-8b72-4188-84d1-cf4a861cb321 => generated 26 bytes in 111 msecs (HTTP/1.1 200) 6 headers in 224 bytes (1 switches on core 0)
Oct 17 18:11:23.878354 n-d-859313-2 devstack@placement-api.service[105304]: DEBUG placement.requestlog [req-ec820f2d-60c0-44a3-8235-11ce94ba489c req-60f96232-25d3-4f6e-9890-c45efd4c4ef7 None None] Starting request: 10.222.0.81 "POST /placement/resource_providers" {{(pid=105304) __call__ /opt/stack/placement/placement/requestlog.py:55}}
Oct 17 18:11:23.894010 n-d-859313-2 devstack@placement-api.service[105304]: INFO placement.requestlog [req-ec820f2d-60c0-44a3-8235-11ce94ba489c req-60f96232-25d3-4f6e-9890-c45efd4c4ef7 service placement] 10.222.0.81 "POST /placement/resource_providers" status: 200 len: 836 microversion: 1.20
Oct 17 18:11:23.894384 n-d-859313-2 devstack@placement-api.service[105304]: [pid: 105304|app: 0|req: 7/14] 10.222.0.81 () {64 vars in 1340 bytes} [Mon Oct 17 18:11:23 2022] POST /placement/resource_providers => generated 836 bytes in 16 msecs (HTTP/1.1 200) 9 headers in 392 bytes (2 switches on core 0)
Oct 17 18:11:24.129414 n-d-859313-2 devstack@placement-api.service[105305]: DEBUG placement.requestlog [req-ec820f2d-60c0-44a3-8235-11ce94ba489c req-05ab5188-ad67-4f10-ab0f-54f124074173 None None] Starting request: 10.222.0.81 "PUT /placement/resource_providers/a2e414b7-8b72-4188-84d1-cf4a861cb321/inventories" {{(pid=105305) __call__ /opt/stack/placement/placement/requestlog.py:55}}
Oct 17 18:11:24.161842 n-d-859313-2 devstack@placement-api.service[105305]: INFO placement.requestlog [req-ec820f2d-60c0-44a3-8235-11ce94ba489c req-05ab5188-ad67-4f10-ab0f-54f124074173 service placement] 10.222.0.81 "PUT /placement/resource_providers/a2e414b7-8b72-4188-84d1-cf4a861cb321/inventories" status: 200 len: 397 microversion: 1.26
Oct 17 18:11:24.162375 n-d-859313-2 devstack@placement-api.service[105305]: [pid: 105305|app: 0|req: 8/15] 10.222.0.81 () {64 vars in 1487 bytes} [Mon Oct 17 18:11:24 2022] PUT /placement/resource_providers/a2e414b7-8b72-4188-84d1-cf4a861cb321/inventories => generated 397 bytes in 33 msecs (HTTP/1.1 200) 8 headers in 296 bytes (2 switches on core 0)
Oct 17 18:11:24.191398 n-d-859313-2 devstack@placement-api.service[105304]: DEBUG placement.requestlog [req-ec820f2d-60c0-44a3-8235-11ce94ba489c req-a753d478-52cb-4a2e-a951-884d57fe567d None None] Starting request: 10.222.0.81 "GET /placement/traits?name=in:COMPUTE_DEVICE_TAGGING,COMPUTE_IMAGE_TYPE_VHD,COMPUTE_NET_ATTACH_INTERFACE,COMPUTE_SECURITY_UEFI_SECURE_BOOT,COMPUTE_NODE,COMPUTE_IMAGE_TYPE_VHDX" {{(pid=105304) __call__ /opt/stack/placement/placement/requestlog.py:55}}
Oct 17 18:11:24.201482 n-d-859313-2 devstack@placement-api.service[105304]: INFO placement.requestlog [req-ec820f2d-60c0-44a3-8235-11ce94ba489c req-a753d478-52cb-4a2e-a951-884d57fe567d service placement] 10.222.0.81 "GET /placement/traits?name=in:COMPUTE_DEVICE_TAGGING,COMPUTE_IMAGE_TYPE_VHD,COMPUTE_NET_ATTACH_INTERFACE,COMPUTE_SECURITY_UEFI_SECURE_BOOT,COMPUTE_NODE,COMPUTE_IMAGE_TYPE_VHDX" status: 200 len: 176 microversion: 1.6
Oct 17 18:11:24.201828 n-d-859313-2 devstack@placement-api.service[105304]: [pid: 105304|app: 0|req: 8/16] 10.222.0.81 () {60 vars in 1557 bytes} [Mon Oct 17 18:11:24 2022] GET /placement/traits?name=in:COMPUTE_DEVICE_TAGGING,COMPUTE_IMAGE_TYPE_VHD,COMPUTE_NET_ATTACH_INTERFACE,COMPUTE_SECURITY_UEFI_SECURE_BOOT,COMPUTE_NODE,COMPUTE_IMAGE_TYPE_VHDX => generated 176 bytes in 11 msecs (HTTP/1.1 200) 6 headers in 224 bytes (1 switches on core 0)
Oct 17 18:11:24.209155 n-d-859313-2 devstack@placement-api.service[105305]: DEBUG placement.requestlog [req-ec820f2d-60c0-44a3-8235-11ce94ba489c req-b3df4ff4-6a84-4270-bd78-556280f13d6b None None] Starting request: 10.222.0.81 "PUT /placement/resource_providers/a2e414b7-8b72-4188-84d1-cf4a861cb321/traits" {{(pid=105305) __call__ /opt/stack/placement/placement/requestlog.py:55}}
Oct 17 18:11:24.240588 n-d-859313-2 devstack@placement-api.service[105305]: INFO placement.requestlog [req-ec820f2d-60c0-44a3-8235-11ce94ba489c req-b3df4ff4-6a84-4270-bd78-556280f13d6b service placement] 10.222.0.81 "PUT /placement/resource_providers/a2e414b7-8b72-4188-84d1-cf4a861cb321/traits" status: 200 len: 211 microversion: 1.6
Oct 17 18:11:24.241024 n-d-859313-2 devstack@placement-api.service[105305]: [pid: 105305|app: 0|req: 9/17] 10.222.0.81 () {64 vars in 1471 bytes} [Mon Oct 17 18:11:24 2022] PUT /placement/resource_providers/a2e414b7-8b72-4188-84d1-cf4a861cb321/traits => generated 211 bytes in 32 msecs (HTTP/1.1 200) 6 headers in 224 bytes (1 switches on core 0)
Oct 17 18:12:12.654136 n-d-859313-2 devstack@placement-api.service[105304]: DEBUG placement.requestlog [req-38ccac52-1d9f-43d4-ad2a-e3319362d942 req-eee34ab5-caf4-4d79-9db7-715d87af0d82 None None] Starting request: 10.222.0.64 "GET /placement/resource_providers/637b2c40-6550-4d75-b678-a64d2fd05236/allocations" {{(pid=105304) __call__ /opt/stack/placement/placement/requestlog.py:55}}
Oct 17 18:12:12.675989 n-d-859313-2 devstack@placement-api.service[105304]: INFO placement.requestlog [req-38ccac52-1d9f-43d4-ad2a-e3319362d942 req-eee34ab5-caf4-4d79-9db7-715d87af0d82 service placement] 10.222.0.64 "GET /placement/resource_providers/637b2c40-6550-4d75-b678-a64d2fd05236/allocations" status: 200 len: 54 microversion: 1.0
Oct 17 18:12:12.676368 n-d-859313-2 devstack@placement-api.service[105304]: [pid: 105304|app: 0|req: 9/18] 10.222.0.64 () {58 vars in 1390 bytes} [Mon Oct 17 18:12:12 2022] GET /placement/resource_providers/637b2c40-6550-4d75-b678-a64d2fd05236/allocations => generated 54 bytes in 23 msecs (HTTP/1.1 200) 6 headers in 223 bytes (1 switches on core 0)
Oct 17 18:12:15.660392 n-d-859313-2 devstack@placement-api.service[105305]: DEBUG placement.requestlog [req-583e715a-dccd-48aa-bfe1-253d37b83ac8 req-d177eb05-fb73-401f-af24-60d941e71f1b None None] Starting request: 10.222.0.81 "GET /placement/resource_providers/a2e414b7-8b72-4188-84d1-cf4a861cb321/allocations" {{(pid=105305) __call__ /opt/stack/placement/placement/requestlog.py:55}}
Oct 17 18:12:15.681350 n-d-859313-2 devstack@placement-api.service[105305]: INFO placement.requestlog [req-583e715a-dccd-48aa-bfe1-253d37b83ac8 req-d177eb05-fb73-401f-af24-60d941e71f1b service placement] 10.222.0.81 "GET /placement/resource_providers/a2e414b7-8b72-4188-84d1-cf4a861cb321/allocations" status: 200 len: 54 microversion: 1.0
Oct 17 18:12:15.681735 n-d-859313-2 devstack@placement-api.service[105305]: [pid: 105305|app: 0|req: 10/19] 10.222.0.81 () {58 vars in 1390 bytes} [Mon Oct 17 18:12:15 2022] GET /placement/resource_providers/a2e414b7-8b72-4188-84d1-cf4a861cb321/allocations => generated 54 bytes in 22 msecs (HTTP/1.1 200) 6 headers in 223 bytes (1 switches on core 0)
Oct 17 18:12:44.025064 n-d-859313-2 devstack@placement-api.service[105304]: DEBUG placement.requestlog [None req-33000dab-59d9-4eb6-b635-cbd453ae8e72 None None] Starting request: 10.222.0.72 "GET /placement/" {{(pid=105304) __call__ /opt/stack/placement/placement/requestlog.py:55}}
Oct 17 18:12:44.027634 n-d-859313-2 devstack@placement-api.service[105304]: INFO placement.requestlog [None req-33000dab-59d9-4eb6-b635-cbd453ae8e72 None None] 10.222.0.72 "GET /placement/" status: 200 len: 136 microversion: 1.0
Oct 17 18:12:44.028266 n-d-859313-2 devstack@placement-api.service[105304]: [pid: 105304|app: 0|req: 10/20] 10.222.0.72 () {54 vars in 916 bytes} [Mon Oct 17 18:12:44 2022] GET /placement => generated 136 bytes in 4 msecs (HTTP/1.1 200) 6 headers in 224 bytes (1 switches on core 0)
Oct 17 18:13:13.421130 n-d-859313-2 devstack@placement-api.service[105305]: DEBUG placement.requestlog [req-8975c1de-a83d-4058-9cef-a30f00a87dc7 req-291430db-2b11-4cb4-bb34-1f90153193d9 None None] Starting request: 10.222.0.64 "GET /placement/resource_providers/637b2c40-6550-4d75-b678-a64d2fd05236/allocations" {{(pid=105305) __call__ /opt/stack/placement/placement/requestlog.py:55}}
Oct 17 18:13:13.439817 n-d-859313-2 devstack@placement-api.service[105305]: INFO placement.requestlog [req-8975c1de-a83d-4058-9cef-a30f00a87dc7 req-291430db-2b11-4cb4-bb34-1f90153193d9 service placement] 10.222.0.64 "GET /placement/resource_providers/637b2c40-6550-4d75-b678-a64d2fd05236/allocations" status: 200 len: 54 microversion: 1.0
Oct 17 18:13:13.440454 n-d-859313-2 devstack@placement-api.service[105305]: [pid: 105305|app: 0|req: 11/21] 10.222.0.64 () {58 vars in 1390 bytes} [Mon Oct 17 18:13:13 2022] GET /placement/resource_providers/637b2c40-6550-4d75-b678-a64d2fd05236/allocations => generated 54 bytes in 20 msecs (HTTP/1.1 200) 6 headers in 223 bytes (2 switches on core 0)
Oct 17 18:13:17.563417 n-d-859313-2 devstack@placement-api.service[105304]: DEBUG placement.requestlog [req-361a2f57-f46c-4a7d-8c97-115642d05d8d req-95a99eb1-1a89-4939-b7c0-29e05af859ec None None] Starting request: 10.222.0.81 "GET /placement/resource_providers/a2e414b7-8b72-4188-84d1-cf4a861cb321/allocations" {{(pid=105304) __call__ /opt/stack/placement/placement/requestlog.py:55}}
Oct 17 18:13:17.581043 n-d-859313-2 devstack@placement-api.service[105304]: INFO placement.requestlog [req-361a2f57-f46c-4a7d-8c97-115642d05d8d req-95a99eb1-1a89-4939-b7c0-29e05af859ec service placement] 10.222.0.81 "GET /placement/resource_providers/a2e414b7-8b72-4188-84d1-cf4a861cb321/allocations" status: 200 len: 54 microversion: 1.0
Oct 17 18:13:17.581555 n-d-859313-2 devstack@placement-api.service[105304]: [pid: 105304|app: 0|req: 11/22] 10.222.0.81 () {58 vars in 1390 bytes} [Mon Oct 17 18:13:17 2022] GET /placement/resource_providers/a2e414b7-8b72-4188-84d1-cf4a861cb321/allocations => generated 54 bytes in 18 msecs (HTTP/1.1 200) 6 headers in 223 bytes (1 switches on core 0)
Oct 17 18:13:40.881860 n-d-859313-2 devstack@placement-api.service[105305]: DEBUG placement.requestlog [None req-f61a02f8-d288-439b-89f4-31b18c6bda7c None None] Starting request: 10.222.0.72 "GET /placement/" {{(pid=105305) __call__ /opt/stack/placement/placement/requestlog.py:55}}
Oct 17 18:13:40.883425 n-d-859313-2 devstack@placement-api.service[105305]: INFO placement.requestlog [None req-f61a02f8-d288-439b-89f4-31b18c6bda7c None None] 10.222.0.72 "GET /placement/" status: 200 len: 136 microversion: 1.0
Oct 17 18:13:40.885126 n-d-859313-2 devstack@placement-api.service[105305]: [pid: 105305|app: 0|req: 12/23] 10.222.0.72 () {54 vars in 907 bytes} [Mon Oct 17 18:13:40 2022] GET /placement => generated 136 bytes in 2 msecs (HTTP/1.1 200) 6 headers in 224 bytes (1 switches on core 0)
Oct 17 18:13:40.916464 n-d-859313-2 devstack@placement-api.service[105304]: DEBUG placement.requestlog [req-611e7dd7-7011-4ae7-a3b0-6579fcba80dc req-ae051007-16dc-4e73-a587-e191d1244b50 None None] Starting request: 10.222.0.72 "GET /placement/resource_providers?name=n-h2-859313-2" {{(pid=105304) __call__ /opt/stack/placement/placement/requestlog.py:55}}
Oct 17 18:13:41.639100 n-d-859313-2 devstack@placement-api.service[105304]: INFO placement.requestlog [req-611e7dd7-7011-4ae7-a3b0-6579fcba80dc req-ae051007-16dc-4e73-a587-e191d1244b50 service placement] 10.222.0.72 "GET /placement/resource_providers?name=n-h2-859313-2" status: 200 len: 440 microversion: 1.0
Oct 17 18:13:41.640273 n-d-859313-2 devstack@placement-api.service[105304]: [pid: 105304|app: 0|req: 12/24] 10.222.0.72 () {58 vars in 1274 bytes} [Mon Oct 17 18:13:40 2022] GET /placement/resource_providers?name=n-h2-859313-2 => generated 440 bytes in 724 msecs (HTTP/1.1 200) 6 headers in 224 bytes (1 switches on core 0)
Oct 17 18:13:41.648301 n-d-859313-2 devstack@placement-api.service[105305]: DEBUG placement.requestlog [req-611e7dd7-7011-4ae7-a3b0-6579fcba80dc req-bf11d84c-4831-4a5f-8241-ae642d256993 None None] Starting request: 10.222.0.72 "GET /placement/resource_providers/637b2c40-6550-4d75-b678-a64d2fd05236/aggregates" {{(pid=105305) __call__ /opt/stack/placement/placement/requestlog.py:55}}
Oct 17 18:13:41.710153 n-d-859313-2 devstack@placement-api.service[105305]: INFO placement.requestlog [req-611e7dd7-7011-4ae7-a3b0-6579fcba80dc req-bf11d84c-4831-4a5f-8241-ae642d256993 service placement] 10.222.0.72 "GET /placement/resource_providers/637b2c40-6550-4d75-b678-a64d2fd05236/aggregates" status: 200 len: 53 microversion: 1.19
Oct 17 18:13:41.711800 n-d-859313-2 devstack@placement-api.service[105305]: [pid: 105305|app: 0|req: 13/25] 10.222.0.72 () {60 vars in 1425 bytes} [Mon Oct 17 18:13:41 2022] GET /placement/resource_providers/637b2c40-6550-4d75-b678-a64d2fd05236/aggregates => generated 53 bytes in 65 msecs (HTTP/1.1 200) 8 headers in 295 bytes (1 switches on core 0)
Oct 17 18:13:41.723320 n-d-859313-2 devstack@placement-api.service[105304]: DEBUG placement.requestlog [req-611e7dd7-7011-4ae7-a3b0-6579fcba80dc req-b800cfc5-cb35-4ca3-b563-d03aa5ebb240 None None] Starting request: 10.222.0.72 "PUT /placement/resource_providers/637b2c40-6550-4d75-b678-a64d2fd05236/aggregates" {{(pid=105304) __call__ /opt/stack/placement/placement/requestlog.py:55}}
Oct 17 18:13:41.794912 n-d-859313-2 devstack@placement-api.service[105304]: DEBUG placement.objects.resource_provider [req-611e7dd7-7011-4ae7-a3b0-6579fcba80dc req-b800cfc5-cb35-4ca3-b563-d03aa5ebb240 service placement] _ensure_aggregate() did not find aggregate 9d29814a-d5ea-4f8e-8603-4ab8e7a3bb4b. Attempting to create it. {{(pid=105304) _ensure_aggregate /opt/stack/placement/placement/objects/resource_provider.py:320}}
Oct 17 18:13:41.800500 n-d-859313-2 devstack@placement-api.service[105304]: DEBUG placement.objects.resource_provider [req-611e7dd7-7011-4ae7-a3b0-6579fcba80dc req-b800cfc5-cb35-4ca3-b563-d03aa5ebb240 service placement] _ensure_aggregate() created new aggregate 9d29814a-d5ea-4f8e-8603-4ab8e7a3bb4b (id=1). {{(pid=105304) _ensure_aggregate /opt/stack/placement/placement/objects/resource_provider.py:326}}
Oct 17 18:13:41.812464 n-d-859313-2 devstack@placement-api.service[105304]: DEBUG placement.objects.resource_provider [req-611e7dd7-7011-4ae7-a3b0-6579fcba80dc req-b800cfc5-cb35-4ca3-b563-d03aa5ebb240 service placement] Setting aggregates for provider 637b2c40-6550-4d75-b678-a64d2fd05236. Successfully associated aggregate 9d29814a-d5ea-4f8e-8603-4ab8e7a3bb4b. {{(pid=105304) _set_aggregates /opt/stack/placement/placement/objects/resource_provider.py:388}}
Oct 17 18:13:41.828865 n-d-859313-2 devstack@placement-api.service[105304]: INFO placement.requestlog [req-611e7dd7-7011-4ae7-a3b0-6579fcba80dc req-b800cfc5-cb35-4ca3-b563-d03aa5ebb240 service placement] 10.222.0.72 "PUT /placement/resource_providers/637b2c40-6550-4d75-b678-a64d2fd05236/aggregates" status: 200 len: 91 microversion: 1.19
Oct 17 18:13:41.830471 n-d-859313-2 devstack@placement-api.service[105304]: [pid: 105304|app: 0|req: 13/26] 10.222.0.72 () {64 vars in 1477 bytes} [Mon Oct 17 18:13:41 2022] PUT /placement/resource_providers/637b2c40-6550-4d75-b678-a64d2fd05236/aggregates => generated 91 bytes in 108 msecs (HTTP/1.1 200) 8 headers in 295 bytes (1 switches on core 0)
Oct 17 18:13:41.941092 n-d-859313-2 devstack@placement-api.service[105305]: DEBUG placement.requestlog [req-5c16dd4a-ba7b-4faa-b120-4c8540b21323 req-dd339ea0-11c0-40b6-b811-cea904efd04a None None] Starting request: 10.222.0.72 "GET /placement/resource_providers?name=n-h2-859313-2" {{(pid=105305) __call__ /opt/stack/placement/placement/requestlog.py:55}}
Oct 17 18:13:41.962583 n-d-859313-2 devstack@placement-api.service[105305]: INFO placement.requestlog [req-5c16dd4a-ba7b-4faa-b120-4c8540b21323 req-dd339ea0-11c0-40b6-b811-cea904efd04a service placement] 10.222.0.72 "GET /placement/resource_providers?name=n-h2-859313-2" status: 200 len: 440 microversion: 1.0
Oct 17 18:13:41.965020 n-d-859313-2 devstack@placement-api.service[105305]: [pid: 105305|app: 0|req: 14/27] 10.222.0.72 () {58 vars in 1274 bytes} [Mon Oct 17 18:13:41 2022] GET /placement/resource_providers?name=n-h2-859313-2 => generated 440 bytes in 24 msecs (HTTP/1.1 200) 6 headers in 224 bytes (1 switches on core 0)
Oct 17 18:13:41.973676 n-d-859313-2 devstack@placement-api.service[105304]: DEBUG placement.requestlog [req-5c16dd4a-ba7b-4faa-b120-4c8540b21323 req-3d6f5002-da77-412b-ae2c-5684421dc518 None None] Starting request: 10.222.0.72 "GET /placement/resource_providers/637b2c40-6550-4d75-b678-a64d2fd05236/aggregates" {{(pid=105304) __call__ /opt/stack/placement/placement/requestlog.py:55}}
Oct 17 18:13:41.999234 n-d-859313-2 devstack@placement-api.service[105304]: INFO placement.requestlog [req-5c16dd4a-ba7b-4faa-b120-4c8540b21323 req-3d6f5002-da77-412b-ae2c-5684421dc518 service placement] 10.222.0.72 "GET /placement/resource_providers/637b2c40-6550-4d75-b678-a64d2fd05236/aggregates" status: 200 len: 91 microversion: 1.19
Oct 17 18:13:42.000508 n-d-859313-2 devstack@placement-api.service[105304]: [pid: 105304|app: 0|req: 14/28] 10.222.0.72 () {60 vars in 1425 bytes} [Mon Oct 17 18:13:41 2022] GET /placement/resource_providers/637b2c40-6550-4d75-b678-a64d2fd05236/aggregates => generated 91 bytes in 27 msecs (HTTP/1.1 200) 8 headers in 295 bytes (1 switches on core 0)
Oct 17 18:13:42.012830 n-d-859313-2 devstack@placement-api.service[105305]: DEBUG placement.requestlog [req-5c16dd4a-ba7b-4faa-b120-4c8540b21323 req-af1f484a-c77b-4510-a6ff-f6eedb12148b None None] Starting request: 10.222.0.72 "PUT /placement/resource_providers/637b2c40-6550-4d75-b678-a64d2fd05236/aggregates" {{(pid=105305) __call__ /opt/stack/placement/placement/requestlog.py:55}}
Oct 17 18:13:42.054244 n-d-859313-2 devstack@placement-api.service[105305]: DEBUG placement.objects.resource_provider [req-5c16dd4a-ba7b-4faa-b120-4c8540b21323 req-af1f484a-c77b-4510-a6ff-f6eedb12148b service placement] Setting aggregates for provider 637b2c40-6550-4d75-b678-a64d2fd05236. Successfully disassociated aggregate 9d29814a-d5ea-4f8e-8603-4ab8e7a3bb4b. {{(pid=105305) _set_aggregates /opt/stack/placement/placement/objects/resource_provider.py:403}}
Oct 17 18:13:42.067904 n-d-859313-2 devstack@placement-api.service[105305]: INFO placement.requestlog [req-5c16dd4a-ba7b-4faa-b120-4c8540b21323 req-af1f484a-c77b-4510-a6ff-f6eedb12148b service placement] 10.222.0.72 "PUT /placement/resource_providers/637b2c40-6550-4d75-b678-a64d2fd05236/aggregates" status: 200 len: 53 microversion: 1.19
Oct 17 18:13:42.069683 n-d-859313-2 devstack@placement-api.service[105305]: [pid: 105305|app: 0|req: 15/29] 10.222.0.72 () {64 vars in 1477 bytes} [Mon Oct 17 18:13:42 2022] PUT /placement/resource_providers/637b2c40-6550-4d75-b678-a64d2fd05236/aggregates => generated 53 bytes in 58 msecs (HTTP/1.1 200) 8 headers in 295 bytes (1 switches on core 0)
Oct 17 18:13:42.541782 n-d-859313-2 devstack@placement-api.service[105304]: DEBUG placement.requestlog [req-8b3b5b98-762f-4d7f-b516-5f656d4a913d req-66ef80f2-e550-4a41-b094-25af5bd52e23 None None] Starting request: 10.222.0.72 "GET /placement/resource_providers?name=n-h2-859313-2" {{(pid=105304) __call__ /opt/stack/placement/placement/requestlog.py:55}}
Oct 17 18:13:42.555598 n-d-859313-2 devstack@placement-api.service[105304]: INFO placement.requestlog [req-8b3b5b98-762f-4d7f-b516-5f656d4a913d req-66ef80f2-e550-4a41-b094-25af5bd52e23 service placement] 10.222.0.72 "GET /placement/resource_providers?name=n-h2-859313-2" status: 200 len: 440 microversion: 1.0
Oct 17 18:13:42.561246 n-d-859313-2 devstack@placement-api.service[105304]: [pid: 105304|app: 0|req: 15/30] 10.222.0.72 () {58 vars in 1274 bytes} [Mon Oct 17 18:13:42 2022] GET /placement/resource_providers?name=n-h2-859313-2 => generated 440 bytes in 19 msecs (HTTP/1.1 200) 6 headers in 224 bytes (1 switches on core 0)
Oct 17 18:13:42.564205 n-d-859313-2 devstack@placement-api.service[105305]: DEBUG placement.requestlog [req-8b3b5b98-762f-4d7f-b516-5f656d4a913d req-f899ac7a-2f91-470a-856a-974488541e24 None None] Starting request: 10.222.0.72 "GET /placement/resource_providers/637b2c40-6550-4d75-b678-a64d2fd05236/aggregates" {{(pid=105305) __call__ /opt/stack/placement/placement/requestlog.py:55}}
Oct 17 18:13:42.579657 n-d-859313-2 devstack@placement-api.service[105305]: INFO placement.requestlog [req-8b3b5b98-762f-4d7f-b516-5f656d4a913d req-f899ac7a-2f91-470a-856a-974488541e24 service placement] 10.222.0.72 "GET /placement/resource_providers/637b2c40-6550-4d75-b678-a64d2fd05236/aggregates" status: 200 len: 53 microversion: 1.19
Oct 17 18:13:42.585542 n-d-859313-2 devstack@placement-api.service[105305]: [pid: 105305|app: 0|req: 16/31] 10.222.0.72 () {60 vars in 1425 bytes} [Mon Oct 17 18:13:42 2022] GET /placement/resource_providers/637b2c40-6550-4d75-b678-a64d2fd05236/aggregates => generated 53 bytes in 22 msecs (HTTP/1.1 200) 8 headers in 295 bytes (1 switches on core 0)
Oct 17 18:13:42.589322 n-d-859313-2 devstack@placement-api.service[105304]: DEBUG placement.requestlog [req-8b3b5b98-762f-4d7f-b516-5f656d4a913d req-52b40686-c150-4100-9d54-88aeabd7b602 None None] Starting request: 10.222.0.72 "PUT /placement/resource_providers/637b2c40-6550-4d75-b678-a64d2fd05236/aggregates" {{(pid=105304) __call__ /opt/stack/placement/placement/requestlog.py:55}}
Oct 17 18:13:42.630303 n-d-859313-2 devstack@placement-api.service[105304]: DEBUG placement.objects.resource_provider [req-8b3b5b98-762f-4d7f-b516-5f656d4a913d req-52b40686-c150-4100-9d54-88aeabd7b602 service placement] _ensure_aggregate() did not find aggregate e088acf6-7268-4a29-88cd-f5a16649737b. Attempting to create it. {{(pid=105304) _ensure_aggregate /opt/stack/placement/placement/objects/resource_provider.py:320}}
Oct 17 18:13:42.635876 n-d-859313-2 devstack@placement-api.service[105304]: DEBUG placement.objects.resource_provider [req-8b3b5b98-762f-4d7f-b516-5f656d4a913d req-52b40686-c150-4100-9d54-88aeabd7b602 service placement] _ensure_aggregate() created new aggregate e088acf6-7268-4a29-88cd-f5a16649737b (id=2). {{(pid=105304) _ensure_aggregate /opt/stack/placement/placement/objects/resource_provider.py:326}}
Oct 17 18:13:42.648126 n-d-859313-2 devstack@placement-api.service[105304]: DEBUG placement.objects.resource_provider [req-8b3b5b98-762f-4d7f-b516-5f656d4a913d req-52b40686-c150-4100-9d54-88aeabd7b602 service placement] Setting aggregates for provider 637b2c40-6550-4d75-b678-a64d2fd05236. Successfully associated aggregate e088acf6-7268-4a29-88cd-f5a16649737b. {{(pid=105304) _set_aggregates /opt/stack/placement/placement/objects/resource_provider.py:388}}
Oct 17 18:13:42.660334 n-d-859313-2 devstack@placement-api.service[105304]: INFO placement.requestlog [req-8b3b5b98-762f-4d7f-b516-5f656d4a913d req-52b40686-c150-4100-9d54-88aeabd7b602 service placement] 10.222.0.72 "PUT /placement/resource_providers/637b2c40-6550-4d75-b678-a64d2fd05236/aggregates" status: 200 len: 91 microversion: 1.19
