Sep 27 11:06:49.784623 n-d-859246-1 devstack@placement-api.service[105185]: DEBUG placement.requestlog [None req-4de5d4d1-529f-494c-a548-21abc9c6bcdc None None] Starting request: 10.222.0.61 "GET /placement/resource_providers/ce74578b-b296-48da-a47c-48e105d6cdfb/aggregates" {{(pid=105185) __call__ /opt/stack/placement/placement/requestlog.py:55}}
Sep 27 11:06:49.799938 n-d-859246-1 devstack@placement-api.service[105185]: INFO placement.requestlog [None req-4de5d4d1-529f-494c-a548-21abc9c6bcdc service placement] 10.222.0.61 "GET /placement/resource_providers/ce74578b-b296-48da-a47c-48e105d6cdfb/aggregates" status: 404 len: 235 microversion: 1.1
Sep 27 11:06:49.801023 n-d-859246-1 devstack@placement-api.service[105185]: [pid: 105185|app: 0|req: 528/1060] 10.222.0.61 () {58 vars in 1362 bytes} [Tue Sep 27 11:06:49 2022] GET /placement/resource_providers/ce74578b-b296-48da-a47c-48e105d6cdfb/aggregates => generated 235 bytes in 23 msecs (HTTP/1.1 404) 5 headers in 202 bytes (1 switches on core 0)
Sep 27 11:06:49.845812 n-d-859246-1 devstack@placement-api.service[105184]: DEBUG placement.requestlog [None req-0188dd91-790f-49fc-b02f-8c4d6c86d1fe None None] Starting request: 10.222.0.61 "DELETE /placement/resource_providers/ce74578b-b296-48da-a47c-48e105d6cdfb" {{(pid=105184) __call__ /opt/stack/placement/placement/requestlog.py:55}}
Sep 27 11:06:49.864112 n-d-859246-1 devstack@placement-api.service[105184]: DEBUG placement.wsgi_wrapper [None req-0188dd91-790f-49fc-b02f-8c4d6c86d1fe service placement] Placement API returning an error response: No resource provider with uuid ce74578b-b296-48da-a47c-48e105d6cdfb found for delete {{(pid=105184) call_func /opt/stack/placement/placement/wsgi_wrapper.py:31}}
Sep 27 11:06:49.866748 n-d-859246-1 devstack@placement-api.service[105184]: INFO placement.requestlog [None req-0188dd91-790f-49fc-b02f-8c4d6c86d1fe service placement] 10.222.0.61 "DELETE /placement/resource_providers/ce74578b-b296-48da-a47c-48e105d6cdfb" status: 404 len: 246 microversion: 1.1
Sep 27 11:06:49.869792 n-d-859246-1 devstack@placement-api.service[105184]: [pid: 105184|app: 0|req: 533/1061] 10.222.0.61 () {60 vars in 1351 bytes} [Tue Sep 27 11:06:49 2022] DELETE /placement/resource_providers/ce74578b-b296-48da-a47c-48e105d6cdfb => generated 246 bytes in 24 msecs (HTTP/1.1 404) 6 headers in 231 bytes (1 switches on core 0)
Sep 27 11:06:52.686754 n-d-859246-1 devstack@placement-api.service[105185]: DEBUG placement.requestlog [None req-80b8a0c6-48e0-4b11-96af-f022aa337e5e None None] Starting request: 10.222.0.61 "GET /placement/resource_providers/d25822fc-a3a5-431e-a4fc-939dcc2d02b7/aggregates" {{(pid=105185) __call__ /opt/stack/placement/placement/requestlog.py:55}}
Sep 27 11:06:52.703474 n-d-859246-1 devstack@placement-api.service[105185]: INFO placement.requestlog [None req-80b8a0c6-48e0-4b11-96af-f022aa337e5e service placement] 10.222.0.61 "GET /placement/resource_providers/d25822fc-a3a5-431e-a4fc-939dcc2d02b7/aggregates" status: 404 len: 235 microversion: 1.1
Sep 27 11:06:52.704209 n-d-859246-1 devstack@placement-api.service[105185]: [pid: 105185|app: 0|req: 529/1062] 10.222.0.61 () {58 vars in 1362 bytes} [Tue Sep 27 11:06:52 2022] GET /placement/resource_providers/d25822fc-a3a5-431e-a4fc-939dcc2d02b7/aggregates => generated 235 bytes in 18 msecs (HTTP/1.1 404) 5 headers in 202 bytes (2 switches on core 0)
Sep 27 11:06:52.826937 n-d-859246-1 devstack@placement-api.service[105184]: DEBUG placement.requestlog [None req-1d13a5c1-0e13-4489-a109-0d2c5cd3d119 None None] Starting request: 10.222.0.61 "DELETE /placement/resource_providers/d25822fc-a3a5-431e-a4fc-939dcc2d02b7" {{(pid=105184) __call__ /opt/stack/placement/placement/requestlog.py:55}}
Sep 27 11:06:52.847233 n-d-859246-1 devstack@placement-api.service[105184]: DEBUG placement.wsgi_wrapper [None req-1d13a5c1-0e13-4489-a109-0d2c5cd3d119 service placement] Placement API returning an error response: No resource provider with uuid d25822fc-a3a5-431e-a4fc-939dcc2d02b7 found for delete {{(pid=105184) call_func /opt/stack/placement/placement/wsgi_wrapper.py:31}}
Sep 27 11:06:52.851981 n-d-859246-1 devstack@placement-api.service[105184]: INFO placement.requestlog [None req-1d13a5c1-0e13-4489-a109-0d2c5cd3d119 service placement] 10.222.0.61 "DELETE /placement/resource_providers/d25822fc-a3a5-431e-a4fc-939dcc2d02b7" status: 404 len: 246 microversion: 1.1
Sep 27 11:06:52.855216 n-d-859246-1 devstack@placement-api.service[105184]: [pid: 105184|app: 0|req: 534/1063] 10.222.0.61 () {60 vars in 1351 bytes} [Tue Sep 27 11:06:52 2022] DELETE /placement/resource_providers/d25822fc-a3a5-431e-a4fc-939dcc2d02b7 => generated 246 bytes in 28 msecs (HTTP/1.1 404) 6 headers in 231 bytes (1 switches on core 0)
Sep 27 11:06:58.188403 n-d-859246-1 devstack@placement-api.service[105185]: DEBUG placement.requestlog [req-83b54667-a287-4892-8909-a92e2e95a3be req-e09d9ccf-a952-4555-b917-8af77ce7ae92 None None] Starting request: 10.222.0.61 "GET /placement/allocation_candidates?limit=1000&resources=DISK_GB%3A1%2CMEMORY_MB%3A1024%2CVCPU%3A1&root_required=%21COMPUTE_STATUS_DISABLED" {{(pid=105185) __call__ /opt/stack/placement/placement/requestlog.py:55}}
Sep 27 11:06:58.306347 n-d-859246-1 devstack@placement-api.service[105185]: DEBUG placement.objects.research_context [req-83b54667-a287-4892-8909-a92e2e95a3be req-e09d9ccf-a952-4555-b917-8af77ce7ae92 service placement] getting providers with 1 DISK_GB {{(pid=105185) __init__ /opt/stack/placement/placement/objects/research_context.py:136}}
Sep 27 11:06:58.331553 n-d-859246-1 devstack@placement-api.service[105184]: DEBUG placement.requestlog [None req-818d5a4e-412e-4b40-b038-67d49a55df4f None None] Starting request: 10.222.0.61 "GET /placement/resource_providers/acd22cc0-2529-431c-8ab7-9fcd1b1d8e42/aggregates" {{(pid=105184) __call__ /opt/stack/placement/placement/requestlog.py:55}}
Sep 27 11:06:58.361636 n-d-859246-1 devstack@placement-api.service[105184]: INFO placement.requestlog [None req-818d5a4e-412e-4b40-b038-67d49a55df4f service placement] 10.222.0.61 "GET /placement/resource_providers/acd22cc0-2529-431c-8ab7-9fcd1b1d8e42/aggregates" status: 404 len: 235 microversion: 1.1
Sep 27 11:06:58.363940 n-d-859246-1 devstack@placement-api.service[105184]: [pid: 105184|app: 0|req: 535/1064] 10.222.0.61 () {58 vars in 1362 bytes} [Tue Sep 27 11:06:58 2022] GET /placement/resource_providers/acd22cc0-2529-431c-8ab7-9fcd1b1d8e42/aggregates => generated 235 bytes in 33 msecs (HTTP/1.1 404) 5 headers in 202 bytes (1 switches on core 0)
Sep 27 11:06:58.382144 n-d-859246-1 devstack@placement-api.service[105185]: DEBUG placement.objects.research_context [req-83b54667-a287-4892-8909-a92e2e95a3be req-e09d9ccf-a952-4555-b917-8af77ce7ae92 service placement] getting providers with 1024 MEMORY_MB {{(pid=105185) __init__ /opt/stack/placement/placement/objects/research_context.py:136}}
Sep 27 11:06:58.404553 n-d-859246-1 devstack@placement-api.service[105184]: DEBUG placement.requestlog [None req-c611726e-9caf-4da8-9b2d-2f48f6105e94 None None] Starting request: 10.222.0.61 "DELETE /placement/resource_providers/acd22cc0-2529-431c-8ab7-9fcd1b1d8e42" {{(pid=105184) __call__ /opt/stack/placement/placement/requestlog.py:55}}
Sep 27 11:06:58.423314 n-d-859246-1 devstack@placement-api.service[105185]: DEBUG placement.objects.research_context [req-83b54667-a287-4892-8909-a92e2e95a3be req-e09d9ccf-a952-4555-b917-8af77ce7ae92 service placement] getting providers with 1 VCPU {{(pid=105185) __init__ /opt/stack/placement/placement/objects/research_context.py:136}}
Sep 27 11:06:58.426463 n-d-859246-1 devstack@placement-api.service[105184]: DEBUG placement.wsgi_wrapper [None req-c611726e-9caf-4da8-9b2d-2f48f6105e94 service placement] Placement API returning an error response: No resource provider with uuid acd22cc0-2529-431c-8ab7-9fcd1b1d8e42 found for delete {{(pid=105184) call_func /opt/stack/placement/placement/wsgi_wrapper.py:31}}
Sep 27 11:06:58.427753 n-d-859246-1 devstack@placement-api.service[105184]: INFO placement.requestlog [None req-c611726e-9caf-4da8-9b2d-2f48f6105e94 service placement] 10.222.0.61 "DELETE /placement/resource_providers/acd22cc0-2529-431c-8ab7-9fcd1b1d8e42" status: 404 len: 246 microversion: 1.1
Sep 27 11:06:58.430464 n-d-859246-1 devstack@placement-api.service[105184]: [pid: 105184|app: 0|req: 536/1065] 10.222.0.61 () {60 vars in 1351 bytes} [Tue Sep 27 11:06:58 2022] DELETE /placement/resource_providers/acd22cc0-2529-431c-8ab7-9fcd1b1d8e42 => generated 246 bytes in 27 msecs (HTTP/1.1 404) 6 headers in 231 bytes (2 switches on core 0)
Sep 27 11:06:58.449115 n-d-859246-1 devstack@placement-api.service[105185]: DEBUG placement.objects.research_context [req-83b54667-a287-4892-8909-a92e2e95a3be req-e09d9ccf-a952-4555-b917-8af77ce7ae92 service placement] found 2 providers with available 1 DISK_GB {{(pid=105185) get_provider_ids_matching /opt/stack/placement/placement/objects/research_context.py:559}}
Sep 27 11:06:58.449646 n-d-859246-1 devstack@placement-api.service[105185]: DEBUG placement.objects.research_context [req-83b54667-a287-4892-8909-a92e2e95a3be req-e09d9ccf-a952-4555-b917-8af77ce7ae92 service placement] found 2 providers with available 1024 MEMORY_MB {{(pid=105185) get_provider_ids_matching /opt/stack/placement/placement/objects/research_context.py:559}}
Sep 27 11:06:58.450078 n-d-859246-1 devstack@placement-api.service[105185]: DEBUG placement.objects.research_context [req-83b54667-a287-4892-8909-a92e2e95a3be req-e09d9ccf-a952-4555-b917-8af77ce7ae92 service placement] found 2 providers after filtering by previous result {{(pid=105185) get_provider_ids_matching /opt/stack/placement/placement/objects/research_context.py:590}}
Sep 27 11:06:58.450534 n-d-859246-1 devstack@placement-api.service[105185]: DEBUG placement.objects.research_context [req-83b54667-a287-4892-8909-a92e2e95a3be req-e09d9ccf-a952-4555-b917-8af77ce7ae92 service placement] found 2 providers with available 1 VCPU {{(pid=105185) get_provider_ids_matching /opt/stack/placement/placement/objects/research_context.py:559}}
Sep 27 11:06:58.451142 n-d-859246-1 devstack@placement-api.service[105185]: DEBUG placement.objects.research_context [req-83b54667-a287-4892-8909-a92e2e95a3be req-e09d9ccf-a952-4555-b917-8af77ce7ae92 service placement] found 2 providers after filtering by previous result {{(pid=105185) get_provider_ids_matching /opt/stack/placement/placement/objects/research_context.py:590}}
Sep 27 11:06:58.485960 n-d-859246-1 devstack@placement-api.service[105185]: DEBUG placement.objects.allocation_candidate [req-83b54667-a287-4892-8909-a92e2e95a3be req-e09d9ccf-a952-4555-b917-8af77ce7ae92 service placement] RequestGroup(use_same_provider=False, resources={DISK_GB:1, MEMORY_MB:1024, VCPU:1}, traits=(), aggregates=[]) (suffix '') returned 2 matches {{(pid=105185) _get_by_requests /opt/stack/placement/placement/objects/allocation_candidate.py:156}}
Sep 27 11:06:58.488515 n-d-859246-1 devstack@placement-api.service[105185]: DEBUG placement.objects.allocation_candidate [req-83b54667-a287-4892-8909-a92e2e95a3be req-e09d9ccf-a952-4555-b917-8af77ce7ae92 service placement] Merging candidates yields 2 allocation requests and 2 provider summaries {{(pid=105185) _merge_candidates /opt/stack/placement/placement/objects/allocation_candidate.py:809}}
Sep 27 11:06:58.494866 n-d-859246-1 devstack@placement-api.service[105185]: INFO placement.requestlog [req-83b54667-a287-4892-8909-a92e2e95a3be req-e09d9ccf-a952-4555-b917-8af77ce7ae92 service placement] 10.222.0.61 "GET /placement/allocation_candidates?limit=1000&resources=DISK_GB%3A1%2CMEMORY_MB%3A1024%2CVCPU%3A1&root_required=%21COMPUTE_STATUS_DISABLED" status: 200 len: 1309 microversion: 1.36
Sep 27 11:06:58.502047 n-d-859246-1 devstack@placement-api.service[105185]: [pid: 105185|app: 0|req: 530/1066] 10.222.0.61 () {60 vars in 1506 bytes} [Tue Sep 27 11:06:58 2022] GET /placement/allocation_candidates?limit=1000&resources=DISK_GB%3A1%2CMEMORY_MB%3A1024%2CVCPU%3A1&root_required=%21COMPUTE_STATUS_DISABLED => generated 1309 bytes in 315 msecs (HTTP/1.1 200) 8 headers in 297 bytes (1 switches on core 0)
Sep 27 11:06:58.645467 n-d-859246-1 devstack@placement-api.service[105184]: DEBUG placement.requestlog [req-83b54667-a287-4892-8909-a92e2e95a3be req-540f3a57-7b2e-42bd-8458-ab7f945b23c7 None None] Starting request: 10.222.0.61 "GET /placement/allocations/8fcf504d-a46a-45c6-b1fd-37c94ab40fc7" {{(pid=105184) __call__ /opt/stack/placement/placement/requestlog.py:55}}
Sep 27 11:06:58.668446 n-d-859246-1 devstack@placement-api.service[105184]: INFO placement.requestlog [req-83b54667-a287-4892-8909-a92e2e95a3be req-540f3a57-7b2e-42bd-8458-ab7f945b23c7 service placement] 10.222.0.61 "GET /placement/allocations/8fcf504d-a46a-45c6-b1fd-37c94ab40fc7" status: 200 len: 19 microversion: 1.28
Sep 27 11:06:58.671105 n-d-859246-1 devstack@placement-api.service[105184]: [pid: 105184|app: 0|req: 537/1067] 10.222.0.61 () {60 vars in 1380 bytes} [Tue Sep 27 11:06:58 2022] GET /placement/allocations/8fcf504d-a46a-45c6-b1fd-37c94ab40fc7 => generated 19 bytes in 26 msecs (HTTP/1.1 200) 8 headers in 295 bytes (1 switches on core 0)
Sep 27 11:06:58.680469 n-d-859246-1 devstack@placement-api.service[105185]: DEBUG placement.requestlog [req-83b54667-a287-4892-8909-a92e2e95a3be req-df3ad6ad-bcc8-4a6f-ad52-b6c11799e4de None None] Starting request: 10.222.0.61 "PUT /placement/allocations/8fcf504d-a46a-45c6-b1fd-37c94ab40fc7" {{(pid=105185) __call__ /opt/stack/placement/placement/requestlog.py:55}}
Sep 27 11:06:58.798060 n-d-859246-1 devstack@placement-api.service[105185]: DEBUG placement.handlers.allocation [req-83b54667-a287-4892-8909-a92e2e95a3be req-df3ad6ad-bcc8-4a6f-ad52-b6c11799e4de service placement] Successfully wrote allocations [, , ] {{(pid=105185) _update_consumers_and_create_allocations /opt/stack/placement/placement/handlers/allocation.py:462}}
Sep 27 11:06:58.805998 n-d-859246-1 devstack@placement-api.service[105185]: INFO placement.requestlog [req-83b54667-a287-4892-8909-a92e2e95a3be req-df3ad6ad-bcc8-4a6f-ad52-b6c11799e4de service placement] 10.222.0.61 "PUT /placement/allocations/8fcf504d-a46a-45c6-b1fd-37c94ab40fc7" status: 204 len: 0 microversion: 1.36
Sep 27 11:06:58.806531 n-d-859246-1 devstack@placement-api.service[105185]: [pid: 105185|app: 0|req: 531/1068] 10.222.0.61 () {64 vars in 1433 bytes} [Tue Sep 27 11:06:58 2022] PUT /placement/allocations/8fcf504d-a46a-45c6-b1fd-37c94ab40fc7 => generated 0 bytes in 126 msecs (HTTP/1.1 204) 5 headers in 199 bytes (1 switches on core 0)
Sep 27 11:06:59.472422 n-d-859246-1 devstack@placement-api.service[105184]: DEBUG placement.requestlog [req-83b54667-a287-4892-8909-a92e2e95a3be req-70395f69-cd7f-40b6-bdd4-b6e505f9f9e9 None None] Starting request: 10.222.0.48 "GET /placement/allocations/8fcf504d-a46a-45c6-b1fd-37c94ab40fc7" {{(pid=105184) __call__ /opt/stack/placement/placement/requestlog.py:55}}
Sep 27 11:06:59.513159 n-d-859246-1 devstack@placement-api.service[105184]: INFO placement.requestlog [req-83b54667-a287-4892-8909-a92e2e95a3be req-70395f69-cd7f-40b6-bdd4-b6e505f9f9e9 service placement] 10.222.0.48 "GET /placement/allocations/8fcf504d-a46a-45c6-b1fd-37c94ab40fc7" status: 200 len: 259 microversion: 1.28
Sep 27 11:06:59.513755 n-d-859246-1 devstack@placement-api.service[105184]: [pid: 105184|app: 0|req: 538/1069] 10.222.0.48 () {60 vars in 1377 bytes} [Tue Sep 27 11:06:59 2022] GET /placement/allocations/8fcf504d-a46a-45c6-b1fd-37c94ab40fc7 => generated 259 bytes in 42 msecs (HTTP/1.1 200) 8 headers in 296 bytes (1 switches on core 0)
Sep 27 11:07:04.065780 n-d-859246-1 devstack@placement-api.service[105185]: DEBUG placement.requestlog [None req-f969393f-0ad5-49d2-a279-0326ca7795d5 None None] Starting request: 10.222.0.61 "GET /placement/resource_providers/51051eeb-0f6f-499d-93b0-445a49a25531/aggregates" {{(pid=105185) __call__ /opt/stack/placement/placement/requestlog.py:55}}
Sep 27 11:07:04.085736 n-d-859246-1 devstack@placement-api.service[105185]: INFO placement.requestlog [None req-f969393f-0ad5-49d2-a279-0326ca7795d5 service placement] 10.222.0.61 "GET /placement/resource_providers/51051eeb-0f6f-499d-93b0-445a49a25531/aggregates" status: 404 len: 235 microversion: 1.1
Sep 27 11:07:04.086688 n-d-859246-1 devstack@placement-api.service[105185]: [pid: 105185|app: 0|req: 532/1070] 10.222.0.61 () {58 vars in 1362 bytes} [Tue Sep 27 11:07:04 2022] GET /placement/resource_providers/51051eeb-0f6f-499d-93b0-445a49a25531/aggregates => generated 235 bytes in 21 msecs (HTTP/1.1 404) 5 headers in 202 bytes (1 switches on core 0)
Sep 27 11:07:04.139445 n-d-859246-1 devstack@placement-api.service[105184]: DEBUG placement.requestlog [None req-3bdd7d66-92f9-4629-9af4-25d27eba1a52 None None] Starting request: 10.222.0.61 "DELETE /placement/resource_providers/51051eeb-0f6f-499d-93b0-445a49a25531" {{(pid=105184) __call__ /opt/stack/placement/placement/requestlog.py:55}}
Sep 27 11:07:04.160844 n-d-859246-1 devstack@placement-api.service[105184]: DEBUG placement.wsgi_wrapper [None req-3bdd7d66-92f9-4629-9af4-25d27eba1a52 service placement] Placement API returning an error response: No resource provider with uuid 51051eeb-0f6f-499d-93b0-445a49a25531 found for delete {{(pid=105184) call_func /opt/stack/placement/placement/wsgi_wrapper.py:31}}
Sep 27 11:07:04.162007 n-d-859246-1 devstack@placement-api.service[105184]: INFO placement.requestlog [None req-3bdd7d66-92f9-4629-9af4-25d27eba1a52 service placement] 10.222.0.61 "DELETE /placement/resource_providers/51051eeb-0f6f-499d-93b0-445a49a25531" status: 404 len: 246 microversion: 1.1
Sep 27 11:07:04.162469 n-d-859246-1 devstack@placement-api.service[105184]: [pid: 105184|app: 0|req: 539/1071] 10.222.0.61 () {60 vars in 1351 bytes} [Tue Sep 27 11:07:04 2022] DELETE /placement/resource_providers/51051eeb-0f6f-499d-93b0-445a49a25531 => generated 246 bytes in 23 msecs (HTTP/1.1 404) 6 headers in 231 bytes (1 switches on core 0)
Sep 27 11:07:07.350557 n-d-859246-1 devstack@placement-api.service[105185]: DEBUG placement.requestlog [req-aec6f4e7-6ed1-4009-ae47-fb5caccd128c req-15477527-bcb3-4406-9e0d-3d94860a2718 None None] Starting request: 10.222.0.61 "GET /placement/allocation_candidates?limit=1000&resources=MEMORY_MB%3A1024%2CVCPU%3A1&root_required=%21COMPUTE_STATUS_DISABLED" {{(pid=105185) __call__ /opt/stack/placement/placement/requestlog.py:55}}
Sep 27 11:07:07.435631 n-d-859246-1 devstack@placement-api.service[105185]: DEBUG placement.objects.research_context [req-aec6f4e7-6ed1-4009-ae47-fb5caccd128c req-15477527-bcb3-4406-9e0d-3d94860a2718 service placement] getting providers with 1024 MEMORY_MB {{(pid=105185) __init__ /opt/stack/placement/placement/objects/research_context.py:136}}
Sep 27 11:07:07.448589 n-d-859246-1 devstack@placement-api.service[105185]: DEBUG placement.objects.research_context [req-aec6f4e7-6ed1-4009-ae47-fb5caccd128c req-15477527-bcb3-4406-9e0d-3d94860a2718 service placement] getting providers with 1 VCPU {{(pid=105185) __init__ /opt/stack/placement/placement/objects/research_context.py:136}}
Sep 27 11:07:07.463627 n-d-859246-1 devstack@placement-api.service[105185]: DEBUG placement.objects.research_context [req-aec6f4e7-6ed1-4009-ae47-fb5caccd128c req-15477527-bcb3-4406-9e0d-3d94860a2718 service placement] found 2 providers with available 1024 MEMORY_MB {{(pid=105185) get_provider_ids_matching /opt/stack/placement/placement/objects/research_context.py:559}}
Sep 27 11:07:07.464691 n-d-859246-1 devstack@placement-api.service[105185]: DEBUG placement.objects.research_context [req-aec6f4e7-6ed1-4009-ae47-fb5caccd128c req-15477527-bcb3-4406-9e0d-3d94860a2718 service placement] found 2 providers with available 1 VCPU {{(pid=105185) get_provider_ids_matching /opt/stack/placement/placement/objects/research_context.py:559}}
Sep 27 11:07:07.468728 n-d-859246-1 devstack@placement-api.service[105185]: DEBUG placement.objects.research_context [req-aec6f4e7-6ed1-4009-ae47-fb5caccd128c req-15477527-bcb3-4406-9e0d-3d94860a2718 service placement] found 2 providers after filtering by previous result {{(pid=105185) get_provider_ids_matching /opt/stack/placement/placement/objects/research_context.py:590}}
Sep 27 11:07:07.497839 n-d-859246-1 devstack@placement-api.service[105185]: DEBUG placement.objects.allocation_candidate [req-aec6f4e7-6ed1-4009-ae47-fb5caccd128c req-15477527-bcb3-4406-9e0d-3d94860a2718 service placement] RequestGroup(use_same_provider=False, resources={MEMORY_MB:1024, VCPU:1}, traits=(), aggregates=[]) (suffix '') returned 2 matches {{(pid=105185) _get_by_requests /opt/stack/placement/placement/objects/allocation_candidate.py:156}}
Sep 27 11:07:07.498428 n-d-859246-1 devstack@placement-api.service[105185]: DEBUG placement.objects.allocation_candidate [req-aec6f4e7-6ed1-4009-ae47-fb5caccd128c req-15477527-bcb3-4406-9e0d-3d94860a2718 service placement] Merging candidates yields 2 allocation requests and 2 provider summaries {{(pid=105185) _merge_candidates /opt/stack/placement/placement/objects/allocation_candidate.py:809}}
Sep 27 11:07:07.502163 n-d-859246-1 devstack@placement-api.service[105185]: INFO placement.requestlog [req-aec6f4e7-6ed1-4009-ae47-fb5caccd128c req-15477527-bcb3-4406-9e0d-3d94860a2718 service placement] 10.222.0.61 "GET /placement/allocation_candidates?limit=1000&resources=MEMORY_MB%3A1024%2CVCPU%3A1&root_required=%21COMPUTE_STATUS_DISABLED" status: 200 len: 1281 microversion: 1.36
Sep 27 11:07:07.507524 n-d-859246-1 devstack@placement-api.service[105185]: [pid: 105185|app: 0|req: 533/1072] 10.222.0.61 () {60 vars in 1478 bytes} [Tue Sep 27 11:07:07 2022] GET /placement/allocation_candidates?limit=1000&resources=MEMORY_MB%3A1024%2CVCPU%3A1&root_required=%21COMPUTE_STATUS_DISABLED => generated 1281 bytes in 157 msecs (HTTP/1.1 200) 8 headers in 297 bytes (1 switches on core 0)
Sep 27 11:07:07.665708 n-d-859246-1 devstack@placement-api.service[105184]: DEBUG placement.requestlog [req-aec6f4e7-6ed1-4009-ae47-fb5caccd128c req-862a6952-0b8f-4ba9-9f5f-13de6bb439ea None None] Starting request: 10.222.0.61 "GET /placement/allocations/bc75cba4-6411-416e-90f5-23495164a2a2" {{(pid=105184) __call__ /opt/stack/placement/placement/requestlog.py:55}}
Sep 27 11:07:07.695479 n-d-859246-1 devstack@placement-api.service[105184]: INFO placement.requestlog [req-aec6f4e7-6ed1-4009-ae47-fb5caccd128c req-862a6952-0b8f-4ba9-9f5f-13de6bb439ea service placement] 10.222.0.61 "GET /placement/allocations/bc75cba4-6411-416e-90f5-23495164a2a2" status: 200 len: 19 microversion: 1.28
Sep 27 11:07:07.698908 n-d-859246-1 devstack@placement-api.service[105184]: [pid: 105184|app: 0|req: 540/1073] 10.222.0.61 () {60 vars in 1380 bytes} [Tue Sep 27 11:07:07 2022] GET /placement/allocations/bc75cba4-6411-416e-90f5-23495164a2a2 => generated 19 bytes in 34 msecs (HTTP/1.1 200) 8 headers in 295 bytes (1 switches on core 0)
Sep 27 11:07:07.716626 n-d-859246-1 devstack@placement-api.service[105185]: DEBUG placement.requestlog [req-aec6f4e7-6ed1-4009-ae47-fb5caccd128c req-04608f42-59bd-4a9a-ac0c-11a4da5d21d5 None None] Starting request: 10.222.0.61 "PUT /placement/allocations/bc75cba4-6411-416e-90f5-23495164a2a2" {{(pid=105185) __call__ /opt/stack/placement/placement/requestlog.py:55}}
Sep 27 11:07:07.864748 n-d-859246-1 devstack@placement-api.service[105185]: DEBUG placement.handlers.allocation [req-aec6f4e7-6ed1-4009-ae47-fb5caccd128c req-04608f42-59bd-4a9a-ac0c-11a4da5d21d5 service placement] Successfully wrote allocations [, ] {{(pid=105185) _update_consumers_and_create_allocations /opt/stack/placement/placement/handlers/allocation.py:462}}
Sep 27 11:07:07.874723 n-d-859246-1 devstack@placement-api.service[105185]: INFO placement.requestlog [req-aec6f4e7-6ed1-4009-ae47-fb5caccd128c req-04608f42-59bd-4a9a-ac0c-11a4da5d21d5 service placement] 10.222.0.61 "PUT /placement/allocations/bc75cba4-6411-416e-90f5-23495164a2a2" status: 204 len: 0 microversion: 1.36
Sep 27 11:07:07.875706 n-d-859246-1 devstack@placement-api.service[105185]: [pid: 105185|app: 0|req: 534/1074] 10.222.0.61 () {64 vars in 1433 bytes} [Tue Sep 27 11:07:07 2022] PUT /placement/allocations/bc75cba4-6411-416e-90f5-23495164a2a2 => generated 0 bytes in 165 msecs (HTTP/1.1 204) 5 headers in 199 bytes (1 switches on core 0)
Sep 27 11:07:08.752930 n-d-859246-1 devstack@placement-api.service[105184]: DEBUG placement.requestlog [req-aec6f4e7-6ed1-4009-ae47-fb5caccd128c req-ff18d828-5fea-4620-8863-e32e1278f9a3 None None] Starting request: 10.222.0.50 "GET /placement/allocations/bc75cba4-6411-416e-90f5-23495164a2a2" {{(pid=105184) __call__ /opt/stack/placement/placement/requestlog.py:55}}
Sep 27 11:07:08.787890 n-d-859246-1 devstack@placement-api.service[105184]: INFO placement.requestlog [req-aec6f4e7-6ed1-4009-ae47-fb5caccd128c req-ff18d828-5fea-4620-8863-e32e1278f9a3 service placement] 10.222.0.50 "GET /placement/allocations/bc75cba4-6411-416e-90f5-23495164a2a2" status: 200 len: 245 microversion: 1.28
Sep 27 11:07:08.796942 n-d-859246-1 devstack@placement-api.service[105184]: [pid: 105184|app: 0|req: 541/1075] 10.222.0.50 () {60 vars in 1377 bytes} [Tue Sep 27 11:07:08 2022] GET /placement/allocations/bc75cba4-6411-416e-90f5-23495164a2a2 => generated 245 bytes in 44 msecs (HTTP/1.1 200) 8 headers in 296 bytes (1 switches on core 0)
Sep 27 11:07:16.525030 n-d-859246-1 devstack@placement-api.service[105185]: DEBUG placement.requestlog [None req-76f71807-b1df-40d6-b73d-3c9bd71a3e91 None None] Starting request: 10.222.0.61 "GET /placement/resource_providers/5390e81f-5a70-4a0e-8ad8-98ba70867dbc/aggregates" {{(pid=105185) __call__ /opt/stack/placement/placement/requestlog.py:55}}
Sep 27 11:07:16.538030 n-d-859246-1 devstack@placement-api.service[105185]: INFO placement.requestlog [None req-76f71807-b1df-40d6-b73d-3c9bd71a3e91 service placement] 10.222.0.61 "GET /placement/resource_providers/5390e81f-5a70-4a0e-8ad8-98ba70867dbc/aggregates" status: 404 len: 235 microversion: 1.1
Sep 27 11:07:16.538669 n-d-859246-1 devstack@placement-api.service[105185]: [pid: 105185|app: 0|req: 535/1076] 10.222.0.61 () {58 vars in 1362 bytes} [Tue Sep 27 11:07:16 2022] GET /placement/resource_providers/5390e81f-5a70-4a0e-8ad8-98ba70867dbc/aggregates => generated 235 bytes in 14 msecs (HTTP/1.1 404) 5 headers in 202 bytes (1 switches on core 0)
Sep 27 11:07:16.559173 n-d-859246-1 devstack@placement-api.service[105184]: DEBUG placement.requestlog [None req-82aa4950-95c6-4e44-b865-8ccb6e3698a2 None None] Starting request: 10.222.0.61 "DELETE /placement/resource_providers/5390e81f-5a70-4a0e-8ad8-98ba70867dbc" {{(pid=105184) __call__ /opt/stack/placement/placement/requestlog.py:55}}
Sep 27 11:07:16.571162 n-d-859246-1 devstack@placement-api.service[105184]: DEBUG placement.wsgi_wrapper [None req-82aa4950-95c6-4e44-b865-8ccb6e3698a2 service placement] Placement API returning an error response: No resource provider with uuid 5390e81f-5a70-4a0e-8ad8-98ba70867dbc found for delete {{(pid=105184) call_func /opt/stack/placement/placement/wsgi_wrapper.py:31}}
Sep 27 11:07:16.572213 n-d-859246-1 devstack@placement-api.service[105184]: INFO placement.requestlog [None req-82aa4950-95c6-4e44-b865-8ccb6e3698a2 service placement] 10.222.0.61 "DELETE /placement/resource_providers/5390e81f-5a70-4a0e-8ad8-98ba70867dbc" status: 404 len: 246 microversion: 1.1
Sep 27 11:07:16.572981 n-d-859246-1 devstack@placement-api.service[105184]: [pid: 105184|app: 0|req: 542/1077] 10.222.0.61 () {60 vars in 1351 bytes} [Tue Sep 27 11:07:16 2022] DELETE /placement/resource_providers/5390e81f-5a70-4a0e-8ad8-98ba70867dbc => generated 246 bytes in 14 msecs (HTTP/1.1 404) 6 headers in 231 bytes (1 switches on core 0)
Sep 27 11:07:17.404902 n-d-859246-1 devstack@placement-api.service[105185]: DEBUG placement.requestlog [req-e7bae40b-36d3-4ac4-be4b-4b3a460e4c53 req-b01e0345-c0ba-46eb-9d1e-ff7ccd15bf93 None None] Starting request: 10.222.0.50 "GET /placement/resource_providers/864ba3be-d1c4-42c7-a8c5-84732827f260/allocations" {{(pid=105185) __call__ /opt/stack/placement/placement/requestlog.py:55}}
Sep 27 11:07:17.440967 n-d-859246-1 devstack@placement-api.service[105185]: INFO placement.requestlog [req-e7bae40b-36d3-4ac4-be4b-4b3a460e4c53 req-b01e0345-c0ba-46eb-9d1e-ff7ccd15bf93 service placement] 10.222.0.50 "GET /placement/resource_providers/864ba3be-d1c4-42c7-a8c5-84732827f260/allocations" status: 200 len: 241 microversion: 1.0
Sep 27 11:07:17.441666 n-d-859246-1 devstack@placement-api.service[105185]: [pid: 105185|app: 0|req: 536/1078] 10.222.0.50 () {58 vars in 1390 bytes} [Tue Sep 27 11:07:17 2022] GET /placement/resource_providers/864ba3be-d1c4-42c7-a8c5-84732827f260/allocations => generated 241 bytes in 37 msecs (HTTP/1.1 200) 6 headers in 224 bytes (2 switches on core 0)
Sep 27 11:07:25.466656 n-d-859246-1 devstack@placement-api.service[105184]: DEBUG placement.requestlog [req-236eed87-aeac-4d3d-ac3e-007aca87f1be req-c0353945-cdda-4dbc-959e-f383e7f9e46f None None] Starting request: 10.222.0.48 "DELETE /placement/allocations/8fcf504d-a46a-45c6-b1fd-37c94ab40fc7" {{(pid=105184) __call__ /opt/stack/placement/placement/requestlog.py:55}}
Sep 27 11:07:25.529956 n-d-859246-1 devstack@placement-api.service[105184]: DEBUG placement.handlers.allocation [req-236eed87-aeac-4d3d-ac3e-007aca87f1be req-c0353945-cdda-4dbc-959e-f383e7f9e46f service placement] Successfully deleted allocations [, , ] {{(pid=105184) delete_allocations /opt/stack/placement/placement/handlers/allocation.py:627}}
Sep 27 11:07:25.530553 n-d-859246-1 devstack@placement-api.service[105184]: INFO placement.requestlog [req-236eed87-aeac-4d3d-ac3e-007aca87f1be req-c0353945-cdda-4dbc-959e-f383e7f9e46f service placement] 10.222.0.48 "DELETE /placement/allocations/8fcf504d-a46a-45c6-b1fd-37c94ab40fc7" status: 204 len: 0 microversion: 1.0
Sep 27 11:07:25.530936 n-d-859246-1 devstack@placement-api.service[105184]: [pid: 105184|app: 0|req: 543/1079] 10.222.0.48 () {60 vars in 1355 bytes} [Tue Sep 27 11:07:25 2022] DELETE /placement/allocations/8fcf504d-a46a-45c6-b1fd-37c94ab40fc7 => generated 0 bytes in 65 msecs (HTTP/1.1 204) 5 headers in 198 bytes (1 switches on core 0)
Sep 27 11:07:29.325478 n-d-859246-1 devstack@placement-api.service[105185]: DEBUG placement.requestlog [req-2844417f-dd75-4144-bd01-48dcdbd496c0 req-927ddc13-aabf-4692-acc4-d1b45f957947 None None] Starting request: 10.222.0.61 "GET /placement/allocation_candidates?limit=1000&resources=DISK_GB%3A1%2CMEMORY_MB%3A1024%2CVCPU%3A1&root_required=%21COMPUTE_STATUS_DISABLED" {{(pid=105185) __call__ /opt/stack/placement/placement/requestlog.py:55}}
Sep 27 11:07:29.444246 n-d-859246-1 devstack@placement-api.service[105184]: DEBUG placement.requestlog [None req-e650cb8a-59bd-4c65-b4d8-1e2d0750cf0d None None] Starting request: 10.222.0.61 "GET /placement/resource_providers/837af8a2-36a7-4d71-8099-f196cee83022/aggregates" {{(pid=105184) __call__ /opt/stack/placement/placement/requestlog.py:55}}
Sep 27 11:07:29.457198 n-d-859246-1 devstack@placement-api.service[105184]: INFO placement.requestlog [None req-e650cb8a-59bd-4c65-b4d8-1e2d0750cf0d service placement] 10.222.0.61 "GET /placement/resource_providers/837af8a2-36a7-4d71-8099-f196cee83022/aggregates" status: 404 len: 235 microversion: 1.1
Sep 27 11:07:29.457860 n-d-859246-1 devstack@placement-api.service[105184]: [pid: 105184|app: 0|req: 544/1080] 10.222.0.61 () {58 vars in 1362 bytes} [Tue Sep 27 11:07:29 2022] GET /placement/resource_providers/837af8a2-36a7-4d71-8099-f196cee83022/aggregates => generated 235 bytes in 14 msecs (HTTP/1.1 404) 5 headers in 202 bytes (2 switches on core 0)
Sep 27 11:07:29.478694 n-d-859246-1 devstack@placement-api.service[105184]: DEBUG placement.requestlog [None req-4ebadb6f-25a8-4ff6-9add-fa0c13ae2833 None None] Starting request: 10.222.0.61 "DELETE /placement/resource_providers/837af8a2-36a7-4d71-8099-f196cee83022" {{(pid=105184) __call__ /opt/stack/placement/placement/requestlog.py:55}}
Sep 27 11:07:29.493222 n-d-859246-1 devstack@placement-api.service[105184]: DEBUG placement.wsgi_wrapper [None req-4ebadb6f-25a8-4ff6-9add-fa0c13ae2833 service placement] Placement API returning an error response: No resource provider with uuid 837af8a2-36a7-4d71-8099-f196cee83022 found for delete {{(pid=105184) call_func /opt/stack/placement/placement/wsgi_wrapper.py:31}}
Sep 27 11:07:29.494236 n-d-859246-1 devstack@placement-api.service[105184]: INFO placement.requestlog [None req-4ebadb6f-25a8-4ff6-9add-fa0c13ae2833 service placement] 10.222.0.61 "DELETE /placement/resource_providers/837af8a2-36a7-4d71-8099-f196cee83022" status: 404 len: 246 microversion: 1.1
Sep 27 11:07:29.495087 n-d-859246-1 devstack@placement-api.service[105184]: [pid: 105184|app: 0|req: 545/1081] 10.222.0.61 () {60 vars in 1351 bytes} [Tue Sep 27 11:07:29 2022] DELETE /placement/resource_providers/837af8a2-36a7-4d71-8099-f196cee83022 => generated 246 bytes in 17 msecs (HTTP/1.1 404) 6 headers in 231 bytes (2 switches on core 0)
Sep 27 11:07:29.793648 n-d-859246-1 devstack@placement-api.service[105185]: DEBUG placement.objects.research_context [req-2844417f-dd75-4144-bd01-48dcdbd496c0 req-927ddc13-aabf-4692-acc4-d1b45f957947 service placement] getting providers with 1 DISK_GB {{(pid=105185) __init__ /opt/stack/placement/placement/objects/research_context.py:136}}
Sep 27 11:07:29.809052 n-d-859246-1 devstack@placement-api.service[105185]: DEBUG placement.objects.research_context [req-2844417f-dd75-4144-bd01-48dcdbd496c0 req-927ddc13-aabf-4692-acc4-d1b45f957947 service placement] getting providers with 1024 MEMORY_MB {{(pid=105185) __init__ /opt/stack/placement/placement/objects/research_context.py:136}}
Sep 27 11:07:29.822756 n-d-859246-1 devstack@placement-api.service[105185]: DEBUG placement.objects.research_context [req-2844417f-dd75-4144-bd01-48dcdbd496c0 req-927ddc13-aabf-4692-acc4-d1b45f957947 service placement] getting providers with 1 VCPU {{(pid=105185) __init__ /opt/stack/placement/placement/objects/research_context.py:136}}
Sep 27 11:07:29.832138 n-d-859246-1 devstack@placement-api.service[105185]: DEBUG placement.objects.research_context [req-2844417f-dd75-4144-bd01-48dcdbd496c0 req-927ddc13-aabf-4692-acc4-d1b45f957947 service placement] found 2 providers with available 1 DISK_GB {{(pid=105185) get_provider_ids_matching /opt/stack/placement/placement/objects/research_context.py:559}}
Sep 27 11:07:29.833230 n-d-859246-1 devstack@placement-api.service[105185]: DEBUG placement.objects.research_context [req-2844417f-dd75-4144-bd01-48dcdbd496c0 req-927ddc13-aabf-4692-acc4-d1b45f957947 service placement] found 2 providers with available 1024 MEMORY_MB {{(pid=105185) get_provider_ids_matching /opt/stack/placement/placement/objects/research_context.py:559}}
Sep 27 11:07:29.833697 n-d-859246-1 devstack@placement-api.service[105185]: DEBUG placement.objects.research_context [req-2844417f-dd75-4144-bd01-48dcdbd496c0 req-927ddc13-aabf-4692-acc4-d1b45f957947 service placement] found 2 providers after filtering by previous result {{(pid=105185) get_provider_ids_matching /opt/stack/placement/placement/objects/research_context.py:590}}
Sep 27 11:07:29.834136 n-d-859246-1 devstack@placement-api.service[105185]: DEBUG placement.objects.research_context [req-2844417f-dd75-4144-bd01-48dcdbd496c0 req-927ddc13-aabf-4692-acc4-d1b45f957947 service placement] found 2 providers with available 1 VCPU {{(pid=105185) get_provider_ids_matching /opt/stack/placement/placement/objects/research_context.py:559}}
Sep 27 11:07:29.834564 n-d-859246-1 devstack@placement-api.service[105185]: DEBUG placement.objects.research_context [req-2844417f-dd75-4144-bd01-48dcdbd496c0 req-927ddc13-aabf-4692-acc4-d1b45f957947 service placement] found 2 providers after filtering by previous result {{(pid=105185) get_provider_ids_matching /opt/stack/placement/placement/objects/research_context.py:590}}
Sep 27 11:07:29.849521 n-d-859246-1 devstack@placement-api.service[105185]: DEBUG placement.objects.allocation_candidate [req-2844417f-dd75-4144-bd01-48dcdbd496c0 req-927ddc13-aabf-4692-acc4-d1b45f957947 service placement] RequestGroup(use_same_provider=False, resources={DISK_GB:1, MEMORY_MB:1024, VCPU:1}, traits=(), aggregates=[]) (suffix '') returned 2 matches {{(pid=105185) _get_by_requests /opt/stack/placement/placement/objects/allocation_candidate.py:156}}
Sep 27 11:07:29.850204 n-d-859246-1 devstack@placement-api.service[105185]: DEBUG placement.objects.allocation_candidate [req-2844417f-dd75-4144-bd01-48dcdbd496c0 req-927ddc13-aabf-4692-acc4-d1b45f957947 service placement] Merging candidates yields 2 allocation requests and 2 provider summaries {{(pid=105185) _merge_candidates /opt/stack/placement/placement/objects/allocation_candidate.py:809}}
Sep 27 11:07:29.853308 n-d-859246-1 devstack@placement-api.service[105185]: INFO placement.requestlog [req-2844417f-dd75-4144-bd01-48dcdbd496c0 req-927ddc13-aabf-4692-acc4-d1b45f957947 service placement] 10.222.0.61 "GET /placement/allocation_candidates?limit=1000&resources=DISK_GB%3A1%2CMEMORY_MB%3A1024%2CVCPU%3A1&root_required=%21COMPUTE_STATUS_DISABLED" status: 200 len: 1309 microversion: 1.36
Sep 27 11:07:29.854203 n-d-859246-1 devstack@placement-api.service[105185]: [pid: 105185|app: 0|req: 537/1082] 10.222.0.61 () {60 vars in 1506 bytes} [Tue Sep 27 11:07:29 2022] GET /placement/allocation_candidates?limit=1000&resources=DISK_GB%3A1%2CMEMORY_MB%3A1024%2CVCPU%3A1&root_required=%21COMPUTE_STATUS_DISABLED => generated 1309 bytes in 529 msecs (HTTP/1.1 200) 8 headers in 297 bytes (1 switches on core 0)
Sep 27 11:07:29.966498 n-d-859246-1 devstack@placement-api.service[105184]: DEBUG placement.requestlog [req-2844417f-dd75-4144-bd01-48dcdbd496c0 req-30911bc3-3ae2-4202-91c2-323b0351e6fa None None] Starting request: 10.222.0.61 "GET /placement/allocations/c933629f-725d-41b0-b635-8dd90d466fc3" {{(pid=105184) __call__ /opt/stack/placement/placement/requestlog.py:55}}
Sep 27 11:07:29.994140 n-d-859246-1 devstack@placement-api.service[105184]: INFO placement.requestlog [req-2844417f-dd75-4144-bd01-48dcdbd496c0 req-30911bc3-3ae2-4202-91c2-323b0351e6fa service placement] 10.222.0.61 "GET /placement/allocations/c933629f-725d-41b0-b635-8dd90d466fc3" status: 200 len: 19 microversion: 1.28
Sep 27 11:07:29.997892 n-d-859246-1 devstack@placement-api.service[105184]: [pid: 105184|app: 0|req: 546/1083] 10.222.0.61 () {60 vars in 1380 bytes} [Tue Sep 27 11:07:29 2022] GET /placement/allocations/c933629f-725d-41b0-b635-8dd90d466fc3 => generated 19 bytes in 31 msecs (HTTP/1.1 200) 8 headers in 295 bytes (1 switches on core 0)
Sep 27 11:07:30.023396 n-d-859246-1 devstack@placement-api.service[105185]: DEBUG placement.requestlog [req-2844417f-dd75-4144-bd01-48dcdbd496c0 req-ebb9ac34-a10b-4404-a085-aa3f5dfd109f None None] Starting request: 10.222.0.61 "PUT /placement/allocations/c933629f-725d-41b0-b635-8dd90d466fc3" {{(pid=105185) __call__ /opt/stack/placement/placement/requestlog.py:55}}
Sep 27 11:07:30.205943 n-d-859246-1 devstack@placement-api.service[105185]: DEBUG placement.handlers.allocation [req-2844417f-dd75-4144-bd01-48dcdbd496c0 req-ebb9ac34-a10b-4404-a085-aa3f5dfd109f service placement] Successfully wrote allocations [, , ] {{(pid=105185) _update_consumers_and_create_allocations /opt/stack/placement/placement/handlers/allocation.py:462}}
Sep 27 11:07:30.213572 n-d-859246-1 devstack@placement-api.service[105185]: INFO placement.requestlog [req-2844417f-dd75-4144-bd01-48dcdbd496c0 req-ebb9ac34-a10b-4404-a085-aa3f5dfd109f service placement] 10.222.0.61 "PUT /placement/allocations/c933629f-725d-41b0-b635-8dd90d466fc3" status: 204 len: 0 microversion: 1.36
Sep 27 11:07:30.214333 n-d-859246-1 devstack@placement-api.service[105185]: [pid: 105185|app: 0|req: 538/1084] 10.222.0.61 () {64 vars in 1433 bytes} [Tue Sep 27 11:07:30 2022] PUT /placement/allocations/c933629f-725d-41b0-b635-8dd90d466fc3 => generated 0 bytes in 191 msecs (HTTP/1.1 204) 5 headers in 199 bytes (1 switches on core 0)
Sep 27 11:07:30.408385 n-d-859246-1 devstack@placement-api.service[105184]: DEBUG placement.requestlog [req-e1272cf3-9d19-4a75-9dc6-6ca45fd9d08f req-9311eb3c-65c9-4a95-9138-c01f048d4545 None None] Starting request: 10.222.0.61 "GET /placement/allocation_candidates?limit=1000&resources=DISK_GB%3A1%2CMEMORY_MB%3A1024%2CVCPU%3A1&root_required=%21COMPUTE_STATUS_DISABLED" {{(pid=105184) __call__ /opt/stack/placement/placement/requestlog.py:55}}
Sep 27 11:07:30.503601 n-d-859246-1 devstack@placement-api.service[105184]: DEBUG placement.objects.research_context [req-e1272cf3-9d19-4a75-9dc6-6ca45fd9d08f req-9311eb3c-65c9-4a95-9138-c01f048d4545 service placement] getting providers with 1 DISK_GB {{(pid=105184) __init__ /opt/stack/placement/placement/objects/research_context.py:136}}
Sep 27 11:07:30.512179 n-d-859246-1 devstack@placement-api.service[105184]: DEBUG placement.objects.research_context [req-e1272cf3-9d19-4a75-9dc6-6ca45fd9d08f req-9311eb3c-65c9-4a95-9138-c01f048d4545 service placement] getting providers with 1024 MEMORY_MB {{(pid=105184) __init__ /opt/stack/placement/placement/objects/research_context.py:136}}
Sep 27 11:07:30.520859 n-d-859246-1 devstack@placement-api.service[105184]: DEBUG placement.objects.research_context [req-e1272cf3-9d19-4a75-9dc6-6ca45fd9d08f req-9311eb3c-65c9-4a95-9138-c01f048d4545 service placement] getting providers with 1 VCPU {{(pid=105184) __init__ /opt/stack/placement/placement/objects/research_context.py:136}}
Sep 27 11:07:30.548056 n-d-859246-1 devstack@placement-api.service[105184]: DEBUG placement.objects.research_context [req-e1272cf3-9d19-4a75-9dc6-6ca45fd9d08f req-9311eb3c-65c9-4a95-9138-c01f048d4545 service placement] found 2 providers with available 1 DISK_GB {{(pid=105184) get_provider_ids_matching /opt/stack/placement/placement/objects/research_context.py:559}}
Sep 27 11:07:30.549655 n-d-859246-1 devstack@placement-api.service[105184]: DEBUG placement.objects.research_context [req-e1272cf3-9d19-4a75-9dc6-6ca45fd9d08f req-9311eb3c-65c9-4a95-9138-c01f048d4545 service placement] found 2 providers with available 1024 MEMORY_MB {{(pid=105184) get_provider_ids_matching /opt/stack/placement/placement/objects/research_context.py:559}}
Sep 27 11:07:30.550141 n-d-859246-1 devstack@placement-api.service[105184]: DEBUG placement.objects.research_context [req-e1272cf3-9d19-4a75-9dc6-6ca45fd9d08f req-9311eb3c-65c9-4a95-9138-c01f048d4545 service placement] found 2 providers after filtering by previous result {{(pid=105184) get_provider_ids_matching /opt/stack/placement/placement/objects/research_context.py:590}}
Sep 27 11:07:30.550618 n-d-859246-1 devstack@placement-api.service[105184]: DEBUG placement.objects.research_context [req-e1272cf3-9d19-4a75-9dc6-6ca45fd9d08f req-9311eb3c-65c9-4a95-9138-c01f048d4545 service placement] found 2 providers with available 1 VCPU {{(pid=105184) get_provider_ids_matching /opt/stack/placement/placement/objects/research_context.py:559}}
Sep 27 11:07:30.554569 n-d-859246-1 devstack@placement-api.service[105184]: DEBUG placement.objects.research_context [req-e1272cf3-9d19-4a75-9dc6-6ca45fd9d08f req-9311eb3c-65c9-4a95-9138-c01f048d4545 service placement] found 2 providers after filtering by previous result {{(pid=105184) get_provider_ids_matching /opt/stack/placement/placement/objects/research_context.py:590}}
Sep 27 11:07:30.593035 n-d-859246-1 devstack@placement-api.service[105184]: DEBUG placement.objects.allocation_candidate [req-e1272cf3-9d19-4a75-9dc6-6ca45fd9d08f req-9311eb3c-65c9-4a95-9138-c01f048d4545 service placement] RequestGroup(use_same_provider=False, resources={DISK_GB:1, MEMORY_MB:1024, VCPU:1}, traits=(), aggregates=[]) (suffix '') returned 2 matches {{(pid=105184) _get_by_requests /opt/stack/placement/placement/objects/allocation_candidate.py:156}}
Sep 27 11:07:30.594804 n-d-859246-1 devstack@placement-api.service[105184]: DEBUG placement.objects.allocation_candidate [req-e1272cf3-9d19-4a75-9dc6-6ca45fd9d08f req-9311eb3c-65c9-4a95-9138-c01f048d4545 service placement] Merging candidates yields 2 allocation requests and 2 provider summaries {{(pid=105184) _merge_candidates /opt/stack/placement/placement/objects/allocation_candidate.py:809}}
Sep 27 11:07:30.603556 n-d-859246-1 devstack@placement-api.service[105184]: INFO placement.requestlog [req-e1272cf3-9d19-4a75-9dc6-6ca45fd9d08f req-9311eb3c-65c9-4a95-9138-c01f048d4545 service placement] 10.222.0.61 "GET /placement/allocation_candidates?limit=1000&resources=DISK_GB%3A1%2CMEMORY_MB%3A1024%2CVCPU%3A1&root_required=%21COMPUTE_STATUS_DISABLED" status: 200 len: 1309 microversion: 1.36
Sep 27 11:07:30.605955 n-d-859246-1 devstack@placement-api.service[105184]: [pid: 105184|app: 0|req: 547/1085] 10.222.0.61 () {60 vars in 1506 bytes} [Tue Sep 27 11:07:30 2022] GET /placement/allocation_candidates?limit=1000&resources=DISK_GB%3A1%2CMEMORY_MB%3A1024%2CVCPU%3A1&root_required=%21COMPUTE_STATUS_DISABLED => generated 1309 bytes in 198 msecs (HTTP/1.1 200) 8 headers in 297 bytes (1 switches on core 0)
Sep 27 11:07:30.789782 n-d-859246-1 devstack@placement-api.service[105185]: DEBUG placement.requestlog [req-e1272cf3-9d19-4a75-9dc6-6ca45fd9d08f req-57fa8549-57c7-4f63-87c5-67aa6952bfd7 None None] Starting request: 10.222.0.61 "GET /placement/allocations/9303e89e-87bf-4fa9-8a5e-188b6f46cf7a" {{(pid=105185) __call__ /opt/stack/placement/placement/requestlog.py:55}}
Sep 27 11:07:30.808327 n-d-859246-1 devstack@placement-api.service[105185]: INFO placement.requestlog [req-e1272cf3-9d19-4a75-9dc6-6ca45fd9d08f req-57fa8549-57c7-4f63-87c5-67aa6952bfd7 service placement] 10.222.0.61 "GET /placement/allocations/9303e89e-87bf-4fa9-8a5e-188b6f46cf7a" status: 200 len: 19 microversion: 1.28
Sep 27 11:07:30.808897 n-d-859246-1 devstack@placement-api.service[105185]: [pid: 105185|app: 0|req: 539/1086] 10.222.0.61 () {60 vars in 1380 bytes} [Tue Sep 27 11:07:30 2022] GET /placement/allocations/9303e89e-87bf-4fa9-8a5e-188b6f46cf7a => generated 19 bytes in 19 msecs (HTTP/1.1 200) 8 headers in 295 bytes (1 switches on core 0)
Sep 27 11:07:30.817799 n-d-859246-1 devstack@placement-api.service[105184]: DEBUG placement.requestlog [req-e1272cf3-9d19-4a75-9dc6-6ca45fd9d08f req-eec6f4bc-6e66-44c1-8da4-a6a2c8077fc6 None None] Starting request: 10.222.0.61 "PUT /placement/allocations/9303e89e-87bf-4fa9-8a5e-188b6f46cf7a" {{(pid=105184) __call__ /opt/stack/placement/placement/requestlog.py:55}}
Sep 27 11:07:30.850953 n-d-859246-1 devstack@placement-api.service[105185]: DEBUG placement.requestlog [req-2844417f-dd75-4144-bd01-48dcdbd496c0 req-5c85c060-36e9-460d-9446-d3e2972e3c99 None None] Starting request: 10.222.0.48 "GET /placement/allocations/c933629f-725d-41b0-b635-8dd90d466fc3" {{(pid=105185) __call__ /opt/stack/placement/placement/requestlog.py:55}}
Sep 27 11:07:30.878496 n-d-859246-1 devstack@placement-api.service[105185]: INFO placement.requestlog [req-2844417f-dd75-4144-bd01-48dcdbd496c0 req-5c85c060-36e9-460d-9446-d3e2972e3c99 service placement] 10.222.0.48 "GET /placement/allocations/c933629f-725d-41b0-b635-8dd90d466fc3" status: 200 len: 259 microversion: 1.28
Sep 27 11:07:30.879661 n-d-859246-1 devstack@placement-api.service[105185]: [pid: 105185|app: 0|req: 540/1087] 10.222.0.48 () {60 vars in 1377 bytes} [Tue Sep 27 11:07:30 2022] GET /placement/allocations/c933629f-725d-41b0-b635-8dd90d466fc3 => generated 259 bytes in 29 msecs (HTTP/1.1 200) 8 headers in 296 bytes (1 switches on core 0)
Sep 27 11:07:30.947299 n-d-859246-1 devstack@placement-api.service[105184]: DEBUG placement.handlers.allocation [req-e1272cf3-9d19-4a75-9dc6-6ca45fd9d08f req-eec6f4bc-6e66-44c1-8da4-a6a2c8077fc6 service placement] Successfully wrote allocations [, , ] {{(pid=105184) _update_consumers_and_create_allocations /opt/stack/placement/placement/handlers/allocation.py:462}}
Sep 27 11:07:30.953136 n-d-859246-1 devstack@placement-api.service[105184]: INFO placement.requestlog [req-e1272cf3-9d19-4a75-9dc6-6ca45fd9d08f req-eec6f4bc-6e66-44c1-8da4-a6a2c8077fc6 service placement] 10.222.0.61 "PUT /placement/allocations/9303e89e-87bf-4fa9-8a5e-188b6f46cf7a" status: 204 len: 0 microversion: 1.36
Sep 27 11:07:30.955022 n-d-859246-1 devstack@placement-api.service[105184]: [pid: 105184|app: 0|req: 548/1088] 10.222.0.61 () {64 vars in 1433 bytes} [Tue Sep 27 11:07:30 2022] PUT /placement/allocations/9303e89e-87bf-4fa9-8a5e-188b6f46cf7a => generated 0 bytes in 138 msecs (HTTP/1.1 204) 5 headers in 199 bytes (1 switches on core 0)
Sep 27 11:07:31.005226 n-d-859246-1 devstack@placement-api.service[105185]: DEBUG placement.requestlog [req-e1272cf3-9d19-4a75-9dc6-6ca45fd9d08f req-c42647c8-b993-4b49-8144-583fb0a59b78 None None] Starting request: 10.222.0.61 "GET /placement/allocations/c21a8088-d894-4956-9b48-24ead8c2dab6" {{(pid=105185) __call__ /opt/stack/placement/placement/requestlog.py:55}}
Sep 27 11:07:31.034483 n-d-859246-1 devstack@placement-api.service[105185]: INFO placement.requestlog [req-e1272cf3-9d19-4a75-9dc6-6ca45fd9d08f req-c42647c8-b993-4b49-8144-583fb0a59b78 service placement] 10.222.0.61 "GET /placement/allocations/c21a8088-d894-4956-9b48-24ead8c2dab6" status: 200 len: 19 microversion: 1.28
Sep 27 11:07:31.048024 n-d-859246-1 devstack@placement-api.service[105185]: [pid: 105185|app: 0|req: 541/1089] 10.222.0.61 () {60 vars in 1380 bytes} [Tue Sep 27 11:07:31 2022] GET /placement/allocations/c21a8088-d894-4956-9b48-24ead8c2dab6 => generated 19 bytes in 44 msecs (HTTP/1.1 200) 8 headers in 295 bytes (1 switches on core 0)
Sep 27 11:07:31.048487 n-d-859246-1 devstack@placement-api.service[105184]: DEBUG placement.requestlog [req-e1272cf3-9d19-4a75-9dc6-6ca45fd9d08f req-835f7ed9-23e7-41db-b6db-71b11c75ddc3 None None] Starting request: 10.222.0.61 "PUT /placement/allocations/c21a8088-d894-4956-9b48-24ead8c2dab6" {{(pid=105184) __call__ /opt/stack/placement/placement/requestlog.py:55}}
