Sep 23 03:34:47.634504 n-d-859010-1 devstack@g-api.service[116065]: DEBUG glance.api.middleware.version_negotiation [None req-94166695-7602-4a15-a3fd-6459f9ee5014 tempest-ListImageFiltersTestJSON-1143109545 tempest-ListImageFiltersTestJSON-1143109545-project] Matched version: v2 {{(pid=116065) process_request /opt/stack/glance/glance/api/middleware/version_negotiation.py:69}}
Sep 23 03:34:47.634974 n-d-859010-1 devstack@g-api.service[116065]: DEBUG glance.api.middleware.version_negotiation [None req-94166695-7602-4a15-a3fd-6459f9ee5014 tempest-ListImageFiltersTestJSON-1143109545 tempest-ListImageFiltersTestJSON-1143109545-project] new path /v2/schemas/image {{(pid=116065) process_request /opt/stack/glance/glance/api/middleware/version_negotiation.py:70}}
Sep 23 03:34:47.657436 n-d-859010-1 devstack@g-api.service[116065]: [pid: 116065|app: 0|req: 178/303] 127.0.0.1 () {42 vars in 991 bytes} [Fri Sep 23 03:34:47 2022] GET /v2/schemas/image => generated 6083 bytes in 24 msecs (HTTP/1.1 200) 4 headers in 158 bytes (1 switches on core 0)
Sep 23 03:34:48.113550 n-d-859010-1 devstack@g-api.service[116064]: DEBUG swiftclient [None req-5f2c99da-eba9-4d8b-872a-52cebf771c75 tempest-ListImageFiltersTestJSON-1143109545 tempest-ListImageFiltersTestJSON-1143109545-project] REQ: curl -i http://10.222.0.16:8080/v1/AUTH_ea11a6cf53e84200b5c5d242da201d1e/glance/1733fb69-5241-4308-bb5f-a9432a261c48-00003 -X PUT -H "X-Auth-Token: gAAAAABjLSlFCoUO..." {{(pid=116064) http_log /usr/local/lib/python3.8/dist-packages/swiftclient/client.py:157}}
Sep 23 03:34:48.113972 n-d-859010-1 devstack@g-api.service[116064]: DEBUG swiftclient [None req-5f2c99da-eba9-4d8b-872a-52cebf771c75 tempest-ListImageFiltersTestJSON-1143109545 tempest-ListImageFiltersTestJSON-1143109545-project] RESP STATUS: 201 Created {{(pid=116064) http_log /usr/local/lib/python3.8/dist-packages/swiftclient/client.py:158}}
Sep 23 03:34:48.114170 n-d-859010-1 devstack@g-api.service[116064]: DEBUG swiftclient [None req-5f2c99da-eba9-4d8b-872a-52cebf771c75 tempest-ListImageFiltersTestJSON-1143109545 tempest-ListImageFiltersTestJSON-1143109545-project] RESP HEADERS: {'Content-Type': 'text/html; charset=UTF-8', 'Content-Length': '0', 'Etag': '474c454a7d42aa08dc839c761619c10b', 'Last-Modified': 'Fri, 23 Sep 2022 03:34:43 GMT', 'X-Trans-Id': 'txd1a0aea801a74a31b8eab-00632d2952', 'X-Openstack-Request-Id': 'txd1a0aea801a74a31b8eab-00632d2952', 'Date': 'Fri, 23 Sep 2022 03:34:48 GMT'} {{(pid=116064) http_log /usr/local/lib/python3.8/dist-packages/swiftclient/client.py:159}}
Sep 23 03:34:48.114287 n-d-859010-1 devstack@g-api.service[116064]: DEBUG glance_store._drivers.swift.store [None req-5f2c99da-eba9-4d8b-872a-52cebf771c75 tempest-ListImageFiltersTestJSON-1143109545 tempest-ListImageFiltersTestJSON-1143109545-project] Wrote chunk 1733fb69-5241-4308-bb5f-a9432a261c48-00003 (3/?) of length 204800000 to Swift returning MD5 of content: 474c454a7d42aa08dc839c761619c10b {{(pid=116064) add /usr/local/lib/python3.8/dist-packages/glance_store/_drivers/swift/store.py:1025}}
Sep 23 03:34:49.000701 n-d-859010-1 devstack@g-api.service[116065]: DEBUG glance.api.middleware.version_negotiation [None req-94166695-7602-4a15-a3fd-6459f9ee5014 tempest-ListImageFiltersTestJSON-1143109545 tempest-ListImageFiltersTestJSON-1143109545-project] Determining version of request: GET /v2/images/1733fb69-5241-4308-bb5f-a9432a261c48 Accept: */* {{(pid=116065) process_request /opt/stack/glance/glance/api/middleware/version_negotiation.py:44}}
Sep 23 03:34:49.001251 n-d-859010-1 devstack@g-api.service[116065]: DEBUG glance.api.middleware.version_negotiation [None req-94166695-7602-4a15-a3fd-6459f9ee5014 tempest-ListImageFiltersTestJSON-1143109545 tempest-ListImageFiltersTestJSON-1143109545-project] Using url versioning {{(pid=116065) process_request /opt/stack/glance/glance/api/middleware/version_negotiation.py:57}}
Sep 23 03:34:49.001342 n-d-859010-1 devstack@g-api.service[116065]: DEBUG glance.api.middleware.version_negotiation [None req-94166695-7602-4a15-a3fd-6459f9ee5014 tempest-ListImageFiltersTestJSON-1143109545 tempest-ListImageFiltersTestJSON-1143109545-project] Matched version: v2 {{(pid=116065) process_request /opt/stack/glance/glance/api/middleware/version_negotiation.py:69}}
Sep 23 03:34:49.001616 n-d-859010-1 devstack@g-api.service[116065]: DEBUG glance.api.middleware.version_negotiation [None req-94166695-7602-4a15-a3fd-6459f9ee5014 tempest-ListImageFiltersTestJSON-1143109545 tempest-ListImageFiltersTestJSON-1143109545-project] new path /v2/images/1733fb69-5241-4308-bb5f-a9432a261c48 {{(pid=116065) process_request /opt/stack/glance/glance/api/middleware/version_negotiation.py:70}}
Sep 23 03:34:49.034917 n-d-859010-1 devstack@g-api.service[116065]: [pid: 116065|app: 0|req: 179/304] 127.0.0.1 () {42 vars in 1051 bytes} [Fri Sep 23 03:34:48 2022] GET /v2/images/1733fb69-5241-4308-bb5f-a9432a261c48 => generated 1177 bytes in 34 msecs (HTTP/1.1 200) 4 headers in 158 bytes (1 switches on core 0)
Sep 23 03:34:49.077320 n-d-859010-1 devstack@g-api.service[116065]: DEBUG glance.api.middleware.version_negotiation [None req-65a88ce0-f728-4b03-820c-cf5339676b42 tempest-ListImageFiltersTestJSON-1143109545 tempest-ListImageFiltersTestJSON-1143109545-project] Determining version of request: GET /v2/schemas/image Accept: */* {{(pid=116065) process_request /opt/stack/glance/glance/api/middleware/version_negotiation.py:44}}
Sep 23 03:34:49.077320 n-d-859010-1 devstack@g-api.service[116065]: DEBUG glance.api.middleware.version_negotiation [None req-65a88ce0-f728-4b03-820c-cf5339676b42 tempest-ListImageFiltersTestJSON-1143109545 tempest-ListImageFiltersTestJSON-1143109545-project] Using url versioning {{(pid=116065) process_request /opt/stack/glance/glance/api/middleware/version_negotiation.py:57}}
Sep 23 03:34:49.077320 n-d-859010-1 devstack@g-api.service[116065]: DEBUG glance.api.middleware.version_negotiation [None req-65a88ce0-f728-4b03-820c-cf5339676b42 tempest-ListImageFiltersTestJSON-1143109545 tempest-ListImageFiltersTestJSON-1143109545-project] Matched version: v2 {{(pid=116065) process_request /opt/stack/glance/glance/api/middleware/version_negotiation.py:69}}
Sep 23 03:34:49.077320 n-d-859010-1 devstack@g-api.service[116065]: DEBUG glance.api.middleware.version_negotiation [None req-65a88ce0-f728-4b03-820c-cf5339676b42 tempest-ListImageFiltersTestJSON-1143109545 tempest-ListImageFiltersTestJSON-1143109545-project] new path /v2/schemas/image {{(pid=116065) process_request /opt/stack/glance/glance/api/middleware/version_negotiation.py:70}}
Sep 23 03:34:49.077320 n-d-859010-1 devstack@g-api.service[116065]: [pid: 116065|app: 0|req: 180/305] 127.0.0.1 () {42 vars in 991 bytes} [Fri Sep 23 03:34:49 2022] GET /v2/schemas/image => generated 6083 bytes in 7 msecs (HTTP/1.1 200) 4 headers in 158 bytes (1 switches on core 0)
Sep 23 03:34:49.117462 n-d-859010-1 devstack@g-api.service[116064]: DEBUG swiftclient [None req-5f2c99da-eba9-4d8b-872a-52cebf771c75 tempest-ListImageFiltersTestJSON-1143109545 tempest-ListImageFiltersTestJSON-1143109545-project] REQ: curl -i http://10.222.0.16:8080/v1/AUTH_ea11a6cf53e84200b5c5d242da201d1e/glance/1733fb69-5241-4308-bb5f-a9432a261c48-00004 -X PUT -H "X-Auth-Token: gAAAAABjLSlFCoUO..." {{(pid=116064) http_log /usr/local/lib/python3.8/dist-packages/swiftclient/client.py:157}}
Sep 23 03:34:49.117462 n-d-859010-1 devstack@g-api.service[116064]: DEBUG swiftclient [None req-5f2c99da-eba9-4d8b-872a-52cebf771c75 tempest-ListImageFiltersTestJSON-1143109545 tempest-ListImageFiltersTestJSON-1143109545-project] RESP STATUS: 201 Created {{(pid=116064) http_log /usr/local/lib/python3.8/dist-packages/swiftclient/client.py:158}}
Sep 23 03:34:49.117462 n-d-859010-1 devstack@g-api.service[116064]: DEBUG swiftclient [None req-5f2c99da-eba9-4d8b-872a-52cebf771c75 tempest-ListImageFiltersTestJSON-1143109545 tempest-ListImageFiltersTestJSON-1143109545-project] RESP HEADERS: {'Content-Type': 'text/html; charset=UTF-8', 'Content-Length': '0', 'Etag': '0be982c76a84f3b50fdfe738452bdba1', 'Last-Modified': 'Fri, 23 Sep 2022 03:34:49 GMT', 'X-Trans-Id': 'tx30f8e1f7e94a4b9984c30-00632d2958', 'X-Openstack-Request-Id': 'tx30f8e1f7e94a4b9984c30-00632d2958', 'Date': 'Fri, 23 Sep 2022 03:34:49 GMT'} {{(pid=116064) http_log /usr/local/lib/python3.8/dist-packages/swiftclient/client.py:159}}
Sep 23 03:34:49.117462 n-d-859010-1 devstack@g-api.service[116064]: DEBUG glance_store._drivers.swift.store [None req-5f2c99da-eba9-4d8b-872a-52cebf771c75 tempest-ListImageFiltersTestJSON-1143109545 tempest-ListImageFiltersTestJSON-1143109545-project] Wrote chunk 1733fb69-5241-4308-bb5f-a9432a261c48-00004 (4/?) of length 31522816 to Swift returning MD5 of content: 0be982c76a84f3b50fdfe738452bdba1 {{(pid=116064) add /usr/local/lib/python3.8/dist-packages/glance_store/_drivers/swift/store.py:1025}}
Sep 23 03:34:49.118798 n-d-859010-1 devstack@g-api.service[116064]: DEBUG glance_store._drivers.swift.store [None req-5f2c99da-eba9-4d8b-872a-52cebf771c75 tempest-ListImageFiltersTestJSON-1143109545 tempest-ListImageFiltersTestJSON-1143109545-project] Not writing zero-length chunk. {{(pid=116064) add /usr/local/lib/python3.8/dist-packages/glance_store/_drivers/swift/store.py:994}}
Sep 23 03:34:49.156959 n-d-859010-1 devstack@g-api.service[116064]: DEBUG swiftclient [None req-5f2c99da-eba9-4d8b-872a-52cebf771c75 tempest-ListImageFiltersTestJSON-1143109545 tempest-ListImageFiltersTestJSON-1143109545-project] REQ: curl -i http://10.222.0.16:8080/v1/AUTH_ea11a6cf53e84200b5c5d242da201d1e/glance/1733fb69-5241-4308-bb5f-a9432a261c48 -X PUT -H "X-Object-Manifest: glance/1733fb69-5241-4308-bb5f-a9432a261c48-" -H "X-Auth-Token: gAAAAABjLSlFCoUO..." -H "Content-Length: 0" {{(pid=116064) http_log /usr/local/lib/python3.8/dist-packages/swiftclient/client.py:157}}
Sep 23 03:34:49.157411 n-d-859010-1 devstack@g-api.service[116064]: DEBUG swiftclient [None req-5f2c99da-eba9-4d8b-872a-52cebf771c75 tempest-ListImageFiltersTestJSON-1143109545 tempest-ListImageFiltersTestJSON-1143109545-project] RESP STATUS: 201 Created {{(pid=116064) http_log /usr/local/lib/python3.8/dist-packages/swiftclient/client.py:158}}
Sep 23 03:34:49.158138 n-d-859010-1 devstack@g-api.service[116064]: DEBUG swiftclient [None req-5f2c99da-eba9-4d8b-872a-52cebf771c75 tempest-ListImageFiltersTestJSON-1143109545 tempest-ListImageFiltersTestJSON-1143109545-project] RESP HEADERS: {'Content-Type': 'text/html; charset=UTF-8', 'Content-Length': '0', 'Etag': 'd41d8cd98f00b204e9800998ecf8427e', 'Last-Modified': 'Fri, 23 Sep 2022 03:34:50 GMT', 'X-Trans-Id': 'tx79590c28c5e64992a3bd7-00632d2959', 'X-Openstack-Request-Id': 'tx79590c28c5e64992a3bd7-00632d2959', 'Date': 'Fri, 23 Sep 2022 03:34:49 GMT'} {{(pid=116064) http_log /usr/local/lib/python3.8/dist-packages/swiftclient/client.py:159}}
Sep 23 03:34:49.159491 n-d-859010-1 devstack@g-api.service[116064]: WARNING glance.location [None req-5f2c99da-eba9-4d8b-872a-52cebf771c75 tempest-ListImageFiltersTestJSON-1143109545 tempest-ListImageFiltersTestJSON-1143109545-project] Image format vhd did not match; unable to calculate virtual size
Sep 23 03:34:49.276644 n-d-859010-1 devstack@g-api.service[116064]: DEBUG glance_store.backend [None req-5f2c99da-eba9-4d8b-872a-52cebf771c75 tempest-ListImageFiltersTestJSON-1143109545 tempest-ListImageFiltersTestJSON-1143109545-project] Attempting to import store swift {{(pid=116064) _load_store /usr/local/lib/python3.8/dist-packages/glance_store/backend.py:216}}
Sep 23 03:34:49.279748 n-d-859010-1 devstack@g-api.service[116064]: DEBUG glance_store.capabilities [None req-5f2c99da-eba9-4d8b-872a-52cebf771c75 tempest-ListImageFiltersTestJSON-1143109545 tempest-ListImageFiltersTestJSON-1143109545-project] Store glance_store._drivers.swift.store.SingleTenantStore doesn't support updating dynamic storage capabilities. Please overwrite 'update_capabilities' method of the store to implement updating logics if needed. {{(pid=116064) update_capabilities /usr/local/lib/python3.8/dist-packages/glance_store/capabilities.py:91}}
Sep 23 03:34:49.280011 n-d-859010-1 devstack@g-api.service[116064]: DEBUG glance_store.driver [None req-5f2c99da-eba9-4d8b-872a-52cebf771c75 tempest-ListImageFiltersTestJSON-1143109545 tempest-ListImageFiltersTestJSON-1143109545-project] Late loading location class glance_store._drivers.swift.store.StoreLocation {{(pid=116064) get_store_location_class /usr/local/lib/python3.8/dist-packages/glance_store/driver.py:116}}
Sep 23 03:34:49.280281 n-d-859010-1 devstack@g-api.service[116064]: DEBUG glance_store.location [None req-5f2c99da-eba9-4d8b-872a-52cebf771c75 tempest-ListImageFiltersTestJSON-1143109545 tempest-ListImageFiltersTestJSON-1143109545-project] Registering scheme swift+https with {'store': , 'location_class': , 'store_entry': 'swift'} {{(pid=116064) register_scheme_map /usr/local/lib/python3.8/dist-packages/glance_store/location.py:146}}
Sep 23 03:34:49.280528 n-d-859010-1 devstack@g-api.service[116064]: DEBUG glance_store.location [None req-5f2c99da-eba9-4d8b-872a-52cebf771c75 tempest-ListImageFiltersTestJSON-1143109545 tempest-ListImageFiltersTestJSON-1143109545-project] Registering scheme swift+https with {'store': , 'location_class': , 'store_entry': 'swift'} {{(pid=116064) register_scheme_map /usr/local/lib/python3.8/dist-packages/glance_store/location.py:146}}
Sep 23 03:34:49.280770 n-d-859010-1 devstack@g-api.service[116064]: DEBUG glance_store.location [None req-5f2c99da-eba9-4d8b-872a-52cebf771c75 tempest-ListImageFiltersTestJSON-1143109545 tempest-ListImageFiltersTestJSON-1143109545-project] Registering scheme swift with {'store': , 'location_class': , 'store_entry': 'swift'} {{(pid=116064) register_scheme_map /usr/local/lib/python3.8/dist-packages/glance_store/location.py:146}}
Sep 23 03:34:49.281011 n-d-859010-1 devstack@g-api.service[116064]: DEBUG glance_store.location [None req-5f2c99da-eba9-4d8b-872a-52cebf771c75 tempest-ListImageFiltersTestJSON-1143109545 tempest-ListImageFiltersTestJSON-1143109545-project] Registering scheme swift+https with {'store': , 'location_class': , 'store_entry': 'swift'} {{(pid=116064) register_scheme_map /usr/local/lib/python3.8/dist-packages/glance_store/location.py:146}}
Sep 23 03:34:49.281248 n-d-859010-1 devstack@g-api.service[116064]: DEBUG glance_store.location [None req-5f2c99da-eba9-4d8b-872a-52cebf771c75 tempest-ListImageFiltersTestJSON-1143109545 tempest-ListImageFiltersTestJSON-1143109545-project] Registering scheme swift with {'store': , 'location_class': , 'store_entry': 'swift'} {{(pid=116064) register_scheme_map /usr/local/lib/python3.8/dist-packages/glance_store/location.py:146}}
Sep 23 03:34:49.281482 n-d-859010-1 devstack@g-api.service[116064]: DEBUG glance_store.location [None req-5f2c99da-eba9-4d8b-872a-52cebf771c75 tempest-ListImageFiltersTestJSON-1143109545 tempest-ListImageFiltersTestJSON-1143109545-project] Registering scheme swift+http with {'store': , 'location_class': , 'store_entry': 'swift'} {{(pid=116064) register_scheme_map /usr/local/lib/python3.8/dist-packages/glance_store/location.py:146}}
Sep 23 03:34:49.281715 n-d-859010-1 devstack@g-api.service[116064]: DEBUG glance_store.location [None req-5f2c99da-eba9-4d8b-872a-52cebf771c75 tempest-ListImageFiltersTestJSON-1143109545 tempest-ListImageFiltersTestJSON-1143109545-project] Registering scheme swift+https with {'store': , 'location_class': , 'store_entry': 'swift'} {{(pid=116064) register_scheme_map /usr/local/lib/python3.8/dist-packages/glance_store/location.py:146}}
Sep 23 03:34:49.281945 n-d-859010-1 devstack@g-api.service[116064]: DEBUG glance_store.location [None req-5f2c99da-eba9-4d8b-872a-52cebf771c75 tempest-ListImageFiltersTestJSON-1143109545 tempest-ListImageFiltersTestJSON-1143109545-project] Registering scheme swift with {'store': , 'location_class': , 'store_entry': 'swift'} {{(pid=116064) register_scheme_map /usr/local/lib/python3.8/dist-packages/glance_store/location.py:146}}
Sep 23 03:34:49.282174 n-d-859010-1 devstack@g-api.service[116064]: DEBUG glance_store.location [None req-5f2c99da-eba9-4d8b-872a-52cebf771c75 tempest-ListImageFiltersTestJSON-1143109545 tempest-ListImageFiltersTestJSON-1143109545-project] Registering scheme swift+http with {'store': , 'location_class': , 'store_entry': 'swift'} {{(pid=116064) register_scheme_map /usr/local/lib/python3.8/dist-packages/glance_store/location.py:146}}
Sep 23 03:34:49.282402 n-d-859010-1 devstack@g-api.service[116064]: DEBUG glance_store.location [None req-5f2c99da-eba9-4d8b-872a-52cebf771c75 tempest-ListImageFiltersTestJSON-1143109545 tempest-ListImageFiltersTestJSON-1143109545-project] Registering scheme swift+config with {'store': , 'location_class': , 'store_entry': 'swift'} {{(pid=116064) register_scheme_map /usr/local/lib/python3.8/dist-packages/glance_store/location.py:146}}
Sep 23 03:34:49.282642 n-d-859010-1 devstack@g-api.service[116064]: DEBUG glance_store.backend [None req-5f2c99da-eba9-4d8b-872a-52cebf771c75 tempest-ListImageFiltersTestJSON-1143109545 tempest-ListImageFiltersTestJSON-1143109545-project] Skipping store.set_acls... not implemented. {{(pid=116064) set_acls /usr/local/lib/python3.8/dist-packages/glance_store/backend.py:508}}
Sep 23 03:34:49.285508 n-d-859010-1 devstack@g-api.service[116064]: [pid: 116064|app: 0|req: 126/306] 127.0.0.1 () {42 vars in 887 bytes} [Fri Sep 23 03:34:29 2022] PUT /v2/images/1733fb69-5241-4308-bb5f-a9432a261c48/file => generated 0 bytes in 20269 msecs (HTTP/1.1 204) 4 headers in 171 bytes (1 switches on core 0)
Sep 23 03:34:49.293185 n-d-859010-1 devstack@g-api.service[116065]: DEBUG glance.api.middleware.version_negotiation [None req-65a88ce0-f728-4b03-820c-cf5339676b42 tempest-ListImageFiltersTestJSON-1143109545 tempest-ListImageFiltersTestJSON-1143109545-project] Determining version of request: GET /v2/images/1733fb69-5241-4308-bb5f-a9432a261c48 Accept: */* {{(pid=116065) process_request /opt/stack/glance/glance/api/middleware/version_negotiation.py:44}}
Sep 23 03:34:49.293952 n-d-859010-1 devstack@g-api.service[116065]: DEBUG glance.api.middleware.version_negotiation [None req-65a88ce0-f728-4b03-820c-cf5339676b42 tempest-ListImageFiltersTestJSON-1143109545 tempest-ListImageFiltersTestJSON-1143109545-project] Using url versioning {{(pid=116065) process_request /opt/stack/glance/glance/api/middleware/version_negotiation.py:57}}
Sep 23 03:34:49.294351 n-d-859010-1 devstack@g-api.service[116065]: DEBUG glance.api.middleware.version_negotiation [None req-65a88ce0-f728-4b03-820c-cf5339676b42 tempest-ListImageFiltersTestJSON-1143109545 tempest-ListImageFiltersTestJSON-1143109545-project] Matched version: v2 {{(pid=116065) process_request /opt/stack/glance/glance/api/middleware/version_negotiation.py:69}}
Sep 23 03:34:49.294725 n-d-859010-1 devstack@g-api.service[116065]: DEBUG glance.api.middleware.version_negotiation [None req-65a88ce0-f728-4b03-820c-cf5339676b42 tempest-ListImageFiltersTestJSON-1143109545 tempest-ListImageFiltersTestJSON-1143109545-project] new path /v2/images/1733fb69-5241-4308-bb5f-a9432a261c48 {{(pid=116065) process_request /opt/stack/glance/glance/api/middleware/version_negotiation.py:70}}
Sep 23 03:34:49.337152 n-d-859010-1 devstack@g-api.service[116065]: [pid: 116065|app: 0|req: 181/307] 127.0.0.1 () {40 vars in 844 bytes} [Fri Sep 23 03:34:49 2022] GET /v2/images/1733fb69-5241-4308-bb5f-a9432a261c48 => generated 1342 bytes in 40 msecs (HTTP/1.1 200) 4 headers in 158 bytes (1 switches on core 0)
Sep 23 03:34:49.348947 n-d-859010-1 devstack@g-api.service[116064]: DEBUG glance.api.middleware.version_negotiation [None req-5f2c99da-eba9-4d8b-872a-52cebf771c75 tempest-ListImageFiltersTestJSON-1143109545 tempest-ListImageFiltersTestJSON-1143109545-project] Determining version of request: GET /v2/schemas/image Accept: */* {{(pid=116064) process_request /opt/stack/glance/glance/api/middleware/version_negotiation.py:44}}
Sep 23 03:34:49.349366 n-d-859010-1 devstack@g-api.service[116064]: DEBUG glance.api.middleware.version_negotiation [None req-5f2c99da-eba9-4d8b-872a-52cebf771c75 tempest-ListImageFiltersTestJSON-1143109545 tempest-ListImageFiltersTestJSON-1143109545-project] Using url versioning {{(pid=116064) process_request /opt/stack/glance/glance/api/middleware/version_negotiation.py:57}}
Sep 23 03:34:49.349782 n-d-859010-1 devstack@g-api.service[116064]: DEBUG glance.api.middleware.version_negotiation [None req-5f2c99da-eba9-4d8b-872a-52cebf771c75 tempest-ListImageFiltersTestJSON-1143109545 tempest-ListImageFiltersTestJSON-1143109545-project] Matched version: v2 {{(pid=116064) process_request /opt/stack/glance/glance/api/middleware/version_negotiation.py:69}}
Sep 23 03:34:49.353501 n-d-859010-1 devstack@g-api.service[116064]: DEBUG glance.api.middleware.version_negotiation [None req-5f2c99da-eba9-4d8b-872a-52cebf771c75 tempest-ListImageFiltersTestJSON-1143109545 tempest-ListImageFiltersTestJSON-1143109545-project] new path /v2/schemas/image {{(pid=116064) process_request /opt/stack/glance/glance/api/middleware/version_negotiation.py:70}}
Sep 23 03:34:49.363259 n-d-859010-1 devstack@g-api.service[116064]: [pid: 116064|app: 0|req: 127/308] 127.0.0.1 () {40 vars in 784 bytes} [Fri Sep 23 03:34:49 2022] GET /v2/schemas/image => generated 6083 bytes in 16 msecs (HTTP/1.1 200) 4 headers in 158 bytes (1 switches on core 0)
Sep 23 03:34:50.188123 n-d-859010-1 devstack@g-api.service[116065]: DEBUG glance.api.middleware.version_negotiation [None req-5f2c99da-eba9-4d8b-872a-52cebf771c75 tempest-ListImageFiltersTestJSON-1143109545 tempest-ListImageFiltersTestJSON-1143109545-project] Determining version of request: GET /v2/images/1733fb69-5241-4308-bb5f-a9432a261c48 Accept: */* {{(pid=116065) process_request /opt/stack/glance/glance/api/middleware/version_negotiation.py:44}}
Sep 23 03:34:50.189088 n-d-859010-1 devstack@g-api.service[116065]: DEBUG glance.api.middleware.version_negotiation [None req-5f2c99da-eba9-4d8b-872a-52cebf771c75 tempest-ListImageFiltersTestJSON-1143109545 tempest-ListImageFiltersTestJSON-1143109545-project] Using url versioning {{(pid=116065) process_request /opt/stack/glance/glance/api/middleware/version_negotiation.py:57}}
Sep 23 03:34:50.189644 n-d-859010-1 devstack@g-api.service[116065]: DEBUG glance.api.middleware.version_negotiation [None req-5f2c99da-eba9-4d8b-872a-52cebf771c75 tempest-ListImageFiltersTestJSON-1143109545 tempest-ListImageFiltersTestJSON-1143109545-project] Matched version: v2 {{(pid=116065) process_request /opt/stack/glance/glance/api/middleware/version_negotiation.py:69}}
Sep 23 03:34:50.190135 n-d-859010-1 devstack@g-api.service[116065]: DEBUG glance.api.middleware.version_negotiation [None req-5f2c99da-eba9-4d8b-872a-52cebf771c75 tempest-ListImageFiltersTestJSON-1143109545 tempest-ListImageFiltersTestJSON-1143109545-project] new path /v2/images/1733fb69-5241-4308-bb5f-a9432a261c48 {{(pid=116065) process_request /opt/stack/glance/glance/api/middleware/version_negotiation.py:70}}
Sep 23 03:34:50.210362 n-d-859010-1 devstack@g-api.service[116065]: [pid: 116065|app: 0|req: 182/309] 127.0.0.1 () {42 vars in 1051 bytes} [Fri Sep 23 03:34:50 2022] GET /v2/images/1733fb69-5241-4308-bb5f-a9432a261c48 => generated 1342 bytes in 23 msecs (HTTP/1.1 200) 4 headers in 158 bytes (1 switches on core 0)
Sep 23 03:34:50.216474 n-d-859010-1 devstack@g-api.service[116064]: DEBUG glance.api.middleware.version_negotiation [None req-5f2c99da-eba9-4d8b-872a-52cebf771c75 tempest-ListImageFiltersTestJSON-1143109545 tempest-ListImageFiltersTestJSON-1143109545-project] Determining version of request: GET /v2/schemas/image Accept: */* {{(pid=116064) process_request /opt/stack/glance/glance/api/middleware/version_negotiation.py:44}}
Sep 23 03:34:50.216985 n-d-859010-1 devstack@g-api.service[116064]: DEBUG glance.api.middleware.version_negotiation [None req-5f2c99da-eba9-4d8b-872a-52cebf771c75 tempest-ListImageFiltersTestJSON-1143109545 tempest-ListImageFiltersTestJSON-1143109545-project] Using url versioning {{(pid=116064) process_request /opt/stack/glance/glance/api/middleware/version_negotiation.py:57}}
Sep 23 03:34:50.217426 n-d-859010-1 devstack@g-api.service[116064]: DEBUG glance.api.middleware.version_negotiation [None req-5f2c99da-eba9-4d8b-872a-52cebf771c75 tempest-ListImageFiltersTestJSON-1143109545 tempest-ListImageFiltersTestJSON-1143109545-project] Matched version: v2 {{(pid=116064) process_request /opt/stack/glance/glance/api/middleware/version_negotiation.py:69}}
Sep 23 03:34:50.217908 n-d-859010-1 devstack@g-api.service[116064]: DEBUG glance.api.middleware.version_negotiation [None req-5f2c99da-eba9-4d8b-872a-52cebf771c75 tempest-ListImageFiltersTestJSON-1143109545 tempest-ListImageFiltersTestJSON-1143109545-project] new path /v2/schemas/image {{(pid=116064) process_request /opt/stack/glance/glance/api/middleware/version_negotiation.py:70}}
Sep 23 03:34:50.224285 n-d-859010-1 devstack@g-api.service[116064]: [pid: 116064|app: 0|req: 128/310] 127.0.0.1 () {42 vars in 991 bytes} [Fri Sep 23 03:34:50 2022] GET /v2/schemas/image => generated 6083 bytes in 8 msecs (HTTP/1.1 200) 4 headers in 158 bytes (1 switches on core 0)
Sep 23 03:34:50.533127 n-d-859010-1 devstack@g-api.service[116065]: DEBUG glance.api.middleware.version_negotiation [None req-26647dde-90cb-42ad-9a92-60d769643766 tempest-ListImageFiltersTestJSON-1143109545 tempest-ListImageFiltersTestJSON-1143109545-project] Determining version of request: GET /v2/images/1733fb69-5241-4308-bb5f-a9432a261c48 Accept: */* {{(pid=116065) process_request /opt/stack/glance/glance/api/middleware/version_negotiation.py:44}}
Sep 23 03:34:50.533636 n-d-859010-1 devstack@g-api.service[116065]: DEBUG glance.api.middleware.version_negotiation [None req-26647dde-90cb-42ad-9a92-60d769643766 tempest-ListImageFiltersTestJSON-1143109545 tempest-ListImageFiltersTestJSON-1143109545-project] Using url versioning {{(pid=116065) process_request /opt/stack/glance/glance/api/middleware/version_negotiation.py:57}}
Sep 23 03:34:50.534066 n-d-859010-1 devstack@g-api.service[116065]: DEBUG glance.api.middleware.version_negotiation [None req-26647dde-90cb-42ad-9a92-60d769643766 tempest-ListImageFiltersTestJSON-1143109545 tempest-ListImageFiltersTestJSON-1143109545-project] Matched version: v2 {{(pid=116065) process_request /opt/stack/glance/glance/api/middleware/version_negotiation.py:69}}
Sep 23 03:34:50.534511 n-d-859010-1 devstack@g-api.service[116065]: DEBUG glance.api.middleware.version_negotiation [None req-26647dde-90cb-42ad-9a92-60d769643766 tempest-ListImageFiltersTestJSON-1143109545 tempest-ListImageFiltersTestJSON-1143109545-project] new path /v2/images/1733fb69-5241-4308-bb5f-a9432a261c48 {{(pid=116065) process_request /opt/stack/glance/glance/api/middleware/version_negotiation.py:70}}
Sep 23 03:34:50.554142 n-d-859010-1 devstack@g-api.service[116065]: [pid: 116065|app: 0|req: 183/311] 127.0.0.1 () {42 vars in 1051 bytes} [Fri Sep 23 03:34:50 2022] GET /v2/images/1733fb69-5241-4308-bb5f-a9432a261c48 => generated 1342 bytes in 21 msecs (HTTP/1.1 200) 4 headers in 158 bytes (1 switches on core 0)
Sep 23 03:34:50.560570 n-d-859010-1 devstack@g-api.service[116064]: DEBUG glance.api.middleware.version_negotiation [None req-26647dde-90cb-42ad-9a92-60d769643766 tempest-ListImageFiltersTestJSON-1143109545 tempest-ListImageFiltersTestJSON-1143109545-project] Determining version of request: GET /v2/schemas/image Accept: */* {{(pid=116064) process_request /opt/stack/glance/glance/api/middleware/version_negotiation.py:44}}
Sep 23 03:34:50.560992 n-d-859010-1 devstack@g-api.service[116064]: DEBUG glance.api.middleware.version_negotiation [None req-26647dde-90cb-42ad-9a92-60d769643766 tempest-ListImageFiltersTestJSON-1143109545 tempest-ListImageFiltersTestJSON-1143109545-project] Using url versioning {{(pid=116064) process_request /opt/stack/glance/glance/api/middleware/version_negotiation.py:57}}
Sep 23 03:34:50.561399 n-d-859010-1 devstack@g-api.service[116064]: DEBUG glance.api.middleware.version_negotiation [None req-26647dde-90cb-42ad-9a92-60d769643766 tempest-ListImageFiltersTestJSON-1143109545 tempest-ListImageFiltersTestJSON-1143109545-project] Matched version: v2 {{(pid=116064) process_request /opt/stack/glance/glance/api/middleware/version_negotiation.py:69}}
Sep 23 03:34:50.561647 n-d-859010-1 devstack@g-api.service[116064]: DEBUG glance.api.middleware.version_negotiation [None req-26647dde-90cb-42ad-9a92-60d769643766 tempest-ListImageFiltersTestJSON-1143109545 tempest-ListImageFiltersTestJSON-1143109545-project] new path /v2/schemas/image {{(pid=116064) process_request /opt/stack/glance/glance/api/middleware/version_negotiation.py:70}}
Sep 23 03:34:50.568063 n-d-859010-1 devstack@g-api.service[116064]: [pid: 116064|app: 0|req: 129/312] 127.0.0.1 () {42 vars in 991 bytes} [Fri Sep 23 03:34:50 2022] GET /v2/schemas/image => generated 6083 bytes in 8 msecs (HTTP/1.1 200) 4 headers in 158 bytes (1 switches on core 0)
Sep 23 03:34:50.755249 n-d-859010-1 devstack@g-api.service[116065]: DEBUG glance.api.middleware.version_negotiation [None req-e9ec0546-0fa0-48a7-83c8-eb4bc4df85e8 tempest-ListImageFiltersTestJSON-1143109545 tempest-ListImageFiltersTestJSON-1143109545-project] Determining version of request: GET /v2/images/521cf045-a1a5-4bfa-bdec-00539e109a56 Accept: */* {{(pid=116065) process_request /opt/stack/glance/glance/api/middleware/version_negotiation.py:44}}
Sep 23 03:34:50.756003 n-d-859010-1 devstack@g-api.service[116065]: DEBUG glance.api.middleware.version_negotiation [None req-e9ec0546-0fa0-48a7-83c8-eb4bc4df85e8 tempest-ListImageFiltersTestJSON-1143109545 tempest-ListImageFiltersTestJSON-1143109545-project] Using url versioning {{(pid=116065) process_request /opt/stack/glance/glance/api/middleware/version_negotiation.py:57}}
Sep 23 03:34:50.756644 n-d-859010-1 devstack@g-api.service[116065]: DEBUG glance.api.middleware.version_negotiation [None req-e9ec0546-0fa0-48a7-83c8-eb4bc4df85e8 tempest-ListImageFiltersTestJSON-1143109545 tempest-ListImageFiltersTestJSON-1143109545-project] Matched version: v2 {{(pid=116065) process_request /opt/stack/glance/glance/api/middleware/version_negotiation.py:69}}
Sep 23 03:34:50.757134 n-d-859010-1 devstack@g-api.service[116065]: DEBUG glance.api.middleware.version_negotiation [None req-e9ec0546-0fa0-48a7-83c8-eb4bc4df85e8 tempest-ListImageFiltersTestJSON-1143109545 tempest-ListImageFiltersTestJSON-1143109545-project] new path /v2/images/521cf045-a1a5-4bfa-bdec-00539e109a56 {{(pid=116065) process_request /opt/stack/glance/glance/api/middleware/version_negotiation.py:70}}
Sep 23 03:34:50.764608 n-d-859010-1 devstack@g-api.service[116065]: DEBUG dbcounter [-] [116065] Writing DB stats glance:SELECT=100 {{(pid=116065) stat_writer /usr/local/lib/python3.8/dist-packages/dbcounter.py:114}}
Sep 23 03:34:50.797130 n-d-859010-1 devstack@g-api.service[116064]: DEBUG glance.api.middleware.version_negotiation [None req-e9ec0546-0fa0-48a7-83c8-eb4bc4df85e8 tempest-ListImageFiltersTestJSON-1143109545 tempest-ListImageFiltersTestJSON-1143109545-project] Determining version of request: GET /v2/schemas/image Accept: */* {{(pid=116064) process_request /opt/stack/glance/glance/api/middleware/version_negotiation.py:44}}
Sep 23 03:34:50.797728 n-d-859010-1 devstack@g-api.service[116064]: DEBUG glance.api.middleware.version_negotiation [None req-e9ec0546-0fa0-48a7-83c8-eb4bc4df85e8 tempest-ListImageFiltersTestJSON-1143109545 tempest-ListImageFiltersTestJSON-1143109545-project] Using url versioning {{(pid=116064) process_request /opt/stack/glance/glance/api/middleware/version_negotiation.py:57}}
Sep 23 03:34:50.798236 n-d-859010-1 devstack@g-api.service[116064]: DEBUG glance.api.middleware.version_negotiation [None req-e9ec0546-0fa0-48a7-83c8-eb4bc4df85e8 tempest-ListImageFiltersTestJSON-1143109545 tempest-ListImageFiltersTestJSON-1143109545-project] Matched version: v2 {{(pid=116064) process_request /opt/stack/glance/glance/api/middleware/version_negotiation.py:69}}
Sep 23 03:34:50.798778 n-d-859010-1 devstack@g-api.service[116064]: DEBUG glance.api.middleware.version_negotiation [None req-e9ec0546-0fa0-48a7-83c8-eb4bc4df85e8 tempest-ListImageFiltersTestJSON-1143109545 tempest-ListImageFiltersTestJSON-1143109545-project] new path /v2/schemas/image {{(pid=116064) process_request /opt/stack/glance/glance/api/middleware/version_negotiation.py:70}}
Sep 23 03:34:50.809126 n-d-859010-1 devstack@g-api.service[116064]: [pid: 116064|app: 0|req: 130/313] 127.0.0.1 () {42 vars in 991 bytes} [Fri Sep 23 03:34:50 2022] GET /v2/schemas/image => generated 6083 bytes in 12 msecs (HTTP/1.1 200) 4 headers in 158 bytes (1 switches on core 0)
Sep 23 03:34:50.813338 n-d-859010-1 devstack@g-api.service[116065]: [pid: 116065|app: 0|req: 184/314] 127.0.0.1 () {42 vars in 1051 bytes} [Fri Sep 23 03:34:50 2022] GET /v2/images/521cf045-a1a5-4bfa-bdec-00539e109a56 => generated 946 bytes in 59 msecs (HTTP/1.1 200) 4 headers in 157 bytes (1 switches on core 0)
Sep 23 03:34:50.923400 n-d-859010-1 devstack@g-api.service[116064]: DEBUG glance.api.middleware.version_negotiation [None req-618ce912-195e-4c99-ae34-ed3dfd058454 tempest-ServersOnMultiNodesTest-1944371479 tempest-ServersOnMultiNodesTest-1944371479-project] Determining version of request: GET /v2/schemas/image Accept: */* {{(pid=116064) process_request /opt/stack/glance/glance/api/middleware/version_negotiation.py:44}}
Sep 23 03:34:50.923770 n-d-859010-1 devstack@g-api.service[116064]: DEBUG glance.api.middleware.version_negotiation [None req-618ce912-195e-4c99-ae34-ed3dfd058454 tempest-ServersOnMultiNodesTest-1944371479 tempest-ServersOnMultiNodesTest-1944371479-project] Using url versioning {{(pid=116064) process_request /opt/stack/glance/glance/api/middleware/version_negotiation.py:57}}
Sep 23 03:34:50.924095 n-d-859010-1 devstack@g-api.service[116064]: DEBUG glance.api.middleware.version_negotiation [None req-618ce912-195e-4c99-ae34-ed3dfd058454 tempest-ServersOnMultiNodesTest-1944371479 tempest-ServersOnMultiNodesTest-1944371479-project] Matched version: v2 {{(pid=116064) process_request /opt/stack/glance/glance/api/middleware/version_negotiation.py:69}}
Sep 23 03:34:50.924383 n-d-859010-1 devstack@g-api.service[116064]: DEBUG glance.api.middleware.version_negotiation [None req-618ce912-195e-4c99-ae34-ed3dfd058454 tempest-ServersOnMultiNodesTest-1944371479 tempest-ServersOnMultiNodesTest-1944371479-project] new path /v2/schemas/image {{(pid=116064) process_request /opt/stack/glance/glance/api/middleware/version_negotiation.py:70}}
Sep 23 03:34:50.928963 n-d-859010-1 devstack@g-api.service[116064]: [pid: 116064|app: 0|req: 131/315] 127.0.0.1 () {42 vars in 991 bytes} [Fri Sep 23 03:34:50 2022] GET /v2/schemas/image => generated 6083 bytes in 6 msecs (HTTP/1.1 200) 4 headers in 158 bytes (1 switches on core 0)
Sep 23 03:34:50.941732 n-d-859010-1 devstack@g-api.service[116065]: DEBUG glance.api.middleware.version_negotiation [None req-618ce912-195e-4c99-ae34-ed3dfd058454 tempest-ServersOnMultiNodesTest-1944371479 tempest-ServersOnMultiNodesTest-1944371479-project] Determining version of request: POST /v2/images Accept: */* {{(pid=116065) process_request /opt/stack/glance/glance/api/middleware/version_negotiation.py:44}}
Sep 23 03:34:50.942273 n-d-859010-1 devstack@g-api.service[116065]: DEBUG glance.api.middleware.version_negotiation [None req-618ce912-195e-4c99-ae34-ed3dfd058454 tempest-ServersOnMultiNodesTest-1944371479 tempest-ServersOnMultiNodesTest-1944371479-project] Using url versioning {{(pid=116065) process_request /opt/stack/glance/glance/api/middleware/version_negotiation.py:57}}
Sep 23 03:34:50.942715 n-d-859010-1 devstack@g-api.service[116065]: DEBUG glance.api.middleware.version_negotiation [None req-618ce912-195e-4c99-ae34-ed3dfd058454 tempest-ServersOnMultiNodesTest-1944371479 tempest-ServersOnMultiNodesTest-1944371479-project] Matched version: v2 {{(pid=116065) process_request /opt/stack/glance/glance/api/middleware/version_negotiation.py:69}}
Sep 23 03:34:50.943526 n-d-859010-1 devstack@g-api.service[116065]: DEBUG glance.api.middleware.version_negotiation [None req-618ce912-195e-4c99-ae34-ed3dfd058454 tempest-ServersOnMultiNodesTest-1944371479 tempest-ServersOnMultiNodesTest-1944371479-project] new path /v2/images {{(pid=116065) process_request /opt/stack/glance/glance/api/middleware/version_negotiation.py:70}}
Sep 23 03:34:51.057563 n-d-859010-1 devstack@g-api.service[116065]: [pid: 116065|app: 0|req: 185/316] 127.0.0.1 () {44 vars in 991 bytes} [Fri Sep 23 03:34:50 2022] POST /v2/images => generated 1174 bytes in 116 msecs (HTTP/1.1 201) 6 headers in 315 bytes (1 switches on core 0)
Sep 23 03:34:51.161556 n-d-859010-1 devstack@g-api.service[116064]: DEBUG glance.api.middleware.version_negotiation [None req-95eec5c6-be9d-4860-a53a-7fb6a57d35a6 tempest-ListImageFiltersTestJSON-1143109545 tempest-ListImageFiltersTestJSON-1143109545-project] Determining version of request: GET /v2/images/7900be9a-c19b-430d-a55c-d106b88884df Accept: */* {{(pid=116064) process_request /opt/stack/glance/glance/api/middleware/version_negotiation.py:44}}
Sep 23 03:34:51.162476 n-d-859010-1 devstack@g-api.service[116064]: DEBUG glance.api.middleware.version_negotiation [None req-95eec5c6-be9d-4860-a53a-7fb6a57d35a6 tempest-ListImageFiltersTestJSON-1143109545 tempest-ListImageFiltersTestJSON-1143109545-project] Using url versioning {{(pid=116064) process_request /opt/stack/glance/glance/api/middleware/version_negotiation.py:57}}
Sep 23 03:34:51.162870 n-d-859010-1 devstack@g-api.service[116064]: DEBUG glance.api.middleware.version_negotiation [None req-95eec5c6-be9d-4860-a53a-7fb6a57d35a6 tempest-ListImageFiltersTestJSON-1143109545 tempest-ListImageFiltersTestJSON-1143109545-project] Matched version: v2 {{(pid=116064) process_request /opt/stack/glance/glance/api/middleware/version_negotiation.py:69}}
Sep 23 03:34:51.163197 n-d-859010-1 devstack@g-api.service[116064]: DEBUG glance.api.middleware.version_negotiation [None req-95eec5c6-be9d-4860-a53a-7fb6a57d35a6 tempest-ListImageFiltersTestJSON-1143109545 tempest-ListImageFiltersTestJSON-1143109545-project] new path /v2/images/7900be9a-c19b-430d-a55c-d106b88884df {{(pid=116064) process_request /opt/stack/glance/glance/api/middleware/version_negotiation.py:70}}
Sep 23 03:34:51.203524 n-d-859010-1 devstack@g-api.service[116064]: [pid: 116064|app: 0|req: 132/317] 127.0.0.1 () {42 vars in 1051 bytes} [Fri Sep 23 03:34:51 2022] GET /v2/images/7900be9a-c19b-430d-a55c-d106b88884df => generated 1174 bytes in 40 msecs (HTTP/1.1 200) 4 headers in 158 bytes (1 switches on core 0)
Sep 23 03:34:51.208713 n-d-859010-1 devstack@g-api.service[116065]: DEBUG glance.api.middleware.version_negotiation [None req-95eec5c6-be9d-4860-a53a-7fb6a57d35a6 tempest-ListImageFiltersTestJSON-1143109545 tempest-ListImageFiltersTestJSON-1143109545-project] Determining version of request: GET /v2/schemas/image Accept: */* {{(pid=116065) process_request /opt/stack/glance/glance/api/middleware/version_negotiation.py:44}}
Sep 23 03:34:51.209209 n-d-859010-1 devstack@g-api.service[116065]: DEBUG glance.api.middleware.version_negotiation [None req-95eec5c6-be9d-4860-a53a-7fb6a57d35a6 tempest-ListImageFiltersTestJSON-1143109545 tempest-ListImageFiltersTestJSON-1143109545-project] Using url versioning {{(pid=116065) process_request /opt/stack/glance/glance/api/middleware/version_negotiation.py:57}}
Sep 23 03:34:51.209419 n-d-859010-1 devstack@g-api.service[116065]: DEBUG glance.api.middleware.version_negotiation [None req-95eec5c6-be9d-4860-a53a-7fb6a57d35a6 tempest-ListImageFiltersTestJSON-1143109545 tempest-ListImageFiltersTestJSON-1143109545-project] Matched version: v2 {{(pid=116065) process_request /opt/stack/glance/glance/api/middleware/version_negotiation.py:69}}
Sep 23 03:34:51.209707 n-d-859010-1 devstack@g-api.service[116065]: DEBUG glance.api.middleware.version_negotiation [None req-95eec5c6-be9d-4860-a53a-7fb6a57d35a6 tempest-ListImageFiltersTestJSON-1143109545 tempest-ListImageFiltersTestJSON-1143109545-project] new path /v2/schemas/image {{(pid=116065) process_request /opt/stack/glance/glance/api/middleware/version_negotiation.py:70}}
Sep 23 03:34:51.222851 n-d-859010-1 devstack@g-api.service[116065]: [pid: 116065|app: 0|req: 186/318] 127.0.0.1 () {42 vars in 991 bytes} [Fri Sep 23 03:34:51 2022] GET /v2/schemas/image => generated 6083 bytes in 14 msecs (HTTP/1.1 200) 4 headers in 158 bytes (1 switches on core 0)
Sep 23 03:34:52.261659 n-d-859010-1 devstack@g-api.service[116064]: DEBUG glance.api.middleware.version_negotiation [None req-872041b2-d7fc-42dd-bc83-59fa29d1c7fe tempest-ListImageFiltersTestJSON-1143109545 tempest-ListImageFiltersTestJSON-1143109545-project] Determining version of request: GET /v2/images/7900be9a-c19b-430d-a55c-d106b88884df Accept: */* {{(pid=116064) process_request /opt/stack/glance/glance/api/middleware/version_negotiation.py:44}}
Sep 23 03:34:52.262202 n-d-859010-1 devstack@g-api.service[116064]: DEBUG glance.api.middleware.version_negotiation [None req-872041b2-d7fc-42dd-bc83-59fa29d1c7fe tempest-ListImageFiltersTestJSON-1143109545 tempest-ListImageFiltersTestJSON-1143109545-project] Using url versioning {{(pid=116064) process_request /opt/stack/glance/glance/api/middleware/version_negotiation.py:57}}
Sep 23 03:34:52.262360 n-d-859010-1 devstack@g-api.service[116064]: DEBUG glance.api.middleware.version_negotiation [None req-872041b2-d7fc-42dd-bc83-59fa29d1c7fe tempest-ListImageFiltersTestJSON-1143109545 tempest-ListImageFiltersTestJSON-1143109545-project] Matched version: v2 {{(pid=116064) process_request /opt/stack/glance/glance/api/middleware/version_negotiation.py:69}}
Sep 23 03:34:52.262842 n-d-859010-1 devstack@g-api.service[116064]: DEBUG glance.api.middleware.version_negotiation [None req-872041b2-d7fc-42dd-bc83-59fa29d1c7fe tempest-ListImageFiltersTestJSON-1143109545 tempest-ListImageFiltersTestJSON-1143109545-project] new path /v2/images/7900be9a-c19b-430d-a55c-d106b88884df {{(pid=116064) process_request /opt/stack/glance/glance/api/middleware/version_negotiation.py:70}}
Sep 23 03:34:52.291285 n-d-859010-1 devstack@g-api.service[116064]: [pid: 116064|app: 0|req: 133/319] 127.0.0.1 () {42 vars in 1051 bytes} [Fri Sep 23 03:34:52 2022] GET /v2/images/7900be9a-c19b-430d-a55c-d106b88884df => generated 1174 bytes in 30 msecs (HTTP/1.1 200) 4 headers in 158 bytes (1 switches on core 0)
Sep 23 03:34:52.297459 n-d-859010-1 devstack@g-api.service[116065]: DEBUG glance.api.middleware.version_negotiation [None req-872041b2-d7fc-42dd-bc83-59fa29d1c7fe tempest-ListImageFiltersTestJSON-1143109545 tempest-ListImageFiltersTestJSON-1143109545-project] Determining version of request: GET /v2/schemas/image Accept: */* {{(pid=116065) process_request /opt/stack/glance/glance/api/middleware/version_negotiation.py:44}}
Sep 23 03:34:52.298018 n-d-859010-1 devstack@g-api.service[116065]: DEBUG glance.api.middleware.version_negotiation [None req-872041b2-d7fc-42dd-bc83-59fa29d1c7fe tempest-ListImageFiltersTestJSON-1143109545 tempest-ListImageFiltersTestJSON-1143109545-project] Using url versioning {{(pid=116065) process_request /opt/stack/glance/glance/api/middleware/version_negotiation.py:57}}
Sep 23 03:34:52.298134 n-d-859010-1 devstack@g-api.service[116065]: DEBUG glance.api.middleware.version_negotiation [None req-872041b2-d7fc-42dd-bc83-59fa29d1c7fe tempest-ListImageFiltersTestJSON-1143109545 tempest-ListImageFiltersTestJSON-1143109545-project] Matched version: v2 {{(pid=116065) process_request /opt/stack/glance/glance/api/middleware/version_negotiation.py:69}}
Sep 23 03:34:52.298370 n-d-859010-1 devstack@g-api.service[116065]: DEBUG glance.api.middleware.version_negotiation [None req-872041b2-d7fc-42dd-bc83-59fa29d1c7fe tempest-ListImageFiltersTestJSON-1143109545 tempest-ListImageFiltersTestJSON-1143109545-project] new path /v2/schemas/image {{(pid=116065) process_request /opt/stack/glance/glance/api/middleware/version_negotiation.py:70}}
Sep 23 03:34:52.307039 n-d-859010-1 devstack@g-api.service[116065]: [pid: 116065|app: 0|req: 187/320] 127.0.0.1 () {42 vars in 991 bytes} [Fri Sep 23 03:34:52 2022] GET /v2/schemas/image => generated 6083 bytes in 10 msecs (HTTP/1.1 200) 4 headers in 158 bytes (1 switches on core 0)
Sep 23 03:34:53.346154 n-d-859010-1 devstack@g-api.service[116064]: DEBUG glance.api.middleware.version_negotiation [None req-cd16ed92-c318-4cb5-96e7-3e0e6af04618 tempest-ListImageFiltersTestJSON-1143109545 tempest-ListImageFiltersTestJSON-1143109545-project] Determining version of request: GET /v2/images/7900be9a-c19b-430d-a55c-d106b88884df Accept: */* {{(pid=116064) process_request /opt/stack/glance/glance/api/middleware/version_negotiation.py:44}}
Sep 23 03:34:53.346722 n-d-859010-1 devstack@g-api.service[116064]: DEBUG glance.api.middleware.version_negotiation [None req-cd16ed92-c318-4cb5-96e7-3e0e6af04618 tempest-ListImageFiltersTestJSON-1143109545 tempest-ListImageFiltersTestJSON-1143109545-project] Using url versioning {{(pid=116064) process_request /opt/stack/glance/glance/api/middleware/version_negotiation.py:57}}
Sep 23 03:34:53.347058 n-d-859010-1 devstack@g-api.service[116064]: DEBUG glance.api.middleware.version_negotiation [None req-cd16ed92-c318-4cb5-96e7-3e0e6af04618 tempest-ListImageFiltersTestJSON-1143109545 tempest-ListImageFiltersTestJSON-1143109545-project] Matched version: v2 {{(pid=116064) process_request /opt/stack/glance/glance/api/middleware/version_negotiation.py:69}}
Sep 23 03:34:53.347482 n-d-859010-1 devstack@g-api.service[116064]: DEBUG glance.api.middleware.version_negotiation [None req-cd16ed92-c318-4cb5-96e7-3e0e6af04618 tempest-ListImageFiltersTestJSON-1143109545 tempest-ListImageFiltersTestJSON-1143109545-project] new path /v2/images/7900be9a-c19b-430d-a55c-d106b88884df {{(pid=116064) process_request /opt/stack/glance/glance/api/middleware/version_negotiation.py:70}}
Sep 23 03:34:53.376838 n-d-859010-1 devstack@g-api.service[116064]: [pid: 116064|app: 0|req: 134/321] 127.0.0.1 () {42 vars in 1051 bytes} [Fri Sep 23 03:34:53 2022] GET /v2/images/7900be9a-c19b-430d-a55c-d106b88884df => generated 1174 bytes in 31 msecs (HTTP/1.1 200) 4 headers in 158 bytes (1 switches on core 0)
Sep 23 03:34:53.386835 n-d-859010-1 devstack@g-api.service[116065]: DEBUG glance.api.middleware.version_negotiation [None req-cd16ed92-c318-4cb5-96e7-3e0e6af04618 tempest-ListImageFiltersTestJSON-1143109545 tempest-ListImageFiltersTestJSON-1143109545-project] Determining version of request: GET /v2/schemas/image Accept: */* {{(pid=116065) process_request /opt/stack/glance/glance/api/middleware/version_negotiation.py:44}}
Sep 23 03:34:53.387313 n-d-859010-1 devstack@g-api.service[116065]: DEBUG glance.api.middleware.version_negotiation [None req-cd16ed92-c318-4cb5-96e7-3e0e6af04618 tempest-ListImageFiltersTestJSON-1143109545 tempest-ListImageFiltersTestJSON-1143109545-project] Using url versioning {{(pid=116065) process_request /opt/stack/glance/glance/api/middleware/version_negotiation.py:57}}
Sep 23 03:34:53.387535 n-d-859010-1 devstack@g-api.service[116065]: DEBUG glance.api.middleware.version_negotiation [None req-cd16ed92-c318-4cb5-96e7-3e0e6af04618 tempest-ListImageFiltersTestJSON-1143109545 tempest-ListImageFiltersTestJSON-1143109545-project] Matched version: v2 {{(pid=116065) process_request /opt/stack/glance/glance/api/middleware/version_negotiation.py:69}}
Sep 23 03:34:53.387804 n-d-859010-1 devstack@g-api.service[116065]: DEBUG glance.api.middleware.version_negotiation [None req-cd16ed92-c318-4cb5-96e7-3e0e6af04618 tempest-ListImageFiltersTestJSON-1143109545 tempest-ListImageFiltersTestJSON-1143109545-project] new path /v2/schemas/image {{(pid=116065) process_request /opt/stack/glance/glance/api/middleware/version_negotiation.py:70}}
Sep 23 03:34:53.392751 n-d-859010-1 devstack@g-api.service[116065]: [pid: 116065|app: 0|req: 188/322] 127.0.0.1 () {42 vars in 991 bytes} [Fri Sep 23 03:34:53 2022] GET /v2/schemas/image => generated 6083 bytes in 6 msecs (HTTP/1.1 200) 4 headers in 158 bytes (1 switches on core 0)
Sep 23 03:34:54.435133 n-d-859010-1 devstack@g-api.service[116064]: DEBUG glance.api.middleware.version_negotiation [None req-0ba575e7-3766-4e9b-8f4c-275531db46f8 tempest-ListImageFiltersTestJSON-1143109545 tempest-ListImageFiltersTestJSON-1143109545-project] Determining version of request: GET /v2/images/7900be9a-c19b-430d-a55c-d106b88884df Accept: */* {{(pid=116064) process_request /opt/stack/glance/glance/api/middleware/version_negotiation.py:44}}
Sep 23 03:34:54.435662 n-d-859010-1 devstack@g-api.service[116064]: DEBUG glance.api.middleware.version_negotiation [None req-0ba575e7-3766-4e9b-8f4c-275531db46f8 tempest-ListImageFiltersTestJSON-1143109545 tempest-ListImageFiltersTestJSON-1143109545-project] Using url versioning {{(pid=116064) process_request /opt/stack/glance/glance/api/middleware/version_negotiation.py:57}}
Sep 23 03:34:54.435811 n-d-859010-1 devstack@g-api.service[116064]: DEBUG glance.api.middleware.version_negotiation [None req-0ba575e7-3766-4e9b-8f4c-275531db46f8 tempest-ListImageFiltersTestJSON-1143109545 tempest-ListImageFiltersTestJSON-1143109545-project] Matched version: v2 {{(pid=116064) process_request /opt/stack/glance/glance/api/middleware/version_negotiation.py:69}}
Sep 23 03:34:54.436313 n-d-859010-1 devstack@g-api.service[116064]: DEBUG glance.api.middleware.version_negotiation [None req-0ba575e7-3766-4e9b-8f4c-275531db46f8 tempest-ListImageFiltersTestJSON-1143109545 tempest-ListImageFiltersTestJSON-1143109545-project] new path /v2/images/7900be9a-c19b-430d-a55c-d106b88884df {{(pid=116064) process_request /opt/stack/glance/glance/api/middleware/version_negotiation.py:70}}
Sep 23 03:34:54.458787 n-d-859010-1 devstack@g-api.service[116064]: [pid: 116064|app: 0|req: 135/323] 127.0.0.1 () {42 vars in 1051 bytes} [Fri Sep 23 03:34:54 2022] GET /v2/images/7900be9a-c19b-430d-a55c-d106b88884df => generated 1174 bytes in 24 msecs (HTTP/1.1 200) 4 headers in 158 bytes (1 switches on core 0)
