Sep 23 04:35:46.153903 n-d-858673-2 devstack@placement-api.service[107752]: [pid: 107752|app: 0|req: 570/1136] 10.222.0.18 () {60 vars in 1377 bytes} [Fri Sep 23 04:35:46 2022] GET /placement/allocations/10de1921-9334-4ad8-a2f6-f5225159e429 => generated 259 bytes in 25 msecs (HTTP/1.1 200) 8 headers in 296 bytes (1 switches on core 0)
Sep 23 04:35:46.162647 n-d-858673-2 devstack@placement-api.service[107751]: DEBUG placement.requestlog [req-28d66c90-84ea-4757-88bb-6f4e9bbbd36d req-e9089acd-f799-4c84-85e3-9f7ebb8d2fe5 None None] Starting request: 10.222.0.18 "GET /placement/allocations/8d36b74a-1056-4845-9001-771e7704e363" {{(pid=107751) __call__ /opt/stack/placement/placement/requestlog.py:55}}
Sep 23 04:35:46.190332 n-d-858673-2 devstack@placement-api.service[107751]: INFO placement.requestlog [req-28d66c90-84ea-4757-88bb-6f4e9bbbd36d req-e9089acd-f799-4c84-85e3-9f7ebb8d2fe5 service placement] 10.222.0.18 "GET /placement/allocations/8d36b74a-1056-4845-9001-771e7704e363" status: 200 len: 259 microversion: 1.28
Sep 23 04:35:46.191063 n-d-858673-2 devstack@placement-api.service[107751]: [pid: 107751|app: 0|req: 567/1137] 10.222.0.18 () {60 vars in 1377 bytes} [Fri Sep 23 04:35:46 2022] GET /placement/allocations/8d36b74a-1056-4845-9001-771e7704e363 => generated 259 bytes in 28 msecs (HTTP/1.1 200) 8 headers in 296 bytes (1 switches on core 0)
Sep 23 04:35:46.223866 n-d-858673-2 devstack@placement-api.service[107752]: DEBUG placement.requestlog [req-28d66c90-84ea-4757-88bb-6f4e9bbbd36d req-b3f22549-7f6b-480f-ae7a-08bf4caf2b3d None None] Starting request: 10.222.0.18 "GET /placement/allocations/2a3a3099-89ec-4f8e-a6a4-5783276d5a19" {{(pid=107752) __call__ /opt/stack/placement/placement/requestlog.py:55}}
Sep 23 04:35:46.251825 n-d-858673-2 devstack@placement-api.service[107752]: INFO placement.requestlog [req-28d66c90-84ea-4757-88bb-6f4e9bbbd36d req-b3f22549-7f6b-480f-ae7a-08bf4caf2b3d service placement] 10.222.0.18 "GET /placement/allocations/2a3a3099-89ec-4f8e-a6a4-5783276d5a19" status: 200 len: 259 microversion: 1.28
Sep 23 04:35:46.253032 n-d-858673-2 devstack@placement-api.service[107752]: [pid: 107752|app: 0|req: 571/1138] 10.222.0.18 () {60 vars in 1377 bytes} [Fri Sep 23 04:35:46 2022] GET /placement/allocations/2a3a3099-89ec-4f8e-a6a4-5783276d5a19 => generated 259 bytes in 29 msecs (HTTP/1.1 200) 8 headers in 296 bytes (1 switches on core 0)
Sep 23 04:35:46.274950 n-d-858673-2 devstack@placement-api.service[107751]: DEBUG placement.requestlog [req-28d66c90-84ea-4757-88bb-6f4e9bbbd36d req-cc862c4c-6fde-4a83-92ec-044356edbc9b None None] Starting request: 10.222.0.18 "GET /placement/allocations/774d79ed-bd69-4290-97e3-337eb5e26c0f" {{(pid=107751) __call__ /opt/stack/placement/placement/requestlog.py:55}}
Sep 23 04:35:46.311724 n-d-858673-2 devstack@placement-api.service[107751]: INFO placement.requestlog [req-28d66c90-84ea-4757-88bb-6f4e9bbbd36d req-cc862c4c-6fde-4a83-92ec-044356edbc9b service placement] 10.222.0.18 "GET /placement/allocations/774d79ed-bd69-4290-97e3-337eb5e26c0f" status: 200 len: 259 microversion: 1.28
Sep 23 04:35:46.314620 n-d-858673-2 devstack@placement-api.service[107751]: [pid: 107751|app: 0|req: 568/1139] 10.222.0.18 () {60 vars in 1377 bytes} [Fri Sep 23 04:35:46 2022] GET /placement/allocations/774d79ed-bd69-4290-97e3-337eb5e26c0f => generated 259 bytes in 40 msecs (HTTP/1.1 200) 8 headers in 296 bytes (1 switches on core 0)
Sep 23 04:35:46.322585 n-d-858673-2 devstack@placement-api.service[107752]: DEBUG placement.requestlog [req-28d66c90-84ea-4757-88bb-6f4e9bbbd36d req-732553df-37d2-431c-8e01-0b60ee9a1b4b None None] Starting request: 10.222.0.18 "GET /placement/allocations/9327a3cc-ae6e-4471-94f2-3b8b113a02bd" {{(pid=107752) __call__ /opt/stack/placement/placement/requestlog.py:55}}
Sep 23 04:35:46.343676 n-d-858673-2 devstack@placement-api.service[107752]: INFO placement.requestlog [req-28d66c90-84ea-4757-88bb-6f4e9bbbd36d req-732553df-37d2-431c-8e01-0b60ee9a1b4b service placement] 10.222.0.18 "GET /placement/allocations/9327a3cc-ae6e-4471-94f2-3b8b113a02bd" status: 200 len: 259 microversion: 1.28
Sep 23 04:35:46.344564 n-d-858673-2 devstack@placement-api.service[107752]: [pid: 107752|app: 0|req: 572/1140] 10.222.0.18 () {60 vars in 1377 bytes} [Fri Sep 23 04:35:46 2022] GET /placement/allocations/9327a3cc-ae6e-4471-94f2-3b8b113a02bd => generated 259 bytes in 22 msecs (HTTP/1.1 200) 8 headers in 296 bytes (1 switches on core 0)
Sep 23 04:35:46.668826 n-d-858673-2 devstack@placement-api.service[107751]: DEBUG placement.requestlog [req-28d66c90-84ea-4757-88bb-6f4e9bbbd36d req-8f4a4ad8-ec74-46ce-b126-4f21bd89c3d8 None None] Starting request: 10.222.0.18 "DELETE /placement/allocations/2a3a3099-89ec-4f8e-a6a4-5783276d5a19" {{(pid=107751) __call__ /opt/stack/placement/placement/requestlog.py:55}}
Sep 23 04:35:46.719755 n-d-858673-2 devstack@placement-api.service[107751]: DEBUG placement.handlers.allocation [req-28d66c90-84ea-4757-88bb-6f4e9bbbd36d req-8f4a4ad8-ec74-46ce-b126-4f21bd89c3d8 service placement] Successfully deleted allocations [, , ] {{(pid=107751) delete_allocations /opt/stack/placement/placement/handlers/allocation.py:627}}
Sep 23 04:35:46.721533 n-d-858673-2 devstack@placement-api.service[107751]: INFO placement.requestlog [req-28d66c90-84ea-4757-88bb-6f4e9bbbd36d req-8f4a4ad8-ec74-46ce-b126-4f21bd89c3d8 service placement] 10.222.0.18 "DELETE /placement/allocations/2a3a3099-89ec-4f8e-a6a4-5783276d5a19" status: 204 len: 0 microversion: 1.0
Sep 23 04:35:46.722397 n-d-858673-2 devstack@placement-api.service[107751]: [pid: 107751|app: 0|req: 569/1141] 10.222.0.18 () {60 vars in 1355 bytes} [Fri Sep 23 04:35:46 2022] DELETE /placement/allocations/2a3a3099-89ec-4f8e-a6a4-5783276d5a19 => generated 0 bytes in 54 msecs (HTTP/1.1 204) 5 headers in 198 bytes (1 switches on core 0)
Sep 23 04:35:52.947977 n-d-858673-2 devstack@placement-api.service[107752]: DEBUG placement.requestlog [req-262e25d2-ecaf-4baa-902e-daafe12f27cc req-7c81d338-d34a-4026-a3ef-92c816fdbfa6 None None] Starting request: 10.222.0.75 "GET /placement/resource_providers/5592917d-63cf-4840-972b-2a1985337d9b/allocations" {{(pid=107752) __call__ /opt/stack/placement/placement/requestlog.py:55}}
Sep 23 04:35:52.985618 n-d-858673-2 devstack@placement-api.service[107751]: DEBUG placement.requestlog [None req-dc5eb0a6-5685-4d56-9efe-dd95c670b56d None None] Starting request: 10.222.0.52 "GET /placement/resource_providers/ba2e330a-2877-4068-9e1a-aee42beb309b/aggregates" {{(pid=107751) __call__ /opt/stack/placement/placement/requestlog.py:55}}
Sep 23 04:35:52.999177 n-d-858673-2 devstack@placement-api.service[107751]: INFO placement.requestlog [None req-dc5eb0a6-5685-4d56-9efe-dd95c670b56d service placement] 10.222.0.52 "GET /placement/resource_providers/ba2e330a-2877-4068-9e1a-aee42beb309b/aggregates" status: 404 len: 235 microversion: 1.1
Sep 23 04:35:52.999724 n-d-858673-2 devstack@placement-api.service[107751]: [pid: 107751|app: 0|req: 570/1142] 10.222.0.52 () {58 vars in 1362 bytes} [Fri Sep 23 04:35:52 2022] GET /placement/resource_providers/ba2e330a-2877-4068-9e1a-aee42beb309b/aggregates => generated 235 bytes in 14 msecs (HTTP/1.1 404) 5 headers in 202 bytes (1 switches on core 0)
Sep 23 04:35:53.030035 n-d-858673-2 devstack@placement-api.service[107752]: INFO placement.requestlog [req-262e25d2-ecaf-4baa-902e-daafe12f27cc req-7c81d338-d34a-4026-a3ef-92c816fdbfa6 service placement] 10.222.0.75 "GET /placement/resource_providers/5592917d-63cf-4840-972b-2a1985337d9b/allocations" status: 200 len: 658 microversion: 1.0
Sep 23 04:35:53.033430 n-d-858673-2 devstack@placement-api.service[107751]: DEBUG placement.requestlog [None req-be706a23-c30f-469c-9f3e-337545de4b7b None None] Starting request: 10.222.0.52 "DELETE /placement/resource_providers/ba2e330a-2877-4068-9e1a-aee42beb309b" {{(pid=107751) __call__ /opt/stack/placement/placement/requestlog.py:55}}
Sep 23 04:35:53.033605 n-d-858673-2 devstack@placement-api.service[107752]: [pid: 107752|app: 0|req: 573/1143] 10.222.0.75 () {58 vars in 1390 bytes} [Fri Sep 23 04:35:52 2022] GET /placement/resource_providers/5592917d-63cf-4840-972b-2a1985337d9b/allocations => generated 658 bytes in 86 msecs (HTTP/1.1 200) 6 headers in 224 bytes (1 switches on core 0)
Sep 23 04:35:53.052055 n-d-858673-2 devstack@placement-api.service[107752]: DEBUG placement.requestlog [req-262e25d2-ecaf-4baa-902e-daafe12f27cc req-60b9384e-1934-4d09-a18f-b697e9477906 None None] Starting request: 10.222.0.75 "GET /placement/allocations/fabddd0c-7964-431a-97eb-45ad9577f921" {{(pid=107752) __call__ /opt/stack/placement/placement/requestlog.py:55}}
Sep 23 04:35:53.058305 n-d-858673-2 devstack@placement-api.service[107751]: DEBUG placement.wsgi_wrapper [None req-be706a23-c30f-469c-9f3e-337545de4b7b service placement] Placement API returning an error response: No resource provider with uuid ba2e330a-2877-4068-9e1a-aee42beb309b found for delete {{(pid=107751) call_func /opt/stack/placement/placement/wsgi_wrapper.py:31}}
Sep 23 04:35:53.059187 n-d-858673-2 devstack@placement-api.service[107751]: INFO placement.requestlog [None req-be706a23-c30f-469c-9f3e-337545de4b7b service placement] 10.222.0.52 "DELETE /placement/resource_providers/ba2e330a-2877-4068-9e1a-aee42beb309b" status: 404 len: 246 microversion: 1.1
Sep 23 04:35:53.061149 n-d-858673-2 devstack@placement-api.service[107751]: [pid: 107751|app: 0|req: 571/1144] 10.222.0.52 () {60 vars in 1351 bytes} [Fri Sep 23 04:35:53 2022] DELETE /placement/resource_providers/ba2e330a-2877-4068-9e1a-aee42beb309b => generated 246 bytes in 31 msecs (HTTP/1.1 404) 6 headers in 231 bytes (1 switches on core 0)
Sep 23 04:35:53.088623 n-d-858673-2 devstack@placement-api.service[107752]: INFO placement.requestlog [req-262e25d2-ecaf-4baa-902e-daafe12f27cc req-60b9384e-1934-4d09-a18f-b697e9477906 service placement] 10.222.0.75 "GET /placement/allocations/fabddd0c-7964-431a-97eb-45ad9577f921" status: 200 len: 259 microversion: 1.28
Sep 23 04:35:53.089028 n-d-858673-2 devstack@placement-api.service[107752]: [pid: 107752|app: 0|req: 574/1145] 10.222.0.75 () {60 vars in 1377 bytes} [Fri Sep 23 04:35:53 2022] GET /placement/allocations/fabddd0c-7964-431a-97eb-45ad9577f921 => generated 259 bytes in 38 msecs (HTTP/1.1 200) 8 headers in 296 bytes (2 switches on core 0)
Sep 23 04:35:53.097539 n-d-858673-2 devstack@placement-api.service[107751]: DEBUG placement.requestlog [req-262e25d2-ecaf-4baa-902e-daafe12f27cc req-4a3e7906-4eec-4ece-ba7a-d77751db0d30 None None] Starting request: 10.222.0.75 "GET /placement/allocations/28472d2e-5cd9-40ae-a279-2ad9ced8f931" {{(pid=107751) __call__ /opt/stack/placement/placement/requestlog.py:55}}
Sep 23 04:35:53.131739 n-d-858673-2 devstack@placement-api.service[107751]: INFO placement.requestlog [req-262e25d2-ecaf-4baa-902e-daafe12f27cc req-4a3e7906-4eec-4ece-ba7a-d77751db0d30 service placement] 10.222.0.75 "GET /placement/allocations/28472d2e-5cd9-40ae-a279-2ad9ced8f931" status: 200 len: 258 microversion: 1.28
Sep 23 04:35:53.132489 n-d-858673-2 devstack@placement-api.service[107751]: [pid: 107751|app: 0|req: 572/1146] 10.222.0.75 () {60 vars in 1377 bytes} [Fri Sep 23 04:35:53 2022] GET /placement/allocations/28472d2e-5cd9-40ae-a279-2ad9ced8f931 => generated 258 bytes in 35 msecs (HTTP/1.1 200) 8 headers in 296 bytes (1 switches on core 0)
Sep 23 04:35:53.140166 n-d-858673-2 devstack@placement-api.service[107752]: DEBUG placement.requestlog [req-262e25d2-ecaf-4baa-902e-daafe12f27cc req-76fa221e-2187-4898-bb19-cfc3b625e3c8 None None] Starting request: 10.222.0.75 "GET /placement/allocations/56e9a8fb-f2d1-4a8f-971c-9429d7a250a7" {{(pid=107752) __call__ /opt/stack/placement/placement/requestlog.py:55}}
Sep 23 04:35:53.163912 n-d-858673-2 devstack@placement-api.service[107752]: INFO placement.requestlog [req-262e25d2-ecaf-4baa-902e-daafe12f27cc req-76fa221e-2187-4898-bb19-cfc3b625e3c8 service placement] 10.222.0.75 "GET /placement/allocations/56e9a8fb-f2d1-4a8f-971c-9429d7a250a7" status: 200 len: 259 microversion: 1.28
Sep 23 04:35:53.164827 n-d-858673-2 devstack@placement-api.service[107752]: [pid: 107752|app: 0|req: 575/1147] 10.222.0.75 () {60 vars in 1377 bytes} [Fri Sep 23 04:35:53 2022] GET /placement/allocations/56e9a8fb-f2d1-4a8f-971c-9429d7a250a7 => generated 259 bytes in 25 msecs (HTTP/1.1 200) 8 headers in 296 bytes (1 switches on core 0)
Sep 23 04:35:53.173157 n-d-858673-2 devstack@placement-api.service[107751]: DEBUG placement.requestlog [req-262e25d2-ecaf-4baa-902e-daafe12f27cc req-23bda9e6-5c5a-4f5c-8126-cf11dc4d342a None None] Starting request: 10.222.0.75 "GET /placement/allocations/34835e6c-9a6c-4afb-b335-bed54d66746f" {{(pid=107751) __call__ /opt/stack/placement/placement/requestlog.py:55}}
Sep 23 04:35:53.192946 n-d-858673-2 devstack@placement-api.service[107751]: DEBUG dbcounter [-] [107751] Writing DB stats placement:SELECT=90,placement:INSERT=4,placement:DELETE=4,placement:UPDATE=2 {{(pid=107751) stat_writer /usr/local/lib/python3.8/dist-packages/dbcounter.py:114}}
Sep 23 04:35:53.205725 n-d-858673-2 devstack@placement-api.service[107751]: INFO placement.requestlog [req-262e25d2-ecaf-4baa-902e-daafe12f27cc req-23bda9e6-5c5a-4f5c-8126-cf11dc4d342a service placement] 10.222.0.75 "GET /placement/allocations/34835e6c-9a6c-4afb-b335-bed54d66746f" status: 200 len: 259 microversion: 1.28
Sep 23 04:35:53.206598 n-d-858673-2 devstack@placement-api.service[107751]: [pid: 107751|app: 0|req: 573/1148] 10.222.0.75 () {60 vars in 1377 bytes} [Fri Sep 23 04:35:53 2022] GET /placement/allocations/34835e6c-9a6c-4afb-b335-bed54d66746f => generated 259 bytes in 34 msecs (HTTP/1.1 200) 8 headers in 296 bytes (1 switches on core 0)
Sep 23 04:35:53.214814 n-d-858673-2 devstack@placement-api.service[107752]: DEBUG placement.requestlog [req-262e25d2-ecaf-4baa-902e-daafe12f27cc req-eefd1623-6662-4b22-93b9-19f364b893f7 None None] Starting request: 10.222.0.75 "GET /placement/allocations/4bdac8f0-a16c-4f59-8f81-0846fd9a274a" {{(pid=107752) __call__ /opt/stack/placement/placement/requestlog.py:55}}
Sep 23 04:35:53.242822 n-d-858673-2 devstack@placement-api.service[107752]: INFO placement.requestlog [req-262e25d2-ecaf-4baa-902e-daafe12f27cc req-eefd1623-6662-4b22-93b9-19f364b893f7 service placement] 10.222.0.75 "GET /placement/allocations/4bdac8f0-a16c-4f59-8f81-0846fd9a274a" status: 200 len: 259 microversion: 1.28
Sep 23 04:35:53.245223 n-d-858673-2 devstack@placement-api.service[107752]: [pid: 107752|app: 0|req: 576/1149] 10.222.0.75 () {60 vars in 1377 bytes} [Fri Sep 23 04:35:53 2022] GET /placement/allocations/4bdac8f0-a16c-4f59-8f81-0846fd9a274a => generated 259 bytes in 31 msecs (HTTP/1.1 200) 8 headers in 296 bytes (1 switches on core 0)
Sep 23 04:35:53.252978 n-d-858673-2 devstack@placement-api.service[107751]: DEBUG placement.requestlog [req-262e25d2-ecaf-4baa-902e-daafe12f27cc req-8f4d8f5e-1048-41d4-94d1-bdfe52b1d6ae None None] Starting request: 10.222.0.75 "GET /placement/allocations/a7a78bc5-7fdc-4d5d-beee-24ea2d7aa37a" {{(pid=107751) __call__ /opt/stack/placement/placement/requestlog.py:55}}
Sep 23 04:35:53.279233 n-d-858673-2 devstack@placement-api.service[107751]: INFO placement.requestlog [req-262e25d2-ecaf-4baa-902e-daafe12f27cc req-8f4d8f5e-1048-41d4-94d1-bdfe52b1d6ae service placement] 10.222.0.75 "GET /placement/allocations/a7a78bc5-7fdc-4d5d-beee-24ea2d7aa37a" status: 200 len: 259 microversion: 1.28
Sep 23 04:35:53.280993 n-d-858673-2 devstack@placement-api.service[107751]: [pid: 107751|app: 0|req: 574/1150] 10.222.0.75 () {60 vars in 1377 bytes} [Fri Sep 23 04:35:53 2022] GET /placement/allocations/a7a78bc5-7fdc-4d5d-beee-24ea2d7aa37a => generated 259 bytes in 30 msecs (HTTP/1.1 200) 8 headers in 296 bytes (1 switches on core 0)
Sep 23 04:35:53.536125 n-d-858673-2 devstack@placement-api.service[107752]: DEBUG placement.requestlog [req-262e25d2-ecaf-4baa-902e-daafe12f27cc req-95912a4a-d3c4-452b-ad0b-0a07360763a6 None None] Starting request: 10.222.0.75 "DELETE /placement/allocations/56e9a8fb-f2d1-4a8f-971c-9429d7a250a7" {{(pid=107752) __call__ /opt/stack/placement/placement/requestlog.py:55}}
Sep 23 04:35:53.572933 n-d-858673-2 devstack@placement-api.service[107752]: DEBUG dbcounter [-] [107752] Writing DB stats placement:DELETE=6,placement:SELECT=94 {{(pid=107752) stat_writer /usr/local/lib/python3.8/dist-packages/dbcounter.py:114}}
Sep 23 04:35:53.579186 n-d-858673-2 devstack@placement-api.service[107752]: DEBUG placement.handlers.allocation [req-262e25d2-ecaf-4baa-902e-daafe12f27cc req-95912a4a-d3c4-452b-ad0b-0a07360763a6 service placement] Successfully deleted allocations [, , ] {{(pid=107752) delete_allocations /opt/stack/placement/placement/handlers/allocation.py:627}}
Sep 23 04:35:53.580473 n-d-858673-2 devstack@placement-api.service[107752]: INFO placement.requestlog [req-262e25d2-ecaf-4baa-902e-daafe12f27cc req-95912a4a-d3c4-452b-ad0b-0a07360763a6 service placement] 10.222.0.75 "DELETE /placement/allocations/56e9a8fb-f2d1-4a8f-971c-9429d7a250a7" status: 204 len: 0 microversion: 1.0
Sep 23 04:35:53.581475 n-d-858673-2 devstack@placement-api.service[107752]: [pid: 107752|app: 0|req: 577/1151] 10.222.0.75 () {60 vars in 1355 bytes} [Fri Sep 23 04:35:53 2022] DELETE /placement/allocations/56e9a8fb-f2d1-4a8f-971c-9429d7a250a7 => generated 0 bytes in 46 msecs (HTTP/1.1 204) 5 headers in 198 bytes (1 switches on core 0)
Sep 23 04:35:54.088828 n-d-858673-2 devstack@placement-api.service[107751]: DEBUG placement.requestlog [req-a438831e-30b6-4d2c-bae2-07b16527b569 req-a1814181-5c30-4406-9a8e-54fd39f815b0 None None] Starting request: 10.222.0.75 "GET /placement/resource_providers/5592917d-63cf-4840-972b-2a1985337d9b/allocations" {{(pid=107751) __call__ /opt/stack/placement/placement/requestlog.py:55}}
Sep 23 04:35:54.176665 n-d-858673-2 devstack@placement-api.service[107751]: INFO placement.requestlog [req-a438831e-30b6-4d2c-bae2-07b16527b569 req-a1814181-5c30-4406-9a8e-54fd39f815b0 service placement] 10.222.0.75 "GET /placement/resource_providers/5592917d-63cf-4840-972b-2a1985337d9b/allocations" status: 200 len: 557 microversion: 1.0
Sep 23 04:35:54.180002 n-d-858673-2 devstack@placement-api.service[107751]: [pid: 107751|app: 0|req: 575/1152] 10.222.0.75 () {58 vars in 1390 bytes} [Fri Sep 23 04:35:54 2022] GET /placement/resource_providers/5592917d-63cf-4840-972b-2a1985337d9b/allocations => generated 557 bytes in 91 msecs (HTTP/1.1 200) 6 headers in 224 bytes (1 switches on core 0)
Sep 23 04:35:54.185274 n-d-858673-2 devstack@placement-api.service[107752]: DEBUG placement.requestlog [req-a438831e-30b6-4d2c-bae2-07b16527b569 req-737b922e-41f3-4c97-865c-c919f20ade32 None None] Starting request: 10.222.0.75 "GET /placement/allocations/fabddd0c-7964-431a-97eb-45ad9577f921" {{(pid=107752) __call__ /opt/stack/placement/placement/requestlog.py:55}}
Sep 23 04:35:54.234133 n-d-858673-2 devstack@placement-api.service[107752]: INFO placement.requestlog [req-a438831e-30b6-4d2c-bae2-07b16527b569 req-737b922e-41f3-4c97-865c-c919f20ade32 service placement] 10.222.0.75 "GET /placement/allocations/fabddd0c-7964-431a-97eb-45ad9577f921" status: 200 len: 259 microversion: 1.28
Sep 23 04:35:54.237679 n-d-858673-2 devstack@placement-api.service[107752]: [pid: 107752|app: 0|req: 578/1153] 10.222.0.75 () {60 vars in 1377 bytes} [Fri Sep 23 04:35:54 2022] GET /placement/allocations/fabddd0c-7964-431a-97eb-45ad9577f921 => generated 259 bytes in 53 msecs (HTTP/1.1 200) 8 headers in 296 bytes (1 switches on core 0)
Sep 23 04:35:54.245121 n-d-858673-2 devstack@placement-api.service[107751]: DEBUG placement.requestlog [req-a438831e-30b6-4d2c-bae2-07b16527b569 req-129583e5-9ec8-4bfe-972a-cbe6d1959791 None None] Starting request: 10.222.0.75 "GET /placement/allocations/28472d2e-5cd9-40ae-a279-2ad9ced8f931" {{(pid=107751) __call__ /opt/stack/placement/placement/requestlog.py:55}}
Sep 23 04:35:54.261909 n-d-858673-2 devstack@placement-api.service[107751]: INFO placement.requestlog [req-a438831e-30b6-4d2c-bae2-07b16527b569 req-129583e5-9ec8-4bfe-972a-cbe6d1959791 service placement] 10.222.0.75 "GET /placement/allocations/28472d2e-5cd9-40ae-a279-2ad9ced8f931" status: 200 len: 258 microversion: 1.28
Sep 23 04:35:54.263191 n-d-858673-2 devstack@placement-api.service[107751]: [pid: 107751|app: 0|req: 576/1154] 10.222.0.75 () {60 vars in 1377 bytes} [Fri Sep 23 04:35:54 2022] GET /placement/allocations/28472d2e-5cd9-40ae-a279-2ad9ced8f931 => generated 258 bytes in 18 msecs (HTTP/1.1 200) 8 headers in 296 bytes (1 switches on core 0)
Sep 23 04:35:54.286672 n-d-858673-2 devstack@placement-api.service[107752]: DEBUG placement.requestlog [req-a438831e-30b6-4d2c-bae2-07b16527b569 req-7e657b71-6556-4705-8294-2b9c8a9c5302 None None] Starting request: 10.222.0.75 "GET /placement/allocations/34835e6c-9a6c-4afb-b335-bed54d66746f" {{(pid=107752) __call__ /opt/stack/placement/placement/requestlog.py:55}}
Sep 23 04:35:54.321885 n-d-858673-2 devstack@placement-api.service[107752]: INFO placement.requestlog [req-a438831e-30b6-4d2c-bae2-07b16527b569 req-7e657b71-6556-4705-8294-2b9c8a9c5302 service placement] 10.222.0.75 "GET /placement/allocations/34835e6c-9a6c-4afb-b335-bed54d66746f" status: 200 len: 259 microversion: 1.28
Sep 23 04:35:54.322644 n-d-858673-2 devstack@placement-api.service[107752]: [pid: 107752|app: 0|req: 579/1155] 10.222.0.75 () {60 vars in 1377 bytes} [Fri Sep 23 04:35:54 2022] GET /placement/allocations/34835e6c-9a6c-4afb-b335-bed54d66746f => generated 259 bytes in 38 msecs (HTTP/1.1 200) 8 headers in 296 bytes (1 switches on core 0)
Sep 23 04:35:54.338489 n-d-858673-2 devstack@placement-api.service[107751]: DEBUG placement.requestlog [req-a438831e-30b6-4d2c-bae2-07b16527b569 req-f994e465-c981-47b1-a613-6f613a7bfda4 None None] Starting request: 10.222.0.75 "GET /placement/allocations/4bdac8f0-a16c-4f59-8f81-0846fd9a274a" {{(pid=107751) __call__ /opt/stack/placement/placement/requestlog.py:55}}
Sep 23 04:35:54.364001 n-d-858673-2 devstack@placement-api.service[107751]: INFO placement.requestlog [req-a438831e-30b6-4d2c-bae2-07b16527b569 req-f994e465-c981-47b1-a613-6f613a7bfda4 service placement] 10.222.0.75 "GET /placement/allocations/4bdac8f0-a16c-4f59-8f81-0846fd9a274a" status: 200 len: 259 microversion: 1.28
Sep 23 04:35:54.364916 n-d-858673-2 devstack@placement-api.service[107751]: [pid: 107751|app: 0|req: 577/1156] 10.222.0.75 () {60 vars in 1377 bytes} [Fri Sep 23 04:35:54 2022] GET /placement/allocations/4bdac8f0-a16c-4f59-8f81-0846fd9a274a => generated 259 bytes in 27 msecs (HTTP/1.1 200) 8 headers in 296 bytes (1 switches on core 0)
Sep 23 04:35:54.372090 n-d-858673-2 devstack@placement-api.service[107752]: DEBUG placement.requestlog [req-a438831e-30b6-4d2c-bae2-07b16527b569 req-a4eb5f66-1546-4489-98da-40e7c9e14063 None None] Starting request: 10.222.0.75 "GET /placement/allocations/a7a78bc5-7fdc-4d5d-beee-24ea2d7aa37a" {{(pid=107752) __call__ /opt/stack/placement/placement/requestlog.py:55}}
Sep 23 04:35:54.412926 n-d-858673-2 devstack@placement-api.service[107752]: INFO placement.requestlog [req-a438831e-30b6-4d2c-bae2-07b16527b569 req-a4eb5f66-1546-4489-98da-40e7c9e14063 service placement] 10.222.0.75 "GET /placement/allocations/a7a78bc5-7fdc-4d5d-beee-24ea2d7aa37a" status: 200 len: 259 microversion: 1.28
Sep 23 04:35:54.413781 n-d-858673-2 devstack@placement-api.service[107752]: [pid: 107752|app: 0|req: 580/1157] 10.222.0.75 () {60 vars in 1377 bytes} [Fri Sep 23 04:35:54 2022] GET /placement/allocations/a7a78bc5-7fdc-4d5d-beee-24ea2d7aa37a => generated 259 bytes in 42 msecs (HTTP/1.1 200) 8 headers in 296 bytes (1 switches on core 0)
Sep 23 04:35:54.672791 n-d-858673-2 devstack@placement-api.service[107751]: DEBUG placement.requestlog [req-a438831e-30b6-4d2c-bae2-07b16527b569 req-bc2e7b4a-2f79-4037-b6df-20d68189a88a None None] Starting request: 10.222.0.75 "DELETE /placement/allocations/4bdac8f0-a16c-4f59-8f81-0846fd9a274a" {{(pid=107751) __call__ /opt/stack/placement/placement/requestlog.py:55}}
Sep 23 04:35:54.733979 n-d-858673-2 devstack@placement-api.service[107751]: DEBUG placement.handlers.allocation [req-a438831e-30b6-4d2c-bae2-07b16527b569 req-bc2e7b4a-2f79-4037-b6df-20d68189a88a service placement] Successfully deleted allocations [, , ] {{(pid=107751) delete_allocations /opt/stack/placement/placement/handlers/allocation.py:627}}
Sep 23 04:35:54.734761 n-d-858673-2 devstack@placement-api.service[107751]: INFO placement.requestlog [req-a438831e-30b6-4d2c-bae2-07b16527b569 req-bc2e7b4a-2f79-4037-b6df-20d68189a88a service placement] 10.222.0.75 "DELETE /placement/allocations/4bdac8f0-a16c-4f59-8f81-0846fd9a274a" status: 204 len: 0 microversion: 1.0
Sep 23 04:35:54.735574 n-d-858673-2 devstack@placement-api.service[107751]: [pid: 107751|app: 0|req: 578/1158] 10.222.0.75 () {60 vars in 1355 bytes} [Fri Sep 23 04:35:54 2022] DELETE /placement/allocations/4bdac8f0-a16c-4f59-8f81-0846fd9a274a => generated 0 bytes in 63 msecs (HTTP/1.1 204) 5 headers in 198 bytes (1 switches on core 0)
Sep 23 04:35:57.858226 n-d-858673-2 devstack@placement-api.service[107752]: DEBUG placement.requestlog [req-ecf4a3d9-0c9e-4dc8-ba20-0b06e19feb41 req-2478ab84-1ea4-49ae-bca6-447923cd9c57 None None] Starting request: 10.222.0.75 "GET /placement/resource_providers/5592917d-63cf-4840-972b-2a1985337d9b/allocations" {{(pid=107752) __call__ /opt/stack/placement/placement/requestlog.py:55}}
Sep 23 04:35:57.892239 n-d-858673-2 devstack@placement-api.service[107752]: INFO placement.requestlog [req-ecf4a3d9-0c9e-4dc8-ba20-0b06e19feb41 req-2478ab84-1ea4-49ae-bca6-447923cd9c57 service placement] 10.222.0.75 "GET /placement/resource_providers/5592917d-63cf-4840-972b-2a1985337d9b/allocations" status: 200 len: 456 microversion: 1.0
Sep 23 04:35:57.893700 n-d-858673-2 devstack@placement-api.service[107752]: [pid: 107752|app: 0|req: 581/1159] 10.222.0.75 () {58 vars in 1390 bytes} [Fri Sep 23 04:35:57 2022] GET /placement/resource_providers/5592917d-63cf-4840-972b-2a1985337d9b/allocations => generated 456 bytes in 36 msecs (HTTP/1.1 200) 6 headers in 224 bytes (1 switches on core 0)
Sep 23 04:35:57.907987 n-d-858673-2 devstack@placement-api.service[107751]: DEBUG placement.requestlog [req-ecf4a3d9-0c9e-4dc8-ba20-0b06e19feb41 req-6d30f451-4973-4897-95e0-93ba942c4407 None None] Starting request: 10.222.0.75 "GET /placement/allocations/fabddd0c-7964-431a-97eb-45ad9577f921" {{(pid=107751) __call__ /opt/stack/placement/placement/requestlog.py:55}}
Sep 23 04:35:57.926378 n-d-858673-2 devstack@placement-api.service[107751]: INFO placement.requestlog [req-ecf4a3d9-0c9e-4dc8-ba20-0b06e19feb41 req-6d30f451-4973-4897-95e0-93ba942c4407 service placement] 10.222.0.75 "GET /placement/allocations/fabddd0c-7964-431a-97eb-45ad9577f921" status: 200 len: 259 microversion: 1.28
Sep 23 04:35:57.926742 n-d-858673-2 devstack@placement-api.service[107751]: [pid: 107751|app: 0|req: 579/1160] 10.222.0.75 () {60 vars in 1377 bytes} [Fri Sep 23 04:35:57 2022] GET /placement/allocations/fabddd0c-7964-431a-97eb-45ad9577f921 => generated 259 bytes in 19 msecs (HTTP/1.1 200) 8 headers in 296 bytes (1 switches on core 0)
Sep 23 04:35:57.947100 n-d-858673-2 devstack@placement-api.service[107752]: DEBUG placement.requestlog [req-ecf4a3d9-0c9e-4dc8-ba20-0b06e19feb41 req-f3f43706-a052-4661-b0b0-0b69b03c324b None None] Starting request: 10.222.0.75 "GET /placement/allocations/28472d2e-5cd9-40ae-a279-2ad9ced8f931" {{(pid=107752) __call__ /opt/stack/placement/placement/requestlog.py:55}}
Sep 23 04:35:57.970568 n-d-858673-2 devstack@placement-api.service[107752]: INFO placement.requestlog [req-ecf4a3d9-0c9e-4dc8-ba20-0b06e19feb41 req-f3f43706-a052-4661-b0b0-0b69b03c324b service placement] 10.222.0.75 "GET /placement/allocations/28472d2e-5cd9-40ae-a279-2ad9ced8f931" status: 200 len: 258 microversion: 1.28
Sep 23 04:35:57.971429 n-d-858673-2 devstack@placement-api.service[107752]: [pid: 107752|app: 0|req: 582/1161] 10.222.0.75 () {60 vars in 1377 bytes} [Fri Sep 23 04:35:57 2022] GET /placement/allocations/28472d2e-5cd9-40ae-a279-2ad9ced8f931 => generated 258 bytes in 25 msecs (HTTP/1.1 200) 8 headers in 296 bytes (1 switches on core 0)
Sep 23 04:35:57.993804 n-d-858673-2 devstack@placement-api.service[107751]: DEBUG placement.requestlog [None req-be8d6504-096f-44ea-9f0b-65da92522de4 None None] Starting request: 10.222.0.52 "GET /placement/resource_providers/83a4146b-8464-441a-86c2-1eca6e938531/aggregates" {{(pid=107751) __call__ /opt/stack/placement/placement/requestlog.py:55}}
Sep 23 04:35:57.994896 n-d-858673-2 devstack@placement-api.service[107752]: DEBUG placement.requestlog [req-ecf4a3d9-0c9e-4dc8-ba20-0b06e19feb41 req-c0029b08-5cea-44c4-962c-4b5951a98ed1 None None] Starting request: 10.222.0.75 "GET /placement/allocations/34835e6c-9a6c-4afb-b335-bed54d66746f" {{(pid=107752) __call__ /opt/stack/placement/placement/requestlog.py:55}}
Sep 23 04:35:58.011634 n-d-858673-2 devstack@placement-api.service[107751]: INFO placement.requestlog [None req-be8d6504-096f-44ea-9f0b-65da92522de4 service placement] 10.222.0.52 "GET /placement/resource_providers/83a4146b-8464-441a-86c2-1eca6e938531/aggregates" status: 404 len: 235 microversion: 1.1
Sep 23 04:35:58.013917 n-d-858673-2 devstack@placement-api.service[107751]: [pid: 107751|app: 0|req: 580/1162] 10.222.0.52 () {58 vars in 1362 bytes} [Fri Sep 23 04:35:57 2022] GET /placement/resource_providers/83a4146b-8464-441a-86c2-1eca6e938531/aggregates => generated 235 bytes in 21 msecs (HTTP/1.1 404) 5 headers in 202 bytes (1 switches on core 0)
Sep 23 04:35:58.018128 n-d-858673-2 devstack@placement-api.service[107752]: INFO placement.requestlog [req-ecf4a3d9-0c9e-4dc8-ba20-0b06e19feb41 req-c0029b08-5cea-44c4-962c-4b5951a98ed1 service placement] 10.222.0.75 "GET /placement/allocations/34835e6c-9a6c-4afb-b335-bed54d66746f" status: 200 len: 259 microversion: 1.28
Sep 23 04:35:58.019531 n-d-858673-2 devstack@placement-api.service[107752]: [pid: 107752|app: 0|req: 583/1163] 10.222.0.75 () {60 vars in 1377 bytes} [Fri Sep 23 04:35:57 2022] GET /placement/allocations/34835e6c-9a6c-4afb-b335-bed54d66746f => generated 259 bytes in 26 msecs (HTTP/1.1 200) 8 headers in 296 bytes (1 switches on core 0)
Sep 23 04:35:58.027159 n-d-858673-2 devstack@placement-api.service[107751]: DEBUG placement.requestlog [req-ecf4a3d9-0c9e-4dc8-ba20-0b06e19feb41 req-6c899f68-790b-4f39-8bcf-4484bd79a52a None None] Starting request: 10.222.0.75 "GET /placement/allocations/a7a78bc5-7fdc-4d5d-beee-24ea2d7aa37a" {{(pid=107751) __call__ /opt/stack/placement/placement/requestlog.py:55}}
Sep 23 04:35:58.033337 n-d-858673-2 devstack@placement-api.service[107752]: DEBUG placement.requestlog [None req-53023b8e-8af5-40d9-b0f1-0fbc784c04c7 None None] Starting request: 10.222.0.52 "DELETE /placement/resource_providers/83a4146b-8464-441a-86c2-1eca6e938531" {{(pid=107752) __call__ /opt/stack/placement/placement/requestlog.py:55}}
Sep 23 04:35:58.045096 n-d-858673-2 devstack@placement-api.service[107752]: DEBUG placement.wsgi_wrapper [None req-53023b8e-8af5-40d9-b0f1-0fbc784c04c7 service placement] Placement API returning an error response: No resource provider with uuid 83a4146b-8464-441a-86c2-1eca6e938531 found for delete {{(pid=107752) call_func /opt/stack/placement/placement/wsgi_wrapper.py:31}}
Sep 23 04:35:58.047078 n-d-858673-2 devstack@placement-api.service[107752]: INFO placement.requestlog [None req-53023b8e-8af5-40d9-b0f1-0fbc784c04c7 service placement] 10.222.0.52 "DELETE /placement/resource_providers/83a4146b-8464-441a-86c2-1eca6e938531" status: 404 len: 246 microversion: 1.1
Sep 23 04:35:58.047431 n-d-858673-2 devstack@placement-api.service[107751]: INFO placement.requestlog [req-ecf4a3d9-0c9e-4dc8-ba20-0b06e19feb41 req-6c899f68-790b-4f39-8bcf-4484bd79a52a service placement] 10.222.0.75 "GET /placement/allocations/a7a78bc5-7fdc-4d5d-beee-24ea2d7aa37a" status: 200 len: 259 microversion: 1.28
Sep 23 04:35:58.048198 n-d-858673-2 devstack@placement-api.service[107751]: [pid: 107751|app: 0|req: 581/1165] 10.222.0.75 () {60 vars in 1377 bytes} [Fri Sep 23 04:35:58 2022] GET /placement/allocations/a7a78bc5-7fdc-4d5d-beee-24ea2d7aa37a => generated 259 bytes in 21 msecs (HTTP/1.1 200) 8 headers in 296 bytes (1 switches on core 0)
Sep 23 04:35:58.048494 n-d-858673-2 devstack@placement-api.service[107752]: [pid: 107752|app: 0|req: 584/1165] 10.222.0.52 () {60 vars in 1351 bytes} [Fri Sep 23 04:35:58 2022] DELETE /placement/resource_providers/83a4146b-8464-441a-86c2-1eca6e938531 => generated 246 bytes in 15 msecs (HTTP/1.1 404) 6 headers in 231 bytes (1 switches on core 0)
Sep 23 04:35:58.302905 n-d-858673-2 devstack@placement-api.service[107751]: DEBUG placement.requestlog [req-ecf4a3d9-0c9e-4dc8-ba20-0b06e19feb41 req-ec15f8ae-974c-437b-a33e-558982428f0d None None] Starting request: 10.222.0.75 "DELETE /placement/allocations/a7a78bc5-7fdc-4d5d-beee-24ea2d7aa37a" {{(pid=107751) __call__ /opt/stack/placement/placement/requestlog.py:55}}
Sep 23 04:35:58.352078 n-d-858673-2 devstack@placement-api.service[107751]: DEBUG placement.handlers.allocation [req-ecf4a3d9-0c9e-4dc8-ba20-0b06e19feb41 req-ec15f8ae-974c-437b-a33e-558982428f0d service placement] Successfully deleted allocations [, , ] {{(pid=107751) delete_allocations /opt/stack/placement/placement/handlers/allocation.py:627}}
Sep 23 04:35:58.354497 n-d-858673-2 devstack@placement-api.service[107751]: INFO placement.requestlog [req-ecf4a3d9-0c9e-4dc8-ba20-0b06e19feb41 req-ec15f8ae-974c-437b-a33e-558982428f0d service placement] 10.222.0.75 "DELETE /placement/allocations/a7a78bc5-7fdc-4d5d-beee-24ea2d7aa37a" status: 204 len: 0 microversion: 1.0
Sep 23 04:35:58.356068 n-d-858673-2 devstack@placement-api.service[107751]: [pid: 107751|app: 0|req: 582/1166] 10.222.0.75 () {60 vars in 1355 bytes} [Fri Sep 23 04:35:58 2022] DELETE /placement/allocations/a7a78bc5-7fdc-4d5d-beee-24ea2d7aa37a => generated 0 bytes in 53 msecs (HTTP/1.1 204) 5 headers in 198 bytes (1 switches on core 0)
Sep 23 04:36:02.773666 n-d-858673-2 devstack@placement-api.service[107752]: DEBUG placement.requestlog [None req-bfeaec7e-f10a-4ab6-b9de-3e1d0189ea39 None None] Starting request: 10.222.0.52 "GET /placement/resource_providers/bf55674e-9623-42cf-a979-1c17d8c861ee/aggregates" {{(pid=107752) __call__ /opt/stack/placement/placement/requestlog.py:55}}
Sep 23 04:36:02.799962 n-d-858673-2 devstack@placement-api.service[107752]: INFO placement.requestlog [None req-bfeaec7e-f10a-4ab6-b9de-3e1d0189ea39 service placement] 10.222.0.52 "GET /placement/resource_providers/bf55674e-9623-42cf-a979-1c17d8c861ee/aggregates" status: 404 len: 235 microversion: 1.1
Sep 23 04:36:02.800434 n-d-858673-2 devstack@placement-api.service[107752]: [pid: 107752|app: 0|req: 585/1167] 10.222.0.52 () {58 vars in 1362 bytes} [Fri Sep 23 04:36:02 2022] GET /placement/resource_providers/bf55674e-9623-42cf-a979-1c17d8c861ee/aggregates => generated 235 bytes in 27 msecs (HTTP/1.1 404) 5 headers in 202 bytes (1 switches on core 0)
Sep 23 04:36:02.830627 n-d-858673-2 devstack@placement-api.service[107751]: DEBUG placement.requestlog [None req-85aa544a-6120-4fbb-88ce-f3e2001582ea None None] Starting request: 10.222.0.52 "DELETE /placement/resource_providers/bf55674e-9623-42cf-a979-1c17d8c861ee" {{(pid=107751) __call__ /opt/stack/placement/placement/requestlog.py:55}}
Sep 23 04:36:02.856734 n-d-858673-2 devstack@placement-api.service[107751]: DEBUG placement.wsgi_wrapper [None req-85aa544a-6120-4fbb-88ce-f3e2001582ea service placement] Placement API returning an error response: No resource provider with uuid bf55674e-9623-42cf-a979-1c17d8c861ee found for delete {{(pid=107751) call_func /opt/stack/placement/placement/wsgi_wrapper.py:31}}
Sep 23 04:36:02.857669 n-d-858673-2 devstack@placement-api.service[107751]: INFO placement.requestlog [None req-85aa544a-6120-4fbb-88ce-f3e2001582ea service placement] 10.222.0.52 "DELETE /placement/resource_providers/bf55674e-9623-42cf-a979-1c17d8c861ee" status: 404 len: 246 microversion: 1.1
Sep 23 04:36:02.858458 n-d-858673-2 devstack@placement-api.service[107751]: [pid: 107751|app: 0|req: 583/1168] 10.222.0.52 () {60 vars in 1351 bytes} [Fri Sep 23 04:36:02 2022] DELETE /placement/resource_providers/bf55674e-9623-42cf-a979-1c17d8c861ee => generated 246 bytes in 28 msecs (HTTP/1.1 404) 6 headers in 231 bytes (1 switches on core 0)
Sep 23 04:36:05.895979 n-d-858673-2 devstack@placement-api.service[107752]: DEBUG placement.requestlog [None req-2db08776-13dc-4ad4-86f5-80e555ddd71d None None] Starting request: 10.222.0.52 "GET /placement/resource_providers/3f054dfe-167a-4ff3-8d6d-637ff4e61a90/aggregates" {{(pid=107752) __call__ /opt/stack/placement/placement/requestlog.py:55}}
Sep 23 04:36:05.912350 n-d-858673-2 devstack@placement-api.service[107752]: INFO placement.requestlog [None req-2db08776-13dc-4ad4-86f5-80e555ddd71d service placement] 10.222.0.52 "GET /placement/resource_providers/3f054dfe-167a-4ff3-8d6d-637ff4e61a90/aggregates" status: 404 len: 235 microversion: 1.1
Sep 23 04:36:05.915832 n-d-858673-2 devstack@placement-api.service[107752]: [pid: 107752|app: 0|req: 586/1169] 10.222.0.52 () {58 vars in 1362 bytes} [Fri Sep 23 04:36:05 2022] GET /placement/resource_providers/3f054dfe-167a-4ff3-8d6d-637ff4e61a90/aggregates => generated 235 bytes in 20 msecs (HTTP/1.1 404) 5 headers in 202 bytes (1 switches on core 0)
Sep 23 04:36:05.931110 n-d-858673-2 devstack@placement-api.service[107751]: DEBUG placement.requestlog [None req-e91e525d-332d-466d-af00-ea142c3cb74f None None] Starting request: 10.222.0.52 "DELETE /placement/resource_providers/3f054dfe-167a-4ff3-8d6d-637ff4e61a90" {{(pid=107751) __call__ /opt/stack/placement/placement/requestlog.py:55}}
Sep 23 04:36:05.944896 n-d-858673-2 devstack@placement-api.service[107751]: DEBUG placement.wsgi_wrapper [None req-e91e525d-332d-466d-af00-ea142c3cb74f service placement] Placement API returning an error response: No resource provider with uuid 3f054dfe-167a-4ff3-8d6d-637ff4e61a90 found for delete {{(pid=107751) call_func /opt/stack/placement/placement/wsgi_wrapper.py:31}}
Sep 23 04:36:05.945668 n-d-858673-2 devstack@placement-api.service[107751]: INFO placement.requestlog [None req-e91e525d-332d-466d-af00-ea142c3cb74f service placement] 10.222.0.52 "DELETE /placement/resource_providers/3f054dfe-167a-4ff3-8d6d-637ff4e61a90" status: 404 len: 246 microversion: 1.1
Sep 23 04:36:05.949357 n-d-858673-2 devstack@placement-api.service[107751]: [pid: 107751|app: 0|req: 584/1170] 10.222.0.52 () {60 vars in 1351 bytes} [Fri Sep 23 04:36:05 2022] DELETE /placement/resource_providers/3f054dfe-167a-4ff3-8d6d-637ff4e61a90 => generated 246 bytes in 17 msecs (HTTP/1.1 404) 6 headers in 231 bytes (1 switches on core 0)
Sep 23 04:36:06.892239 n-d-858673-2 devstack@placement-api.service[107752]: DEBUG placement.requestlog [req-7887905c-c388-426a-8275-4ff11f6f08cd req-def81ba0-4c03-4a4c-9208-2b0e479da246 None None] Starting request: 10.222.0.52 "GET /placement/allocations/10de1921-9334-4ad8-a2f6-f5225159e429" {{(pid=107752) __call__ /opt/stack/placement/placement/requestlog.py:55}}
Sep 23 04:36:06.913370 n-d-858673-2 devstack@placement-api.service[107752]: INFO placement.requestlog [req-7887905c-c388-426a-8275-4ff11f6f08cd req-def81ba0-4c03-4a4c-9208-2b0e479da246 service placement] 10.222.0.52 "GET /placement/allocations/10de1921-9334-4ad8-a2f6-f5225159e429" status: 200 len: 259 microversion: 1.28
Sep 23 04:36:06.921182 n-d-858673-2 devstack@placement-api.service[107752]: [pid: 107752|app: 0|req: 587/1171] 10.222.0.52 () {60 vars in 1380 bytes} [Fri Sep 23 04:36:06 2022] GET /placement/allocations/10de1921-9334-4ad8-a2f6-f5225159e429 => generated 259 bytes in 29 msecs (HTTP/1.1 200) 8 headers in 296 bytes (1 switches on core 0)
Sep 23 04:36:06.921901 n-d-858673-2 devstack@placement-api.service[107751]: DEBUG placement.requestlog [req-7887905c-c388-426a-8275-4ff11f6f08cd req-ffdbc6a9-4435-43b9-affd-a17e0f751c5f None None] Starting request: 10.222.0.52 "GET /placement/allocations/10de1921-9334-4ad8-a2f6-f5225159e429" {{(pid=107751) __call__ /opt/stack/placement/placement/requestlog.py:55}}
Sep 23 04:36:06.958619 n-d-858673-2 devstack@placement-api.service[107751]: INFO placement.requestlog [req-7887905c-c388-426a-8275-4ff11f6f08cd req-ffdbc6a9-4435-43b9-affd-a17e0f751c5f service placement] 10.222.0.52 "GET /placement/allocations/10de1921-9334-4ad8-a2f6-f5225159e429" status: 200 len: 259 microversion: 1.28
Sep 23 04:36:06.970456 n-d-858673-2 devstack@placement-api.service[107752]: DEBUG placement.requestlog [req-7887905c-c388-426a-8275-4ff11f6f08cd req-756a07d5-586e-419e-8183-c8f2b2bbb97e None None] Starting request: 10.222.0.52 "GET /placement/allocations/42c6cb0e-4229-4fc8-9064-1d5dfbc54e8d" {{(pid=107752) __call__ /opt/stack/placement/placement/requestlog.py:55}}
Sep 23 04:36:06.980612 n-d-858673-2 devstack@placement-api.service[107751]: [pid: 107751|app: 0|req: 585/1172] 10.222.0.52 () {60 vars in 1380 bytes} [Fri Sep 23 04:36:06 2022] GET /placement/allocations/10de1921-9334-4ad8-a2f6-f5225159e429 => generated 259 bytes in 59 msecs (HTTP/1.1 200) 8 headers in 296 bytes (2 switches on core 0)
Sep 23 04:36:06.984920 n-d-858673-2 devstack@placement-api.service[107752]: INFO placement.requestlog [req-7887905c-c388-426a-8275-4ff11f6f08cd req-756a07d5-586e-419e-8183-c8f2b2bbb97e service placement] 10.222.0.52 "GET /placement/allocations/42c6cb0e-4229-4fc8-9064-1d5dfbc54e8d" status: 200 len: 19 microversion: 1.28
Sep 23 04:36:06.994844 n-d-858673-2 devstack@placement-api.service[107751]: DEBUG placement.requestlog [req-7887905c-c388-426a-8275-4ff11f6f08cd req-3082e5f2-db93-4e84-857d-850f5aba41f6 None None] Starting request: 10.222.0.52 "POST /placement/allocations" {{(pid=107751) __call__ /opt/stack/placement/placement/requestlog.py:55}}
Sep 23 04:36:07.000012 n-d-858673-2 devstack@placement-api.service[107752]: [pid: 107752|app: 0|req: 588/1173] 10.222.0.52 () {60 vars in 1380 bytes} [Fri Sep 23 04:36:06 2022] GET /placement/allocations/42c6cb0e-4229-4fc8-9064-1d5dfbc54e8d => generated 19 bytes in 32 msecs (HTTP/1.1 200) 8 headers in 295 bytes (2 switches on core 0)
Sep 23 04:36:07.183470 n-d-858673-2 devstack@placement-api.service[107751]: DEBUG placement.handlers.allocation [req-7887905c-c388-426a-8275-4ff11f6f08cd req-3082e5f2-db93-4e84-857d-850f5aba41f6 service placement] Successfully wrote allocations [, , , , , ] {{(pid=107751) _update_consumers_and_create_allocations /opt/stack/placement/placement/handlers/allocation.py:572}}
Sep 23 04:36:07.193409 n-d-858673-2 devstack@placement-api.service[107751]: INFO placement.requestlog [req-7887905c-c388-426a-8275-4ff11f6f08cd req-3082e5f2-db93-4e84-857d-850f5aba41f6 service placement] 10.222.0.52 "POST /placement/allocations" status: 204 len: 0 microversion: 1.28
Sep 23 04:36:07.201249 n-d-858673-2 devstack@placement-api.service[107751]: [pid: 107751|app: 0|req: 586/1174] 10.222.0.52 () {64 vars in 1323 bytes} [Fri Sep 23 04:36:06 2022] POST /placement/allocations => generated 0 bytes in 199 msecs (HTTP/1.1 204) 5 headers in 199 bytes (1 switches on core 0)
Sep 23 04:36:07.241780 n-d-858673-2 devstack@placement-api.service[107752]: DEBUG placement.requestlog [req-7887905c-c388-426a-8275-4ff11f6f08cd req-b0dece3a-8123-4213-91ea-ca513175ef7d None None] Starting request: 10.222.0.52 "GET /placement/allocations/10de1921-9334-4ad8-a2f6-f5225159e429" {{(pid=107752) __call__ /opt/stack/placement/placement/requestlog.py:55}}
Sep 23 04:36:07.255472 n-d-858673-2 devstack@placement-api.service[107752]: INFO placement.requestlog [req-7887905c-c388-426a-8275-4ff11f6f08cd req-b0dece3a-8123-4213-91ea-ca513175ef7d service placement] 10.222.0.52 "GET /placement/allocations/10de1921-9334-4ad8-a2f6-f5225159e429" status: 200 len: 19 microversion: 1.28
Sep 23 04:36:07.256088 n-d-858673-2 devstack@placement-api.service[107752]: [pid: 107752|app: 0|req: 589/1175] 10.222.0.52 () {60 vars in 1380 bytes} [Fri Sep 23 04:36:07 2022] GET /placement/allocations/10de1921-9334-4ad8-a2f6-f5225159e429 => generated 19 bytes in 15 msecs (HTTP/1.1 200) 8 headers in 295 bytes (1 switches on core 0)
Sep 23 04:36:07.262393 n-d-858673-2 devstack@placement-api.service[107751]: DEBUG placement.requestlog [req-7887905c-c388-426a-8275-4ff11f6f08cd req-c36b1c7f-aa7f-4cac-8cd2-5e98ff441f3c None None] Starting request: 10.222.0.52 "PUT /placement/allocations/10de1921-9334-4ad8-a2f6-f5225159e429" {{(pid=107751) __call__ /opt/stack/placement/placement/requestlog.py:55}}
Sep 23 04:36:07.379994 n-d-858673-2 devstack@placement-api.service[107751]: DEBUG dbcounter [-] [107751] Writing DB stats placement:SELECT=84,placement:DELETE=8,placement:INSERT=5,placement:UPDATE=3 {{(pid=107751) stat_writer /usr/local/lib/python3.8/dist-packages/dbcounter.py:114}}
Sep 23 04:36:07.450063 n-d-858673-2 devstack@placement-api.service[107751]: DEBUG placement.handlers.allocation [req-7887905c-c388-426a-8275-4ff11f6f08cd req-c36b1c7f-aa7f-4cac-8cd2-5e98ff441f3c service placement] Successfully wrote allocations [, , ] {{(pid=107751) _update_consumers_and_create_allocations /opt/stack/placement/placement/handlers/allocation.py:462}}
Sep 23 04:36:07.456708 n-d-858673-2 devstack@placement-api.service[107751]: INFO placement.requestlog [req-7887905c-c388-426a-8275-4ff11f6f08cd req-c36b1c7f-aa7f-4cac-8cd2-5e98ff441f3c service placement] 10.222.0.52 "PUT /placement/allocations/10de1921-9334-4ad8-a2f6-f5225159e429" status: 204 len: 0 microversion: 1.28
Sep 23 04:36:07.457772 n-d-858673-2 devstack@placement-api.service[107751]: [pid: 107751|app: 0|req: 587/1176] 10.222.0.52 () {64 vars in 1433 bytes} [Fri Sep 23 04:36:07 2022] PUT /placement/allocations/10de1921-9334-4ad8-a2f6-f5225159e429 => generated 0 bytes in 195 msecs (HTTP/1.1 204) 5 headers in 199 bytes (1 switches on core 0)
Sep 23 04:36:07.690228 n-d-858673-2 devstack@placement-api.service[107752]: DEBUG placement.requestlog [req-7887905c-c388-426a-8275-4ff11f6f08cd req-e5643d39-21d8-424d-aaa5-41e35bc1a1f7 None None] Starting request: 10.222.0.75 "GET /placement/allocations/10de1921-9334-4ad8-a2f6-f5225159e429" {{(pid=107752) __call__ /opt/stack/placement/placement/requestlog.py:55}}
Sep 23 04:36:07.721866 n-d-858673-2 devstack@placement-api.service[107752]: INFO placement.requestlog [req-7887905c-c388-426a-8275-4ff11f6f08cd req-e5643d39-21d8-424d-aaa5-41e35bc1a1f7 service placement] 10.222.0.75 "GET /placement/allocations/10de1921-9334-4ad8-a2f6-f5225159e429" status: 200 len: 259 microversion: 1.28
Sep 23 04:36:07.722269 n-d-858673-2 devstack@placement-api.service[107752]: [pid: 107752|app: 0|req: 590/1177] 10.222.0.75 () {60 vars in 1377 bytes} [Fri Sep 23 04:36:07 2022] GET /placement/allocations/10de1921-9334-4ad8-a2f6-f5225159e429 => generated 259 bytes in 32 msecs (HTTP/1.1 200) 8 headers in 296 bytes (1 switches on core 0)
Sep 23 04:36:09.885092 n-d-858673-2 devstack@placement-api.service[107751]: DEBUG placement.requestlog [req-91152839-90bb-4269-8c02-bb32d615d3e3 req-95347d91-8819-4096-a06c-53665b7ed5f6 None None] Starting request: 10.222.0.75 "GET /placement/resource_providers/5592917d-63cf-4840-972b-2a1985337d9b/allocations" {{(pid=107751) __call__ /opt/stack/placement/placement/requestlog.py:55}}
Sep 23 04:36:09.919230 n-d-858673-2 devstack@placement-api.service[107751]: INFO placement.requestlog [req-91152839-90bb-4269-8c02-bb32d615d3e3 req-95347d91-8819-4096-a06c-53665b7ed5f6 service placement] 10.222.0.75 "GET /placement/resource_providers/5592917d-63cf-4840-972b-2a1985337d9b/allocations" status: 200 len: 456 microversion: 1.0
Sep 23 04:36:09.919893 n-d-858673-2 devstack@placement-api.service[107751]: [pid: 107751|app: 0|req: 588/1178] 10.222.0.75 () {58 vars in 1390 bytes} [Fri Sep 23 04:36:09 2022] GET /placement/resource_providers/5592917d-63cf-4840-972b-2a1985337d9b/allocations => generated 456 bytes in 37 msecs (HTTP/1.1 200) 6 headers in 224 bytes (1 switches on core 0)
Sep 23 04:36:10.021652 n-d-858673-2 devstack@placement-api.service[107752]: DEBUG placement.requestlog [req-91152839-90bb-4269-8c02-bb32d615d3e3 req-dbaaa957-c883-4603-b6d3-565fb7a36b94 None None] Starting request: 10.222.0.75 "GET /placement/resource_providers/5592917d-63cf-4840-972b-2a1985337d9b/allocations" {{(pid=107752) __call__ /opt/stack/placement/placement/requestlog.py:55}}
Sep 23 04:36:10.060178 n-d-858673-2 devstack@placement-api.service[107752]: INFO placement.requestlog [req-91152839-90bb-4269-8c02-bb32d615d3e3 req-dbaaa957-c883-4603-b6d3-565fb7a36b94 service placement] 10.222.0.75 "GET /placement/resource_providers/5592917d-63cf-4840-972b-2a1985337d9b/allocations" status: 200 len: 456 microversion: 1.0
Sep 23 04:36:10.061109 n-d-858673-2 devstack@placement-api.service[107752]: [pid: 107752|app: 0|req: 591/1179] 10.222.0.75 () {58 vars in 1390 bytes} [Fri Sep 23 04:36:10 2022] GET /placement/resource_providers/5592917d-63cf-4840-972b-2a1985337d9b/allocations => generated 456 bytes in 40 msecs (HTTP/1.1 200) 6 headers in 224 bytes (1 switches on core 0)
Sep 23 04:36:10.069443 n-d-858673-2 devstack@placement-api.service[107751]: DEBUG placement.requestlog [req-91152839-90bb-4269-8c02-bb32d615d3e3 req-adf2f7b9-0824-425f-94b6-cd6d73e002b9 None None] Starting request: 10.222.0.75 "GET /placement/allocations/28472d2e-5cd9-40ae-a279-2ad9ced8f931" {{(pid=107751) __call__ /opt/stack/placement/placement/requestlog.py:55}}
Sep 23 04:36:10.108011 n-d-858673-2 devstack@placement-api.service[107751]: INFO placement.requestlog [req-91152839-90bb-4269-8c02-bb32d615d3e3 req-adf2f7b9-0824-425f-94b6-cd6d73e002b9 service placement] 10.222.0.75 "GET /placement/allocations/28472d2e-5cd9-40ae-a279-2ad9ced8f931" status: 200 len: 258 microversion: 1.28
Sep 23 04:36:10.109036 n-d-858673-2 devstack@placement-api.service[107751]: [pid: 107751|app: 0|req: 589/1180] 10.222.0.75 () {60 vars in 1377 bytes} [Fri Sep 23 04:36:10 2022] GET /placement/allocations/28472d2e-5cd9-40ae-a279-2ad9ced8f931 => generated 258 bytes in 40 msecs (HTTP/1.1 200) 8 headers in 296 bytes (1 switches on core 0)
