Sep 23 04:10:04.252959 n-d-858673-2 devstack@keystone.service[81879]: DEBUG keystone.server.flask.request_processing.req_logging [None req-04d26302-3841-4578-8a0b-025b6042f05b None admin] REQUEST_METHOD: `GET` {{(pid=81879) log_request_info /opt/stack/keystone/keystone/server/flask/request_processing/req_logging.py:27}}
Sep 23 04:10:04.253242 n-d-858673-2 devstack@keystone.service[81880]: DEBUG keystone.common.rbac_enforcer.enforcer [None req-b4c5cede-b57f-4fb8-8422-81ab81713010 None admin] RBAC: Authorization granted {{(pid=81880) enforce_call /opt/stack/keystone/keystone/common/rbac_enforcer/enforcer.py:457}}
Sep 23 04:10:04.253455 n-d-858673-2 devstack@keystone.service[81879]: DEBUG keystone.server.flask.request_processing.req_logging [None req-04d26302-3841-4578-8a0b-025b6042f05b None admin] SCRIPT_NAME: `/identity` {{(pid=81879) log_request_info /opt/stack/keystone/keystone/server/flask/request_processing/req_logging.py:28}}
Sep 23 04:10:04.253975 n-d-858673-2 devstack@keystone.service[81879]: DEBUG keystone.server.flask.request_processing.req_logging [None req-04d26302-3841-4578-8a0b-025b6042f05b None admin] PATH_INFO: `/v3/roles` {{(pid=81879) log_request_info /opt/stack/keystone/keystone/server/flask/request_processing/req_logging.py:29}}
Sep 23 04:10:04.255315 n-d-858673-2 devstack@keystone.service[81879]: DEBUG keystone.common.rbac_enforcer.enforcer [None req-04d26302-3841-4578-8a0b-025b6042f05b None admin] RBAC: Adding query filter params (name=admin) {{(pid=81879) _extract_filter_values /opt/stack/keystone/keystone/common/rbac_enforcer/enforcer.py:167}}
Sep 23 04:10:04.255999 n-d-858673-2 devstack@keystone.service[81879]: DEBUG keystone.common.rbac_enforcer.enforcer [None req-04d26302-3841-4578-8a0b-025b6042f05b None admin] RBAC: Authorizing `identity:list_roles()` {{(pid=81879) enforce_call /opt/stack/keystone/keystone/common/rbac_enforcer/enforcer.py:449}}
Sep 23 04:10:04.258769 n-d-858673-2 devstack@keystone.service[81879]: DEBUG keystone.common.rbac_enforcer.enforcer [None req-04d26302-3841-4578-8a0b-025b6042f05b None admin] RBAC: Authorization granted {{(pid=81879) enforce_call /opt/stack/keystone/keystone/common/rbac_enforcer/enforcer.py:457}}
Sep 23 04:10:04.276868 n-d-858673-2 devstack@keystone.service[81879]: [pid: 81879|app: 0|req: 108/223] 10.222.0.52 () {56 vars in 1099 bytes} [Fri Sep 23 04:10:03 2022] GET /identity/v3/roles?name=admin => generated 339 bytes in 360 msecs (HTTP/1.1 200) 5 headers in 177 bytes (2 switches on core 0)
Sep 23 04:10:04.278353 n-d-858673-2 devstack@keystone.service[81879]: DEBUG keystone.server.flask.request_processing.middleware.auth_context [None req-04d26302-3841-4578-8a0b-025b6042f05b None admin] Authenticating user token {{(pid=81879) process_request /usr/local/lib/python3.8/dist-packages/keystonemiddleware/auth_token/__init__.py:407}}
Sep 23 04:10:04.320135 n-d-858673-2 devstack@keystone.service[81879]: DEBUG dbcounter [-] [81879] Writing DB stats keystone:SELECT=100 {{(pid=81879) stat_writer /usr/local/lib/python3.8/dist-packages/dbcounter.py:114}}
Sep 23 04:10:04.396861 n-d-858673-2 devstack@keystone.service[81880]: [pid: 81880|app: 0|req: 116/224] 10.222.0.52 () {58 vars in 1282 bytes} [Fri Sep 23 04:10:03 2022] GET /identity/v3/auth/tokens => generated 799 bytes in 455 msecs (HTTP/1.1 200) 6 headers in 358 bytes (1 switches on core 0)
Sep 23 04:10:04.399197 n-d-858673-2 devstack@keystone.service[81880]: DEBUG keystone.server.flask.request_processing.middleware.auth_context [None req-b4c5cede-b57f-4fb8-8422-81ab81713010 None admin] Authenticating user token {{(pid=81880) process_request /usr/local/lib/python3.8/dist-packages/keystonemiddleware/auth_token/__init__.py:407}}
Sep 23 04:10:04.451288 n-d-858673-2 devstack@keystone.service[81879]: DEBUG keystone.server.flask.request_processing.middleware.auth_context [None req-04d26302-3841-4578-8a0b-025b6042f05b None admin] Validating token access rules against request {{(pid=81879) validate_allowed_request /usr/local/lib/python3.8/dist-packages/keystonemiddleware/auth_token/__init__.py:545}}
Sep 23 04:10:04.500763 n-d-858673-2 devstack@keystone.service[81879]: DEBUG keystone.server.flask.request_processing.middleware.auth_context [None req-4d909258-1a13-4ad3-a300-bdcb8e74ca1d None admin] RBAC: auth_context: {'token': , 'domain_id': None, 'trust_id': None, 'trustor_id': None, 'trustee_id': None, 'domain_name': None, 'group_ids': [], 'user_id': '197cc2c9935d425e9f75e9116f24c1d7', 'user_domain_id': 'default', 'system_scope': 'all', 'project_id': None, 'project_domain_id': None, 'roles': ['admin', 'member', 'reader'], 'is_admin_project': True, 'service_user_id': None, 'service_user_domain_id': None, 'service_project_id': None, 'service_project_domain_id': None, 'service_roles': []} {{(pid=81879) fill_context /opt/stack/keystone/keystone/server/flask/request_processing/middleware/auth_context.py:478}}
Sep 23 04:10:04.501466 n-d-858673-2 devstack@keystone.service[81879]: DEBUG keystone.server.flask.request_processing.req_logging [None req-4d909258-1a13-4ad3-a300-bdcb8e74ca1d None admin] REQUEST_METHOD: `GET` {{(pid=81879) log_request_info /opt/stack/keystone/keystone/server/flask/request_processing/req_logging.py:27}}
Sep 23 04:10:04.501749 n-d-858673-2 devstack@keystone.service[81879]: DEBUG keystone.server.flask.request_processing.req_logging [None req-4d909258-1a13-4ad3-a300-bdcb8e74ca1d None admin] SCRIPT_NAME: `/identity` {{(pid=81879) log_request_info /opt/stack/keystone/keystone/server/flask/request_processing/req_logging.py:28}}
Sep 23 04:10:04.502052 n-d-858673-2 devstack@keystone.service[81879]: DEBUG keystone.server.flask.request_processing.req_logging [None req-4d909258-1a13-4ad3-a300-bdcb8e74ca1d None admin] PATH_INFO: `/v3/roles/anotherrole` {{(pid=81879) log_request_info /opt/stack/keystone/keystone/server/flask/request_processing/req_logging.py:29}}
Sep 23 04:10:04.510910 n-d-858673-2 devstack@keystone.service[81880]: DEBUG dbcounter [-] [81880] Writing DB stats keystone:SELECT=100 {{(pid=81880) stat_writer /usr/local/lib/python3.8/dist-packages/dbcounter.py:114}}
Sep 23 04:10:04.516691 n-d-858673-2 devstack@keystone.service[81879]: DEBUG keystone.common.rbac_enforcer.enforcer [None req-4d909258-1a13-4ad3-a300-bdcb8e74ca1d None admin] Extracting inferred target data resulted in "NOT FOUND (404)". {{(pid=81879) enforce_call /opt/stack/keystone/keystone/common/rbac_enforcer/enforcer.py:409}}
Sep 23 04:10:04.523370 n-d-858673-2 devstack@keystone.service[81879]: ERROR keystone.server.flask.application [None req-4d909258-1a13-4ad3-a300-bdcb8e74ca1d None admin] Could not find role: anotherrole.: keystone.exception.RoleNotFound: Could not find role: anotherrole.
Sep 23 04:10:04.523370 n-d-858673-2 devstack@keystone.service[81879]: ERROR keystone.server.flask.application
Traceback (most recent call last):
Sep 23 04:10:04.523370 n-d-858673-2 devstack@keystone.service[81879]: ERROR keystone.server.flask.application
File "/usr/local/lib/python3.8/dist-packages/flask/app.py", line 1820, in full_dispatch_request
Sep 23 04:10:04.523370 n-d-858673-2 devstack@keystone.service[81879]: ERROR keystone.server.flask.application rv = self.dispatch_request()
Sep 23 04:10:04.523370 n-d-858673-2 devstack@keystone.service[81879]: ERROR keystone.server.flask.application
File "/usr/local/lib/python3.8/dist-packages/flask/app.py", line 1796, in dispatch_request
Sep 23 04:10:04.523370 n-d-858673-2 devstack@keystone.service[81879]: ERROR keystone.server.flask.application return self.ensure_sync(self.view_functions[rule.endpoint])(**view_args)
Sep 23 04:10:04.523370 n-d-858673-2 devstack@keystone.service[81879]: ERROR keystone.server.flask.application
File "/usr/local/lib/python3.8/dist-packages/flask_restful/__init__.py", line 467, in wrapper
Sep 23 04:10:04.523370 n-d-858673-2 devstack@keystone.service[81879]: ERROR keystone.server.flask.application resp = resource(*args, **kwargs)
Sep 23 04:10:04.523370 n-d-858673-2 devstack@keystone.service[81879]: ERROR keystone.server.flask.application
File "/usr/local/lib/python3.8/dist-packages/flask/views.py", line 107, in view
Sep 23 04:10:04.523370 n-d-858673-2 devstack@keystone.service[81879]: ERROR keystone.server.flask.application return current_app.ensure_sync(self.dispatch_request)(**kwargs)
Sep 23 04:10:04.523370 n-d-858673-2 devstack@keystone.service[81879]: ERROR keystone.server.flask.application
File "/usr/local/lib/python3.8/dist-packages/flask_restful/__init__.py", line 582, in dispatch_request
Sep 23 04:10:04.523370 n-d-858673-2 devstack@keystone.service[81879]: ERROR keystone.server.flask.application resp = meth(*args, **kwargs)
Sep 23 04:10:04.523370 n-d-858673-2 devstack@keystone.service[81879]: ERROR keystone.server.flask.application
File "/opt/stack/keystone/keystone/api/roles.py", line 50, in get
Sep 23 04:10:04.523370 n-d-858673-2 devstack@keystone.service[81879]: ERROR keystone.server.flask.application return self._get_role(role_id)
Sep 23 04:10:04.523370 n-d-858673-2 devstack@keystone.service[81879]: ERROR keystone.server.flask.application
File "/opt/stack/keystone/keystone/api/roles.py", line 70, in _get_role
Sep 23 04:10:04.523370 n-d-858673-2 devstack@keystone.service[81879]: ERROR keystone.server.flask.application ENFORCER.enforce_call(action='identity:get_role')
Sep 23 04:10:04.524992 n-d-858673-2 devstack@keystone.service[81879]: ERROR keystone.server.flask.application
File "/opt/stack/keystone/keystone/common/rbac_enforcer/enforcer.py", line 402, in enforce_call
Sep 23 04:10:04.524992 n-d-858673-2 devstack@keystone.service[81879]: ERROR keystone.server.flask.application policy_dict.update(cls._extract_member_target_data(
Sep 23 04:10:04.524992 n-d-858673-2 devstack@keystone.service[81879]: ERROR keystone.server.flask.application
File "/opt/stack/keystone/keystone/common/rbac_enforcer/enforcer.py", line 234, in _extract_member_target_data
Sep 23 04:10:04.524992 n-d-858673-2 devstack@keystone.service[81879]: ERROR keystone.server.flask.application member_name: func(flask.request.view_args[key])
Sep 23 04:10:04.524992 n-d-858673-2 devstack@keystone.service[81879]: ERROR keystone.server.flask.application
File "/opt/stack/keystone/keystone/common/manager.py", line 115, in wrapped
Sep 23 04:10:04.524992 n-d-858673-2 devstack@keystone.service[81879]: ERROR keystone.server.flask.application __ret_val = __f(*args, **kwargs)
Sep 23 04:10:04.524992 n-d-858673-2 devstack@keystone.service[81879]: ERROR keystone.server.flask.application
File "/usr/local/lib/python3.8/dist-packages/decorator.py", line 232, in fun
Sep 23 04:10:04.524992 n-d-858673-2 devstack@keystone.service[81879]: ERROR keystone.server.flask.application return caller(func, *(extras + args), **kw)
Sep 23 04:10:04.524992 n-d-858673-2 devstack@keystone.service[81879]: ERROR keystone.server.flask.application
File "/usr/local/lib/python3.8/dist-packages/dogpile/cache/region.py", line 1577, in get_or_create_for_user_func
Sep 23 04:10:04.524992 n-d-858673-2 devstack@keystone.service[81879]: ERROR keystone.server.flask.application return self.get_or_create(
Sep 23 04:10:04.524992 n-d-858673-2 devstack@keystone.service[81879]: ERROR keystone.server.flask.application
File "/usr/local/lib/python3.8/dist-packages/dogpile/cache/region.py", line 1042, in get_or_create
Sep 23 04:10:04.524992 n-d-858673-2 devstack@keystone.service[81879]: ERROR keystone.server.flask.application with Lock(
Sep 23 04:10:04.524992 n-d-858673-2 devstack@keystone.service[81879]: ERROR keystone.server.flask.application
File "/usr/local/lib/python3.8/dist-packages/dogpile/lock.py", line 185, in __enter__
Sep 23 04:10:04.524992 n-d-858673-2 devstack@keystone.service[81879]: ERROR keystone.server.flask.application return self._enter()
Sep 23 04:10:04.524992 n-d-858673-2 devstack@keystone.service[81879]: ERROR keystone.server.flask.application
File "/usr/local/lib/python3.8/dist-packages/dogpile/lock.py", line 94, in _enter
Sep 23 04:10:04.524992 n-d-858673-2 devstack@keystone.service[81879]: ERROR keystone.server.flask.application generated = self._enter_create(value, createdtime)
Sep 23 04:10:04.527918 n-d-858673-2 devstack@keystone.service[81879]: ERROR keystone.server.flask.application
File "/usr/local/lib/python3.8/dist-packages/dogpile/lock.py", line 178, in _enter_create
Sep 23 04:10:04.527918 n-d-858673-2 devstack@keystone.service[81879]: ERROR keystone.server.flask.application return self.creator()
Sep 23 04:10:04.527918 n-d-858673-2 devstack@keystone.service[81879]: ERROR keystone.server.flask.application
File "/usr/local/lib/python3.8/dist-packages/dogpile/cache/region.py", line 995, in gen_value
Sep 23 04:10:04.527918 n-d-858673-2 devstack@keystone.service[81879]: ERROR keystone.server.flask.application created_value = creator(
Sep 23 04:10:04.527918 n-d-858673-2 devstack@keystone.service[81879]: ERROR keystone.server.flask.application
File "/opt/stack/keystone/keystone/assignment/core.py", line 1276, in get_role
Sep 23 04:10:04.527918 n-d-858673-2 devstack@keystone.service[81879]: ERROR keystone.server.flask.application return self.driver.get_role(role_id)
Sep 23 04:10:04.527918 n-d-858673-2 devstack@keystone.service[81879]: ERROR keystone.server.flask.application
File "/opt/stack/keystone/keystone/assignment/role_backends/sql.py", line 70, in get_role
Sep 23 04:10:04.527918 n-d-858673-2 devstack@keystone.service[81879]: ERROR keystone.server.flask.application return self._get_role(session, role_id).to_dict()
Sep 23 04:10:04.527918 n-d-858673-2 devstack@keystone.service[81879]: ERROR keystone.server.flask.application
File "/opt/stack/keystone/keystone/assignment/role_backends/sql.py", line 65, in _get_role
Sep 23 04:10:04.527918 n-d-858673-2 devstack@keystone.service[81879]: ERROR keystone.server.flask.application raise exception.RoleNotFound(role_id=role_id)
Sep 23 04:10:04.527918 n-d-858673-2 devstack@keystone.service[81879]: ERROR keystone.server.flask.application keystone.exception.RoleNotFound: Could not find role: anotherrole.
Sep 23 04:10:04.527918 n-d-858673-2 devstack@keystone.service[81879]: ERROR keystone.server.flask.application
Sep 23 04:10:04.527918 n-d-858673-2 devstack@keystone.service[81879]: [pid: 81879|app: 0|req: 109/225] 10.222.0.52 () {56 vars in 1114 bytes} [Fri Sep 23 04:10:04 2022] GET /identity/v3/roles/anotherrole => generated 89 bytes in 247 msecs (HTTP/1.1 404) 5 headers in 183 bytes (1 switches on core 0)
Sep 23 04:10:04.527918 n-d-858673-2 devstack@keystone.service[81879]: DEBUG keystone.server.flask.request_processing.middleware.auth_context [None req-4d909258-1a13-4ad3-a300-bdcb8e74ca1d None admin] Authenticating user token {{(pid=81879) process_request /usr/local/lib/python3.8/dist-packages/keystonemiddleware/auth_token/__init__.py:407}}
Sep 23 04:10:04.617396 n-d-858673-2 devstack@keystone.service[81880]: DEBUG keystone.server.flask.request_processing.middleware.auth_context [None req-b4c5cede-b57f-4fb8-8422-81ab81713010 None admin] Validating token access rules against request {{(pid=81880) validate_allowed_request /usr/local/lib/python3.8/dist-packages/keystonemiddleware/auth_token/__init__.py:545}}
Sep 23 04:10:04.627173 n-d-858673-2 devstack@keystone.service[81879]: DEBUG dbcounter [-] [81879] Writing DB stats keystone:SELECT=100 {{(pid=81879) stat_writer /usr/local/lib/python3.8/dist-packages/dbcounter.py:114}}
Sep 23 04:10:04.654613 n-d-858673-2 devstack@keystone.service[81879]: DEBUG keystone.server.flask.request_processing.middleware.auth_context [None req-4d909258-1a13-4ad3-a300-bdcb8e74ca1d None admin] Validating token access rules against request {{(pid=81879) validate_allowed_request /usr/local/lib/python3.8/dist-packages/keystonemiddleware/auth_token/__init__.py:545}}
Sep 23 04:10:04.692724 n-d-858673-2 devstack@keystone.service[81880]: DEBUG keystone.server.flask.request_processing.middleware.auth_context [None req-253baf4a-e620-4bb8-957e-fb17ca76fd56 None admin] RBAC: auth_context: {'token': , 'domain_id': None, 'trust_id': None, 'trustor_id': None, 'trustee_id': None, 'domain_name': None, 'group_ids': [], 'user_id': '197cc2c9935d425e9f75e9116f24c1d7', 'user_domain_id': 'default', 'system_scope': 'all', 'project_id': None, 'project_domain_id': None, 'roles': ['admin', 'member', 'reader'], 'is_admin_project': True, 'service_user_id': None, 'service_user_domain_id': None, 'service_project_id': None, 'service_project_domain_id': None, 'service_roles': []} {{(pid=81880) fill_context /opt/stack/keystone/keystone/server/flask/request_processing/middleware/auth_context.py:478}}
Sep 23 04:10:04.695023 n-d-858673-2 devstack@keystone.service[81880]: DEBUG keystone.server.flask.request_processing.req_logging [None req-253baf4a-e620-4bb8-957e-fb17ca76fd56 None admin] REQUEST_METHOD: `GET` {{(pid=81880) log_request_info /opt/stack/keystone/keystone/server/flask/request_processing/req_logging.py:27}}
Sep 23 04:10:04.695809 n-d-858673-2 devstack@keystone.service[81880]: DEBUG keystone.server.flask.request_processing.req_logging [None req-253baf4a-e620-4bb8-957e-fb17ca76fd56 None admin] SCRIPT_NAME: `/identity` {{(pid=81880) log_request_info /opt/stack/keystone/keystone/server/flask/request_processing/req_logging.py:28}}
Sep 23 04:10:04.696696 n-d-858673-2 devstack@keystone.service[81880]: DEBUG keystone.server.flask.request_processing.req_logging [None req-253baf4a-e620-4bb8-957e-fb17ca76fd56 None admin] PATH_INFO: `/v3/users/47f802ef660f42749e5a2976a9ca2229` {{(pid=81880) log_request_info /opt/stack/keystone/keystone/server/flask/request_processing/req_logging.py:29}}
Sep 23 04:10:04.699400 n-d-858673-2 devstack@keystone.service[81880]: DEBUG keystone.common.rbac_enforcer.enforcer [None req-253baf4a-e620-4bb8-957e-fb17ca76fd56 None admin] RBAC: Authorizing `identity:get_user(user_id=47f802ef660f42749e5a2976a9ca2229)` {{(pid=81880) enforce_call /opt/stack/keystone/keystone/common/rbac_enforcer/enforcer.py:449}}
Sep 23 04:10:04.701015 n-d-858673-2 devstack@keystone.service[81879]: DEBUG keystone.server.flask.request_processing.middleware.auth_context [None req-2dcb0171-4a08-439e-9d19-096805601f25 None admin] RBAC: auth_context: {'token': , 'domain_id': None, 'trust_id': None, 'trustor_id': None, 'trustee_id': None, 'domain_name': None, 'group_ids': [], 'user_id': '197cc2c9935d425e9f75e9116f24c1d7', 'user_domain_id': 'default', 'system_scope': 'all', 'project_id': None, 'project_domain_id': None, 'roles': ['admin', 'member', 'reader'], 'is_admin_project': True, 'service_user_id': None, 'service_user_domain_id': None, 'service_project_id': None, 'service_project_domain_id': None, 'service_roles': []} {{(pid=81879) fill_context /opt/stack/keystone/keystone/server/flask/request_processing/middleware/auth_context.py:478}}
Sep 23 04:10:04.701759 n-d-858673-2 devstack@keystone.service[81879]: DEBUG keystone.server.flask.request_processing.req_logging [None req-2dcb0171-4a08-439e-9d19-096805601f25 None admin] REQUEST_METHOD: `GET` {{(pid=81879) log_request_info /opt/stack/keystone/keystone/server/flask/request_processing/req_logging.py:27}}
Sep 23 04:10:04.702037 n-d-858673-2 devstack@keystone.service[81879]: DEBUG keystone.server.flask.request_processing.req_logging [None req-2dcb0171-4a08-439e-9d19-096805601f25 None admin] SCRIPT_NAME: `/identity` {{(pid=81879) log_request_info /opt/stack/keystone/keystone/server/flask/request_processing/req_logging.py:28}}
Sep 23 04:10:04.702270 n-d-858673-2 devstack@keystone.service[81879]: DEBUG keystone.server.flask.request_processing.req_logging [None req-2dcb0171-4a08-439e-9d19-096805601f25 None admin] PATH_INFO: `/v3/projects/1a9ea61f05884092b78700534ec1b414` {{(pid=81879) log_request_info /opt/stack/keystone/keystone/server/flask/request_processing/req_logging.py:29}}
Sep 23 04:10:04.703494 n-d-858673-2 devstack@keystone.service[81879]: DEBUG keystone.common.rbac_enforcer.enforcer [None req-2dcb0171-4a08-439e-9d19-096805601f25 None admin] RBAC: Authorizing `identity:get_project(project_id=1a9ea61f05884092b78700534ec1b414)` {{(pid=81879) enforce_call /opt/stack/keystone/keystone/common/rbac_enforcer/enforcer.py:449}}
Sep 23 04:10:04.703938 n-d-858673-2 devstack@keystone.service[81880]: DEBUG keystone.common.rbac_enforcer.enforcer [None req-253baf4a-e620-4bb8-957e-fb17ca76fd56 None admin] RBAC: Authorization granted {{(pid=81880) enforce_call /opt/stack/keystone/keystone/common/rbac_enforcer/enforcer.py:457}}
Sep 23 04:10:04.705112 n-d-858673-2 devstack@keystone.service[81879]: DEBUG keystone.common.rbac_enforcer.enforcer [None req-2dcb0171-4a08-439e-9d19-096805601f25 None admin] RBAC: Authorization granted {{(pid=81879) enforce_call /opt/stack/keystone/keystone/common/rbac_enforcer/enforcer.py:457}}
Sep 23 04:10:04.707208 n-d-858673-2 devstack@keystone.service[81879]: [pid: 81879|app: 0|req: 110/226] 10.222.0.52 () {56 vars in 1186 bytes} [Fri Sep 23 04:10:04 2022] GET /identity/v3/projects/1a9ea61f05884092b78700534ec1b414 => generated 302 bytes in 182 msecs (HTTP/1.1 200) 5 headers in 177 bytes (1 switches on core 0)
Sep 23 04:10:04.708244 n-d-858673-2 devstack@keystone.service[81880]: [pid: 81880|app: 0|req: 117/227] 10.222.0.52 () {56 vars in 1177 bytes} [Fri Sep 23 04:10:04 2022] GET /identity/v3/users/47f802ef660f42749e5a2976a9ca2229 => generated 283 bytes in 310 msecs (HTTP/1.1 200) 5 headers in 177 bytes (1 switches on core 0)
Sep 23 04:10:04.715816 n-d-858673-2 devstack@keystone.service[81879]: DEBUG keystone.server.flask.request_processing.middleware.auth_context [None req-2dcb0171-4a08-439e-9d19-096805601f25 None admin] Authenticating user token {{(pid=81879) process_request /usr/local/lib/python3.8/dist-packages/keystonemiddleware/auth_token/__init__.py:407}}
Sep 23 04:10:04.717787 n-d-858673-2 devstack@keystone.service[81880]: DEBUG keystone.server.flask.request_processing.middleware.auth_context [None req-253baf4a-e620-4bb8-957e-fb17ca76fd56 None admin] Authenticating user token {{(pid=81880) process_request /usr/local/lib/python3.8/dist-packages/keystonemiddleware/auth_token/__init__.py:407}}
Sep 23 04:10:04.840769 n-d-858673-2 devstack@keystone.service[81879]: DEBUG keystone.server.flask.request_processing.middleware.auth_context [None req-2dcb0171-4a08-439e-9d19-096805601f25 None admin] Validating token access rules against request {{(pid=81879) validate_allowed_request /usr/local/lib/python3.8/dist-packages/keystonemiddleware/auth_token/__init__.py:545}}
Sep 23 04:10:04.882013 n-d-858673-2 devstack@keystone.service[81879]: DEBUG keystone.server.flask.request_processing.middleware.auth_context [None req-d9f172e0-d8ab-44b9-b607-3fe0c2946b15 None admin] RBAC: auth_context: {'token': , 'domain_id': None, 'trust_id': None, 'trustor_id': None, 'trustee_id': None, 'domain_name': None, 'group_ids': [], 'user_id': '197cc2c9935d425e9f75e9116f24c1d7', 'user_domain_id': 'default', 'system_scope': 'all', 'project_id': None, 'project_domain_id': None, 'roles': ['admin', 'member', 'reader'], 'is_admin_project': True, 'service_user_id': None, 'service_user_domain_id': None, 'service_project_id': None, 'service_project_domain_id': None, 'service_roles': []} {{(pid=81879) fill_context /opt/stack/keystone/keystone/server/flask/request_processing/middleware/auth_context.py:478}}
Sep 23 04:10:04.882685 n-d-858673-2 devstack@keystone.service[81879]: DEBUG keystone.server.flask.request_processing.req_logging [None req-d9f172e0-d8ab-44b9-b607-3fe0c2946b15 None admin] REQUEST_METHOD: `GET` {{(pid=81879) log_request_info /opt/stack/keystone/keystone/server/flask/request_processing/req_logging.py:27}}
Sep 23 04:10:04.883030 n-d-858673-2 devstack@keystone.service[81879]: DEBUG keystone.server.flask.request_processing.req_logging [None req-d9f172e0-d8ab-44b9-b607-3fe0c2946b15 None admin] SCRIPT_NAME: `/identity` {{(pid=81879) log_request_info /opt/stack/keystone/keystone/server/flask/request_processing/req_logging.py:28}}
Sep 23 04:10:04.883314 n-d-858673-2 devstack@keystone.service[81879]: DEBUG keystone.server.flask.request_processing.req_logging [None req-d9f172e0-d8ab-44b9-b607-3fe0c2946b15 None admin] PATH_INFO: `/v3/roles` {{(pid=81879) log_request_info /opt/stack/keystone/keystone/server/flask/request_processing/req_logging.py:29}}
Sep 23 04:10:04.884034 n-d-858673-2 devstack@keystone.service[81879]: DEBUG keystone.common.rbac_enforcer.enforcer [None req-d9f172e0-d8ab-44b9-b607-3fe0c2946b15 None admin] RBAC: Adding query filter params (name=anotherrole) {{(pid=81879) _extract_filter_values /opt/stack/keystone/keystone/common/rbac_enforcer/enforcer.py:167}}
Sep 23 04:10:04.884407 n-d-858673-2 devstack@keystone.service[81879]: DEBUG keystone.common.rbac_enforcer.enforcer [None req-d9f172e0-d8ab-44b9-b607-3fe0c2946b15 None admin] RBAC: Authorizing `identity:list_roles()` {{(pid=81879) enforce_call /opt/stack/keystone/keystone/common/rbac_enforcer/enforcer.py:449}}
Sep 23 04:10:04.885957 n-d-858673-2 devstack@keystone.service[81879]: DEBUG keystone.common.rbac_enforcer.enforcer [None req-d9f172e0-d8ab-44b9-b607-3fe0c2946b15 None admin] RBAC: Authorization granted {{(pid=81879) enforce_call /opt/stack/keystone/keystone/common/rbac_enforcer/enforcer.py:457}}
Sep 23 04:10:04.902076 n-d-858673-2 devstack@keystone.service[81879]: [pid: 81879|app: 0|req: 111/228] 10.222.0.52 () {56 vars in 1111 bytes} [Fri Sep 23 04:10:04 2022] GET /identity/v3/roles?name=anotherrole => generated 334 bytes in 189 msecs (HTTP/1.1 200) 5 headers in 177 bytes (1 switches on core 0)
Sep 23 04:10:04.902076 n-d-858673-2 devstack@keystone.service[81879]: DEBUG keystone.server.flask.request_processing.middleware.auth_context [None req-d9f172e0-d8ab-44b9-b607-3fe0c2946b15 None admin] Authenticating user token {{(pid=81879) process_request /usr/local/lib/python3.8/dist-packages/keystonemiddleware/auth_token/__init__.py:407}}
Sep 23 04:10:04.916626 n-d-858673-2 devstack@keystone.service[81879]: DEBUG dbcounter [-] [81879] Writing DB stats keystone:SELECT=100 {{(pid=81879) stat_writer /usr/local/lib/python3.8/dist-packages/dbcounter.py:114}}
Sep 23 04:10:04.942228 n-d-858673-2 devstack@keystone.service[81880]: DEBUG keystone.server.flask.request_processing.middleware.auth_context [None req-253baf4a-e620-4bb8-957e-fb17ca76fd56 None admin] Validating token access rules against request {{(pid=81880) validate_allowed_request /usr/local/lib/python3.8/dist-packages/keystonemiddleware/auth_token/__init__.py:545}}
Sep 23 04:10:04.987598 n-d-858673-2 devstack@keystone.service[81880]: DEBUG dbcounter [-] [81880] Writing DB stats keystone:SELECT=100 {{(pid=81880) stat_writer /usr/local/lib/python3.8/dist-packages/dbcounter.py:114}}
Sep 23 04:10:05.019097 n-d-858673-2 devstack@keystone.service[81880]: DEBUG keystone.server.flask.request_processing.middleware.auth_context [None req-bfc2702f-80ce-467d-a702-65cf31e9f45b None admin] RBAC: auth_context: {'token': , 'domain_id': None, 'trust_id': None, 'trustor_id': None, 'trustee_id': None, 'domain_name': None, 'group_ids': [], 'user_id': '197cc2c9935d425e9f75e9116f24c1d7', 'user_domain_id': 'default', 'system_scope': 'all', 'project_id': None, 'project_domain_id': None, 'roles': ['admin', 'member', 'reader'], 'is_admin_project': True, 'service_user_id': None, 'service_user_domain_id': None, 'service_project_id': None, 'service_project_domain_id': None, 'service_roles': []} {{(pid=81880) fill_context /opt/stack/keystone/keystone/server/flask/request_processing/middleware/auth_context.py:478}}
Sep 23 04:10:05.020070 n-d-858673-2 devstack@keystone.service[81880]: DEBUG keystone.server.flask.request_processing.req_logging [None req-bfc2702f-80ce-467d-a702-65cf31e9f45b None admin] REQUEST_METHOD: `GET` {{(pid=81880) log_request_info /opt/stack/keystone/keystone/server/flask/request_processing/req_logging.py:27}}
Sep 23 04:10:05.020643 n-d-858673-2 devstack@keystone.service[81880]: DEBUG keystone.server.flask.request_processing.req_logging [None req-bfc2702f-80ce-467d-a702-65cf31e9f45b None admin] SCRIPT_NAME: `/identity` {{(pid=81880) log_request_info /opt/stack/keystone/keystone/server/flask/request_processing/req_logging.py:28}}
Sep 23 04:10:05.021190 n-d-858673-2 devstack@keystone.service[81880]: DEBUG keystone.server.flask.request_processing.req_logging [None req-bfc2702f-80ce-467d-a702-65cf31e9f45b None admin] PATH_INFO: `/v3/role_assignments` {{(pid=81880) log_request_info /opt/stack/keystone/keystone/server/flask/request_processing/req_logging.py:29}}
Sep 23 04:10:05.022606 n-d-858673-2 devstack@keystone.service[81879]: DEBUG keystone.server.flask.request_processing.middleware.auth_context [None req-d9f172e0-d8ab-44b9-b607-3fe0c2946b15 None admin] Validating token access rules against request {{(pid=81879) validate_allowed_request /usr/local/lib/python3.8/dist-packages/keystonemiddleware/auth_token/__init__.py:545}}
Sep 23 04:10:05.022746 n-d-858673-2 devstack@keystone.service[81880]: DEBUG keystone.common.rbac_enforcer.enforcer [None req-bfc2702f-80ce-467d-a702-65cf31e9f45b None admin] RBAC: Adding query filter params (role.id=153c35e1030d406e86ea059bf39f7f79, scope.project.id=1a9ea61f05884092b78700534ec1b414, user.id=338cfb2c91974b40b3225d91eaaec5d4) {{(pid=81880) _extract_filter_values /opt/stack/keystone/keystone/common/rbac_enforcer/enforcer.py:167}}
Sep 23 04:10:05.023446 n-d-858673-2 devstack@keystone.service[81880]: DEBUG keystone.common.rbac_enforcer.enforcer [None req-bfc2702f-80ce-467d-a702-65cf31e9f45b None admin] RBAC: Authorizing `identity:list_role_assignments()` {{(pid=81880) enforce_call /opt/stack/keystone/keystone/common/rbac_enforcer/enforcer.py:449}}
Sep 23 04:10:05.026912 n-d-858673-2 devstack@keystone.service[81880]: DEBUG keystone.common.rbac_enforcer.enforcer [None req-bfc2702f-80ce-467d-a702-65cf31e9f45b None admin] RBAC: Authorization granted {{(pid=81880) enforce_call /opt/stack/keystone/keystone/common/rbac_enforcer/enforcer.py:457}}
Sep 23 04:10:05.039207 n-d-858673-2 devstack@keystone.service[81880]: [pid: 81880|app: 0|req: 118/229] 10.222.0.52 () {56 vars in 1374 bytes} [Fri Sep 23 04:10:04 2022] GET /identity/v3/role_assignments?user.id=338cfb2c91974b40b3225d91eaaec5d4&scope.project.id=1a9ea61f05884092b78700534ec1b414&role.id=153c35e1030d406e86ea059bf39f7f79 => generated 259 bytes in 322 msecs (HTTP/1.1 200) 5 headers in 177 bytes (1 switches on core 0)
Sep 23 04:10:05.040768 n-d-858673-2 devstack@keystone.service[81880]: DEBUG keystone.server.flask.request_processing.middleware.auth_context [None req-bfc2702f-80ce-467d-a702-65cf31e9f45b None admin] Authenticating user token {{(pid=81880) process_request /usr/local/lib/python3.8/dist-packages/keystonemiddleware/auth_token/__init__.py:407}}
Sep 23 04:10:05.062968 n-d-858673-2 devstack@keystone.service[81879]: DEBUG keystone.server.flask.request_processing.middleware.auth_context [None req-6c1e2b58-8b1c-4413-b936-dfe33253e3c2 None admin] RBAC: auth_context: {'token': , 'domain_id': None, 'trust_id': None, 'trustor_id': None, 'trustee_id': None, 'domain_name': None, 'group_ids': [], 'user_id': '197cc2c9935d425e9f75e9116f24c1d7', 'user_domain_id': 'default', 'system_scope': 'all', 'project_id': None, 'project_domain_id': None, 'roles': ['admin', 'member', 'reader'], 'is_admin_project': True, 'service_user_id': None, 'service_user_domain_id': None, 'service_project_id': None, 'service_project_domain_id': None, 'service_roles': []} {{(pid=81879) fill_context /opt/stack/keystone/keystone/server/flask/request_processing/middleware/auth_context.py:478}}
Sep 23 04:10:05.064069 n-d-858673-2 devstack@keystone.service[81879]: DEBUG keystone.server.flask.request_processing.req_logging [None req-6c1e2b58-8b1c-4413-b936-dfe33253e3c2 None admin] REQUEST_METHOD: `GET` {{(pid=81879) log_request_info /opt/stack/keystone/keystone/server/flask/request_processing/req_logging.py:27}}
Sep 23 04:10:05.064514 n-d-858673-2 devstack@keystone.service[81879]: DEBUG keystone.server.flask.request_processing.req_logging [None req-6c1e2b58-8b1c-4413-b936-dfe33253e3c2 None admin] SCRIPT_NAME: `/identity` {{(pid=81879) log_request_info /opt/stack/keystone/keystone/server/flask/request_processing/req_logging.py:28}}
Sep 23 04:10:05.064940 n-d-858673-2 devstack@keystone.service[81879]: DEBUG keystone.server.flask.request_processing.req_logging [None req-6c1e2b58-8b1c-4413-b936-dfe33253e3c2 None admin] PATH_INFO: `/v3/projects/1a9ea61f05884092b78700534ec1b414` {{(pid=81879) log_request_info /opt/stack/keystone/keystone/server/flask/request_processing/req_logging.py:29}}
Sep 23 04:10:05.066531 n-d-858673-2 devstack@keystone.service[81879]: DEBUG keystone.common.rbac_enforcer.enforcer [None req-6c1e2b58-8b1c-4413-b936-dfe33253e3c2 None admin] RBAC: Authorizing `identity:get_project(project_id=1a9ea61f05884092b78700534ec1b414)` {{(pid=81879) enforce_call /opt/stack/keystone/keystone/common/rbac_enforcer/enforcer.py:449}}
Sep 23 04:10:05.068231 n-d-858673-2 devstack@keystone.service[81879]: DEBUG keystone.common.rbac_enforcer.enforcer [None req-6c1e2b58-8b1c-4413-b936-dfe33253e3c2 None admin] RBAC: Authorization granted {{(pid=81879) enforce_call /opt/stack/keystone/keystone/common/rbac_enforcer/enforcer.py:457}}
Sep 23 04:10:05.070281 n-d-858673-2 devstack@keystone.service[81879]: [pid: 81879|app: 0|req: 112/230] 10.222.0.52 () {56 vars in 1186 bytes} [Fri Sep 23 04:10:04 2022] GET /identity/v3/projects/1a9ea61f05884092b78700534ec1b414 => generated 302 bytes in 173 msecs (HTTP/1.1 200) 5 headers in 177 bytes (1 switches on core 0)
Sep 23 04:10:05.081642 n-d-858673-2 devstack@keystone.service[81879]: DEBUG keystone.server.flask.request_processing.middleware.auth_context [None req-6c1e2b58-8b1c-4413-b936-dfe33253e3c2 None admin] Authenticating user token {{(pid=81879) process_request /usr/local/lib/python3.8/dist-packages/keystonemiddleware/auth_token/__init__.py:407}}
Sep 23 04:10:05.295291 n-d-858673-2 devstack@keystone.service[81879]: DEBUG dbcounter [-] [81879] Writing DB stats keystone:SELECT=100 {{(pid=81879) stat_writer /usr/local/lib/python3.8/dist-packages/dbcounter.py:114}}
Sep 23 04:10:05.315991 n-d-858673-2 devstack@keystone.service[81880]: DEBUG keystone.server.flask.request_processing.middleware.auth_context [None req-bfc2702f-80ce-467d-a702-65cf31e9f45b None admin] Validating token access rules against request {{(pid=81880) validate_allowed_request /usr/local/lib/python3.8/dist-packages/keystonemiddleware/auth_token/__init__.py:545}}
Sep 23 04:10:05.352131 n-d-858673-2 devstack@keystone.service[81879]: DEBUG keystone.server.flask.request_processing.middleware.auth_context [None req-6c1e2b58-8b1c-4413-b936-dfe33253e3c2 None admin] Validating token access rules against request {{(pid=81879) validate_allowed_request /usr/local/lib/python3.8/dist-packages/keystonemiddleware/auth_token/__init__.py:545}}
Sep 23 04:10:05.355828 n-d-858673-2 devstack@keystone.service[81880]: DEBUG keystone.server.flask.request_processing.middleware.auth_context [None req-94d04b38-c95d-447d-8bbc-7ea6a70af3e1 None admin] RBAC: auth_context: {'token': , 'domain_id': None, 'trust_id': None, 'trustor_id': None, 'trustee_id': None, 'domain_name': None, 'group_ids': [], 'user_id': '197cc2c9935d425e9f75e9116f24c1d7', 'user_domain_id': 'default', 'system_scope': 'all', 'project_id': None, 'project_domain_id': None, 'roles': ['admin', 'member', 'reader'], 'is_admin_project': True, 'service_user_id': None, 'service_user_domain_id': None, 'service_project_id': None, 'service_project_domain_id': None, 'service_roles': []} {{(pid=81880) fill_context /opt/stack/keystone/keystone/server/flask/request_processing/middleware/auth_context.py:478}}
Sep 23 04:10:05.356775 n-d-858673-2 devstack@keystone.service[81880]: DEBUG keystone.server.flask.request_processing.req_logging [None req-94d04b38-c95d-447d-8bbc-7ea6a70af3e1 None admin] REQUEST_METHOD: `GET` {{(pid=81880) log_request_info /opt/stack/keystone/keystone/server/flask/request_processing/req_logging.py:27}}
Sep 23 04:10:05.357258 n-d-858673-2 devstack@keystone.service[81880]: DEBUG keystone.server.flask.request_processing.req_logging [None req-94d04b38-c95d-447d-8bbc-7ea6a70af3e1 None admin] SCRIPT_NAME: `/identity` {{(pid=81880) log_request_info /opt/stack/keystone/keystone/server/flask/request_processing/req_logging.py:28}}
Sep 23 04:10:05.357733 n-d-858673-2 devstack@keystone.service[81880]: DEBUG keystone.server.flask.request_processing.req_logging [None req-94d04b38-c95d-447d-8bbc-7ea6a70af3e1 None admin] PATH_INFO: `/v3/users/47f802ef660f42749e5a2976a9ca2229` {{(pid=81880) log_request_info /opt/stack/keystone/keystone/server/flask/request_processing/req_logging.py:29}}
Sep 23 04:10:05.359161 n-d-858673-2 devstack@keystone.service[81880]: DEBUG keystone.common.rbac_enforcer.enforcer [None req-94d04b38-c95d-447d-8bbc-7ea6a70af3e1 None admin] RBAC: Authorizing `identity:get_user(user_id=47f802ef660f42749e5a2976a9ca2229)` {{(pid=81880) enforce_call /opt/stack/keystone/keystone/common/rbac_enforcer/enforcer.py:449}}
Sep 23 04:10:05.361237 n-d-858673-2 devstack@keystone.service[81880]: DEBUG keystone.common.rbac_enforcer.enforcer [None req-94d04b38-c95d-447d-8bbc-7ea6a70af3e1 None admin] RBAC: Authorization granted {{(pid=81880) enforce_call /opt/stack/keystone/keystone/common/rbac_enforcer/enforcer.py:457}}
Sep 23 04:10:05.363422 n-d-858673-2 devstack@keystone.service[81880]: [pid: 81880|app: 0|req: 119/231] 10.222.0.52 () {56 vars in 1177 bytes} [Fri Sep 23 04:10:05 2022] GET /identity/v3/users/47f802ef660f42749e5a2976a9ca2229 => generated 283 bytes in 324 msecs (HTTP/1.1 200) 5 headers in 177 bytes (1 switches on core 0)
Sep 23 04:10:05.374852 n-d-858673-2 devstack@keystone.service[81880]: DEBUG keystone.server.flask.request_processing.middleware.auth_context [None req-94d04b38-c95d-447d-8bbc-7ea6a70af3e1 None admin] Authenticating user token {{(pid=81880) process_request /usr/local/lib/python3.8/dist-packages/keystonemiddleware/auth_token/__init__.py:407}}
Sep 23 04:10:05.398014 n-d-858673-2 devstack@keystone.service[81879]: DEBUG keystone.server.flask.request_processing.middleware.auth_context [None req-f2b23a4c-8dbb-416c-87a4-4402ed8e9726 None admin] RBAC: auth_context: {'token': , 'domain_id': None, 'trust_id': None, 'trustor_id': None, 'trustee_id': None, 'domain_name': None, 'group_ids': [], 'user_id': '197cc2c9935d425e9f75e9116f24c1d7', 'user_domain_id': 'default', 'system_scope': 'all', 'project_id': None, 'project_domain_id': None, 'roles': ['admin', 'member', 'reader'], 'is_admin_project': True, 'service_user_id': None, 'service_user_domain_id': None, 'service_project_id': None, 'service_project_domain_id': None, 'service_roles': []} {{(pid=81879) fill_context /opt/stack/keystone/keystone/server/flask/request_processing/middleware/auth_context.py:478}}
Sep 23 04:10:05.399064 n-d-858673-2 devstack@keystone.service[81879]: DEBUG keystone.server.flask.request_processing.req_logging [None req-f2b23a4c-8dbb-416c-87a4-4402ed8e9726 None admin] REQUEST_METHOD: `PUT` {{(pid=81879) log_request_info /opt/stack/keystone/keystone/server/flask/request_processing/req_logging.py:27}}
Sep 23 04:10:05.399387 n-d-858673-2 devstack@keystone.service[81879]: DEBUG keystone.server.flask.request_processing.req_logging [None req-f2b23a4c-8dbb-416c-87a4-4402ed8e9726 None admin] SCRIPT_NAME: `/identity` {{(pid=81879) log_request_info /opt/stack/keystone/keystone/server/flask/request_processing/req_logging.py:28}}
Sep 23 04:10:05.400163 n-d-858673-2 devstack@keystone.service[81879]: DEBUG keystone.server.flask.request_processing.req_logging [None req-f2b23a4c-8dbb-416c-87a4-4402ed8e9726 None admin] PATH_INFO: `/v3/projects/1a9ea61f05884092b78700534ec1b414/users/47f802ef660f42749e5a2976a9ca2229/roles/4172567655a4491cb6aec82305ee9206` {{(pid=81879) log_request_info /opt/stack/keystone/keystone/server/flask/request_processing/req_logging.py:29}}
Sep 23 04:10:05.408209 n-d-858673-2 devstack@keystone.service[81879]: DEBUG keystone.common.rbac_enforcer.enforcer [None req-f2b23a4c-8dbb-416c-87a4-4402ed8e9726 None admin] RBAC: Authorizing `identity:create_grant(project_id=1a9ea61f05884092b78700534ec1b414, user_id=47f802ef660f42749e5a2976a9ca2229, role_id=4172567655a4491cb6aec82305ee9206)` {{(pid=81879) enforce_call /opt/stack/keystone/keystone/common/rbac_enforcer/enforcer.py:449}}
Sep 23 04:10:05.408209 n-d-858673-2 devstack@keystone.service[81879]: DEBUG keystone.common.rbac_enforcer.enforcer [None req-f2b23a4c-8dbb-416c-87a4-4402ed8e9726 None admin] RBAC: Authorization granted {{(pid=81879) enforce_call /opt/stack/keystone/keystone/common/rbac_enforcer/enforcer.py:457}}
Sep 23 04:10:05.449896 n-d-858673-2 devstack@keystone.service[81879]: [pid: 81879|app: 0|req: 113/232] 10.222.0.52 () {58 vars in 1439 bytes} [Fri Sep 23 04:10:05 2022] PUT /identity/v3/projects/1a9ea61f05884092b78700534ec1b414/users/47f802ef660f42749e5a2976a9ca2229/roles/4172567655a4491cb6aec82305ee9206 => generated 0 bytes in 369 msecs (HTTP/1.1 204) 3 headers in 132 bytes (0 switches on core 0)
Sep 23 04:10:05.529900 n-d-858673-2 devstack@keystone.service[81880]: DEBUG dbcounter [-] [81880] Writing DB stats keystone:SELECT=100 {{(pid=81880) stat_writer /usr/local/lib/python3.8/dist-packages/dbcounter.py:114}}
Sep 23 04:10:05.645438 n-d-858673-2 devstack@keystone.service[81880]: DEBUG keystone.server.flask.request_processing.middleware.auth_context [None req-94d04b38-c95d-447d-8bbc-7ea6a70af3e1 None admin] Validating token access rules against request {{(pid=81880) validate_allowed_request /usr/local/lib/python3.8/dist-packages/keystonemiddleware/auth_token/__init__.py:545}}
Sep 23 04:10:05.693323 n-d-858673-2 devstack@keystone.service[81880]: DEBUG keystone.server.flask.request_processing.middleware.auth_context [None req-38460605-0758-4283-8762-94e11efe8571 None admin] RBAC: auth_context: {'token': , 'domain_id': None, 'trust_id': None, 'trustor_id': None, 'trustee_id': None, 'domain_name': None, 'group_ids': [], 'user_id': '197cc2c9935d425e9f75e9116f24c1d7', 'user_domain_id': 'default', 'system_scope': 'all', 'project_id': None, 'project_domain_id': None, 'roles': ['admin', 'member', 'reader'], 'is_admin_project': True, 'service_user_id': None, 'service_user_domain_id': None, 'service_project_id': None, 'service_project_domain_id': None, 'service_roles': []} {{(pid=81880) fill_context /opt/stack/keystone/keystone/server/flask/request_processing/middleware/auth_context.py:478}}
Sep 23 04:10:05.694377 n-d-858673-2 devstack@keystone.service[81880]: DEBUG keystone.server.flask.request_processing.req_logging [None req-38460605-0758-4283-8762-94e11efe8571 None admin] REQUEST_METHOD: `GET` {{(pid=81880) log_request_info /opt/stack/keystone/keystone/server/flask/request_processing/req_logging.py:27}}
Sep 23 04:10:05.694377 n-d-858673-2 devstack@keystone.service[81880]: DEBUG keystone.server.flask.request_processing.req_logging [None req-38460605-0758-4283-8762-94e11efe8571 None admin] SCRIPT_NAME: `/identity` {{(pid=81880) log_request_info /opt/stack/keystone/keystone/server/flask/request_processing/req_logging.py:28}}
Sep 23 04:10:05.694636 n-d-858673-2 devstack@keystone.service[81880]: DEBUG keystone.server.flask.request_processing.req_logging [None req-38460605-0758-4283-8762-94e11efe8571 None admin] PATH_INFO: `/v3/projects/1a9ea61f05884092b78700534ec1b414` {{(pid=81880) log_request_info /opt/stack/keystone/keystone/server/flask/request_processing/req_logging.py:29}}
Sep 23 04:10:05.695830 n-d-858673-2 devstack@keystone.service[81880]: DEBUG keystone.common.rbac_enforcer.enforcer [None req-38460605-0758-4283-8762-94e11efe8571 None admin] RBAC: Authorizing `identity:get_project(project_id=1a9ea61f05884092b78700534ec1b414)` {{(pid=81880) enforce_call /opt/stack/keystone/keystone/common/rbac_enforcer/enforcer.py:449}}
Sep 23 04:10:05.697480 n-d-858673-2 devstack@keystone.service[81880]: DEBUG keystone.common.rbac_enforcer.enforcer [None req-38460605-0758-4283-8762-94e11efe8571 None admin] RBAC: Authorization granted {{(pid=81880) enforce_call /opt/stack/keystone/keystone/common/rbac_enforcer/enforcer.py:457}}
Sep 23 04:10:05.699577 n-d-858673-2 devstack@keystone.service[81880]: [pid: 81880|app: 0|req: 120/233] 10.222.0.52 () {56 vars in 1186 bytes} [Fri Sep 23 04:10:05 2022] GET /identity/v3/projects/1a9ea61f05884092b78700534ec1b414 => generated 302 bytes in 325 msecs (HTTP/1.1 200) 5 headers in 177 bytes (1 switches on core 0)
Sep 23 04:10:05.706175 n-d-858673-2 devstack@keystone.service[81879]: DEBUG keystone.server.flask.request_processing.middleware.auth_context [None req-f2b23a4c-8dbb-416c-87a4-4402ed8e9726 None admin] Authenticating user token {{(pid=81879) process_request /usr/local/lib/python3.8/dist-packages/keystonemiddleware/auth_token/__init__.py:407}}
Sep 23 04:10:05.876803 n-d-858673-2 devstack@keystone.service[81879]: DEBUG keystone.server.flask.request_processing.middleware.auth_context [None req-f2b23a4c-8dbb-416c-87a4-4402ed8e9726 None admin] Validating token access rules against request {{(pid=81879) validate_allowed_request /usr/local/lib/python3.8/dist-packages/keystonemiddleware/auth_token/__init__.py:545}}
Sep 23 04:10:05.941039 n-d-858673-2 devstack@keystone.service[81879]: DEBUG keystone.server.flask.request_processing.middleware.auth_context [None req-53ccb37b-d0d3-4506-89c5-02f134880808 None admin] RBAC: auth_context: {'token': , 'domain_id': None, 'trust_id': None, 'trustor_id': None, 'trustee_id': None, 'domain_name': None, 'group_ids': [], 'user_id': '197cc2c9935d425e9f75e9116f24c1d7', 'user_domain_id': 'default', 'system_scope': 'all', 'project_id': None, 'project_domain_id': None, 'roles': ['admin', 'member', 'reader'], 'is_admin_project': True, 'service_user_id': None, 'service_user_domain_id': None, 'service_project_id': None, 'service_project_domain_id': None, 'service_roles': []} {{(pid=81879) fill_context /opt/stack/keystone/keystone/server/flask/request_processing/middleware/auth_context.py:478}}
Sep 23 04:10:05.942482 n-d-858673-2 devstack@keystone.service[81879]: DEBUG keystone.server.flask.request_processing.req_logging [None req-53ccb37b-d0d3-4506-89c5-02f134880808 None admin] REQUEST_METHOD: `PUT` {{(pid=81879) log_request_info /opt/stack/keystone/keystone/server/flask/request_processing/req_logging.py:27}}
Sep 23 04:10:05.943175 n-d-858673-2 devstack@keystone.service[81879]: DEBUG keystone.server.flask.request_processing.req_logging [None req-53ccb37b-d0d3-4506-89c5-02f134880808 None admin] SCRIPT_NAME: `/identity` {{(pid=81879) log_request_info /opt/stack/keystone/keystone/server/flask/request_processing/req_logging.py:28}}
Sep 23 04:10:05.943843 n-d-858673-2 devstack@keystone.service[81879]: DEBUG keystone.server.flask.request_processing.req_logging [None req-53ccb37b-d0d3-4506-89c5-02f134880808 None admin] PATH_INFO: `/v3/projects/1a9ea61f05884092b78700534ec1b414/users/47f802ef660f42749e5a2976a9ca2229/roles/c244f669d1434fa99864df384e836562` {{(pid=81879) log_request_info /opt/stack/keystone/keystone/server/flask/request_processing/req_logging.py:29}}
Sep 23 04:10:05.947455 n-d-858673-2 devstack@keystone.service[81879]: DEBUG keystone.common.rbac_enforcer.enforcer [None req-53ccb37b-d0d3-4506-89c5-02f134880808 None admin] RBAC: Authorizing `identity:create_grant(project_id=1a9ea61f05884092b78700534ec1b414, user_id=47f802ef660f42749e5a2976a9ca2229, role_id=c244f669d1434fa99864df384e836562)` {{(pid=81879) enforce_call /opt/stack/keystone/keystone/common/rbac_enforcer/enforcer.py:449}}
Sep 23 04:10:05.950233 n-d-858673-2 devstack@keystone.service[81879]: DEBUG keystone.common.rbac_enforcer.enforcer [None req-53ccb37b-d0d3-4506-89c5-02f134880808 None admin] RBAC: Authorization granted {{(pid=81879) enforce_call /opt/stack/keystone/keystone/common/rbac_enforcer/enforcer.py:457}}
Sep 23 04:10:05.956034 n-d-858673-2 devstack@keystone.service[81879]: DEBUG dbcounter [-] [81879] Writing DB stats keystone:SELECT=98,keystone:INSERT=2 {{(pid=81879) stat_writer /usr/local/lib/python3.8/dist-packages/dbcounter.py:114}}
Sep 23 04:10:05.977643 n-d-858673-2 devstack@keystone.service[81879]: [pid: 81879|app: 0|req: 114/234] 10.222.0.52 () {58 vars in 1439 bytes} [Fri Sep 23 04:10:05 2022] PUT /identity/v3/projects/1a9ea61f05884092b78700534ec1b414/users/47f802ef660f42749e5a2976a9ca2229/roles/c244f669d1434fa99864df384e836562 => generated 0 bytes in 272 msecs (HTTP/1.1 204) 3 headers in 132 bytes (0 switches on core 0)
Sep 23 04:10:06.303828 n-d-858673-2 devstack@keystone.service[81880]: DEBUG keystone.server.flask.request_processing.req_logging [None req-b9d4dca6-335e-423c-8cfc-18fefbce12de None None] REQUEST_METHOD: `GET` {{(pid=81880) log_request_info /opt/stack/keystone/keystone/server/flask/request_processing/req_logging.py:27}}
Sep 23 04:10:06.304420 n-d-858673-2 devstack@keystone.service[81880]: DEBUG keystone.server.flask.request_processing.req_logging [None req-b9d4dca6-335e-423c-8cfc-18fefbce12de None None] SCRIPT_NAME: `/identity` {{(pid=81880) log_request_info /opt/stack/keystone/keystone/server/flask/request_processing/req_logging.py:28}}
Sep 23 04:10:06.305232 n-d-858673-2 devstack@keystone.service[81880]: DEBUG keystone.server.flask.request_processing.req_logging [None req-b9d4dca6-335e-423c-8cfc-18fefbce12de None None] PATH_INFO: `/` {{(pid=81880) log_request_info /opt/stack/keystone/keystone/server/flask/request_processing/req_logging.py:29}}
Sep 23 04:10:06.308517 n-d-858673-2 devstack@keystone.service[81880]: [pid: 81880|app: 0|req: 121/235] 10.222.0.52 () {54 vars in 927 bytes} [Fri Sep 23 04:10:06 2022] GET /identity => generated 270 bytes in 7 msecs (HTTP/1.1 300) 6 headers in 234 bytes (1 switches on core 0)
Sep 23 04:10:06.315666 n-d-858673-2 devstack@keystone.service[81879]: DEBUG keystone.server.flask.request_processing.req_logging [None req-0bf19eca-fd51-4a26-be55-51342073f4cf None None] REQUEST_METHOD: `POST` {{(pid=81879) log_request_info /opt/stack/keystone/keystone/server/flask/request_processing/req_logging.py:27}}
