Oct 05 09:27:38.753776 n-d-858384-6 devstack@keystone.service[82025]: DEBUG keystone.server.flask.request_processing.req_logging [None req-8314ae7d-1887-44c6-a458-178fe8f1908f None admin] REQUEST_METHOD: `GET` {{(pid=82025) log_request_info /opt/stack/keystone/keystone/server/flask/request_processing/req_logging.py:27}}
Oct 05 09:27:38.754066 n-d-858384-6 devstack@keystone.service[82025]: DEBUG keystone.server.flask.request_processing.req_logging [None req-8314ae7d-1887-44c6-a458-178fe8f1908f None admin] SCRIPT_NAME: `/identity` {{(pid=82025) log_request_info /opt/stack/keystone/keystone/server/flask/request_processing/req_logging.py:28}}
Oct 05 09:27:38.754331 n-d-858384-6 devstack@keystone.service[82025]: DEBUG keystone.server.flask.request_processing.req_logging [None req-8314ae7d-1887-44c6-a458-178fe8f1908f None admin] PATH_INFO: `/v3/projects/19d42f94311a4d689ce6e19fb9ebb296` {{(pid=82025) log_request_info /opt/stack/keystone/keystone/server/flask/request_processing/req_logging.py:29}}
Oct 05 09:27:38.755519 n-d-858384-6 devstack@keystone.service[82025]: DEBUG keystone.common.rbac_enforcer.enforcer [None req-8314ae7d-1887-44c6-a458-178fe8f1908f None admin] RBAC: Authorizing `identity:get_project(project_id=19d42f94311a4d689ce6e19fb9ebb296)` {{(pid=82025) enforce_call /opt/stack/keystone/keystone/common/rbac_enforcer/enforcer.py:449}}
Oct 05 09:27:38.757062 n-d-858384-6 devstack@keystone.service[82025]: DEBUG keystone.common.rbac_enforcer.enforcer [None req-8314ae7d-1887-44c6-a458-178fe8f1908f None admin] RBAC: Authorization granted {{(pid=82025) enforce_call /opt/stack/keystone/keystone/common/rbac_enforcer/enforcer.py:457}}
Oct 05 09:27:38.763734 n-d-858384-6 devstack@keystone.service[82025]: [pid: 82025|app: 0|req: 180/359] 10.222.0.20 () {56 vars in 1186 bytes} [Wed Oct 5 09:27:38 2022] GET /identity/v3/projects/19d42f94311a4d689ce6e19fb9ebb296 => generated 298 bytes in 186 msecs (HTTP/1.1 200) 5 headers in 177 bytes (1 switches on core 0)
Oct 05 09:27:38.765446 n-d-858384-6 devstack@keystone.service[82025]: DEBUG keystone.server.flask.request_processing.req_logging [None req-d9c98de4-a419-452f-a349-55e1147b30d7 None None] REQUEST_METHOD: `GET` {{(pid=82025) log_request_info /opt/stack/keystone/keystone/server/flask/request_processing/req_logging.py:27}}
Oct 05 09:27:38.766207 n-d-858384-6 devstack@keystone.service[82025]: DEBUG keystone.server.flask.request_processing.req_logging [None req-d9c98de4-a419-452f-a349-55e1147b30d7 None None] SCRIPT_NAME: `/identity` {{(pid=82025) log_request_info /opt/stack/keystone/keystone/server/flask/request_processing/req_logging.py:28}}
Oct 05 09:27:38.766489 n-d-858384-6 devstack@keystone.service[82025]: DEBUG keystone.server.flask.request_processing.req_logging [None req-d9c98de4-a419-452f-a349-55e1147b30d7 None None] PATH_INFO: `/` {{(pid=82025) log_request_info /opt/stack/keystone/keystone/server/flask/request_processing/req_logging.py:29}}
Oct 05 09:27:38.768006 n-d-858384-6 devstack@keystone.service[82025]: [pid: 82025|app: 0|req: 181/360] 10.222.0.20 () {54 vars in 927 bytes} [Wed Oct 5 09:27:38 2022] GET /identity => generated 270 bytes in 3 msecs (HTTP/1.1 300) 6 headers in 234 bytes (1 switches on core 0)
Oct 05 09:27:38.768626 n-d-858384-6 devstack@keystone.service[82025]: DEBUG keystone.server.flask.request_processing.middleware.auth_context [None req-d9c98de4-a419-452f-a349-55e1147b30d7 None None] Authenticating user token {{(pid=82025) process_request /usr/local/lib/python3.8/dist-packages/keystonemiddleware/auth_token/__init__.py:407}}
Oct 05 09:27:38.785397 n-d-858384-6 devstack@keystone.service[82026]: [pid: 82026|app: 0|req: 180/361] 10.222.0.20 () {58 vars in 1024 bytes} [Wed Oct 5 09:27:38 2022] POST /identity/v3/auth/tokens => generated 799 bytes in 106 msecs (HTTP/1.1 201) 6 headers in 363 bytes (1 switches on core 0)
Oct 05 09:27:38.786095 n-d-858384-6 devstack@keystone.service[82026]: DEBUG keystone.server.flask.request_processing.middleware.auth_context [None req-2199ab68-f722-4f63-b9c5-ed27c8337e5f None None] Authenticating user token {{(pid=82026) process_request /usr/local/lib/python3.8/dist-packages/keystonemiddleware/auth_token/__init__.py:407}}
Oct 05 09:27:38.910003 n-d-858384-6 devstack@keystone.service[82026]: DEBUG dbcounter [-] [82026] Writing DB stats keystone:SELECT=100 {{(pid=82026) stat_writer /usr/local/lib/python3.8/dist-packages/dbcounter.py:114}}
Oct 05 09:27:38.913607 n-d-858384-6 devstack@keystone.service[82026]: DEBUG keystone.server.flask.request_processing.middleware.auth_context [None req-2199ab68-f722-4f63-b9c5-ed27c8337e5f None None] Validating token access rules against request {{(pid=82026) validate_allowed_request /usr/local/lib/python3.8/dist-packages/keystonemiddleware/auth_token/__init__.py:545}}
Oct 05 09:27:38.920254 n-d-858384-6 devstack@keystone.service[82025]: DEBUG keystone.server.flask.request_processing.middleware.auth_context [None req-d9c98de4-a419-452f-a349-55e1147b30d7 None None] Validating token access rules against request {{(pid=82025) validate_allowed_request /usr/local/lib/python3.8/dist-packages/keystonemiddleware/auth_token/__init__.py:545}}
Oct 05 09:27:38.958142 n-d-858384-6 devstack@keystone.service[82026]: DEBUG keystone.server.flask.request_processing.middleware.auth_context [None req-ce4deba5-3745-455d-adab-372ef9004e4c None admin] RBAC: auth_context: {'token': , 'domain_id': None, 'trust_id': None, 'trustor_id': None, 'trustee_id': None, 'domain_name': None, 'group_ids': [], 'user_id': '968da24399ef43dd862d1bf82a4866a9', 'user_domain_id': 'default', 'system_scope': 'all', 'project_id': None, 'project_domain_id': None, 'roles': ['admin', 'member', 'reader'], 'is_admin_project': True, 'service_user_id': None, 'service_user_domain_id': None, 'service_project_id': None, 'service_project_domain_id': None, 'service_roles': []} {{(pid=82026) fill_context /opt/stack/keystone/keystone/server/flask/request_processing/middleware/auth_context.py:478}}
Oct 05 09:27:38.958784 n-d-858384-6 devstack@keystone.service[82025]: DEBUG keystone.server.flask.request_processing.middleware.auth_context [None req-2dbbdb5c-69b2-452b-bde5-f62422f1be8d None admin] RBAC: auth_context: {'token': , 'domain_id': None, 'trust_id': None, 'trustor_id': None, 'trustee_id': None, 'domain_name': None, 'group_ids': [], 'user_id': '968da24399ef43dd862d1bf82a4866a9', 'user_domain_id': 'default', 'system_scope': 'all', 'project_id': None, 'project_domain_id': None, 'roles': ['admin', 'member', 'reader'], 'is_admin_project': True, 'service_user_id': None, 'service_user_domain_id': None, 'service_project_id': None, 'service_project_domain_id': None, 'service_roles': []} {{(pid=82025) fill_context /opt/stack/keystone/keystone/server/flask/request_processing/middleware/auth_context.py:478}}
Oct 05 09:27:38.959189 n-d-858384-6 devstack@keystone.service[82026]: DEBUG keystone.server.flask.request_processing.req_logging [None req-ce4deba5-3745-455d-adab-372ef9004e4c None admin] REQUEST_METHOD: `GET` {{(pid=82026) log_request_info /opt/stack/keystone/keystone/server/flask/request_processing/req_logging.py:27}}
Oct 05 09:27:38.959388 n-d-858384-6 devstack@keystone.service[82025]: DEBUG keystone.server.flask.request_processing.req_logging [None req-2dbbdb5c-69b2-452b-bde5-f62422f1be8d None admin] REQUEST_METHOD: `GET` {{(pid=82025) log_request_info /opt/stack/keystone/keystone/server/flask/request_processing/req_logging.py:27}}
Oct 05 09:27:38.959486 n-d-858384-6 devstack@keystone.service[82026]: DEBUG keystone.server.flask.request_processing.req_logging [None req-ce4deba5-3745-455d-adab-372ef9004e4c None admin] SCRIPT_NAME: `/identity` {{(pid=82026) log_request_info /opt/stack/keystone/keystone/server/flask/request_processing/req_logging.py:28}}
Oct 05 09:27:38.959727 n-d-858384-6 devstack@keystone.service[82025]: DEBUG keystone.server.flask.request_processing.req_logging [None req-2dbbdb5c-69b2-452b-bde5-f62422f1be8d None admin] SCRIPT_NAME: `/identity` {{(pid=82025) log_request_info /opt/stack/keystone/keystone/server/flask/request_processing/req_logging.py:28}}
Oct 05 09:27:38.959822 n-d-858384-6 devstack@keystone.service[82026]: DEBUG keystone.server.flask.request_processing.req_logging [None req-ce4deba5-3745-455d-adab-372ef9004e4c None admin] PATH_INFO: `/v3/projects/60f8ac393014485c8a4f1e2b769587ad` {{(pid=82026) log_request_info /opt/stack/keystone/keystone/server/flask/request_processing/req_logging.py:29}}
Oct 05 09:27:38.959984 n-d-858384-6 devstack@keystone.service[82025]: DEBUG keystone.server.flask.request_processing.req_logging [None req-2dbbdb5c-69b2-452b-bde5-f62422f1be8d None admin] PATH_INFO: `/v3/role_assignments` {{(pid=82025) log_request_info /opt/stack/keystone/keystone/server/flask/request_processing/req_logging.py:29}}
Oct 05 09:27:38.960683 n-d-858384-6 devstack@keystone.service[82025]: DEBUG keystone.common.rbac_enforcer.enforcer [None req-2dbbdb5c-69b2-452b-bde5-f62422f1be8d None admin] RBAC: Adding query filter params (group.id=6679048a5abb4bac9685210795ff775c, role.id=d95659049da444a085dd3eee78167ec2, scope.project.id=19d42f94311a4d689ce6e19fb9ebb296) {{(pid=82025) _extract_filter_values /opt/stack/keystone/keystone/common/rbac_enforcer/enforcer.py:167}}
Oct 05 09:27:38.960874 n-d-858384-6 devstack@keystone.service[82026]: DEBUG keystone.common.rbac_enforcer.enforcer [None req-ce4deba5-3745-455d-adab-372ef9004e4c None admin] RBAC: Authorizing `identity:get_project(project_id=60f8ac393014485c8a4f1e2b769587ad)` {{(pid=82026) enforce_call /opt/stack/keystone/keystone/common/rbac_enforcer/enforcer.py:449}}
Oct 05 09:27:38.961030 n-d-858384-6 devstack@keystone.service[82025]: DEBUG keystone.common.rbac_enforcer.enforcer [None req-2dbbdb5c-69b2-452b-bde5-f62422f1be8d None admin] RBAC: Authorizing `identity:list_role_assignments()` {{(pid=82025) enforce_call /opt/stack/keystone/keystone/common/rbac_enforcer/enforcer.py:449}}
Oct 05 09:27:38.962327 n-d-858384-6 devstack@keystone.service[82026]: DEBUG keystone.common.rbac_enforcer.enforcer [None req-ce4deba5-3745-455d-adab-372ef9004e4c None admin] RBAC: Authorization granted {{(pid=82026) enforce_call /opt/stack/keystone/keystone/common/rbac_enforcer/enforcer.py:457}}
Oct 05 09:27:38.962428 n-d-858384-6 devstack@keystone.service[82025]: DEBUG keystone.common.rbac_enforcer.enforcer [None req-2dbbdb5c-69b2-452b-bde5-f62422f1be8d None admin] RBAC: Authorization granted {{(pid=82025) enforce_call /opt/stack/keystone/keystone/common/rbac_enforcer/enforcer.py:457}}
Oct 05 09:27:38.965727 n-d-858384-6 devstack@keystone.service[82026]: [pid: 82026|app: 0|req: 181/362] 10.222.0.20 () {56 vars in 1186 bytes} [Wed Oct 5 09:27:38 2022] GET /identity/v3/projects/60f8ac393014485c8a4f1e2b769587ad => generated 302 bytes in 178 msecs (HTTP/1.1 200) 5 headers in 177 bytes (1 switches on core 0)
Oct 05 09:27:38.965727 n-d-858384-6 devstack@keystone.service[82026]: DEBUG keystone.server.flask.request_processing.middleware.auth_context [None req-ce4deba5-3745-455d-adab-372ef9004e4c None admin] Authenticating user token {{(pid=82026) process_request /usr/local/lib/python3.8/dist-packages/keystonemiddleware/auth_token/__init__.py:407}}
Oct 05 09:27:38.969640 n-d-858384-6 devstack@keystone.service[82025]: [pid: 82025|app: 0|req: 182/363] 10.222.0.20 () {56 vars in 1376 bytes} [Wed Oct 5 09:27:38 2022] GET /identity/v3/role_assignments?group.id=6679048a5abb4bac9685210795ff775c&scope.project.id=19d42f94311a4d689ce6e19fb9ebb296&role.id=d95659049da444a085dd3eee78167ec2 => generated 260 bytes in 201 msecs (HTTP/1.1 200) 5 headers in 177 bytes (1 switches on core 0)
Oct 05 09:27:38.971805 n-d-858384-6 devstack@keystone.service[82025]: DEBUG keystone.server.flask.request_processing.req_logging [None req-17256dd0-59b8-41ea-9a3a-7d73ca1f0201 None None] REQUEST_METHOD: `POST` {{(pid=82025) log_request_info /opt/stack/keystone/keystone/server/flask/request_processing/req_logging.py:27}}
Oct 05 09:27:38.972082 n-d-858384-6 devstack@keystone.service[82025]: DEBUG keystone.server.flask.request_processing.req_logging [None req-17256dd0-59b8-41ea-9a3a-7d73ca1f0201 None None] SCRIPT_NAME: `/identity` {{(pid=82025) log_request_info /opt/stack/keystone/keystone/server/flask/request_processing/req_logging.py:28}}
Oct 05 09:27:38.972347 n-d-858384-6 devstack@keystone.service[82025]: DEBUG keystone.server.flask.request_processing.req_logging [None req-17256dd0-59b8-41ea-9a3a-7d73ca1f0201 None None] PATH_INFO: `/v3/auth/tokens` {{(pid=82025) log_request_info /opt/stack/keystone/keystone/server/flask/request_processing/req_logging.py:29}}
Oct 05 09:27:38.999177 n-d-858384-6 devstack@keystone.service[82025]: DEBUG keystone.auth.core [None req-17256dd0-59b8-41ea-9a3a-7d73ca1f0201 None None] MFA Rules not processed for user `968da24399ef43dd862d1bf82a4866a9`. Rule list: `[]` (Enabled: `True`). {{(pid=82025) check_auth_methods_against_rules /opt/stack/keystone/keystone/auth/core.py:438}}
Oct 05 09:27:39.001166 n-d-858384-6 devstack@keystone.service[82025]: DEBUG keystone.common.fernet_utils [None req-17256dd0-59b8-41ea-9a3a-7d73ca1f0201 None None] Loaded 2 Fernet keys from /etc/keystone/fernet-keys/, but `[fernet_tokens] max_active_keys = 3`; perhaps there have not been enough key rotations to reach `max_active_keys` yet? {{(pid=82025) load_keys /opt/stack/keystone/keystone/common/fernet_utils.py:286}}
Oct 05 09:27:39.004791 n-d-858384-6 devstack@keystone.service[82025]: DEBUG dbcounter [-] [82025] Writing DB stats keystone:SELECT=100 {{(pid=82025) stat_writer /usr/local/lib/python3.8/dist-packages/dbcounter.py:114}}
Oct 05 09:27:39.101431 n-d-858384-6 devstack@keystone.service[82025]: [pid: 82025|app: 0|req: 183/364] 10.222.0.20 () {58 vars in 1024 bytes} [Wed Oct 5 09:27:38 2022] POST /identity/v3/auth/tokens => generated 799 bytes in 131 msecs (HTTP/1.1 201) 6 headers in 363 bytes (1 switches on core 0)
Oct 05 09:27:39.102222 n-d-858384-6 devstack@keystone.service[82025]: DEBUG keystone.server.flask.request_processing.middleware.auth_context [None req-17256dd0-59b8-41ea-9a3a-7d73ca1f0201 None None] Authenticating user token {{(pid=82025) process_request /usr/local/lib/python3.8/dist-packages/keystonemiddleware/auth_token/__init__.py:407}}
Oct 05 09:27:39.122919 n-d-858384-6 devstack@keystone.service[82026]: DEBUG keystone.server.flask.request_processing.middleware.auth_context [None req-ce4deba5-3745-455d-adab-372ef9004e4c None admin] Validating token access rules against request {{(pid=82026) validate_allowed_request /usr/local/lib/python3.8/dist-packages/keystonemiddleware/auth_token/__init__.py:545}}
Oct 05 09:27:39.172622 n-d-858384-6 devstack@keystone.service[82026]: DEBUG keystone.server.flask.request_processing.middleware.auth_context [None req-b4bc0c79-121b-4090-adad-8cd3380c24ce None admin] RBAC: auth_context: {'token': , 'domain_id': None, 'trust_id': None, 'trustor_id': None, 'trustee_id': None, 'domain_name': None, 'group_ids': [], 'user_id': '968da24399ef43dd862d1bf82a4866a9', 'user_domain_id': 'default', 'system_scope': 'all', 'project_id': None, 'project_domain_id': None, 'roles': ['admin', 'member', 'reader'], 'is_admin_project': True, 'service_user_id': None, 'service_user_domain_id': None, 'service_project_id': None, 'service_project_domain_id': None, 'service_roles': []} {{(pid=82026) fill_context /opt/stack/keystone/keystone/server/flask/request_processing/middleware/auth_context.py:478}}
Oct 05 09:27:39.173230 n-d-858384-6 devstack@keystone.service[82026]: DEBUG keystone.server.flask.request_processing.req_logging [None req-b4bc0c79-121b-4090-adad-8cd3380c24ce None admin] REQUEST_METHOD: `GET` {{(pid=82026) log_request_info /opt/stack/keystone/keystone/server/flask/request_processing/req_logging.py:27}}
Oct 05 09:27:39.173506 n-d-858384-6 devstack@keystone.service[82026]: DEBUG keystone.server.flask.request_processing.req_logging [None req-b4bc0c79-121b-4090-adad-8cd3380c24ce None admin] SCRIPT_NAME: `/identity` {{(pid=82026) log_request_info /opt/stack/keystone/keystone/server/flask/request_processing/req_logging.py:28}}
Oct 05 09:27:39.173783 n-d-858384-6 devstack@keystone.service[82026]: DEBUG keystone.server.flask.request_processing.req_logging [None req-b4bc0c79-121b-4090-adad-8cd3380c24ce None admin] PATH_INFO: `/v3/groups/6679048a5abb4bac9685210795ff775c` {{(pid=82026) log_request_info /opt/stack/keystone/keystone/server/flask/request_processing/req_logging.py:29}}
Oct 05 09:27:39.175006 n-d-858384-6 devstack@keystone.service[82026]: DEBUG keystone.common.rbac_enforcer.enforcer [None req-b4bc0c79-121b-4090-adad-8cd3380c24ce None admin] RBAC: Authorizing `identity:get_group(group_id=6679048a5abb4bac9685210795ff775c)` {{(pid=82026) enforce_call /opt/stack/keystone/keystone/common/rbac_enforcer/enforcer.py:449}}
Oct 05 09:27:39.176699 n-d-858384-6 devstack@keystone.service[82026]: DEBUG keystone.common.rbac_enforcer.enforcer [None req-b4bc0c79-121b-4090-adad-8cd3380c24ce None admin] RBAC: Authorization granted {{(pid=82026) enforce_call /opt/stack/keystone/keystone/common/rbac_enforcer/enforcer.py:457}}
Oct 05 09:27:39.178364 n-d-858384-6 devstack@keystone.service[82026]: [pid: 82026|app: 0|req: 182/365] 10.222.0.20 () {56 vars in 1180 bytes} [Wed Oct 5 09:27:38 2022] GET /identity/v3/groups/6679048a5abb4bac9685210795ff775c => generated 226 bytes in 214 msecs (HTTP/1.1 200) 5 headers in 177 bytes (1 switches on core 0)
Oct 05 09:27:39.179122 n-d-858384-6 devstack@keystone.service[82026]: DEBUG keystone.server.flask.request_processing.middleware.auth_context [None req-b4bc0c79-121b-4090-adad-8cd3380c24ce None admin] Authenticating user token {{(pid=82026) process_request /usr/local/lib/python3.8/dist-packages/keystonemiddleware/auth_token/__init__.py:407}}
Oct 05 09:27:39.232732 n-d-858384-6 devstack@keystone.service[82026]: DEBUG dbcounter [-] [82026] Writing DB stats keystone:SELECT=100 {{(pid=82026) stat_writer /usr/local/lib/python3.8/dist-packages/dbcounter.py:114}}
Oct 05 09:27:39.234793 n-d-858384-6 devstack@keystone.service[82025]: DEBUG keystone.server.flask.request_processing.middleware.auth_context [None req-17256dd0-59b8-41ea-9a3a-7d73ca1f0201 None None] Validating token access rules against request {{(pid=82025) validate_allowed_request /usr/local/lib/python3.8/dist-packages/keystonemiddleware/auth_token/__init__.py:545}}
Oct 05 09:27:39.276042 n-d-858384-6 devstack@keystone.service[82025]: DEBUG keystone.server.flask.request_processing.middleware.auth_context [None req-5f127a40-0aec-42d8-ac7d-ce16180fe3f5 None admin] RBAC: auth_context: {'token': , 'domain_id': None, 'trust_id': None, 'trustor_id': None, 'trustee_id': None, 'domain_name': None, 'group_ids': [], 'user_id': '968da24399ef43dd862d1bf82a4866a9', 'user_domain_id': 'default', 'system_scope': 'all', 'project_id': None, 'project_domain_id': None, 'roles': ['admin', 'member', 'reader'], 'is_admin_project': True, 'service_user_id': None, 'service_user_domain_id': None, 'service_project_id': None, 'service_project_domain_id': None, 'service_roles': []} {{(pid=82025) fill_context /opt/stack/keystone/keystone/server/flask/request_processing/middleware/auth_context.py:478}}
Oct 05 09:27:39.276693 n-d-858384-6 devstack@keystone.service[82025]: DEBUG keystone.server.flask.request_processing.req_logging [None req-5f127a40-0aec-42d8-ac7d-ce16180fe3f5 None admin] REQUEST_METHOD: `GET` {{(pid=82025) log_request_info /opt/stack/keystone/keystone/server/flask/request_processing/req_logging.py:27}}
Oct 05 09:27:39.276966 n-d-858384-6 devstack@keystone.service[82025]: DEBUG keystone.server.flask.request_processing.req_logging [None req-5f127a40-0aec-42d8-ac7d-ce16180fe3f5 None admin] SCRIPT_NAME: `/identity` {{(pid=82025) log_request_info /opt/stack/keystone/keystone/server/flask/request_processing/req_logging.py:28}}
Oct 05 09:27:39.277228 n-d-858384-6 devstack@keystone.service[82025]: DEBUG keystone.server.flask.request_processing.req_logging [None req-5f127a40-0aec-42d8-ac7d-ce16180fe3f5 None admin] PATH_INFO: `/v3/groups/6679048a5abb4bac9685210795ff775c` {{(pid=82025) log_request_info /opt/stack/keystone/keystone/server/flask/request_processing/req_logging.py:29}}
Oct 05 09:27:39.278374 n-d-858384-6 devstack@keystone.service[82025]: DEBUG keystone.common.rbac_enforcer.enforcer [None req-5f127a40-0aec-42d8-ac7d-ce16180fe3f5 None admin] RBAC: Authorizing `identity:get_group(group_id=6679048a5abb4bac9685210795ff775c)` {{(pid=82025) enforce_call /opt/stack/keystone/keystone/common/rbac_enforcer/enforcer.py:449}}
Oct 05 09:27:39.279859 n-d-858384-6 devstack@keystone.service[82025]: DEBUG keystone.common.rbac_enforcer.enforcer [None req-5f127a40-0aec-42d8-ac7d-ce16180fe3f5 None admin] RBAC: Authorization granted {{(pid=82025) enforce_call /opt/stack/keystone/keystone/common/rbac_enforcer/enforcer.py:457}}
Oct 05 09:27:39.281477 n-d-858384-6 devstack@keystone.service[82025]: [pid: 82025|app: 0|req: 184/366] 10.222.0.20 () {56 vars in 1180 bytes} [Wed Oct 5 09:27:39 2022] GET /identity/v3/groups/6679048a5abb4bac9685210795ff775c => generated 226 bytes in 180 msecs (HTTP/1.1 200) 5 headers in 177 bytes (1 switches on core 0)
Oct 05 09:27:39.282274 n-d-858384-6 devstack@keystone.service[82025]: DEBUG keystone.server.flask.request_processing.middleware.auth_context [None req-5f127a40-0aec-42d8-ac7d-ce16180fe3f5 None admin] Authenticating user token {{(pid=82025) process_request /usr/local/lib/python3.8/dist-packages/keystonemiddleware/auth_token/__init__.py:407}}
Oct 05 09:27:39.292091 n-d-858384-6 devstack@keystone.service[82025]: DEBUG dbcounter [-] [82025] Writing DB stats keystone:SELECT=100 {{(pid=82025) stat_writer /usr/local/lib/python3.8/dist-packages/dbcounter.py:114}}
Oct 05 09:27:39.327374 n-d-858384-6 devstack@keystone.service[82026]: DEBUG keystone.server.flask.request_processing.middleware.auth_context [None req-b4bc0c79-121b-4090-adad-8cd3380c24ce None admin] Validating token access rules against request {{(pid=82026) validate_allowed_request /usr/local/lib/python3.8/dist-packages/keystonemiddleware/auth_token/__init__.py:545}}
Oct 05 09:27:39.372565 n-d-858384-6 devstack@keystone.service[82026]: DEBUG keystone.server.flask.request_processing.middleware.auth_context [None req-5c22e54b-7463-49c5-9d5e-b203dbcd25f2 None admin] RBAC: auth_context: {'token': , 'domain_id': None, 'trust_id': None, 'trustor_id': None, 'trustee_id': None, 'domain_name': None, 'group_ids': [], 'user_id': '968da24399ef43dd862d1bf82a4866a9', 'user_domain_id': 'default', 'system_scope': 'all', 'project_id': None, 'project_domain_id': None, 'roles': ['admin', 'member', 'reader'], 'is_admin_project': True, 'service_user_id': None, 'service_user_domain_id': None, 'service_project_id': None, 'service_project_domain_id': None, 'service_roles': []} {{(pid=82026) fill_context /opt/stack/keystone/keystone/server/flask/request_processing/middleware/auth_context.py:478}}
Oct 05 09:27:39.373223 n-d-858384-6 devstack@keystone.service[82026]: DEBUG keystone.server.flask.request_processing.req_logging [None req-5c22e54b-7463-49c5-9d5e-b203dbcd25f2 None admin] REQUEST_METHOD: `GET` {{(pid=82026) log_request_info /opt/stack/keystone/keystone/server/flask/request_processing/req_logging.py:27}}
Oct 05 09:27:39.373497 n-d-858384-6 devstack@keystone.service[82026]: DEBUG keystone.server.flask.request_processing.req_logging [None req-5c22e54b-7463-49c5-9d5e-b203dbcd25f2 None admin] SCRIPT_NAME: `/identity` {{(pid=82026) log_request_info /opt/stack/keystone/keystone/server/flask/request_processing/req_logging.py:28}}
Oct 05 09:27:39.374352 n-d-858384-6 devstack@keystone.service[82026]: DEBUG keystone.server.flask.request_processing.req_logging [None req-5c22e54b-7463-49c5-9d5e-b203dbcd25f2 None admin] PATH_INFO: `/v3/roles/anotherrole` {{(pid=82026) log_request_info /opt/stack/keystone/keystone/server/flask/request_processing/req_logging.py:29}}
Oct 05 09:27:39.392412 n-d-858384-6 devstack@keystone.service[82026]: DEBUG keystone.common.rbac_enforcer.enforcer [None req-5c22e54b-7463-49c5-9d5e-b203dbcd25f2 None admin] Extracting inferred target data resulted in "NOT FOUND (404)". {{(pid=82026) enforce_call /opt/stack/keystone/keystone/common/rbac_enforcer/enforcer.py:409}}
Oct 05 09:27:39.398239 n-d-858384-6 devstack@keystone.service[82026]: ERROR keystone.server.flask.application [None req-5c22e54b-7463-49c5-9d5e-b203dbcd25f2 None admin] Could not find role: anotherrole.: keystone.exception.RoleNotFound: Could not find role: anotherrole.
Oct 05 09:27:39.398239 n-d-858384-6 devstack@keystone.service[82026]: ERROR keystone.server.flask.application
Traceback (most recent call last):
Oct 05 09:27:39.398239 n-d-858384-6 devstack@keystone.service[82026]: ERROR keystone.server.flask.application
File "/usr/local/lib/python3.8/dist-packages/flask/app.py", line 1820, in full_dispatch_request
Oct 05 09:27:39.398239 n-d-858384-6 devstack@keystone.service[82026]: ERROR keystone.server.flask.application rv = self.dispatch_request()
Oct 05 09:27:39.398239 n-d-858384-6 devstack@keystone.service[82026]: ERROR keystone.server.flask.application
File "/usr/local/lib/python3.8/dist-packages/flask/app.py", line 1796, in dispatch_request
Oct 05 09:27:39.398239 n-d-858384-6 devstack@keystone.service[82026]: ERROR keystone.server.flask.application return self.ensure_sync(self.view_functions[rule.endpoint])(**view_args)
Oct 05 09:27:39.398239 n-d-858384-6 devstack@keystone.service[82026]: ERROR keystone.server.flask.application
File "/usr/local/lib/python3.8/dist-packages/flask_restful/__init__.py", line 467, in wrapper
Oct 05 09:27:39.398239 n-d-858384-6 devstack@keystone.service[82026]: ERROR keystone.server.flask.application resp = resource(*args, **kwargs)
Oct 05 09:27:39.398239 n-d-858384-6 devstack@keystone.service[82026]: ERROR keystone.server.flask.application
File "/usr/local/lib/python3.8/dist-packages/flask/views.py", line 107, in view
Oct 05 09:27:39.398239 n-d-858384-6 devstack@keystone.service[82026]: ERROR keystone.server.flask.application return current_app.ensure_sync(self.dispatch_request)(**kwargs)
Oct 05 09:27:39.398239 n-d-858384-6 devstack@keystone.service[82026]: ERROR keystone.server.flask.application
File "/usr/local/lib/python3.8/dist-packages/flask_restful/__init__.py", line 582, in dispatch_request
Oct 05 09:27:39.398239 n-d-858384-6 devstack@keystone.service[82026]: ERROR keystone.server.flask.application resp = meth(*args, **kwargs)
Oct 05 09:27:39.398239 n-d-858384-6 devstack@keystone.service[82026]: ERROR keystone.server.flask.application
File "/opt/stack/keystone/keystone/api/roles.py", line 50, in get
Oct 05 09:27:39.398239 n-d-858384-6 devstack@keystone.service[82026]: ERROR keystone.server.flask.application return self._get_role(role_id)
Oct 05 09:27:39.398239 n-d-858384-6 devstack@keystone.service[82026]: ERROR keystone.server.flask.application
File "/opt/stack/keystone/keystone/api/roles.py", line 70, in _get_role
Oct 05 09:27:39.398239 n-d-858384-6 devstack@keystone.service[82026]: ERROR keystone.server.flask.application ENFORCER.enforce_call(action='identity:get_role')
Oct 05 09:27:39.399515 n-d-858384-6 devstack@keystone.service[82026]: ERROR keystone.server.flask.application
File "/opt/stack/keystone/keystone/common/rbac_enforcer/enforcer.py", line 402, in enforce_call
Oct 05 09:27:39.399515 n-d-858384-6 devstack@keystone.service[82026]: ERROR keystone.server.flask.application policy_dict.update(cls._extract_member_target_data(
Oct 05 09:27:39.399515 n-d-858384-6 devstack@keystone.service[82026]: ERROR keystone.server.flask.application
File "/opt/stack/keystone/keystone/common/rbac_enforcer/enforcer.py", line 234, in _extract_member_target_data
Oct 05 09:27:39.399515 n-d-858384-6 devstack@keystone.service[82026]: ERROR keystone.server.flask.application member_name: func(flask.request.view_args[key])
Oct 05 09:27:39.399515 n-d-858384-6 devstack@keystone.service[82026]: ERROR keystone.server.flask.application
File "/opt/stack/keystone/keystone/common/manager.py", line 115, in wrapped
Oct 05 09:27:39.399515 n-d-858384-6 devstack@keystone.service[82026]: ERROR keystone.server.flask.application __ret_val = __f(*args, **kwargs)
Oct 05 09:27:39.399515 n-d-858384-6 devstack@keystone.service[82026]: ERROR keystone.server.flask.application
File "/usr/local/lib/python3.8/dist-packages/decorator.py", line 232, in fun
Oct 05 09:27:39.399515 n-d-858384-6 devstack@keystone.service[82026]: ERROR keystone.server.flask.application return caller(func, *(extras + args), **kw)
Oct 05 09:27:39.399515 n-d-858384-6 devstack@keystone.service[82026]: ERROR keystone.server.flask.application
File "/usr/local/lib/python3.8/dist-packages/dogpile/cache/region.py", line 1577, in get_or_create_for_user_func
Oct 05 09:27:39.399515 n-d-858384-6 devstack@keystone.service[82026]: ERROR keystone.server.flask.application return self.get_or_create(
Oct 05 09:27:39.399515 n-d-858384-6 devstack@keystone.service[82026]: ERROR keystone.server.flask.application
File "/usr/local/lib/python3.8/dist-packages/dogpile/cache/region.py", line 1042, in get_or_create
Oct 05 09:27:39.399515 n-d-858384-6 devstack@keystone.service[82026]: ERROR keystone.server.flask.application with Lock(
Oct 05 09:27:39.399515 n-d-858384-6 devstack@keystone.service[82026]: ERROR keystone.server.flask.application
File "/usr/local/lib/python3.8/dist-packages/dogpile/lock.py", line 185, in __enter__
Oct 05 09:27:39.399515 n-d-858384-6 devstack@keystone.service[82026]: ERROR keystone.server.flask.application return self._enter()
Oct 05 09:27:39.399515 n-d-858384-6 devstack@keystone.service[82026]: ERROR keystone.server.flask.application
File "/usr/local/lib/python3.8/dist-packages/dogpile/lock.py", line 94, in _enter
Oct 05 09:27:39.399515 n-d-858384-6 devstack@keystone.service[82026]: ERROR keystone.server.flask.application generated = self._enter_create(value, createdtime)
Oct 05 09:27:39.400536 n-d-858384-6 devstack@keystone.service[82026]: ERROR keystone.server.flask.application
File "/usr/local/lib/python3.8/dist-packages/dogpile/lock.py", line 178, in _enter_create
Oct 05 09:27:39.400536 n-d-858384-6 devstack@keystone.service[82026]: ERROR keystone.server.flask.application return self.creator()
Oct 05 09:27:39.400536 n-d-858384-6 devstack@keystone.service[82026]: ERROR keystone.server.flask.application
File "/usr/local/lib/python3.8/dist-packages/dogpile/cache/region.py", line 995, in gen_value
Oct 05 09:27:39.400536 n-d-858384-6 devstack@keystone.service[82026]: ERROR keystone.server.flask.application created_value = creator(
Oct 05 09:27:39.400536 n-d-858384-6 devstack@keystone.service[82026]: ERROR keystone.server.flask.application
File "/opt/stack/keystone/keystone/assignment/core.py", line 1276, in get_role
Oct 05 09:27:39.400536 n-d-858384-6 devstack@keystone.service[82026]: ERROR keystone.server.flask.application return self.driver.get_role(role_id)
Oct 05 09:27:39.400536 n-d-858384-6 devstack@keystone.service[82026]: ERROR keystone.server.flask.application
File "/opt/stack/keystone/keystone/assignment/role_backends/sql.py", line 70, in get_role
Oct 05 09:27:39.400536 n-d-858384-6 devstack@keystone.service[82026]: ERROR keystone.server.flask.application return self._get_role(session, role_id).to_dict()
Oct 05 09:27:39.400536 n-d-858384-6 devstack@keystone.service[82026]: ERROR keystone.server.flask.application
File "/opt/stack/keystone/keystone/assignment/role_backends/sql.py", line 65, in _get_role
Oct 05 09:27:39.400536 n-d-858384-6 devstack@keystone.service[82026]: ERROR keystone.server.flask.application raise exception.RoleNotFound(role_id=role_id)
Oct 05 09:27:39.400536 n-d-858384-6 devstack@keystone.service[82026]: ERROR keystone.server.flask.application keystone.exception.RoleNotFound: Could not find role: anotherrole.
Oct 05 09:27:39.400536 n-d-858384-6 devstack@keystone.service[82026]: ERROR keystone.server.flask.application
Oct 05 09:27:39.400536 n-d-858384-6 devstack@keystone.service[82026]: [pid: 82026|app: 0|req: 183/367] 10.222.0.20 () {56 vars in 1114 bytes} [Wed Oct 5 09:27:39 2022] GET /identity/v3/roles/anotherrole => generated 89 bytes in 221 msecs (HTTP/1.1 404) 5 headers in 183 bytes (1 switches on core 0)
Oct 05 09:27:39.401227 n-d-858384-6 devstack@keystone.service[82026]: DEBUG keystone.server.flask.request_processing.middleware.auth_context [None req-5c22e54b-7463-49c5-9d5e-b203dbcd25f2 None admin] Authenticating user token {{(pid=82026) process_request /usr/local/lib/python3.8/dist-packages/keystonemiddleware/auth_token/__init__.py:407}}
Oct 05 09:27:39.412694 n-d-858384-6 devstack@keystone.service[82025]: DEBUG keystone.server.flask.request_processing.middleware.auth_context [None req-5f127a40-0aec-42d8-ac7d-ce16180fe3f5 None admin] Validating token access rules against request {{(pid=82025) validate_allowed_request /usr/local/lib/python3.8/dist-packages/keystonemiddleware/auth_token/__init__.py:545}}
Oct 05 09:27:39.460898 n-d-858384-6 devstack@keystone.service[82025]: DEBUG keystone.server.flask.request_processing.middleware.auth_context [None req-ef9edc68-b685-4175-8a25-bedc63fee09d None admin] RBAC: auth_context: {'token': , 'domain_id': None, 'trust_id': None, 'trustor_id': None, 'trustee_id': None, 'domain_name': None, 'group_ids': [], 'user_id': '968da24399ef43dd862d1bf82a4866a9', 'user_domain_id': 'default', 'system_scope': 'all', 'project_id': None, 'project_domain_id': None, 'roles': ['admin', 'member', 'reader'], 'is_admin_project': True, 'service_user_id': None, 'service_user_domain_id': None, 'service_project_id': None, 'service_project_domain_id': None, 'service_roles': []} {{(pid=82025) fill_context /opt/stack/keystone/keystone/server/flask/request_processing/middleware/auth_context.py:478}}
Oct 05 09:27:39.460898 n-d-858384-6 devstack@keystone.service[82025]: DEBUG keystone.server.flask.request_processing.req_logging [None req-ef9edc68-b685-4175-8a25-bedc63fee09d None admin] REQUEST_METHOD: `GET` {{(pid=82025) log_request_info /opt/stack/keystone/keystone/server/flask/request_processing/req_logging.py:27}}
Oct 05 09:27:39.460898 n-d-858384-6 devstack@keystone.service[82025]: DEBUG keystone.server.flask.request_processing.req_logging [None req-ef9edc68-b685-4175-8a25-bedc63fee09d None admin] SCRIPT_NAME: `/identity` {{(pid=82025) log_request_info /opt/stack/keystone/keystone/server/flask/request_processing/req_logging.py:28}}
Oct 05 09:27:39.460898 n-d-858384-6 devstack@keystone.service[82025]: DEBUG keystone.server.flask.request_processing.req_logging [None req-ef9edc68-b685-4175-8a25-bedc63fee09d None admin] PATH_INFO: `/v3/role_assignments` {{(pid=82025) log_request_info /opt/stack/keystone/keystone/server/flask/request_processing/req_logging.py:29}}
Oct 05 09:27:39.461277 n-d-858384-6 devstack@keystone.service[82025]: DEBUG keystone.common.rbac_enforcer.enforcer [None req-ef9edc68-b685-4175-8a25-bedc63fee09d None admin] RBAC: Adding query filter params (group.id=6679048a5abb4bac9685210795ff775c, role.id=00939a9393fe4fe5825e80a07cf03384, scope.project.id=19d42f94311a4d689ce6e19fb9ebb296) {{(pid=82025) _extract_filter_values /opt/stack/keystone/keystone/common/rbac_enforcer/enforcer.py:167}}
Oct 05 09:27:39.462202 n-d-858384-6 devstack@keystone.service[82025]: DEBUG keystone.common.rbac_enforcer.enforcer [None req-ef9edc68-b685-4175-8a25-bedc63fee09d None admin] RBAC: Authorizing `identity:list_role_assignments()` {{(pid=82025) enforce_call /opt/stack/keystone/keystone/common/rbac_enforcer/enforcer.py:449}}
Oct 05 09:27:39.463398 n-d-858384-6 devstack@keystone.service[82025]: DEBUG keystone.common.rbac_enforcer.enforcer [None req-ef9edc68-b685-4175-8a25-bedc63fee09d None admin] RBAC: Authorization granted {{(pid=82025) enforce_call /opt/stack/keystone/keystone/common/rbac_enforcer/enforcer.py:457}}
Oct 05 09:27:39.469459 n-d-858384-6 devstack@keystone.service[82025]: [pid: 82025|app: 0|req: 185/368] 10.222.0.20 () {56 vars in 1376 bytes} [Wed Oct 5 09:27:39 2022] GET /identity/v3/role_assignments?group.id=6679048a5abb4bac9685210795ff775c&scope.project.id=19d42f94311a4d689ce6e19fb9ebb296&role.id=00939a9393fe4fe5825e80a07cf03384 => generated 260 bytes in 187 msecs (HTTP/1.1 200) 5 headers in 177 bytes (1 switches on core 0)
Oct 05 09:27:39.470045 n-d-858384-6 devstack@keystone.service[82025]: DEBUG keystone.server.flask.request_processing.middleware.auth_context [None req-ef9edc68-b685-4175-8a25-bedc63fee09d None admin] Authenticating user token {{(pid=82025) process_request /usr/local/lib/python3.8/dist-packages/keystonemiddleware/auth_token/__init__.py:407}}
Oct 05 09:27:39.536701 n-d-858384-6 devstack@keystone.service[82026]: DEBUG dbcounter [-] [82026] Writing DB stats keystone:SELECT=100 {{(pid=82026) stat_writer /usr/local/lib/python3.8/dist-packages/dbcounter.py:114}}
Oct 05 09:27:39.546062 n-d-858384-6 devstack@keystone.service[82026]: DEBUG keystone.server.flask.request_processing.middleware.auth_context [None req-5c22e54b-7463-49c5-9d5e-b203dbcd25f2 None admin] Validating token access rules against request {{(pid=82026) validate_allowed_request /usr/local/lib/python3.8/dist-packages/keystonemiddleware/auth_token/__init__.py:545}}
Oct 05 09:27:39.581282 n-d-858384-6 devstack@keystone.service[82025]: DEBUG dbcounter [-] [82025] Writing DB stats keystone:SELECT=100 {{(pid=82025) stat_writer /usr/local/lib/python3.8/dist-packages/dbcounter.py:114}}
Oct 05 09:27:39.600190 n-d-858384-6 devstack@keystone.service[82026]: DEBUG keystone.server.flask.request_processing.middleware.auth_context [None req-c5c37649-ca38-4ca8-a56c-c4a6c351ddbe None admin] RBAC: auth_context: {'token': , 'domain_id': None, 'trust_id': None, 'trustor_id': None, 'trustee_id': None, 'domain_name': None, 'group_ids': [], 'user_id': '968da24399ef43dd862d1bf82a4866a9', 'user_domain_id': 'default', 'system_scope': 'all', 'project_id': None, 'project_domain_id': None, 'roles': ['admin', 'member', 'reader'], 'is_admin_project': True, 'service_user_id': None, 'service_user_domain_id': None, 'service_project_id': None, 'service_project_domain_id': None, 'service_roles': []} {{(pid=82026) fill_context /opt/stack/keystone/keystone/server/flask/request_processing/middleware/auth_context.py:478}}
Oct 05 09:27:39.601134 n-d-858384-6 devstack@keystone.service[82026]: DEBUG keystone.server.flask.request_processing.req_logging [None req-c5c37649-ca38-4ca8-a56c-c4a6c351ddbe None admin] REQUEST_METHOD: `GET` {{(pid=82026) log_request_info /opt/stack/keystone/keystone/server/flask/request_processing/req_logging.py:27}}
Oct 05 09:27:39.601415 n-d-858384-6 devstack@keystone.service[82026]: DEBUG keystone.server.flask.request_processing.req_logging [None req-c5c37649-ca38-4ca8-a56c-c4a6c351ddbe None admin] SCRIPT_NAME: `/identity` {{(pid=82026) log_request_info /opt/stack/keystone/keystone/server/flask/request_processing/req_logging.py:28}}
Oct 05 09:27:39.601685 n-d-858384-6 devstack@keystone.service[82026]: DEBUG keystone.server.flask.request_processing.req_logging [None req-c5c37649-ca38-4ca8-a56c-c4a6c351ddbe None admin] PATH_INFO: `/v3/role_assignments` {{(pid=82026) log_request_info /opt/stack/keystone/keystone/server/flask/request_processing/req_logging.py:29}}
Oct 05 09:27:39.602618 n-d-858384-6 devstack@keystone.service[82026]: DEBUG keystone.common.rbac_enforcer.enforcer [None req-c5c37649-ca38-4ca8-a56c-c4a6c351ddbe None admin] RBAC: Adding query filter params (group.id=6679048a5abb4bac9685210795ff775c, role.id=d95659049da444a085dd3eee78167ec2, scope.project.id=60f8ac393014485c8a4f1e2b769587ad) {{(pid=82026) _extract_filter_values /opt/stack/keystone/keystone/common/rbac_enforcer/enforcer.py:167}}
Oct 05 09:27:39.603339 n-d-858384-6 devstack@keystone.service[82026]: DEBUG keystone.common.rbac_enforcer.enforcer [None req-c5c37649-ca38-4ca8-a56c-c4a6c351ddbe None admin] RBAC: Authorizing `identity:list_role_assignments()` {{(pid=82026) enforce_call /opt/stack/keystone/keystone/common/rbac_enforcer/enforcer.py:449}}
Oct 05 09:27:39.604817 n-d-858384-6 devstack@keystone.service[82026]: DEBUG keystone.common.rbac_enforcer.enforcer [None req-c5c37649-ca38-4ca8-a56c-c4a6c351ddbe None admin] RBAC: Authorization granted {{(pid=82026) enforce_call /opt/stack/keystone/keystone/common/rbac_enforcer/enforcer.py:457}}
Oct 05 09:27:39.615660 n-d-858384-6 devstack@keystone.service[82026]: [pid: 82026|app: 0|req: 184/369] 10.222.0.20 () {56 vars in 1376 bytes} [Wed Oct 5 09:27:39 2022] GET /identity/v3/role_assignments?group.id=6679048a5abb4bac9685210795ff775c&scope.project.id=60f8ac393014485c8a4f1e2b769587ad&role.id=d95659049da444a085dd3eee78167ec2 => generated 260 bytes in 213 msecs (HTTP/1.1 200) 5 headers in 177 bytes (1 switches on core 0)
Oct 05 09:27:39.616631 n-d-858384-6 devstack@keystone.service[82026]: DEBUG keystone.server.flask.request_processing.middleware.auth_context [None req-c5c37649-ca38-4ca8-a56c-c4a6c351ddbe None admin] Authenticating user token {{(pid=82026) process_request /usr/local/lib/python3.8/dist-packages/keystonemiddleware/auth_token/__init__.py:407}}
Oct 05 09:27:39.625707 n-d-858384-6 devstack@keystone.service[82025]: DEBUG keystone.server.flask.request_processing.middleware.auth_context [None req-ef9edc68-b685-4175-8a25-bedc63fee09d None admin] Validating token access rules against request {{(pid=82025) validate_allowed_request /usr/local/lib/python3.8/dist-packages/keystonemiddleware/auth_token/__init__.py:545}}
Oct 05 09:27:39.703474 n-d-858384-6 devstack@keystone.service[82025]: DEBUG keystone.server.flask.request_processing.middleware.auth_context [None req-5dbac812-c824-46ea-ae32-19cacf949ce9 None admin] RBAC: auth_context: {'token': , 'domain_id': None, 'trust_id': None, 'trustor_id': None, 'trustee_id': None, 'domain_name': None, 'group_ids': [], 'user_id': '968da24399ef43dd862d1bf82a4866a9', 'user_domain_id': 'default', 'system_scope': 'all', 'project_id': None, 'project_domain_id': None, 'roles': ['admin', 'member', 'reader'], 'is_admin_project': True, 'service_user_id': None, 'service_user_domain_id': None, 'service_project_id': None, 'service_project_domain_id': None, 'service_roles': []} {{(pid=82025) fill_context /opt/stack/keystone/keystone/server/flask/request_processing/middleware/auth_context.py:478}}
Oct 05 09:27:39.704156 n-d-858384-6 devstack@keystone.service[82025]: DEBUG keystone.server.flask.request_processing.req_logging [None req-5dbac812-c824-46ea-ae32-19cacf949ce9 None admin] REQUEST_METHOD: `GET` {{(pid=82025) log_request_info /opt/stack/keystone/keystone/server/flask/request_processing/req_logging.py:27}}
Oct 05 09:27:39.704431 n-d-858384-6 devstack@keystone.service[82025]: DEBUG keystone.server.flask.request_processing.req_logging [None req-5dbac812-c824-46ea-ae32-19cacf949ce9 None admin] SCRIPT_NAME: `/identity` {{(pid=82025) log_request_info /opt/stack/keystone/keystone/server/flask/request_processing/req_logging.py:28}}
Oct 05 09:27:39.704697 n-d-858384-6 devstack@keystone.service[82025]: DEBUG keystone.server.flask.request_processing.req_logging [None req-5dbac812-c824-46ea-ae32-19cacf949ce9 None admin] PATH_INFO: `/v3/roles` {{(pid=82025) log_request_info /opt/stack/keystone/keystone/server/flask/request_processing/req_logging.py:29}}
Oct 05 09:27:39.705422 n-d-858384-6 devstack@keystone.service[82025]: DEBUG keystone.common.rbac_enforcer.enforcer [None req-5dbac812-c824-46ea-ae32-19cacf949ce9 None admin] RBAC: Adding query filter params (name=anotherrole) {{(pid=82025) _extract_filter_values /opt/stack/keystone/keystone/common/rbac_enforcer/enforcer.py:167}}
Oct 05 09:27:39.705723 n-d-858384-6 devstack@keystone.service[82025]: DEBUG keystone.common.rbac_enforcer.enforcer [None req-5dbac812-c824-46ea-ae32-19cacf949ce9 None admin] RBAC: Authorizing `identity:list_roles()` {{(pid=82025) enforce_call /opt/stack/keystone/keystone/common/rbac_enforcer/enforcer.py:449}}
Oct 05 09:27:39.707845 n-d-858384-6 devstack@keystone.service[82025]: DEBUG keystone.common.rbac_enforcer.enforcer [None req-5dbac812-c824-46ea-ae32-19cacf949ce9 None admin] RBAC: Authorization granted {{(pid=82025) enforce_call /opt/stack/keystone/keystone/common/rbac_enforcer/enforcer.py:457}}
Oct 05 09:27:39.725154 n-d-858384-6 devstack@keystone.service[82025]: [pid: 82025|app: 0|req: 186/370] 10.222.0.20 () {56 vars in 1111 bytes} [Wed Oct 5 09:27:39 2022] GET /identity/v3/roles?name=anotherrole => generated 334 bytes in 255 msecs (HTTP/1.1 200) 5 headers in 177 bytes (1 switches on core 0)
Oct 05 09:27:39.732633 n-d-858384-6 devstack@keystone.service[82025]: DEBUG keystone.server.flask.request_processing.middleware.auth_context [None req-5dbac812-c824-46ea-ae32-19cacf949ce9 None admin] Authenticating user token {{(pid=82025) process_request /usr/local/lib/python3.8/dist-packages/keystonemiddleware/auth_token/__init__.py:407}}
Oct 05 09:27:39.834415 n-d-858384-6 devstack@keystone.service[82026]: DEBUG keystone.server.flask.request_processing.middleware.auth_context [None req-c5c37649-ca38-4ca8-a56c-c4a6c351ddbe None admin] Validating token access rules against request {{(pid=82026) validate_allowed_request /usr/local/lib/python3.8/dist-packages/keystonemiddleware/auth_token/__init__.py:545}}
Oct 05 09:27:39.894916 n-d-858384-6 devstack@keystone.service[82026]: DEBUG keystone.server.flask.request_processing.middleware.auth_context [None req-55062423-3cf8-47de-973f-8a71978497f1 None admin] RBAC: auth_context: {'token': , 'domain_id': None, 'trust_id': None, 'trustor_id': None, 'trustee_id': None, 'domain_name': None, 'group_ids': [], 'user_id': '968da24399ef43dd862d1bf82a4866a9', 'user_domain_id': 'default', 'system_scope': 'all', 'project_id': None, 'project_domain_id': None, 'roles': ['admin', 'member', 'reader'], 'is_admin_project': True, 'service_user_id': None, 'service_user_domain_id': None, 'service_project_id': None, 'service_project_domain_id': None, 'service_roles': []} {{(pid=82026) fill_context /opt/stack/keystone/keystone/server/flask/request_processing/middleware/auth_context.py:478}}
Oct 05 09:27:39.895948 n-d-858384-6 devstack@keystone.service[82026]: DEBUG keystone.server.flask.request_processing.req_logging [None req-55062423-3cf8-47de-973f-8a71978497f1 None admin] REQUEST_METHOD: `GET` {{(pid=82026) log_request_info /opt/stack/keystone/keystone/server/flask/request_processing/req_logging.py:27}}
Oct 05 09:27:39.896424 n-d-858384-6 devstack@keystone.service[82026]: DEBUG keystone.server.flask.request_processing.req_logging [None req-55062423-3cf8-47de-973f-8a71978497f1 None admin] SCRIPT_NAME: `/identity` {{(pid=82026) log_request_info /opt/stack/keystone/keystone/server/flask/request_processing/req_logging.py:28}}
Oct 05 09:27:39.896916 n-d-858384-6 devstack@keystone.service[82026]: DEBUG keystone.server.flask.request_processing.req_logging [None req-55062423-3cf8-47de-973f-8a71978497f1 None admin] PATH_INFO: `/v3/roles/admin` {{(pid=82026) log_request_info /opt/stack/keystone/keystone/server/flask/request_processing/req_logging.py:29}}
Oct 05 09:27:39.916496 n-d-858384-6 devstack@keystone.service[82026]: DEBUG keystone.common.rbac_enforcer.enforcer [None req-55062423-3cf8-47de-973f-8a71978497f1 None admin] Extracting inferred target data resulted in "NOT FOUND (404)". {{(pid=82026) enforce_call /opt/stack/keystone/keystone/common/rbac_enforcer/enforcer.py:409}}
Oct 05 09:27:39.918798 n-d-858384-6 devstack@keystone.service[82025]: DEBUG keystone.server.flask.request_processing.middleware.auth_context [None req-5dbac812-c824-46ea-ae32-19cacf949ce9 None admin] Validating token access rules against request {{(pid=82025) validate_allowed_request /usr/local/lib/python3.8/dist-packages/keystonemiddleware/auth_token/__init__.py:545}}
Oct 05 09:27:39.922779 n-d-858384-6 devstack@keystone.service[82026]: ERROR keystone.server.flask.application [None req-55062423-3cf8-47de-973f-8a71978497f1 None admin] Could not find role: admin.: keystone.exception.RoleNotFound: Could not find role: admin.
Oct 05 09:27:39.922779 n-d-858384-6 devstack@keystone.service[82026]: ERROR keystone.server.flask.application
Traceback (most recent call last):
Oct 05 09:27:39.922779 n-d-858384-6 devstack@keystone.service[82026]: ERROR keystone.server.flask.application
File "/usr/local/lib/python3.8/dist-packages/flask/app.py", line 1820, in full_dispatch_request
Oct 05 09:27:39.922779 n-d-858384-6 devstack@keystone.service[82026]: ERROR keystone.server.flask.application rv = self.dispatch_request()
Oct 05 09:27:39.922779 n-d-858384-6 devstack@keystone.service[82026]: ERROR keystone.server.flask.application
File "/usr/local/lib/python3.8/dist-packages/flask/app.py", line 1796, in dispatch_request
Oct 05 09:27:39.922779 n-d-858384-6 devstack@keystone.service[82026]: ERROR keystone.server.flask.application return self.ensure_sync(self.view_functions[rule.endpoint])(**view_args)
Oct 05 09:27:39.922779 n-d-858384-6 devstack@keystone.service[82026]: ERROR keystone.server.flask.application
File "/usr/local/lib/python3.8/dist-packages/flask_restful/__init__.py", line 467, in wrapper
Oct 05 09:27:39.922779 n-d-858384-6 devstack@keystone.service[82026]: ERROR keystone.server.flask.application resp = resource(*args, **kwargs)
Oct 05 09:27:39.922779 n-d-858384-6 devstack@keystone.service[82026]: ERROR keystone.server.flask.application
File "/usr/local/lib/python3.8/dist-packages/flask/views.py", line 107, in view
Oct 05 09:27:39.922779 n-d-858384-6 devstack@keystone.service[82026]: ERROR keystone.server.flask.application return current_app.ensure_sync(self.dispatch_request)(**kwargs)
Oct 05 09:27:39.922779 n-d-858384-6 devstack@keystone.service[82026]: ERROR keystone.server.flask.application
File "/usr/local/lib/python3.8/dist-packages/flask_restful/__init__.py", line 582, in dispatch_request
Oct 05 09:27:39.922779 n-d-858384-6 devstack@keystone.service[82026]: ERROR keystone.server.flask.application resp = meth(*args, **kwargs)
Oct 05 09:27:39.922779 n-d-858384-6 devstack@keystone.service[82026]: ERROR keystone.server.flask.application
File "/opt/stack/keystone/keystone/api/roles.py", line 50, in get
