Sep 20 10:53:04.183762 n-d-858384-2 devstack@placement-api.service[114197]: DEBUG placement.requestlog [req-42051288-76a8-4a01-a85f-07e65ff3bdb9 req-6f772ce6-0eab-4f3c-9941-236e7c9ee4d5 None None] Starting request: 10.222.0.67 "GET /placement/resource_providers/60dd45a7-2529-4091-9de2-d22a3b5fde4d/allocations" {{(pid=114197) __call__ /opt/stack/placement/placement/requestlog.py:55}}
Sep 20 10:53:04.240877 n-d-858384-2 devstack@placement-api.service[114197]: INFO placement.requestlog [req-42051288-76a8-4a01-a85f-07e65ff3bdb9 req-6f772ce6-0eab-4f3c-9941-236e7c9ee4d5 service placement] 10.222.0.67 "GET /placement/resource_providers/60dd45a7-2529-4091-9de2-d22a3b5fde4d/allocations" status: 200 len: 544 microversion: 1.0
Sep 20 10:53:04.244583 n-d-858384-2 devstack@placement-api.service[114197]: [pid: 114197|app: 0|req: 610/1233] 10.222.0.67 () {58 vars in 1390 bytes} [Tue Sep 20 10:53:04 2022] GET /placement/resource_providers/60dd45a7-2529-4091-9de2-d22a3b5fde4d/allocations => generated 544 bytes in 61 msecs (HTTP/1.1 200) 6 headers in 224 bytes (1 switches on core 0)
Sep 20 10:53:04.254191 n-d-858384-2 devstack@placement-api.service[114198]: DEBUG placement.requestlog [req-42051288-76a8-4a01-a85f-07e65ff3bdb9 req-de7a5149-c631-4c5a-8b70-64b4233bce45 None None] Starting request: 10.222.0.67 "GET /placement/allocations/86024589-a0d5-4130-87d2-0b2c15074113" {{(pid=114198) __call__ /opt/stack/placement/placement/requestlog.py:55}}
Sep 20 10:53:04.276577 n-d-858384-2 devstack@placement-api.service[114198]: INFO placement.requestlog [req-42051288-76a8-4a01-a85f-07e65ff3bdb9 req-de7a5149-c631-4c5a-8b70-64b4233bce45 service placement] 10.222.0.67 "GET /placement/allocations/86024589-a0d5-4130-87d2-0b2c15074113" status: 200 len: 259 microversion: 1.28
Sep 20 10:53:04.277156 n-d-858384-2 devstack@placement-api.service[114198]: [pid: 114198|app: 0|req: 624/1234] 10.222.0.67 () {60 vars in 1377 bytes} [Tue Sep 20 10:53:04 2022] GET /placement/allocations/86024589-a0d5-4130-87d2-0b2c15074113 => generated 259 bytes in 23 msecs (HTTP/1.1 200) 8 headers in 296 bytes (1 switches on core 0)
Sep 20 10:53:04.284806 n-d-858384-2 devstack@placement-api.service[114197]: DEBUG placement.requestlog [req-42051288-76a8-4a01-a85f-07e65ff3bdb9 req-ba66d16b-b343-4391-85cb-5ec59d23e5a7 None None] Starting request: 10.222.0.67 "GET /placement/allocations/29007a5e-3487-4940-93ae-ec002e2a812a" {{(pid=114197) __call__ /opt/stack/placement/placement/requestlog.py:55}}
Sep 20 10:53:04.334371 n-d-858384-2 devstack@placement-api.service[114197]: INFO placement.requestlog [req-42051288-76a8-4a01-a85f-07e65ff3bdb9 req-ba66d16b-b343-4391-85cb-5ec59d23e5a7 service placement] 10.222.0.67 "GET /placement/allocations/29007a5e-3487-4940-93ae-ec002e2a812a" status: 200 len: 259 microversion: 1.28
Sep 20 10:53:04.335621 n-d-858384-2 devstack@placement-api.service[114197]: [pid: 114197|app: 0|req: 611/1235] 10.222.0.67 () {60 vars in 1377 bytes} [Tue Sep 20 10:53:04 2022] GET /placement/allocations/29007a5e-3487-4940-93ae-ec002e2a812a => generated 259 bytes in 51 msecs (HTTP/1.1 200) 8 headers in 296 bytes (1 switches on core 0)
Sep 20 10:53:04.344613 n-d-858384-2 devstack@placement-api.service[114198]: DEBUG placement.requestlog [req-42051288-76a8-4a01-a85f-07e65ff3bdb9 req-c84eec55-2a49-4dff-8dad-357a50d375ab None None] Starting request: 10.222.0.67 "GET /placement/allocations/ca8bb141-7b09-47aa-b767-f19418b7d860" {{(pid=114198) __call__ /opt/stack/placement/placement/requestlog.py:55}}
Sep 20 10:53:04.373960 n-d-858384-2 devstack@placement-api.service[114198]: INFO placement.requestlog [req-42051288-76a8-4a01-a85f-07e65ff3bdb9 req-c84eec55-2a49-4dff-8dad-357a50d375ab service placement] 10.222.0.67 "GET /placement/allocations/ca8bb141-7b09-47aa-b767-f19418b7d860" status: 200 len: 245 microversion: 1.28
Sep 20 10:53:04.375759 n-d-858384-2 devstack@placement-api.service[114198]: [pid: 114198|app: 0|req: 625/1236] 10.222.0.67 () {60 vars in 1377 bytes} [Tue Sep 20 10:53:04 2022] GET /placement/allocations/ca8bb141-7b09-47aa-b767-f19418b7d860 => generated 245 bytes in 32 msecs (HTTP/1.1 200) 8 headers in 296 bytes (2 switches on core 0)
Sep 20 10:53:04.382967 n-d-858384-2 devstack@placement-api.service[114197]: DEBUG placement.requestlog [req-42051288-76a8-4a01-a85f-07e65ff3bdb9 req-196a5e63-5bba-4215-ae6d-7b633b74e66d None None] Starting request: 10.222.0.67 "GET /placement/allocations/4e62baba-ea86-4b9a-9d3f-85c14662bf60" {{(pid=114197) __call__ /opt/stack/placement/placement/requestlog.py:55}}
Sep 20 10:53:04.411194 n-d-858384-2 devstack@placement-api.service[114197]: INFO placement.requestlog [req-42051288-76a8-4a01-a85f-07e65ff3bdb9 req-196a5e63-5bba-4215-ae6d-7b633b74e66d service placement] 10.222.0.67 "GET /placement/allocations/4e62baba-ea86-4b9a-9d3f-85c14662bf60" status: 200 len: 259 microversion: 1.28
Sep 20 10:53:04.411838 n-d-858384-2 devstack@placement-api.service[114197]: [pid: 114197|app: 0|req: 612/1237] 10.222.0.67 () {60 vars in 1377 bytes} [Tue Sep 20 10:53:04 2022] GET /placement/allocations/4e62baba-ea86-4b9a-9d3f-85c14662bf60 => generated 259 bytes in 29 msecs (HTTP/1.1 200) 8 headers in 296 bytes (2 switches on core 0)
Sep 20 10:53:04.418784 n-d-858384-2 devstack@placement-api.service[114198]: DEBUG placement.requestlog [req-42051288-76a8-4a01-a85f-07e65ff3bdb9 req-db5fbdd7-f028-4553-b697-3a965a67fd61 None None] Starting request: 10.222.0.67 "GET /placement/allocations/87b42c5d-42d1-42c7-9a6c-cbc53c4cb0d1" {{(pid=114198) __call__ /opt/stack/placement/placement/requestlog.py:55}}
Sep 20 10:53:04.451043 n-d-858384-2 devstack@placement-api.service[114198]: INFO placement.requestlog [req-42051288-76a8-4a01-a85f-07e65ff3bdb9 req-db5fbdd7-f028-4553-b697-3a965a67fd61 service placement] 10.222.0.67 "GET /placement/allocations/87b42c5d-42d1-42c7-9a6c-cbc53c4cb0d1" status: 200 len: 259 microversion: 1.28
Sep 20 10:53:04.451751 n-d-858384-2 devstack@placement-api.service[114198]: [pid: 114198|app: 0|req: 626/1238] 10.222.0.67 () {60 vars in 1377 bytes} [Tue Sep 20 10:53:04 2022] GET /placement/allocations/87b42c5d-42d1-42c7-9a6c-cbc53c4cb0d1 => generated 259 bytes in 33 msecs (HTTP/1.1 200) 8 headers in 296 bytes (2 switches on core 0)
Sep 20 10:53:04.741235 n-d-858384-2 devstack@placement-api.service[114197]: DEBUG placement.requestlog [req-42051288-76a8-4a01-a85f-07e65ff3bdb9 req-74c781b7-b420-4199-95db-1204bd225d60 None None] Starting request: 10.222.0.67 "GET /placement/allocations/ca8bb141-7b09-47aa-b767-f19418b7d860" {{(pid=114197) __call__ /opt/stack/placement/placement/requestlog.py:55}}
Sep 20 10:53:04.798185 n-d-858384-2 devstack@placement-api.service[114197]: INFO placement.requestlog [req-42051288-76a8-4a01-a85f-07e65ff3bdb9 req-74c781b7-b420-4199-95db-1204bd225d60 service placement] 10.222.0.67 "GET /placement/allocations/ca8bb141-7b09-47aa-b767-f19418b7d860" status: 200 len: 245 microversion: 1.28
Sep 20 10:53:04.798569 n-d-858384-2 devstack@placement-api.service[114197]: [pid: 114197|app: 0|req: 613/1239] 10.222.0.67 () {60 vars in 1377 bytes} [Tue Sep 20 10:53:04 2022] GET /placement/allocations/ca8bb141-7b09-47aa-b767-f19418b7d860 => generated 245 bytes in 58 msecs (HTTP/1.1 200) 8 headers in 296 bytes (1 switches on core 0)
Sep 20 10:53:04.809339 n-d-858384-2 devstack@placement-api.service[114198]: DEBUG placement.requestlog [req-42051288-76a8-4a01-a85f-07e65ff3bdb9 req-2303f0c9-5f54-4d66-a429-7ac8df5238a8 None None] Starting request: 10.222.0.67 "PUT /placement/allocations/ca8bb141-7b09-47aa-b767-f19418b7d860" {{(pid=114198) __call__ /opt/stack/placement/placement/requestlog.py:55}}
Sep 20 10:53:04.928889 n-d-858384-2 devstack@placement-api.service[114198]: DEBUG placement.handlers.allocation [req-42051288-76a8-4a01-a85f-07e65ff3bdb9 req-2303f0c9-5f54-4d66-a429-7ac8df5238a8 service placement] Successfully wrote allocations [, ] {{(pid=114198) _update_consumers_and_create_allocations /opt/stack/placement/placement/handlers/allocation.py:462}}
Sep 20 10:53:04.938009 n-d-858384-2 devstack@placement-api.service[114198]: INFO placement.requestlog [req-42051288-76a8-4a01-a85f-07e65ff3bdb9 req-2303f0c9-5f54-4d66-a429-7ac8df5238a8 service placement] 10.222.0.67 "PUT /placement/allocations/ca8bb141-7b09-47aa-b767-f19418b7d860" status: 204 len: 0 microversion: 1.28
Sep 20 10:53:04.939236 n-d-858384-2 devstack@placement-api.service[114198]: [pid: 114198|app: 0|req: 627/1240] 10.222.0.67 () {64 vars in 1430 bytes} [Tue Sep 20 10:53:04 2022] PUT /placement/allocations/ca8bb141-7b09-47aa-b767-f19418b7d860 => generated 0 bytes in 130 msecs (HTTP/1.1 204) 5 headers in 199 bytes (1 switches on core 0)
Sep 20 10:53:12.955157 n-d-858384-2 devstack@placement-api.service[114197]: DEBUG placement.requestlog [None req-da8d7f66-42db-49e6-8a7b-fb9d4080ed8a None None] Starting request: 10.222.0.87 "GET /placement/resource_providers/b956d81c-eaa9-4718-8dea-55a043aac2f4/aggregates" {{(pid=114197) __call__ /opt/stack/placement/placement/requestlog.py:55}}
Sep 20 10:53:12.981510 n-d-858384-2 devstack@placement-api.service[114197]: INFO placement.requestlog [None req-da8d7f66-42db-49e6-8a7b-fb9d4080ed8a service placement] 10.222.0.87 "GET /placement/resource_providers/b956d81c-eaa9-4718-8dea-55a043aac2f4/aggregates" status: 404 len: 235 microversion: 1.1
Sep 20 10:53:12.982769 n-d-858384-2 devstack@placement-api.service[114197]: [pid: 114197|app: 0|req: 614/1241] 10.222.0.87 () {58 vars in 1362 bytes} [Tue Sep 20 10:53:12 2022] GET /placement/resource_providers/b956d81c-eaa9-4718-8dea-55a043aac2f4/aggregates => generated 235 bytes in 28 msecs (HTTP/1.1 404) 5 headers in 202 bytes (1 switches on core 0)
Sep 20 10:53:13.014540 n-d-858384-2 devstack@placement-api.service[114198]: DEBUG placement.requestlog [None req-4d2e4bc4-c35f-4633-87bf-835dc3f9fb89 None None] Starting request: 10.222.0.87 "DELETE /placement/resource_providers/b956d81c-eaa9-4718-8dea-55a043aac2f4" {{(pid=114198) __call__ /opt/stack/placement/placement/requestlog.py:55}}
Sep 20 10:53:13.027673 n-d-858384-2 devstack@placement-api.service[114198]: DEBUG placement.wsgi_wrapper [None req-4d2e4bc4-c35f-4633-87bf-835dc3f9fb89 service placement] Placement API returning an error response: No resource provider with uuid b956d81c-eaa9-4718-8dea-55a043aac2f4 found for delete {{(pid=114198) call_func /opt/stack/placement/placement/wsgi_wrapper.py:31}}
Sep 20 10:53:13.030596 n-d-858384-2 devstack@placement-api.service[114198]: INFO placement.requestlog [None req-4d2e4bc4-c35f-4633-87bf-835dc3f9fb89 service placement] 10.222.0.87 "DELETE /placement/resource_providers/b956d81c-eaa9-4718-8dea-55a043aac2f4" status: 404 len: 246 microversion: 1.1
Sep 20 10:53:13.032458 n-d-858384-2 devstack@placement-api.service[114198]: [pid: 114198|app: 0|req: 628/1242] 10.222.0.87 () {60 vars in 1351 bytes} [Tue Sep 20 10:53:13 2022] DELETE /placement/resource_providers/b956d81c-eaa9-4718-8dea-55a043aac2f4 => generated 246 bytes in 18 msecs (HTTP/1.1 404) 6 headers in 231 bytes (1 switches on core 0)
Sep 20 10:53:17.118550 n-d-858384-2 devstack@placement-api.service[114197]: DEBUG placement.requestlog [None req-a0d59679-0ce9-4ab1-836b-6e418be4b053 None None] Starting request: 10.222.0.87 "GET /placement/resource_providers/68299502-3f0d-486c-a6fd-9a0a90ee1637/aggregates" {{(pid=114197) __call__ /opt/stack/placement/placement/requestlog.py:55}}
Sep 20 10:53:17.139417 n-d-858384-2 devstack@placement-api.service[114197]: INFO placement.requestlog [None req-a0d59679-0ce9-4ab1-836b-6e418be4b053 service placement] 10.222.0.87 "GET /placement/resource_providers/68299502-3f0d-486c-a6fd-9a0a90ee1637/aggregates" status: 404 len: 235 microversion: 1.1
Sep 20 10:53:17.140154 n-d-858384-2 devstack@placement-api.service[114197]: [pid: 114197|app: 0|req: 615/1243] 10.222.0.87 () {58 vars in 1362 bytes} [Tue Sep 20 10:53:17 2022] GET /placement/resource_providers/68299502-3f0d-486c-a6fd-9a0a90ee1637/aggregates => generated 235 bytes in 22 msecs (HTTP/1.1 404) 5 headers in 202 bytes (1 switches on core 0)
Sep 20 10:53:17.264923 n-d-858384-2 devstack@placement-api.service[114198]: DEBUG placement.requestlog [None req-fac7ce36-09d0-4d7f-b5de-a4ebcdcbce27 None None] Starting request: 10.222.0.87 "DELETE /placement/resource_providers/68299502-3f0d-486c-a6fd-9a0a90ee1637" {{(pid=114198) __call__ /opt/stack/placement/placement/requestlog.py:55}}
Sep 20 10:53:17.280464 n-d-858384-2 devstack@placement-api.service[114198]: DEBUG placement.wsgi_wrapper [None req-fac7ce36-09d0-4d7f-b5de-a4ebcdcbce27 service placement] Placement API returning an error response: No resource provider with uuid 68299502-3f0d-486c-a6fd-9a0a90ee1637 found for delete {{(pid=114198) call_func /opt/stack/placement/placement/wsgi_wrapper.py:31}}
Sep 20 10:53:17.281410 n-d-858384-2 devstack@placement-api.service[114198]: INFO placement.requestlog [None req-fac7ce36-09d0-4d7f-b5de-a4ebcdcbce27 service placement] 10.222.0.87 "DELETE /placement/resource_providers/68299502-3f0d-486c-a6fd-9a0a90ee1637" status: 404 len: 246 microversion: 1.1
Sep 20 10:53:17.284739 n-d-858384-2 devstack@placement-api.service[114198]: [pid: 114198|app: 0|req: 629/1244] 10.222.0.87 () {60 vars in 1351 bytes} [Tue Sep 20 10:53:17 2022] DELETE /placement/resource_providers/68299502-3f0d-486c-a6fd-9a0a90ee1637 => generated 246 bytes in 20 msecs (HTTP/1.1 404) 6 headers in 231 bytes (1 switches on core 0)
Sep 20 10:53:17.568472 n-d-858384-2 devstack@placement-api.service[114197]: DEBUG placement.requestlog [req-b25753c6-cc18-44d5-9d96-2454304144d3 req-ca3ab123-3c0d-40c0-91ed-b18fd6c7de4f None None] Starting request: 10.222.0.48 "DELETE /placement/allocations/3ac356ba-cf4b-48d3-b263-d51619def9ba" {{(pid=114197) __call__ /opt/stack/placement/placement/requestlog.py:55}}
Sep 20 10:53:17.644233 n-d-858384-2 devstack@placement-api.service[114197]: DEBUG placement.handlers.allocation [req-b25753c6-cc18-44d5-9d96-2454304144d3 req-ca3ab123-3c0d-40c0-91ed-b18fd6c7de4f service placement] Successfully deleted allocations [, ] {{(pid=114197) delete_allocations /opt/stack/placement/placement/handlers/allocation.py:627}}
Sep 20 10:53:17.644962 n-d-858384-2 devstack@placement-api.service[114197]: INFO placement.requestlog [req-b25753c6-cc18-44d5-9d96-2454304144d3 req-ca3ab123-3c0d-40c0-91ed-b18fd6c7de4f service placement] 10.222.0.48 "DELETE /placement/allocations/3ac356ba-cf4b-48d3-b263-d51619def9ba" status: 204 len: 0 microversion: 1.0
Sep 20 10:53:17.646103 n-d-858384-2 devstack@placement-api.service[114197]: [pid: 114197|app: 0|req: 616/1245] 10.222.0.48 () {60 vars in 1355 bytes} [Tue Sep 20 10:53:17 2022] DELETE /placement/allocations/3ac356ba-cf4b-48d3-b263-d51619def9ba => generated 0 bytes in 78 msecs (HTTP/1.1 204) 5 headers in 198 bytes (1 switches on core 0)
Sep 20 10:53:23.935104 n-d-858384-2 devstack@placement-api.service[114198]: DEBUG placement.requestlog [req-4f01e2b0-536f-4271-ad1e-3b7e0c768239 req-b49aace4-cf2e-435e-97bd-0e7308b7d805 None None] Starting request: 10.222.0.48 "GET /placement/resource_providers/dedb18ab-e74c-401a-baad-4805b895f6cc/allocations" {{(pid=114198) __call__ /opt/stack/placement/placement/requestlog.py:55}}
Sep 20 10:53:24.233877 n-d-858384-2 devstack@placement-api.service[114197]: DEBUG placement.requestlog [req-60293571-d440-4f22-9250-55a42976f11b req-254c27eb-11a1-4fe5-b5bb-93a5cf6977ad None None] Starting request: 10.222.0.67 "GET /placement/resource_providers/60dd45a7-2529-4091-9de2-d22a3b5fde4d/allocations" {{(pid=114197) __call__ /opt/stack/placement/placement/requestlog.py:55}}
Sep 20 10:53:24.434181 n-d-858384-2 devstack@placement-api.service[114198]: INFO placement.requestlog [req-4f01e2b0-536f-4271-ad1e-3b7e0c768239 req-b49aace4-cf2e-435e-97bd-0e7308b7d805 service placement] 10.222.0.48 "GET /placement/resource_providers/dedb18ab-e74c-401a-baad-4805b895f6cc/allocations" status: 200 len: 356 microversion: 1.0
Sep 20 10:53:24.434842 n-d-858384-2 devstack@placement-api.service[114198]: [pid: 114198|app: 0|req: 630/1246] 10.222.0.48 () {58 vars in 1390 bytes} [Tue Sep 20 10:53:23 2022] GET /placement/resource_providers/dedb18ab-e74c-401a-baad-4805b895f6cc/allocations => generated 356 bytes in 500 msecs (HTTP/1.1 200) 6 headers in 224 bytes (1 switches on core 0)
Sep 20 10:53:24.461884 n-d-858384-2 devstack@placement-api.service[114197]: INFO placement.requestlog [req-60293571-d440-4f22-9250-55a42976f11b req-254c27eb-11a1-4fe5-b5bb-93a5cf6977ad service placement] 10.222.0.67 "GET /placement/resource_providers/60dd45a7-2529-4091-9de2-d22a3b5fde4d/allocations" status: 200 len: 457 microversion: 1.0
Sep 20 10:53:24.467788 n-d-858384-2 devstack@placement-api.service[114197]: [pid: 114197|app: 0|req: 617/1247] 10.222.0.67 () {58 vars in 1390 bytes} [Tue Sep 20 10:53:24 2022] GET /placement/resource_providers/60dd45a7-2529-4091-9de2-d22a3b5fde4d/allocations => generated 457 bytes in 234 msecs (HTTP/1.1 200) 6 headers in 224 bytes (2 switches on core 0)
Sep 20 10:53:24.512502 n-d-858384-2 devstack@placement-api.service[114198]: DEBUG placement.requestlog [req-4f01e2b0-536f-4271-ad1e-3b7e0c768239 req-c7eb5f92-a559-4d43-bf3f-269fc8d2de5c None None] Starting request: 10.222.0.48 "GET /placement/resource_providers?in_tree=dedb18ab-e74c-401a-baad-4805b895f6cc" {{(pid=114198) __call__ /opt/stack/placement/placement/requestlog.py:55}}
Sep 20 10:53:24.554403 n-d-858384-2 devstack@placement-api.service[114197]: DEBUG placement.requestlog [req-60293571-d440-4f22-9250-55a42976f11b req-436df130-4bba-4010-b5ae-740ae270ad98 None None] Starting request: 10.222.0.67 "GET /placement/resource_providers?in_tree=60dd45a7-2529-4091-9de2-d22a3b5fde4d" {{(pid=114197) __call__ /opt/stack/placement/placement/requestlog.py:55}}
Sep 20 10:53:24.555828 n-d-858384-2 devstack@placement-api.service[114198]: INFO placement.requestlog [req-4f01e2b0-536f-4271-ad1e-3b7e0c768239 req-c7eb5f92-a559-4d43-bf3f-269fc8d2de5c service placement] 10.222.0.48 "GET /placement/resource_providers?in_tree=dedb18ab-e74c-401a-baad-4805b895f6cc" status: 200 len: 863 microversion: 1.14
Sep 20 10:53:24.557274 n-d-858384-2 devstack@placement-api.service[114198]: [pid: 114198|app: 0|req: 631/1248] 10.222.0.48 () {60 vars in 1376 bytes} [Tue Sep 20 10:53:24 2022] GET /placement/resource_providers?in_tree=dedb18ab-e74c-401a-baad-4805b895f6cc => generated 863 bytes in 45 msecs (HTTP/1.1 200) 6 headers in 225 bytes (1 switches on core 0)
Sep 20 10:53:24.564475 n-d-858384-2 devstack@placement-api.service[114198]: DEBUG placement.requestlog [req-4f01e2b0-536f-4271-ad1e-3b7e0c768239 req-49ca7b16-85a1-46c9-80e1-ac25963553bc None None] Starting request: 10.222.0.48 "GET /placement/resource_providers/dedb18ab-e74c-401a-baad-4805b895f6cc/inventories" {{(pid=114198) __call__ /opt/stack/placement/placement/requestlog.py:55}}
Sep 20 10:53:24.605627 n-d-858384-2 devstack@placement-api.service[114198]: INFO placement.requestlog [req-4f01e2b0-536f-4271-ad1e-3b7e0c768239 req-49ca7b16-85a1-46c9-80e1-ac25963553bc service placement] 10.222.0.48 "GET /placement/resource_providers/dedb18ab-e74c-401a-baad-4805b895f6cc/inventories" status: 200 len: 398 microversion: 1.0
Sep 20 10:53:24.608151 n-d-858384-2 devstack@placement-api.service[114198]: [pid: 114198|app: 0|req: 632/1249] 10.222.0.48 () {58 vars in 1390 bytes} [Tue Sep 20 10:53:24 2022] GET /placement/resource_providers/dedb18ab-e74c-401a-baad-4805b895f6cc/inventories => generated 398 bytes in 44 msecs (HTTP/1.1 200) 6 headers in 224 bytes (2 switches on core 0)
Sep 20 10:53:24.613402 n-d-858384-2 devstack@placement-api.service[114197]: INFO placement.requestlog [req-60293571-d440-4f22-9250-55a42976f11b req-436df130-4bba-4010-b5ae-740ae270ad98 service placement] 10.222.0.67 "GET /placement/resource_providers?in_tree=60dd45a7-2529-4091-9de2-d22a3b5fde4d" status: 200 len: 863 microversion: 1.14
Sep 20 10:53:24.615199 n-d-858384-2 devstack@placement-api.service[114197]: [pid: 114197|app: 0|req: 618/1250] 10.222.0.67 () {60 vars in 1376 bytes} [Tue Sep 20 10:53:24 2022] GET /placement/resource_providers?in_tree=60dd45a7-2529-4091-9de2-d22a3b5fde4d => generated 863 bytes in 60 msecs (HTTP/1.1 200) 6 headers in 225 bytes (1 switches on core 0)
Sep 20 10:53:24.616049 n-d-858384-2 devstack@placement-api.service[114198]: DEBUG placement.requestlog [req-4f01e2b0-536f-4271-ad1e-3b7e0c768239 req-5f8ffcf8-365f-4542-a5c1-5cf9972fc095 None None] Starting request: 10.222.0.48 "GET /placement/resource_providers/dedb18ab-e74c-401a-baad-4805b895f6cc/aggregates" {{(pid=114198) __call__ /opt/stack/placement/placement/requestlog.py:55}}
Sep 20 10:53:24.622864 n-d-858384-2 devstack@placement-api.service[114197]: DEBUG placement.requestlog [req-60293571-d440-4f22-9250-55a42976f11b req-36186a82-cd5d-4706-b976-9836aef72f3a None None] Starting request: 10.222.0.67 "GET /placement/resource_providers/60dd45a7-2529-4091-9de2-d22a3b5fde4d/inventories" {{(pid=114197) __call__ /opt/stack/placement/placement/requestlog.py:55}}
Sep 20 10:53:24.643783 n-d-858384-2 devstack@placement-api.service[114198]: INFO placement.requestlog [req-4f01e2b0-536f-4271-ad1e-3b7e0c768239 req-5f8ffcf8-365f-4542-a5c1-5cf9972fc095 service placement] 10.222.0.48 "GET /placement/resource_providers/dedb18ab-e74c-401a-baad-4805b895f6cc/aggregates" status: 200 len: 54 microversion: 1.19
Sep 20 10:53:24.648520 n-d-858384-2 devstack@placement-api.service[114198]: [pid: 114198|app: 0|req: 633/1251] 10.222.0.48 () {60 vars in 1431 bytes} [Tue Sep 20 10:53:24 2022] GET /placement/resource_providers/dedb18ab-e74c-401a-baad-4805b895f6cc/aggregates => generated 54 bytes in 32 msecs (HTTP/1.1 200) 8 headers in 295 bytes (2 switches on core 0)
Sep 20 10:53:24.654752 n-d-858384-2 devstack@placement-api.service[114197]: INFO placement.requestlog [req-60293571-d440-4f22-9250-55a42976f11b req-36186a82-cd5d-4706-b976-9836aef72f3a service placement] 10.222.0.67 "GET /placement/resource_providers/60dd45a7-2529-4091-9de2-d22a3b5fde4d/inventories" status: 200 len: 398 microversion: 1.0
Sep 20 10:53:24.655066 n-d-858384-2 devstack@placement-api.service[114198]: DEBUG placement.requestlog [req-4f01e2b0-536f-4271-ad1e-3b7e0c768239 req-a397dc92-09f2-4e7f-ac4f-6a6efe444c78 None None] Starting request: 10.222.0.48 "GET /placement/resource_providers/dedb18ab-e74c-401a-baad-4805b895f6cc/traits" {{(pid=114198) __call__ /opt/stack/placement/placement/requestlog.py:55}}
Sep 20 10:53:24.655217 n-d-858384-2 devstack@placement-api.service[114197]: [pid: 114197|app: 0|req: 619/1252] 10.222.0.67 () {58 vars in 1390 bytes} [Tue Sep 20 10:53:24 2022] GET /placement/resource_providers/60dd45a7-2529-4091-9de2-d22a3b5fde4d/inventories => generated 398 bytes in 33 msecs (HTTP/1.1 200) 6 headers in 224 bytes (2 switches on core 0)
Sep 20 10:53:24.664525 n-d-858384-2 devstack@placement-api.service[114197]: DEBUG placement.requestlog [req-60293571-d440-4f22-9250-55a42976f11b req-7c29cb3d-6b73-4dd5-a641-92cd0172a06c None None] Starting request: 10.222.0.67 "GET /placement/resource_providers/60dd45a7-2529-4091-9de2-d22a3b5fde4d/aggregates" {{(pid=114197) __call__ /opt/stack/placement/placement/requestlog.py:55}}
Sep 20 10:53:24.684929 n-d-858384-2 devstack@placement-api.service[114197]: DEBUG dbcounter [-] [114197] Writing DB stats placement:SELECT=88,placement:INSERT=6,placement:DELETE=4,placement:UPDATE=2 {{(pid=114197) stat_writer /usr/local/lib/python3.8/dist-packages/dbcounter.py:114}}
Sep 20 10:53:24.689474 n-d-858384-2 devstack@placement-api.service[114197]: INFO placement.requestlog [req-60293571-d440-4f22-9250-55a42976f11b req-7c29cb3d-6b73-4dd5-a641-92cd0172a06c service placement] 10.222.0.67 "GET /placement/resource_providers/60dd45a7-2529-4091-9de2-d22a3b5fde4d/aggregates" status: 200 len: 54 microversion: 1.19
Sep 20 10:53:24.690159 n-d-858384-2 devstack@placement-api.service[114197]: [pid: 114197|app: 0|req: 620/1253] 10.222.0.67 () {60 vars in 1431 bytes} [Tue Sep 20 10:53:24 2022] GET /placement/resource_providers/60dd45a7-2529-4091-9de2-d22a3b5fde4d/aggregates => generated 54 bytes in 26 msecs (HTTP/1.1 200) 8 headers in 295 bytes (2 switches on core 0)
Sep 20 10:53:24.704707 n-d-858384-2 devstack@placement-api.service[114197]: DEBUG placement.requestlog [req-60293571-d440-4f22-9250-55a42976f11b req-e6e81cf5-f0a2-4880-867e-28cd9d082408 None None] Starting request: 10.222.0.67 "GET /placement/resource_providers/60dd45a7-2529-4091-9de2-d22a3b5fde4d/traits" {{(pid=114197) __call__ /opt/stack/placement/placement/requestlog.py:55}}
Sep 20 10:53:24.733075 n-d-858384-2 devstack@placement-api.service[114198]: INFO placement.requestlog [req-4f01e2b0-536f-4271-ad1e-3b7e0c768239 req-a397dc92-09f2-4e7f-ac4f-6a6efe444c78 service placement] 10.222.0.48 "GET /placement/resource_providers/dedb18ab-e74c-401a-baad-4805b895f6cc/traits" status: 200 len: 212 microversion: 1.6
Sep 20 10:53:24.736589 n-d-858384-2 devstack@placement-api.service[114198]: [pid: 114198|app: 0|req: 634/1254] 10.222.0.48 () {60 vars in 1418 bytes} [Tue Sep 20 10:53:24 2022] GET /placement/resource_providers/dedb18ab-e74c-401a-baad-4805b895f6cc/traits => generated 212 bytes in 82 msecs (HTTP/1.1 200) 6 headers in 224 bytes (1 switches on core 0)
Sep 20 10:53:24.741555 n-d-858384-2 devstack@placement-api.service[114198]: DEBUG placement.requestlog [req-4f01e2b0-536f-4271-ad1e-3b7e0c768239 req-59636235-6f3e-4776-86a1-fde2e7114c33 None None] Starting request: 10.222.0.48 "GET /placement/resource_providers/dedb18ab-e74c-401a-baad-4805b895f6cc/allocations" {{(pid=114198) __call__ /opt/stack/placement/placement/requestlog.py:55}}
Sep 20 10:53:24.789973 n-d-858384-2 devstack@placement-api.service[114197]: INFO placement.requestlog [req-60293571-d440-4f22-9250-55a42976f11b req-e6e81cf5-f0a2-4880-867e-28cd9d082408 service placement] 10.222.0.67 "GET /placement/resource_providers/60dd45a7-2529-4091-9de2-d22a3b5fde4d/traits" status: 200 len: 212 microversion: 1.6
Sep 20 10:53:24.791845 n-d-858384-2 devstack@placement-api.service[114197]: [pid: 114197|app: 0|req: 621/1255] 10.222.0.67 () {60 vars in 1418 bytes} [Tue Sep 20 10:53:24 2022] GET /placement/resource_providers/60dd45a7-2529-4091-9de2-d22a3b5fde4d/traits => generated 212 bytes in 87 msecs (HTTP/1.1 200) 6 headers in 224 bytes (1 switches on core 0)
Sep 20 10:53:24.792425 n-d-858384-2 devstack@placement-api.service[114198]: INFO placement.requestlog [req-4f01e2b0-536f-4271-ad1e-3b7e0c768239 req-59636235-6f3e-4776-86a1-fde2e7114c33 service placement] 10.222.0.48 "GET /placement/resource_providers/dedb18ab-e74c-401a-baad-4805b895f6cc/allocations" status: 200 len: 356 microversion: 1.0
Sep 20 10:53:24.793283 n-d-858384-2 devstack@placement-api.service[114198]: [pid: 114198|app: 0|req: 635/1256] 10.222.0.48 () {58 vars in 1390 bytes} [Tue Sep 20 10:53:24 2022] GET /placement/resource_providers/dedb18ab-e74c-401a-baad-4805b895f6cc/allocations => generated 356 bytes in 52 msecs (HTTP/1.1 200) 6 headers in 224 bytes (1 switches on core 0)
Sep 20 10:53:24.800086 n-d-858384-2 devstack@placement-api.service[114197]: DEBUG placement.requestlog [req-60293571-d440-4f22-9250-55a42976f11b req-a3653987-7457-4ba4-b0de-594d3b44750f None None] Starting request: 10.222.0.67 "GET /placement/resource_providers/60dd45a7-2529-4091-9de2-d22a3b5fde4d/allocations" {{(pid=114197) __call__ /opt/stack/placement/placement/requestlog.py:55}}
Sep 20 10:53:24.806461 n-d-858384-2 devstack@placement-api.service[114198]: DEBUG placement.requestlog [req-4f01e2b0-536f-4271-ad1e-3b7e0c768239 req-bdc6985f-bdfb-497d-908b-64860a5675a5 None None] Starting request: 10.222.0.48 "GET /placement/allocations/5deb4615-c545-4efb-8779-c91cff2ef9fd" {{(pid=114198) __call__ /opt/stack/placement/placement/requestlog.py:55}}
Sep 20 10:53:24.834837 n-d-858384-2 devstack@placement-api.service[114198]: INFO placement.requestlog [req-4f01e2b0-536f-4271-ad1e-3b7e0c768239 req-bdc6985f-bdfb-497d-908b-64860a5675a5 service placement] 10.222.0.48 "GET /placement/allocations/5deb4615-c545-4efb-8779-c91cff2ef9fd" status: 200 len: 259 microversion: 1.28
Sep 20 10:53:24.835625 n-d-858384-2 devstack@placement-api.service[114198]: [pid: 114198|app: 0|req: 636/1257] 10.222.0.48 () {60 vars in 1377 bytes} [Tue Sep 20 10:53:24 2022] GET /placement/allocations/5deb4615-c545-4efb-8779-c91cff2ef9fd => generated 259 bytes in 29 msecs (HTTP/1.1 200) 8 headers in 296 bytes (2 switches on core 0)
Sep 20 10:53:24.843984 n-d-858384-2 devstack@placement-api.service[114198]: DEBUG placement.requestlog [req-4f01e2b0-536f-4271-ad1e-3b7e0c768239 req-81856d44-6026-4f41-9c11-c5672d3a2b34 None None] Starting request: 10.222.0.48 "GET /placement/allocations/011a6012-30b8-4f7b-8d4b-31142d91ca15" {{(pid=114198) __call__ /opt/stack/placement/placement/requestlog.py:55}}
Sep 20 10:53:24.870255 n-d-858384-2 devstack@placement-api.service[114198]: INFO placement.requestlog [req-4f01e2b0-536f-4271-ad1e-3b7e0c768239 req-81856d44-6026-4f41-9c11-c5672d3a2b34 service placement] 10.222.0.48 "GET /placement/allocations/011a6012-30b8-4f7b-8d4b-31142d91ca15" status: 200 len: 259 microversion: 1.28
Sep 20 10:53:24.874411 n-d-858384-2 devstack@placement-api.service[114198]: [pid: 114198|app: 0|req: 637/1258] 10.222.0.48 () {60 vars in 1377 bytes} [Tue Sep 20 10:53:24 2022] GET /placement/allocations/011a6012-30b8-4f7b-8d4b-31142d91ca15 => generated 259 bytes in 31 msecs (HTTP/1.1 200) 8 headers in 296 bytes (1 switches on core 0)
Sep 20 10:53:24.884662 n-d-858384-2 devstack@placement-api.service[114198]: DEBUG placement.requestlog [req-4f01e2b0-536f-4271-ad1e-3b7e0c768239 req-2d6045ac-22f7-411c-8b1d-0222bf7e2d85 None None] Starting request: 10.222.0.48 "GET /placement/allocations/962caf7b-57ea-499c-9224-dbc8ce56c8f0" {{(pid=114198) __call__ /opt/stack/placement/placement/requestlog.py:55}}
Sep 20 10:53:24.900060 n-d-858384-2 devstack@placement-api.service[114197]: INFO placement.requestlog [req-60293571-d440-4f22-9250-55a42976f11b req-a3653987-7457-4ba4-b0de-594d3b44750f service placement] 10.222.0.67 "GET /placement/resource_providers/60dd45a7-2529-4091-9de2-d22a3b5fde4d/allocations" status: 200 len: 457 microversion: 1.0
Sep 20 10:53:24.901149 n-d-858384-2 devstack@placement-api.service[114197]: [pid: 114197|app: 0|req: 622/1259] 10.222.0.67 () {58 vars in 1390 bytes} [Tue Sep 20 10:53:24 2022] GET /placement/resource_providers/60dd45a7-2529-4091-9de2-d22a3b5fde4d/allocations => generated 457 bytes in 101 msecs (HTTP/1.1 200) 6 headers in 224 bytes (1 switches on core 0)
Sep 20 10:53:24.909280 n-d-858384-2 devstack@placement-api.service[114198]: INFO placement.requestlog [req-4f01e2b0-536f-4271-ad1e-3b7e0c768239 req-2d6045ac-22f7-411c-8b1d-0222bf7e2d85 service placement] 10.222.0.48 "GET /placement/allocations/962caf7b-57ea-499c-9224-dbc8ce56c8f0" status: 200 len: 259 microversion: 1.28
Sep 20 10:53:24.912239 n-d-858384-2 devstack@placement-api.service[114198]: [pid: 114198|app: 0|req: 638/1260] 10.222.0.48 () {60 vars in 1377 bytes} [Tue Sep 20 10:53:24 2022] GET /placement/allocations/962caf7b-57ea-499c-9224-dbc8ce56c8f0 => generated 259 bytes in 28 msecs (HTTP/1.1 200) 8 headers in 296 bytes (2 switches on core 0)
Sep 20 10:53:24.915863 n-d-858384-2 devstack@placement-api.service[114197]: DEBUG placement.requestlog [req-60293571-d440-4f22-9250-55a42976f11b req-5100fb48-4f77-465b-93d2-33761c6f9ca9 None None] Starting request: 10.222.0.67 "GET /placement/allocations/86024589-a0d5-4130-87d2-0b2c15074113" {{(pid=114197) __call__ /opt/stack/placement/placement/requestlog.py:55}}
Sep 20 10:53:24.962255 n-d-858384-2 devstack@placement-api.service[114197]: INFO placement.requestlog [req-60293571-d440-4f22-9250-55a42976f11b req-5100fb48-4f77-465b-93d2-33761c6f9ca9 service placement] 10.222.0.67 "GET /placement/allocations/86024589-a0d5-4130-87d2-0b2c15074113" status: 200 len: 259 microversion: 1.28
Sep 20 10:53:24.964505 n-d-858384-2 devstack@placement-api.service[114197]: [pid: 114197|app: 0|req: 623/1261] 10.222.0.67 () {60 vars in 1377 bytes} [Tue Sep 20 10:53:24 2022] GET /placement/allocations/86024589-a0d5-4130-87d2-0b2c15074113 => generated 259 bytes in 50 msecs (HTTP/1.1 200) 8 headers in 296 bytes (1 switches on core 0)
Sep 20 10:53:24.977321 n-d-858384-2 devstack@placement-api.service[114198]: DEBUG placement.requestlog [req-60293571-d440-4f22-9250-55a42976f11b req-ad32d8a8-0362-4ddf-9383-a8497cb682eb None None] Starting request: 10.222.0.67 "GET /placement/allocations/87b42c5d-42d1-42c7-9a6c-cbc53c4cb0d1" {{(pid=114198) __call__ /opt/stack/placement/placement/requestlog.py:55}}
Sep 20 10:53:25.006139 n-d-858384-2 devstack@placement-api.service[114198]: INFO placement.requestlog [req-60293571-d440-4f22-9250-55a42976f11b req-ad32d8a8-0362-4ddf-9383-a8497cb682eb service placement] 10.222.0.67 "GET /placement/allocations/87b42c5d-42d1-42c7-9a6c-cbc53c4cb0d1" status: 200 len: 259 microversion: 1.28
Sep 20 10:53:25.008137 n-d-858384-2 devstack@placement-api.service[114198]: [pid: 114198|app: 0|req: 639/1262] 10.222.0.67 () {60 vars in 1377 bytes} [Tue Sep 20 10:53:24 2022] GET /placement/allocations/87b42c5d-42d1-42c7-9a6c-cbc53c4cb0d1 => generated 259 bytes in 31 msecs (HTTP/1.1 200) 8 headers in 296 bytes (1 switches on core 0)
Sep 20 10:53:25.016825 n-d-858384-2 devstack@placement-api.service[114197]: DEBUG placement.requestlog [req-60293571-d440-4f22-9250-55a42976f11b req-895d2247-66b2-4d81-9e1a-ea0ae2b1be9f None None] Starting request: 10.222.0.67 "GET /placement/allocations/29007a5e-3487-4940-93ae-ec002e2a812a" {{(pid=114197) __call__ /opt/stack/placement/placement/requestlog.py:55}}
Sep 20 10:53:25.054534 n-d-858384-2 devstack@placement-api.service[114197]: INFO placement.requestlog [req-60293571-d440-4f22-9250-55a42976f11b req-895d2247-66b2-4d81-9e1a-ea0ae2b1be9f service placement] 10.222.0.67 "GET /placement/allocations/29007a5e-3487-4940-93ae-ec002e2a812a" status: 200 len: 259 microversion: 1.28
Sep 20 10:53:25.057416 n-d-858384-2 devstack@placement-api.service[114197]: [pid: 114197|app: 0|req: 624/1263] 10.222.0.67 () {60 vars in 1377 bytes} [Tue Sep 20 10:53:25 2022] GET /placement/allocations/29007a5e-3487-4940-93ae-ec002e2a812a => generated 259 bytes in 41 msecs (HTTP/1.1 200) 8 headers in 296 bytes (1 switches on core 0)
Sep 20 10:53:25.063490 n-d-858384-2 devstack@placement-api.service[114198]: DEBUG placement.requestlog [req-60293571-d440-4f22-9250-55a42976f11b req-1aecee35-5be8-4316-abc8-304f07349071 None None] Starting request: 10.222.0.67 "GET /placement/allocations/4e62baba-ea86-4b9a-9d3f-85c14662bf60" {{(pid=114198) __call__ /opt/stack/placement/placement/requestlog.py:55}}
Sep 20 10:53:25.082939 n-d-858384-2 devstack@placement-api.service[114198]: DEBUG dbcounter [-] [114198] Writing DB stats placement:SELECT=96,placement:DELETE=2,placement:UPDATE=2 {{(pid=114198) stat_writer /usr/local/lib/python3.8/dist-packages/dbcounter.py:114}}
Sep 20 10:53:25.109990 n-d-858384-2 devstack@placement-api.service[114198]: INFO placement.requestlog [req-60293571-d440-4f22-9250-55a42976f11b req-1aecee35-5be8-4316-abc8-304f07349071 service placement] 10.222.0.67 "GET /placement/allocations/4e62baba-ea86-4b9a-9d3f-85c14662bf60" status: 200 len: 259 microversion: 1.28
Sep 20 10:53:25.113251 n-d-858384-2 devstack@placement-api.service[114198]: [pid: 114198|app: 0|req: 640/1264] 10.222.0.67 () {60 vars in 1377 bytes} [Tue Sep 20 10:53:25 2022] GET /placement/allocations/4e62baba-ea86-4b9a-9d3f-85c14662bf60 => generated 259 bytes in 51 msecs (HTTP/1.1 200) 8 headers in 296 bytes (1 switches on core 0)
Sep 20 10:53:25.411026 n-d-858384-2 devstack@placement-api.service[114197]: DEBUG placement.requestlog [req-60293571-d440-4f22-9250-55a42976f11b req-fa36a56d-ddf1-4236-afb8-0c80eaa95c91 None None] Starting request: 10.222.0.67 "GET /placement/allocations/87b42c5d-42d1-42c7-9a6c-cbc53c4cb0d1" {{(pid=114197) __call__ /opt/stack/placement/placement/requestlog.py:55}}
Sep 20 10:53:25.566040 n-d-858384-2 devstack@placement-api.service[114197]: INFO placement.requestlog [req-60293571-d440-4f22-9250-55a42976f11b req-fa36a56d-ddf1-4236-afb8-0c80eaa95c91 service placement] 10.222.0.67 "GET /placement/allocations/87b42c5d-42d1-42c7-9a6c-cbc53c4cb0d1" status: 200 len: 259 microversion: 1.28
Sep 20 10:53:25.568647 n-d-858384-2 devstack@placement-api.service[114197]: [pid: 114197|app: 0|req: 625/1265] 10.222.0.67 () {60 vars in 1377 bytes} [Tue Sep 20 10:53:25 2022] GET /placement/allocations/87b42c5d-42d1-42c7-9a6c-cbc53c4cb0d1 => generated 259 bytes in 159 msecs (HTTP/1.1 200) 8 headers in 296 bytes (1 switches on core 0)
Sep 20 10:53:25.586832 n-d-858384-2 devstack@placement-api.service[114198]: DEBUG placement.requestlog [req-60293571-d440-4f22-9250-55a42976f11b req-6af5b2f7-84e2-4199-9a6c-d19e19263e1e None None] Starting request: 10.222.0.67 "PUT /placement/allocations/87b42c5d-42d1-42c7-9a6c-cbc53c4cb0d1" {{(pid=114198) __call__ /opt/stack/placement/placement/requestlog.py:55}}
Sep 20 10:53:25.832621 n-d-858384-2 devstack@placement-api.service[114198]: DEBUG placement.handlers.allocation [req-60293571-d440-4f22-9250-55a42976f11b req-6af5b2f7-84e2-4199-9a6c-d19e19263e1e service placement] Successfully wrote allocations [, , ] {{(pid=114198) _update_consumers_and_create_allocations /opt/stack/placement/placement/handlers/allocation.py:462}}
Sep 20 10:53:25.837876 n-d-858384-2 devstack@placement-api.service[114198]: INFO placement.requestlog [req-60293571-d440-4f22-9250-55a42976f11b req-6af5b2f7-84e2-4199-9a6c-d19e19263e1e service placement] 10.222.0.67 "PUT /placement/allocations/87b42c5d-42d1-42c7-9a6c-cbc53c4cb0d1" status: 204 len: 0 microversion: 1.28
Sep 20 10:53:25.838615 n-d-858384-2 devstack@placement-api.service[114198]: [pid: 114198|app: 0|req: 641/1266] 10.222.0.67 () {64 vars in 1430 bytes} [Tue Sep 20 10:53:25 2022] PUT /placement/allocations/87b42c5d-42d1-42c7-9a6c-cbc53c4cb0d1 => generated 0 bytes in 252 msecs (HTTP/1.1 204) 5 headers in 199 bytes (1 switches on core 0)
Sep 20 10:53:28.044145 n-d-858384-2 devstack@placement-api.service[114197]: DEBUG placement.requestlog [req-73fe1d0f-3cee-4eb5-88b5-ea685aa22adf req-acca5d49-1ae9-403e-935c-6ae4140f7846 None None] Starting request: 10.222.0.48 "GET /placement/resource_providers/dedb18ab-e74c-401a-baad-4805b895f6cc/allocations" {{(pid=114197) __call__ /opt/stack/placement/placement/requestlog.py:55}}
Sep 20 10:53:28.089007 n-d-858384-2 devstack@placement-api.service[114197]: INFO placement.requestlog [req-73fe1d0f-3cee-4eb5-88b5-ea685aa22adf req-acca5d49-1ae9-403e-935c-6ae4140f7846 service placement] 10.222.0.48 "GET /placement/resource_providers/dedb18ab-e74c-401a-baad-4805b895f6cc/allocations" status: 200 len: 356 microversion: 1.0
Sep 20 10:53:28.091172 n-d-858384-2 devstack@placement-api.service[114197]: [pid: 114197|app: 0|req: 626/1267] 10.222.0.48 () {58 vars in 1390 bytes} [Tue Sep 20 10:53:28 2022] GET /placement/resource_providers/dedb18ab-e74c-401a-baad-4805b895f6cc/allocations => generated 356 bytes in 47 msecs (HTTP/1.1 200) 6 headers in 224 bytes (1 switches on core 0)
Sep 20 10:53:28.098363 n-d-858384-2 devstack@placement-api.service[114198]: DEBUG placement.requestlog [req-73fe1d0f-3cee-4eb5-88b5-ea685aa22adf req-f36ba3e0-7328-4395-b9d5-2e4a3c5e78a1 None None] Starting request: 10.222.0.48 "GET /placement/allocations/5deb4615-c545-4efb-8779-c91cff2ef9fd" {{(pid=114198) __call__ /opt/stack/placement/placement/requestlog.py:55}}
Sep 20 10:53:28.133422 n-d-858384-2 devstack@placement-api.service[114198]: INFO placement.requestlog [req-73fe1d0f-3cee-4eb5-88b5-ea685aa22adf req-f36ba3e0-7328-4395-b9d5-2e4a3c5e78a1 service placement] 10.222.0.48 "GET /placement/allocations/5deb4615-c545-4efb-8779-c91cff2ef9fd" status: 200 len: 259 microversion: 1.28
Sep 20 10:53:28.133844 n-d-858384-2 devstack@placement-api.service[114198]: [pid: 114198|app: 0|req: 642/1268] 10.222.0.48 () {60 vars in 1377 bytes} [Tue Sep 20 10:53:28 2022] GET /placement/allocations/5deb4615-c545-4efb-8779-c91cff2ef9fd => generated 259 bytes in 36 msecs (HTTP/1.1 200) 8 headers in 296 bytes (1 switches on core 0)
Sep 20 10:53:28.141950 n-d-858384-2 devstack@placement-api.service[114197]: DEBUG placement.requestlog [req-73fe1d0f-3cee-4eb5-88b5-ea685aa22adf req-35908716-8df3-4ba5-a227-d40ff0942e70 None None] Starting request: 10.222.0.48 "GET /placement/allocations/011a6012-30b8-4f7b-8d4b-31142d91ca15" {{(pid=114197) __call__ /opt/stack/placement/placement/requestlog.py:55}}
Sep 20 10:53:28.166605 n-d-858384-2 devstack@placement-api.service[114197]: INFO placement.requestlog [req-73fe1d0f-3cee-4eb5-88b5-ea685aa22adf req-35908716-8df3-4ba5-a227-d40ff0942e70 service placement] 10.222.0.48 "GET /placement/allocations/011a6012-30b8-4f7b-8d4b-31142d91ca15" status: 200 len: 259 microversion: 1.28
Sep 20 10:53:28.168005 n-d-858384-2 devstack@placement-api.service[114197]: [pid: 114197|app: 0|req: 627/1269] 10.222.0.48 () {60 vars in 1377 bytes} [Tue Sep 20 10:53:28 2022] GET /placement/allocations/011a6012-30b8-4f7b-8d4b-31142d91ca15 => generated 259 bytes in 26 msecs (HTTP/1.1 200) 8 headers in 296 bytes (1 switches on core 0)
Sep 20 10:53:28.175285 n-d-858384-2 devstack@placement-api.service[114198]: DEBUG placement.requestlog [req-73fe1d0f-3cee-4eb5-88b5-ea685aa22adf req-b5a7d08d-810f-465a-9a32-6fac211920bd None None] Starting request: 10.222.0.48 "GET /placement/allocations/962caf7b-57ea-499c-9224-dbc8ce56c8f0" {{(pid=114198) __call__ /opt/stack/placement/placement/requestlog.py:55}}
Sep 20 10:53:28.196353 n-d-858384-2 devstack@placement-api.service[114198]: INFO placement.requestlog [req-73fe1d0f-3cee-4eb5-88b5-ea685aa22adf req-b5a7d08d-810f-465a-9a32-6fac211920bd service placement] 10.222.0.48 "GET /placement/allocations/962caf7b-57ea-499c-9224-dbc8ce56c8f0" status: 200 len: 259 microversion: 1.28
Sep 20 10:53:28.198224 n-d-858384-2 devstack@placement-api.service[114198]: [pid: 114198|app: 0|req: 643/1270] 10.222.0.48 () {60 vars in 1377 bytes} [Tue Sep 20 10:53:28 2022] GET /placement/allocations/962caf7b-57ea-499c-9224-dbc8ce56c8f0 => generated 259 bytes in 23 msecs (HTTP/1.1 200) 8 headers in 296 bytes (2 switches on core 0)
Sep 20 10:53:28.410195 n-d-858384-2 devstack@placement-api.service[114197]: DEBUG placement.requestlog [req-73fe1d0f-3cee-4eb5-88b5-ea685aa22adf req-de3cc4a0-31eb-4842-81a0-84194a70b5f7 None None] Starting request: 10.222.0.48 "DELETE /placement/allocations/962caf7b-57ea-499c-9224-dbc8ce56c8f0" {{(pid=114197) __call__ /opt/stack/placement/placement/requestlog.py:55}}
Sep 20 10:53:28.497923 n-d-858384-2 devstack@placement-api.service[114197]: DEBUG placement.handlers.allocation [req-73fe1d0f-3cee-4eb5-88b5-ea685aa22adf req-de3cc4a0-31eb-4842-81a0-84194a70b5f7 service placement] Successfully deleted allocations [, , ] {{(pid=114197) delete_allocations /opt/stack/placement/placement/handlers/allocation.py:627}}
Sep 20 10:53:28.498425 n-d-858384-2 devstack@placement-api.service[114197]: INFO placement.requestlog [req-73fe1d0f-3cee-4eb5-88b5-ea685aa22adf req-de3cc4a0-31eb-4842-81a0-84194a70b5f7 service placement] 10.222.0.48 "DELETE /placement/allocations/962caf7b-57ea-499c-9224-dbc8ce56c8f0" status: 204 len: 0 microversion: 1.0
Sep 20 10:53:28.499002 n-d-858384-2 devstack@placement-api.service[114197]: [pid: 114197|app: 0|req: 628/1271] 10.222.0.48 () {60 vars in 1355 bytes} [Tue Sep 20 10:53:28 2022] DELETE /placement/allocations/962caf7b-57ea-499c-9224-dbc8ce56c8f0 => generated 0 bytes in 89 msecs (HTTP/1.1 204) 5 headers in 198 bytes (1 switches on core 0)
Sep 20 10:53:28.654677 n-d-858384-2 devstack@placement-api.service[114198]: DEBUG placement.requestlog [None req-6e3f90dd-254c-449d-ba71-97b789cfbc45 None None] Starting request: 10.222.0.87 "GET /placement/resource_providers/3c988fe1-c66c-4f8e-8206-76df8425f0ee/aggregates" {{(pid=114198) __call__ /opt/stack/placement/placement/requestlog.py:55}}
Sep 20 10:53:28.682560 n-d-858384-2 devstack@placement-api.service[114198]: INFO placement.requestlog [None req-6e3f90dd-254c-449d-ba71-97b789cfbc45 service placement] 10.222.0.87 "GET /placement/resource_providers/3c988fe1-c66c-4f8e-8206-76df8425f0ee/aggregates" status: 404 len: 235 microversion: 1.1
Sep 20 10:53:28.684263 n-d-858384-2 devstack@placement-api.service[114198]: [pid: 114198|app: 0|req: 644/1272] 10.222.0.87 () {58 vars in 1362 bytes} [Tue Sep 20 10:53:28 2022] GET /placement/resource_providers/3c988fe1-c66c-4f8e-8206-76df8425f0ee/aggregates => generated 235 bytes in 30 msecs (HTTP/1.1 404) 5 headers in 202 bytes (2 switches on core 0)
Sep 20 10:53:29.031067 n-d-858384-2 devstack@placement-api.service[114197]: DEBUG placement.requestlog [None req-bd70e205-8eef-403c-ad8e-455f36d33134 None None] Starting request: 10.222.0.87 "DELETE /placement/resource_providers/3c988fe1-c66c-4f8e-8206-76df8425f0ee" {{(pid=114197) __call__ /opt/stack/placement/placement/requestlog.py:55}}
Sep 20 10:53:29.049002 n-d-858384-2 devstack@placement-api.service[114197]: DEBUG placement.wsgi_wrapper [None req-bd70e205-8eef-403c-ad8e-455f36d33134 service placement] Placement API returning an error response: No resource provider with uuid 3c988fe1-c66c-4f8e-8206-76df8425f0ee found for delete {{(pid=114197) call_func /opt/stack/placement/placement/wsgi_wrapper.py:31}}
Sep 20 10:53:29.049956 n-d-858384-2 devstack@placement-api.service[114197]: INFO placement.requestlog [None req-bd70e205-8eef-403c-ad8e-455f36d33134 service placement] 10.222.0.87 "DELETE /placement/resource_providers/3c988fe1-c66c-4f8e-8206-76df8425f0ee" status: 404 len: 246 microversion: 1.1
Sep 20 10:53:29.050796 n-d-858384-2 devstack@placement-api.service[114197]: [pid: 114197|app: 0|req: 629/1273] 10.222.0.87 () {60 vars in 1351 bytes} [Tue Sep 20 10:53:29 2022] DELETE /placement/resource_providers/3c988fe1-c66c-4f8e-8206-76df8425f0ee => generated 246 bytes in 20 msecs (HTTP/1.1 404) 6 headers in 231 bytes (1 switches on core 0)
Sep 20 10:53:30.351559 n-d-858384-2 devstack@placement-api.service[114198]: DEBUG placement.requestlog [req-e83ccf5e-8233-4818-bddd-fbde4a4e5806 req-839f7311-cea6-44d1-8dcf-035b5c949fc2 None None] Starting request: 10.222.0.67 "GET /placement/resource_providers/60dd45a7-2529-4091-9de2-d22a3b5fde4d/allocations" {{(pid=114198) __call__ /opt/stack/placement/placement/requestlog.py:55}}
Sep 20 10:53:30.412316 n-d-858384-2 devstack@placement-api.service[114198]: INFO placement.requestlog [req-e83ccf5e-8233-4818-bddd-fbde4a4e5806 req-839f7311-cea6-44d1-8dcf-035b5c949fc2 service placement] 10.222.0.67 "GET /placement/resource_providers/60dd45a7-2529-4091-9de2-d22a3b5fde4d/allocations" status: 200 len: 356 microversion: 1.0
Sep 20 10:53:30.413722 n-d-858384-2 devstack@placement-api.service[114198]: [pid: 114198|app: 0|req: 645/1274] 10.222.0.67 () {58 vars in 1390 bytes} [Tue Sep 20 10:53:30 2022] GET /placement/resource_providers/60dd45a7-2529-4091-9de2-d22a3b5fde4d/allocations => generated 356 bytes in 63 msecs (HTTP/1.1 200) 6 headers in 224 bytes (1 switches on core 0)
Sep 20 10:53:30.498584 n-d-858384-2 devstack@placement-api.service[114197]: DEBUG placement.requestlog [req-e83ccf5e-8233-4818-bddd-fbde4a4e5806 req-7b2ba327-ca97-449b-aae2-86cb1b2c6fdd None None] Starting request: 10.222.0.67 "GET /placement/resource_providers/60dd45a7-2529-4091-9de2-d22a3b5fde4d/allocations" {{(pid=114197) __call__ /opt/stack/placement/placement/requestlog.py:55}}
Sep 20 10:53:30.568316 n-d-858384-2 devstack@placement-api.service[114197]: INFO placement.requestlog [req-e83ccf5e-8233-4818-bddd-fbde4a4e5806 req-7b2ba327-ca97-449b-aae2-86cb1b2c6fdd service placement] 10.222.0.67 "GET /placement/resource_providers/60dd45a7-2529-4091-9de2-d22a3b5fde4d/allocations" status: 200 len: 356 microversion: 1.0
Sep 20 10:53:30.568666 n-d-858384-2 devstack@placement-api.service[114197]: [pid: 114197|app: 0|req: 630/1275] 10.222.0.67 () {58 vars in 1390 bytes} [Tue Sep 20 10:53:30 2022] GET /placement/resource_providers/60dd45a7-2529-4091-9de2-d22a3b5fde4d/allocations => generated 356 bytes in 70 msecs (HTTP/1.1 200) 6 headers in 224 bytes (1 switches on core 0)
Sep 20 10:53:30.577138 n-d-858384-2 devstack@placement-api.service[114198]: DEBUG placement.requestlog [req-e83ccf5e-8233-4818-bddd-fbde4a4e5806 req-94a8c66f-fb9b-44a0-9b36-589b136b2149 None None] Starting request: 10.222.0.67 "GET /placement/allocations/86024589-a0d5-4130-87d2-0b2c15074113" {{(pid=114198) __call__ /opt/stack/placement/placement/requestlog.py:55}}
Sep 20 10:53:30.598066 n-d-858384-2 devstack@placement-api.service[114198]: INFO placement.requestlog [req-e83ccf5e-8233-4818-bddd-fbde4a4e5806 req-94a8c66f-fb9b-44a0-9b36-589b136b2149 service placement] 10.222.0.67 "GET /placement/allocations/86024589-a0d5-4130-87d2-0b2c15074113" status: 200 len: 259 microversion: 1.28
Sep 20 10:53:30.599295 n-d-858384-2 devstack@placement-api.service[114198]: [pid: 114198|app: 0|req: 646/1276] 10.222.0.67 () {60 vars in 1377 bytes} [Tue Sep 20 10:53:30 2022] GET /placement/allocations/86024589-a0d5-4130-87d2-0b2c15074113 => generated 259 bytes in 22 msecs (HTTP/1.1 200) 8 headers in 296 bytes (1 switches on core 0)
Sep 20 10:53:30.607579 n-d-858384-2 devstack@placement-api.service[114197]: DEBUG placement.requestlog [req-e83ccf5e-8233-4818-bddd-fbde4a4e5806 req-554d8993-aef0-4b35-ae7d-c2bc2a8af7e2 None None] Starting request: 10.222.0.67 "GET /placement/allocations/29007a5e-3487-4940-93ae-ec002e2a812a" {{(pid=114197) __call__ /opt/stack/placement/placement/requestlog.py:55}}
Sep 20 10:53:30.649849 n-d-858384-2 devstack@placement-api.service[114197]: INFO placement.requestlog [req-e83ccf5e-8233-4818-bddd-fbde4a4e5806 req-554d8993-aef0-4b35-ae7d-c2bc2a8af7e2 service placement] 10.222.0.67 "GET /placement/allocations/29007a5e-3487-4940-93ae-ec002e2a812a" status: 200 len: 259 microversion: 1.28
Sep 20 10:53:30.652516 n-d-858384-2 devstack@placement-api.service[114197]: [pid: 114197|app: 0|req: 631/1277] 10.222.0.67 () {60 vars in 1377 bytes} [Tue Sep 20 10:53:30 2022] GET /placement/allocations/29007a5e-3487-4940-93ae-ec002e2a812a => generated 259 bytes in 45 msecs (HTTP/1.1 200) 8 headers in 296 bytes (1 switches on core 0)
