Oct 13 08:41:51.695744 n-d-858384-11 devstack@placement-api.service[105881]: INFO placement.requestlog [req-4bed2f63-0fdc-4861-9533-2693bd5a2a5e req-a92453ba-6e67-45df-a438-66a57f1b03d0 service placement] 10.222.0.36 "GET /placement/resource_providers?in_tree=3d631b15-ed99-428b-82a6-d5b14a193bf5" status: 200 len: 864 microversion: 1.14
Oct 13 08:41:51.699333 n-d-858384-11 devstack@placement-api.service[105881]: [pid: 105881|app: 0|req: 731/1461] 10.222.0.36 () {60 vars in 1376 bytes} [Thu Oct 13 08:41:51 2022] GET /placement/resource_providers?in_tree=3d631b15-ed99-428b-82a6-d5b14a193bf5 => generated 864 bytes in 118 msecs (HTTP/1.1 200) 6 headers in 225 bytes (1 switches on core 0)
Oct 13 08:41:51.713455 n-d-858384-11 devstack@placement-api.service[105880]: DEBUG placement.requestlog [req-4bed2f63-0fdc-4861-9533-2693bd5a2a5e req-f8e2c9e4-c823-4d33-acfc-433af1c7778c None None] Starting request: 10.222.0.36 "GET /placement/resource_providers/3d631b15-ed99-428b-82a6-d5b14a193bf5/inventories" {{(pid=105880) __call__ /opt/stack/placement/placement/requestlog.py:55}}
Oct 13 08:41:51.759704 n-d-858384-11 devstack@placement-api.service[105880]: INFO placement.requestlog [req-4bed2f63-0fdc-4861-9533-2693bd5a2a5e req-f8e2c9e4-c823-4d33-acfc-433af1c7778c service placement] 10.222.0.36 "GET /placement/resource_providers/3d631b15-ed99-428b-82a6-d5b14a193bf5/inventories" status: 200 len: 397 microversion: 1.0
Oct 13 08:41:51.760772 n-d-858384-11 devstack@placement-api.service[105880]: [pid: 105880|app: 0|req: 731/1462] 10.222.0.36 () {58 vars in 1390 bytes} [Thu Oct 13 08:41:51 2022] GET /placement/resource_providers/3d631b15-ed99-428b-82a6-d5b14a193bf5/inventories => generated 397 bytes in 47 msecs (HTTP/1.1 200) 6 headers in 224 bytes (1 switches on core 0)
Oct 13 08:41:51.770625 n-d-858384-11 devstack@placement-api.service[105881]: DEBUG placement.requestlog [req-4bed2f63-0fdc-4861-9533-2693bd5a2a5e req-98bc2f7d-6fbf-4c56-85f6-4a00c704cf7a None None] Starting request: 10.222.0.36 "GET /placement/resource_providers/3d631b15-ed99-428b-82a6-d5b14a193bf5/aggregates" {{(pid=105881) __call__ /opt/stack/placement/placement/requestlog.py:55}}
Oct 13 08:41:51.815230 n-d-858384-11 devstack@placement-api.service[105881]: INFO placement.requestlog [req-4bed2f63-0fdc-4861-9533-2693bd5a2a5e req-98bc2f7d-6fbf-4c56-85f6-4a00c704cf7a service placement] 10.222.0.36 "GET /placement/resource_providers/3d631b15-ed99-428b-82a6-d5b14a193bf5/aggregates" status: 200 len: 54 microversion: 1.19
Oct 13 08:41:51.818729 n-d-858384-11 devstack@placement-api.service[105881]: [pid: 105881|app: 0|req: 732/1463] 10.222.0.36 () {60 vars in 1431 bytes} [Thu Oct 13 08:41:51 2022] GET /placement/resource_providers/3d631b15-ed99-428b-82a6-d5b14a193bf5/aggregates => generated 54 bytes in 48 msecs (HTTP/1.1 200) 8 headers in 295 bytes (1 switches on core 0)
Oct 13 08:41:51.825932 n-d-858384-11 devstack@placement-api.service[105880]: DEBUG placement.requestlog [req-4bed2f63-0fdc-4861-9533-2693bd5a2a5e req-437d1a09-6f9f-47c9-ad9f-b279b27ada30 None None] Starting request: 10.222.0.36 "GET /placement/resource_providers/3d631b15-ed99-428b-82a6-d5b14a193bf5/traits" {{(pid=105880) __call__ /opt/stack/placement/placement/requestlog.py:55}}
Oct 13 08:41:51.916274 n-d-858384-11 devstack@placement-api.service[105880]: INFO placement.requestlog [req-4bed2f63-0fdc-4861-9533-2693bd5a2a5e req-437d1a09-6f9f-47c9-ad9f-b279b27ada30 service placement] 10.222.0.36 "GET /placement/resource_providers/3d631b15-ed99-428b-82a6-d5b14a193bf5/traits" status: 200 len: 212 microversion: 1.6
Oct 13 08:41:51.918265 n-d-858384-11 devstack@placement-api.service[105880]: [pid: 105880|app: 0|req: 732/1464] 10.222.0.36 () {60 vars in 1418 bytes} [Thu Oct 13 08:41:51 2022] GET /placement/resource_providers/3d631b15-ed99-428b-82a6-d5b14a193bf5/traits => generated 212 bytes in 91 msecs (HTTP/1.1 200) 6 headers in 224 bytes (1 switches on core 0)
Oct 13 08:41:51.926383 n-d-858384-11 devstack@placement-api.service[105881]: DEBUG placement.requestlog [req-4bed2f63-0fdc-4861-9533-2693bd5a2a5e req-47b075b7-dd70-4f2f-9fa8-fea5c1d55ec3 None None] Starting request: 10.222.0.36 "GET /placement/resource_providers/3d631b15-ed99-428b-82a6-d5b14a193bf5/allocations" {{(pid=105881) __call__ /opt/stack/placement/placement/requestlog.py:55}}
Oct 13 08:41:51.990670 n-d-858384-11 devstack@placement-api.service[105881]: INFO placement.requestlog [req-4bed2f63-0fdc-4861-9533-2693bd5a2a5e req-47b075b7-dd70-4f2f-9fa8-fea5c1d55ec3 service placement] 10.222.0.36 "GET /placement/resource_providers/3d631b15-ed99-428b-82a6-d5b14a193bf5/allocations" status: 200 len: 255 microversion: 1.0
Oct 13 08:41:51.991894 n-d-858384-11 devstack@placement-api.service[105881]: [pid: 105881|app: 0|req: 733/1465] 10.222.0.36 () {58 vars in 1390 bytes} [Thu Oct 13 08:41:51 2022] GET /placement/resource_providers/3d631b15-ed99-428b-82a6-d5b14a193bf5/allocations => generated 255 bytes in 66 msecs (HTTP/1.1 200) 6 headers in 224 bytes (1 switches on core 0)
Oct 13 08:41:52.002501 n-d-858384-11 devstack@placement-api.service[105880]: DEBUG placement.requestlog [req-4bed2f63-0fdc-4861-9533-2693bd5a2a5e req-fe8a12be-6b98-4669-b31f-8301de5e6451 None None] Starting request: 10.222.0.36 "GET /placement/allocations/7ff95b85-68c9-4c74-af7d-47419a17bc58" {{(pid=105880) __call__ /opt/stack/placement/placement/requestlog.py:55}}
Oct 13 08:41:52.032312 n-d-858384-11 devstack@placement-api.service[105880]: INFO placement.requestlog [req-4bed2f63-0fdc-4861-9533-2693bd5a2a5e req-fe8a12be-6b98-4669-b31f-8301de5e6451 service placement] 10.222.0.36 "GET /placement/allocations/7ff95b85-68c9-4c74-af7d-47419a17bc58" status: 200 len: 259 microversion: 1.28
Oct 13 08:41:52.033152 n-d-858384-11 devstack@placement-api.service[105880]: [pid: 105880|app: 0|req: 733/1466] 10.222.0.36 () {60 vars in 1377 bytes} [Thu Oct 13 08:41:52 2022] GET /placement/allocations/7ff95b85-68c9-4c74-af7d-47419a17bc58 => generated 259 bytes in 32 msecs (HTTP/1.1 200) 8 headers in 296 bytes (1 switches on core 0)
Oct 13 08:41:52.042924 n-d-858384-11 devstack@placement-api.service[105881]: DEBUG placement.requestlog [req-4bed2f63-0fdc-4861-9533-2693bd5a2a5e req-c5244446-1578-4566-8f17-f68f9df0cab6 None None] Starting request: 10.222.0.36 "GET /placement/allocations/a9e29265-dfc5-4037-b844-0eb5dcc0f712" {{(pid=105881) __call__ /opt/stack/placement/placement/requestlog.py:55}}
Oct 13 08:41:52.087767 n-d-858384-11 devstack@placement-api.service[105881]: INFO placement.requestlog [req-4bed2f63-0fdc-4861-9533-2693bd5a2a5e req-c5244446-1578-4566-8f17-f68f9df0cab6 service placement] 10.222.0.36 "GET /placement/allocations/a9e29265-dfc5-4037-b844-0eb5dcc0f712" status: 200 len: 259 microversion: 1.28
Oct 13 08:41:52.091741 n-d-858384-11 devstack@placement-api.service[105881]: [pid: 105881|app: 0|req: 734/1467] 10.222.0.36 () {60 vars in 1377 bytes} [Thu Oct 13 08:41:52 2022] GET /placement/allocations/a9e29265-dfc5-4037-b844-0eb5dcc0f712 => generated 259 bytes in 49 msecs (HTTP/1.1 200) 8 headers in 296 bytes (1 switches on core 0)
Oct 13 08:41:55.386765 n-d-858384-11 devstack@placement-api.service[105880]: DEBUG placement.requestlog [None req-0febde0b-ab96-474c-9682-6c602f0cfff6 None None] Starting request: 10.222.0.23 "GET /placement/resource_providers/10329b05-71ac-49b8-ac06-92d4f60ed104/aggregates" {{(pid=105880) __call__ /opt/stack/placement/placement/requestlog.py:55}}
Oct 13 08:41:55.413606 n-d-858384-11 devstack@placement-api.service[105880]: INFO placement.requestlog [None req-0febde0b-ab96-474c-9682-6c602f0cfff6 service placement] 10.222.0.23 "GET /placement/resource_providers/10329b05-71ac-49b8-ac06-92d4f60ed104/aggregates" status: 404 len: 235 microversion: 1.1
Oct 13 08:41:55.415709 n-d-858384-11 devstack@placement-api.service[105880]: [pid: 105880|app: 0|req: 734/1468] 10.222.0.23 () {58 vars in 1362 bytes} [Thu Oct 13 08:41:55 2022] GET /placement/resource_providers/10329b05-71ac-49b8-ac06-92d4f60ed104/aggregates => generated 235 bytes in 29 msecs (HTTP/1.1 404) 5 headers in 202 bytes (1 switches on core 0)
Oct 13 08:41:55.477760 n-d-858384-11 devstack@placement-api.service[105881]: DEBUG placement.requestlog [None req-2c949f69-80aa-48f1-be94-01a83671ccc8 None None] Starting request: 10.222.0.23 "DELETE /placement/resource_providers/10329b05-71ac-49b8-ac06-92d4f60ed104" {{(pid=105881) __call__ /opt/stack/placement/placement/requestlog.py:55}}
Oct 13 08:41:55.494613 n-d-858384-11 devstack@placement-api.service[105881]: DEBUG placement.wsgi_wrapper [None req-2c949f69-80aa-48f1-be94-01a83671ccc8 service placement] Placement API returning an error response: No resource provider with uuid 10329b05-71ac-49b8-ac06-92d4f60ed104 found for delete {{(pid=105881) call_func /opt/stack/placement/placement/wsgi_wrapper.py:31}}
Oct 13 08:41:55.496031 n-d-858384-11 devstack@placement-api.service[105881]: INFO placement.requestlog [None req-2c949f69-80aa-48f1-be94-01a83671ccc8 service placement] 10.222.0.23 "DELETE /placement/resource_providers/10329b05-71ac-49b8-ac06-92d4f60ed104" status: 404 len: 246 microversion: 1.1
Oct 13 08:41:55.498110 n-d-858384-11 devstack@placement-api.service[105881]: [pid: 105881|app: 0|req: 735/1469] 10.222.0.23 () {60 vars in 1351 bytes} [Thu Oct 13 08:41:55 2022] DELETE /placement/resource_providers/10329b05-71ac-49b8-ac06-92d4f60ed104 => generated 246 bytes in 21 msecs (HTTP/1.1 404) 6 headers in 231 bytes (1 switches on core 0)
Oct 13 08:41:57.234229 n-d-858384-11 devstack@placement-api.service[105880]: DEBUG placement.requestlog [req-ff354e9e-52b4-4bf0-a561-34fdb582a411 req-dd0ea56c-54cf-42ff-9a0d-960393d6087f None None] Starting request: 10.222.0.26 "DELETE /placement/allocations/8d8b162b-28d9-4ce6-991e-4635698868d5" {{(pid=105880) __call__ /opt/stack/placement/placement/requestlog.py:55}}
Oct 13 08:41:57.330330 n-d-858384-11 devstack@placement-api.service[105880]: DEBUG placement.handlers.allocation [req-ff354e9e-52b4-4bf0-a561-34fdb582a411 req-dd0ea56c-54cf-42ff-9a0d-960393d6087f service placement] Successfully deleted allocations [, ] {{(pid=105880) delete_allocations /opt/stack/placement/placement/handlers/allocation.py:627}}
Oct 13 08:41:57.330879 n-d-858384-11 devstack@placement-api.service[105880]: INFO placement.requestlog [req-ff354e9e-52b4-4bf0-a561-34fdb582a411 req-dd0ea56c-54cf-42ff-9a0d-960393d6087f service placement] 10.222.0.26 "DELETE /placement/allocations/8d8b162b-28d9-4ce6-991e-4635698868d5" status: 204 len: 0 microversion: 1.0
Oct 13 08:41:57.332267 n-d-858384-11 devstack@placement-api.service[105880]: [pid: 105880|app: 0|req: 735/1470] 10.222.0.26 () {60 vars in 1355 bytes} [Thu Oct 13 08:41:57 2022] DELETE /placement/allocations/8d8b162b-28d9-4ce6-991e-4635698868d5 => generated 0 bytes in 98 msecs (HTTP/1.1 204) 5 headers in 198 bytes (1 switches on core 0)
Oct 13 08:42:00.495835 n-d-858384-11 devstack@placement-api.service[105881]: DEBUG placement.requestlog [req-b1d8dc6d-a74b-4c1a-b12d-a5d1a838e74d req-007bc6db-d6db-47ac-b001-4c23a287a625 None None] Starting request: 10.222.0.23 "GET /placement/allocation_candidates?limit=1000&resources=DISK_GB%3A1%2CMEMORY_MB%3A1024%2CVCPU%3A1&root_required=%21COMPUTE_STATUS_DISABLED" {{(pid=105881) __call__ /opt/stack/placement/placement/requestlog.py:55}}
Oct 13 08:42:00.700851 n-d-858384-11 devstack@placement-api.service[105881]: DEBUG placement.objects.research_context [req-b1d8dc6d-a74b-4c1a-b12d-a5d1a838e74d req-007bc6db-d6db-47ac-b001-4c23a287a625 service placement] getting providers with 1 DISK_GB {{(pid=105881) __init__ /opt/stack/placement/placement/objects/research_context.py:136}}
Oct 13 08:42:00.731208 n-d-858384-11 devstack@placement-api.service[105881]: DEBUG placement.objects.research_context [req-b1d8dc6d-a74b-4c1a-b12d-a5d1a838e74d req-007bc6db-d6db-47ac-b001-4c23a287a625 service placement] getting providers with 1024 MEMORY_MB {{(pid=105881) __init__ /opt/stack/placement/placement/objects/research_context.py:136}}
Oct 13 08:42:00.766994 n-d-858384-11 devstack@placement-api.service[105881]: DEBUG placement.objects.research_context [req-b1d8dc6d-a74b-4c1a-b12d-a5d1a838e74d req-007bc6db-d6db-47ac-b001-4c23a287a625 service placement] getting providers with 1 VCPU {{(pid=105881) __init__ /opt/stack/placement/placement/objects/research_context.py:136}}
Oct 13 08:42:00.792784 n-d-858384-11 devstack@placement-api.service[105881]: DEBUG placement.objects.research_context [req-b1d8dc6d-a74b-4c1a-b12d-a5d1a838e74d req-007bc6db-d6db-47ac-b001-4c23a287a625 service placement] found 2 providers with available 1 DISK_GB {{(pid=105881) get_provider_ids_matching /opt/stack/placement/placement/objects/research_context.py:563}}
Oct 13 08:42:00.798260 n-d-858384-11 devstack@placement-api.service[105881]: DEBUG placement.objects.research_context [req-b1d8dc6d-a74b-4c1a-b12d-a5d1a838e74d req-007bc6db-d6db-47ac-b001-4c23a287a625 service placement] found 2 providers with available 1024 MEMORY_MB {{(pid=105881) get_provider_ids_matching /opt/stack/placement/placement/objects/research_context.py:563}}
Oct 13 08:42:00.798739 n-d-858384-11 devstack@placement-api.service[105881]: DEBUG placement.objects.research_context [req-b1d8dc6d-a74b-4c1a-b12d-a5d1a838e74d req-007bc6db-d6db-47ac-b001-4c23a287a625 service placement] found 2 providers after filtering by previous result {{(pid=105881) get_provider_ids_matching /opt/stack/placement/placement/objects/research_context.py:594}}
Oct 13 08:42:00.800644 n-d-858384-11 devstack@placement-api.service[105881]: DEBUG placement.objects.research_context [req-b1d8dc6d-a74b-4c1a-b12d-a5d1a838e74d req-007bc6db-d6db-47ac-b001-4c23a287a625 service placement] found 2 providers with available 1 VCPU {{(pid=105881) get_provider_ids_matching /opt/stack/placement/placement/objects/research_context.py:563}}
Oct 13 08:42:00.804893 n-d-858384-11 devstack@placement-api.service[105881]: DEBUG placement.objects.research_context [req-b1d8dc6d-a74b-4c1a-b12d-a5d1a838e74d req-007bc6db-d6db-47ac-b001-4c23a287a625 service placement] found 2 providers after filtering by previous result {{(pid=105881) get_provider_ids_matching /opt/stack/placement/placement/objects/research_context.py:594}}
Oct 13 08:42:00.851810 n-d-858384-11 devstack@placement-api.service[105881]: DEBUG placement.objects.allocation_candidate [req-b1d8dc6d-a74b-4c1a-b12d-a5d1a838e74d req-007bc6db-d6db-47ac-b001-4c23a287a625 service placement] RequestGroup(use_same_provider=False, resources={DISK_GB:1, MEMORY_MB:1024, VCPU:1}, traits=(), aggregates=[]) (suffix '') returned 2 matches {{(pid=105881) _get_by_requests /opt/stack/placement/placement/objects/allocation_candidate.py:156}}
Oct 13 08:42:00.852586 n-d-858384-11 devstack@placement-api.service[105881]: DEBUG placement.objects.allocation_candidate [req-b1d8dc6d-a74b-4c1a-b12d-a5d1a838e74d req-007bc6db-d6db-47ac-b001-4c23a287a625 service placement] Merging candidates yields 2 allocation requests and 2 provider summaries {{(pid=105881) _merge_candidates /opt/stack/placement/placement/objects/allocation_candidate.py:809}}
Oct 13 08:42:00.869007 n-d-858384-11 devstack@placement-api.service[105881]: INFO placement.requestlog [req-b1d8dc6d-a74b-4c1a-b12d-a5d1a838e74d req-007bc6db-d6db-47ac-b001-4c23a287a625 service placement] 10.222.0.23 "GET /placement/allocation_candidates?limit=1000&resources=DISK_GB%3A1%2CMEMORY_MB%3A1024%2CVCPU%3A1&root_required=%21COMPUTE_STATUS_DISABLED" status: 200 len: 1309 microversion: 1.36
Oct 13 08:42:00.870621 n-d-858384-11 devstack@placement-api.service[105881]: [pid: 105881|app: 0|req: 736/1471] 10.222.0.23 () {60 vars in 1506 bytes} [Thu Oct 13 08:42:00 2022] GET /placement/allocation_candidates?limit=1000&resources=DISK_GB%3A1%2CMEMORY_MB%3A1024%2CVCPU%3A1&root_required=%21COMPUTE_STATUS_DISABLED => generated 1309 bytes in 375 msecs (HTTP/1.1 200) 8 headers in 297 bytes (1 switches on core 0)
Oct 13 08:42:00.985822 n-d-858384-11 devstack@placement-api.service[105880]: DEBUG placement.requestlog [req-b1d8dc6d-a74b-4c1a-b12d-a5d1a838e74d req-3236a56d-d91c-4ddd-88d0-bf434a6c649e None None] Starting request: 10.222.0.23 "GET /placement/allocations/738b3c84-5a45-42cb-a55e-3ba2d83c0c01" {{(pid=105880) __call__ /opt/stack/placement/placement/requestlog.py:55}}
Oct 13 08:42:00.993351 n-d-858384-11 devstack@placement-api.service[105880]: DEBUG dbcounter [-] [105880] Writing DB stats placement:SELECT=89,placement:DELETE=8,placement:UPDATE=2 {{(pid=105880) stat_writer /usr/local/lib/python3.8/dist-packages/dbcounter.py:114}}
Oct 13 08:42:01.013522 n-d-858384-11 devstack@placement-api.service[105880]: INFO placement.requestlog [req-b1d8dc6d-a74b-4c1a-b12d-a5d1a838e74d req-3236a56d-d91c-4ddd-88d0-bf434a6c649e service placement] 10.222.0.23 "GET /placement/allocations/738b3c84-5a45-42cb-a55e-3ba2d83c0c01" status: 200 len: 19 microversion: 1.28
Oct 13 08:42:01.016868 n-d-858384-11 devstack@placement-api.service[105880]: [pid: 105880|app: 0|req: 736/1472] 10.222.0.23 () {60 vars in 1380 bytes} [Thu Oct 13 08:42:00 2022] GET /placement/allocations/738b3c84-5a45-42cb-a55e-3ba2d83c0c01 => generated 19 bytes in 32 msecs (HTTP/1.1 200) 8 headers in 295 bytes (1 switches on core 0)
Oct 13 08:42:01.022917 n-d-858384-11 devstack@placement-api.service[105881]: DEBUG placement.requestlog [req-b1d8dc6d-a74b-4c1a-b12d-a5d1a838e74d req-9ac9d839-fede-43c6-b7b6-45b5594ce6c5 None None] Starting request: 10.222.0.23 "PUT /placement/allocations/738b3c84-5a45-42cb-a55e-3ba2d83c0c01" {{(pid=105881) __call__ /opt/stack/placement/placement/requestlog.py:55}}
Oct 13 08:42:01.285240 n-d-858384-11 devstack@placement-api.service[105881]: DEBUG placement.handlers.allocation [req-b1d8dc6d-a74b-4c1a-b12d-a5d1a838e74d req-9ac9d839-fede-43c6-b7b6-45b5594ce6c5 service placement] Successfully wrote allocations [, , ] {{(pid=105881) _update_consumers_and_create_allocations /opt/stack/placement/placement/handlers/allocation.py:462}}
Oct 13 08:42:01.291203 n-d-858384-11 devstack@placement-api.service[105881]: INFO placement.requestlog [req-b1d8dc6d-a74b-4c1a-b12d-a5d1a838e74d req-9ac9d839-fede-43c6-b7b6-45b5594ce6c5 service placement] 10.222.0.23 "PUT /placement/allocations/738b3c84-5a45-42cb-a55e-3ba2d83c0c01" status: 204 len: 0 microversion: 1.36
Oct 13 08:42:01.293105 n-d-858384-11 devstack@placement-api.service[105881]: [pid: 105881|app: 0|req: 737/1473] 10.222.0.23 () {64 vars in 1433 bytes} [Thu Oct 13 08:42:01 2022] PUT /placement/allocations/738b3c84-5a45-42cb-a55e-3ba2d83c0c01 => generated 0 bytes in 270 msecs (HTTP/1.1 204) 5 headers in 199 bytes (1 switches on core 0)
Oct 13 08:42:02.175603 n-d-858384-11 devstack@placement-api.service[105880]: DEBUG placement.requestlog [req-b1d8dc6d-a74b-4c1a-b12d-a5d1a838e74d req-301c632e-b935-45c1-9ed8-fa30d6d1f483 None None] Starting request: 10.222.0.36 "GET /placement/allocations/738b3c84-5a45-42cb-a55e-3ba2d83c0c01" {{(pid=105880) __call__ /opt/stack/placement/placement/requestlog.py:55}}
Oct 13 08:42:02.251479 n-d-858384-11 devstack@placement-api.service[105880]: INFO placement.requestlog [req-b1d8dc6d-a74b-4c1a-b12d-a5d1a838e74d req-301c632e-b935-45c1-9ed8-fa30d6d1f483 service placement] 10.222.0.36 "GET /placement/allocations/738b3c84-5a45-42cb-a55e-3ba2d83c0c01" status: 200 len: 259 microversion: 1.28
Oct 13 08:42:02.255260 n-d-858384-11 devstack@placement-api.service[105880]: [pid: 105880|app: 0|req: 737/1474] 10.222.0.36 () {60 vars in 1377 bytes} [Thu Oct 13 08:42:02 2022] GET /placement/allocations/738b3c84-5a45-42cb-a55e-3ba2d83c0c01 => generated 259 bytes in 80 msecs (HTTP/1.1 200) 8 headers in 296 bytes (1 switches on core 0)
Oct 13 08:42:02.475043 n-d-858384-11 devstack@placement-api.service[105881]: DEBUG placement.requestlog [req-b1d8dc6d-a74b-4c1a-b12d-a5d1a838e74d req-8c9bcd16-461d-494e-ad70-73e05fbb1128 None None] Starting request: 10.222.0.36 "GET /placement/resource_providers/3d631b15-ed99-428b-82a6-d5b14a193bf5/allocations" {{(pid=105881) __call__ /opt/stack/placement/placement/requestlog.py:55}}
Oct 13 08:42:02.554645 n-d-858384-11 devstack@placement-api.service[105881]: INFO placement.requestlog [req-b1d8dc6d-a74b-4c1a-b12d-a5d1a838e74d req-8c9bcd16-461d-494e-ad70-73e05fbb1128 service placement] 10.222.0.36 "GET /placement/resource_providers/3d631b15-ed99-428b-82a6-d5b14a193bf5/allocations" status: 200 len: 356 microversion: 1.0
Oct 13 08:42:02.559205 n-d-858384-11 devstack@placement-api.service[105881]: [pid: 105881|app: 0|req: 738/1475] 10.222.0.36 () {58 vars in 1390 bytes} [Thu Oct 13 08:42:02 2022] GET /placement/resource_providers/3d631b15-ed99-428b-82a6-d5b14a193bf5/allocations => generated 356 bytes in 84 msecs (HTTP/1.1 200) 6 headers in 224 bytes (1 switches on core 0)
Oct 13 08:42:02.567117 n-d-858384-11 devstack@placement-api.service[105880]: DEBUG placement.requestlog [req-b1d8dc6d-a74b-4c1a-b12d-a5d1a838e74d req-1fdacb94-89b6-4b62-98c0-8d9c510c5ecf None None] Starting request: 10.222.0.36 "GET /placement/allocations/738b3c84-5a45-42cb-a55e-3ba2d83c0c01" {{(pid=105880) __call__ /opt/stack/placement/placement/requestlog.py:55}}
Oct 13 08:42:02.617845 n-d-858384-11 devstack@placement-api.service[105880]: INFO placement.requestlog [req-b1d8dc6d-a74b-4c1a-b12d-a5d1a838e74d req-1fdacb94-89b6-4b62-98c0-8d9c510c5ecf service placement] 10.222.0.36 "GET /placement/allocations/738b3c84-5a45-42cb-a55e-3ba2d83c0c01" status: 200 len: 259 microversion: 1.28
Oct 13 08:42:02.618806 n-d-858384-11 devstack@placement-api.service[105880]: [pid: 105880|app: 0|req: 738/1476] 10.222.0.36 () {60 vars in 1377 bytes} [Thu Oct 13 08:42:02 2022] GET /placement/allocations/738b3c84-5a45-42cb-a55e-3ba2d83c0c01 => generated 259 bytes in 52 msecs (HTTP/1.1 200) 8 headers in 296 bytes (1 switches on core 0)
Oct 13 08:42:02.627510 n-d-858384-11 devstack@placement-api.service[105881]: DEBUG placement.requestlog [req-b1d8dc6d-a74b-4c1a-b12d-a5d1a838e74d req-28ee4336-bcb6-422c-816a-75c7a327c4aa None None] Starting request: 10.222.0.36 "GET /placement/allocations/7ff95b85-68c9-4c74-af7d-47419a17bc58" {{(pid=105881) __call__ /opt/stack/placement/placement/requestlog.py:55}}
Oct 13 08:42:02.677190 n-d-858384-11 devstack@placement-api.service[105881]: INFO placement.requestlog [req-b1d8dc6d-a74b-4c1a-b12d-a5d1a838e74d req-28ee4336-bcb6-422c-816a-75c7a327c4aa service placement] 10.222.0.36 "GET /placement/allocations/7ff95b85-68c9-4c74-af7d-47419a17bc58" status: 200 len: 259 microversion: 1.28
Oct 13 08:42:02.682989 n-d-858384-11 devstack@placement-api.service[105881]: [pid: 105881|app: 0|req: 739/1477] 10.222.0.36 () {60 vars in 1377 bytes} [Thu Oct 13 08:42:02 2022] GET /placement/allocations/7ff95b85-68c9-4c74-af7d-47419a17bc58 => generated 259 bytes in 56 msecs (HTTP/1.1 200) 8 headers in 296 bytes (1 switches on core 0)
Oct 13 08:42:02.686664 n-d-858384-11 devstack@placement-api.service[105880]: DEBUG placement.requestlog [req-b1d8dc6d-a74b-4c1a-b12d-a5d1a838e74d req-a97d3ed8-a986-4100-a705-bbd8837dcfba None None] Starting request: 10.222.0.36 "GET /placement/allocations/a9e29265-dfc5-4037-b844-0eb5dcc0f712" {{(pid=105880) __call__ /opt/stack/placement/placement/requestlog.py:55}}
Oct 13 08:42:02.714836 n-d-858384-11 devstack@placement-api.service[105880]: INFO placement.requestlog [req-b1d8dc6d-a74b-4c1a-b12d-a5d1a838e74d req-a97d3ed8-a986-4100-a705-bbd8837dcfba service placement] 10.222.0.36 "GET /placement/allocations/a9e29265-dfc5-4037-b844-0eb5dcc0f712" status: 200 len: 259 microversion: 1.28
Oct 13 08:42:02.715656 n-d-858384-11 devstack@placement-api.service[105880]: [pid: 105880|app: 0|req: 739/1478] 10.222.0.36 () {60 vars in 1377 bytes} [Thu Oct 13 08:42:02 2022] GET /placement/allocations/a9e29265-dfc5-4037-b844-0eb5dcc0f712 => generated 259 bytes in 29 msecs (HTTP/1.1 200) 8 headers in 296 bytes (1 switches on core 0)
Oct 13 08:42:08.359273 n-d-858384-11 devstack@placement-api.service[105881]: DEBUG placement.requestlog [req-f1a97bf2-98a0-4146-a730-975cbaca1f38 req-9de916e6-1138-4226-ac3a-798bbd81facb None None] Starting request: 10.222.0.26 "GET /placement/resource_providers/c3b344e8-72d8-4e42-97eb-3ab49a12043f/allocations" {{(pid=105881) __call__ /opt/stack/placement/placement/requestlog.py:55}}
Oct 13 08:42:09.046718 n-d-858384-11 devstack@placement-api.service[105881]: INFO placement.requestlog [req-f1a97bf2-98a0-4146-a730-975cbaca1f38 req-9de916e6-1138-4226-ac3a-798bbd81facb service placement] 10.222.0.26 "GET /placement/resource_providers/c3b344e8-72d8-4e42-97eb-3ab49a12043f/allocations" status: 200 len: 255 microversion: 1.0
Oct 13 08:42:09.048205 n-d-858384-11 devstack@placement-api.service[105881]: [pid: 105881|app: 0|req: 740/1479] 10.222.0.26 () {58 vars in 1390 bytes} [Thu Oct 13 08:42:08 2022] GET /placement/resource_providers/c3b344e8-72d8-4e42-97eb-3ab49a12043f/allocations => generated 255 bytes in 689 msecs (HTTP/1.1 200) 6 headers in 224 bytes (1 switches on core 0)
Oct 13 08:42:09.133177 n-d-858384-11 devstack@placement-api.service[105880]: DEBUG placement.requestlog [req-f1a97bf2-98a0-4146-a730-975cbaca1f38 req-a5e84a16-f8ef-4304-a83d-c80358232835 None None] Starting request: 10.222.0.26 "GET /placement/resource_providers?in_tree=c3b344e8-72d8-4e42-97eb-3ab49a12043f" {{(pid=105880) __call__ /opt/stack/placement/placement/requestlog.py:55}}
Oct 13 08:42:09.224080 n-d-858384-11 devstack@placement-api.service[105880]: INFO placement.requestlog [req-f1a97bf2-98a0-4146-a730-975cbaca1f38 req-a5e84a16-f8ef-4304-a83d-c80358232835 service placement] 10.222.0.26 "GET /placement/resource_providers?in_tree=c3b344e8-72d8-4e42-97eb-3ab49a12043f" status: 200 len: 864 microversion: 1.14
Oct 13 08:42:09.225849 n-d-858384-11 devstack@placement-api.service[105880]: [pid: 105880|app: 0|req: 740/1480] 10.222.0.26 () {60 vars in 1376 bytes} [Thu Oct 13 08:42:09 2022] GET /placement/resource_providers?in_tree=c3b344e8-72d8-4e42-97eb-3ab49a12043f => generated 864 bytes in 93 msecs (HTTP/1.1 200) 6 headers in 225 bytes (1 switches on core 0)
Oct 13 08:42:09.238989 n-d-858384-11 devstack@placement-api.service[105881]: DEBUG placement.requestlog [req-f1a97bf2-98a0-4146-a730-975cbaca1f38 req-f8af6535-ddb8-40b4-9522-006d02602db6 None None] Starting request: 10.222.0.26 "GET /placement/resource_providers/c3b344e8-72d8-4e42-97eb-3ab49a12043f/inventories" {{(pid=105881) __call__ /opt/stack/placement/placement/requestlog.py:55}}
Oct 13 08:42:09.271860 n-d-858384-11 devstack@placement-api.service[105881]: INFO placement.requestlog [req-f1a97bf2-98a0-4146-a730-975cbaca1f38 req-f8af6535-ddb8-40b4-9522-006d02602db6 service placement] 10.222.0.26 "GET /placement/resource_providers/c3b344e8-72d8-4e42-97eb-3ab49a12043f/inventories" status: 200 len: 397 microversion: 1.0
Oct 13 08:42:09.272844 n-d-858384-11 devstack@placement-api.service[105881]: [pid: 105881|app: 0|req: 741/1481] 10.222.0.26 () {58 vars in 1390 bytes} [Thu Oct 13 08:42:09 2022] GET /placement/resource_providers/c3b344e8-72d8-4e42-97eb-3ab49a12043f/inventories => generated 397 bytes in 34 msecs (HTTP/1.1 200) 6 headers in 224 bytes (1 switches on core 0)
Oct 13 08:42:09.292632 n-d-858384-11 devstack@placement-api.service[105880]: DEBUG placement.requestlog [req-f1a97bf2-98a0-4146-a730-975cbaca1f38 req-774a8e66-b986-4b81-8dbd-395197c0f10b None None] Starting request: 10.222.0.26 "GET /placement/resource_providers/c3b344e8-72d8-4e42-97eb-3ab49a12043f/aggregates" {{(pid=105880) __call__ /opt/stack/placement/placement/requestlog.py:55}}
Oct 13 08:42:09.317881 n-d-858384-11 devstack@placement-api.service[105880]: INFO placement.requestlog [req-f1a97bf2-98a0-4146-a730-975cbaca1f38 req-774a8e66-b986-4b81-8dbd-395197c0f10b service placement] 10.222.0.26 "GET /placement/resource_providers/c3b344e8-72d8-4e42-97eb-3ab49a12043f/aggregates" status: 200 len: 54 microversion: 1.19
Oct 13 08:42:09.319245 n-d-858384-11 devstack@placement-api.service[105880]: [pid: 105880|app: 0|req: 741/1482] 10.222.0.26 () {60 vars in 1431 bytes} [Thu Oct 13 08:42:09 2022] GET /placement/resource_providers/c3b344e8-72d8-4e42-97eb-3ab49a12043f/aggregates => generated 54 bytes in 27 msecs (HTTP/1.1 200) 8 headers in 295 bytes (1 switches on core 0)
Oct 13 08:42:09.359282 n-d-858384-11 devstack@placement-api.service[105881]: DEBUG placement.requestlog [req-f1a97bf2-98a0-4146-a730-975cbaca1f38 req-bf12734a-e92b-4516-80fd-b0c77ec184f6 None None] Starting request: 10.222.0.26 "GET /placement/resource_providers/c3b344e8-72d8-4e42-97eb-3ab49a12043f/traits" {{(pid=105881) __call__ /opt/stack/placement/placement/requestlog.py:55}}
Oct 13 08:42:09.451965 n-d-858384-11 devstack@placement-api.service[105881]: INFO placement.requestlog [req-f1a97bf2-98a0-4146-a730-975cbaca1f38 req-bf12734a-e92b-4516-80fd-b0c77ec184f6 service placement] 10.222.0.26 "GET /placement/resource_providers/c3b344e8-72d8-4e42-97eb-3ab49a12043f/traits" status: 200 len: 212 microversion: 1.6
Oct 13 08:42:09.453443 n-d-858384-11 devstack@placement-api.service[105881]: [pid: 105881|app: 0|req: 742/1483] 10.222.0.26 () {60 vars in 1418 bytes} [Thu Oct 13 08:42:09 2022] GET /placement/resource_providers/c3b344e8-72d8-4e42-97eb-3ab49a12043f/traits => generated 212 bytes in 94 msecs (HTTP/1.1 200) 6 headers in 224 bytes (1 switches on core 0)
Oct 13 08:42:09.468093 n-d-858384-11 devstack@placement-api.service[105880]: DEBUG placement.requestlog [req-f1a97bf2-98a0-4146-a730-975cbaca1f38 req-b462ab71-2493-4113-9943-b7a18e1eee01 None None] Starting request: 10.222.0.26 "GET /placement/resource_providers/c3b344e8-72d8-4e42-97eb-3ab49a12043f/allocations" {{(pid=105880) __call__ /opt/stack/placement/placement/requestlog.py:55}}
Oct 13 08:42:09.523681 n-d-858384-11 devstack@placement-api.service[105880]: INFO placement.requestlog [req-f1a97bf2-98a0-4146-a730-975cbaca1f38 req-b462ab71-2493-4113-9943-b7a18e1eee01 service placement] 10.222.0.26 "GET /placement/resource_providers/c3b344e8-72d8-4e42-97eb-3ab49a12043f/allocations" status: 200 len: 255 microversion: 1.0
Oct 13 08:42:09.524731 n-d-858384-11 devstack@placement-api.service[105880]: [pid: 105880|app: 0|req: 742/1484] 10.222.0.26 () {58 vars in 1390 bytes} [Thu Oct 13 08:42:09 2022] GET /placement/resource_providers/c3b344e8-72d8-4e42-97eb-3ab49a12043f/allocations => generated 255 bytes in 57 msecs (HTTP/1.1 200) 6 headers in 224 bytes (1 switches on core 0)
Oct 13 08:42:09.532249 n-d-858384-11 devstack@placement-api.service[105881]: DEBUG placement.requestlog [req-f1a97bf2-98a0-4146-a730-975cbaca1f38 req-677f2399-1164-467a-b36d-4786cb18b10c None None] Starting request: 10.222.0.26 "GET /placement/allocations/f3acf3e2-d5e1-432e-899b-5bcb2abaabf3" {{(pid=105881) __call__ /opt/stack/placement/placement/requestlog.py:55}}
Oct 13 08:42:09.562236 n-d-858384-11 devstack@placement-api.service[105881]: INFO placement.requestlog [req-f1a97bf2-98a0-4146-a730-975cbaca1f38 req-677f2399-1164-467a-b36d-4786cb18b10c service placement] 10.222.0.26 "GET /placement/allocations/f3acf3e2-d5e1-432e-899b-5bcb2abaabf3" status: 200 len: 259 microversion: 1.28
Oct 13 08:42:09.576635 n-d-858384-11 devstack@placement-api.service[105881]: [pid: 105881|app: 0|req: 743/1485] 10.222.0.26 () {60 vars in 1377 bytes} [Thu Oct 13 08:42:09 2022] GET /placement/allocations/f3acf3e2-d5e1-432e-899b-5bcb2abaabf3 => generated 259 bytes in 45 msecs (HTTP/1.1 200) 8 headers in 296 bytes (1 switches on core 0)
Oct 13 08:42:09.576886 n-d-858384-11 devstack@placement-api.service[105880]: DEBUG placement.requestlog [req-f1a97bf2-98a0-4146-a730-975cbaca1f38 req-be0cfdc2-6c5c-4386-a9ff-80827ac2490d None None] Starting request: 10.222.0.26 "GET /placement/allocations/6ee2b36a-ea79-4853-98d8-fabbe1cdb884" {{(pid=105880) __call__ /opt/stack/placement/placement/requestlog.py:55}}
Oct 13 08:42:09.611748 n-d-858384-11 devstack@placement-api.service[105880]: INFO placement.requestlog [req-f1a97bf2-98a0-4146-a730-975cbaca1f38 req-be0cfdc2-6c5c-4386-a9ff-80827ac2490d service placement] 10.222.0.26 "GET /placement/allocations/6ee2b36a-ea79-4853-98d8-fabbe1cdb884" status: 200 len: 259 microversion: 1.28
Oct 13 08:42:09.612427 n-d-858384-11 devstack@placement-api.service[105880]: [pid: 105880|app: 0|req: 743/1486] 10.222.0.26 () {60 vars in 1377 bytes} [Thu Oct 13 08:42:09 2022] GET /placement/allocations/6ee2b36a-ea79-4853-98d8-fabbe1cdb884 => generated 259 bytes in 36 msecs (HTTP/1.1 200) 8 headers in 296 bytes (1 switches on core 0)
Oct 13 08:42:18.752159 n-d-858384-11 devstack@placement-api.service[105881]: DEBUG placement.requestlog [None req-8c957de2-a97f-4616-918e-1b86b6a644a4 None None] Starting request: 10.222.0.23 "GET /placement/resource_providers/e7e6fc2d-46b3-46fa-9832-88e367157677/aggregates" {{(pid=105881) __call__ /opt/stack/placement/placement/requestlog.py:55}}
Oct 13 08:42:18.760081 n-d-858384-11 devstack@placement-api.service[105881]: DEBUG dbcounter [-] [105881] Writing DB stats placement:SELECT=79,placement:INSERT=6,placement:DELETE=2,placement:UPDATE=2 {{(pid=105881) stat_writer /usr/local/lib/python3.8/dist-packages/dbcounter.py:114}}
Oct 13 08:42:18.773674 n-d-858384-11 devstack@placement-api.service[105881]: INFO placement.requestlog [None req-8c957de2-a97f-4616-918e-1b86b6a644a4 service placement] 10.222.0.23 "GET /placement/resource_providers/e7e6fc2d-46b3-46fa-9832-88e367157677/aggregates" status: 404 len: 235 microversion: 1.1
Oct 13 08:42:18.781965 n-d-858384-11 devstack@placement-api.service[105881]: [pid: 105881|app: 0|req: 744/1487] 10.222.0.23 () {58 vars in 1362 bytes} [Thu Oct 13 08:42:18 2022] GET /placement/resource_providers/e7e6fc2d-46b3-46fa-9832-88e367157677/aggregates => generated 235 bytes in 30 msecs (HTTP/1.1 404) 5 headers in 202 bytes (1 switches on core 0)
Oct 13 08:42:18.866373 n-d-858384-11 devstack@placement-api.service[105880]: DEBUG placement.requestlog [None req-68f8ff73-42da-44e7-8d25-2f83be7c042c None None] Starting request: 10.222.0.23 "DELETE /placement/resource_providers/e7e6fc2d-46b3-46fa-9832-88e367157677" {{(pid=105880) __call__ /opt/stack/placement/placement/requestlog.py:55}}
Oct 13 08:42:18.894657 n-d-858384-11 devstack@placement-api.service[105880]: DEBUG placement.wsgi_wrapper [None req-68f8ff73-42da-44e7-8d25-2f83be7c042c service placement] Placement API returning an error response: No resource provider with uuid e7e6fc2d-46b3-46fa-9832-88e367157677 found for delete {{(pid=105880) call_func /opt/stack/placement/placement/wsgi_wrapper.py:31}}
Oct 13 08:42:18.898001 n-d-858384-11 devstack@placement-api.service[105880]: INFO placement.requestlog [None req-68f8ff73-42da-44e7-8d25-2f83be7c042c service placement] 10.222.0.23 "DELETE /placement/resource_providers/e7e6fc2d-46b3-46fa-9832-88e367157677" status: 404 len: 246 microversion: 1.1
Oct 13 08:42:18.898892 n-d-858384-11 devstack@placement-api.service[105880]: [pid: 105880|app: 0|req: 744/1488] 10.222.0.23 () {60 vars in 1351 bytes} [Thu Oct 13 08:42:18 2022] DELETE /placement/resource_providers/e7e6fc2d-46b3-46fa-9832-88e367157677 => generated 246 bytes in 33 msecs (HTTP/1.1 404) 6 headers in 231 bytes (1 switches on core 0)
Oct 13 08:42:23.549911 n-d-858384-11 devstack@placement-api.service[105881]: DEBUG placement.requestlog [req-bd7ad7de-b985-4537-afff-744e85e40227 req-b49ba433-287a-41b2-885e-c72744aff30e None None] Starting request: 10.222.0.23 "GET /placement/allocation_candidates?limit=1000&resources=MEMORY_MB%3A1024%2CVCPU%3A1&root_required=%21COMPUTE_STATUS_DISABLED" {{(pid=105881) __call__ /opt/stack/placement/placement/requestlog.py:55}}
Oct 13 08:42:23.568818 n-d-858384-11 devstack@placement-api.service[105880]: DEBUG placement.requestlog [req-50a3e534-9f80-4d49-8e60-ef38bd01c11f req-506b5162-4da9-4707-a0f9-d021bc602a0e None None] Starting request: 10.222.0.26 "GET /placement/resource_providers/c3b344e8-72d8-4e42-97eb-3ab49a12043f/allocations" {{(pid=105880) __call__ /opt/stack/placement/placement/requestlog.py:55}}
Oct 13 08:42:23.652114 n-d-858384-11 devstack@placement-api.service[105880]: INFO placement.requestlog [req-50a3e534-9f80-4d49-8e60-ef38bd01c11f req-506b5162-4da9-4707-a0f9-d021bc602a0e service placement] 10.222.0.26 "GET /placement/resource_providers/c3b344e8-72d8-4e42-97eb-3ab49a12043f/allocations" status: 200 len: 255 microversion: 1.0
Oct 13 08:42:23.652503 n-d-858384-11 devstack@placement-api.service[105880]: [pid: 105880|app: 0|req: 745/1489] 10.222.0.26 () {58 vars in 1390 bytes} [Thu Oct 13 08:42:23 2022] GET /placement/resource_providers/c3b344e8-72d8-4e42-97eb-3ab49a12043f/allocations => generated 255 bytes in 84 msecs (HTTP/1.1 200) 6 headers in 224 bytes (1 switches on core 0)
Oct 13 08:42:23.659891 n-d-858384-11 devstack@placement-api.service[105880]: DEBUG placement.requestlog [req-50a3e534-9f80-4d49-8e60-ef38bd01c11f req-6dfcf18c-3381-4386-9b10-f3960b22a5bf None None] Starting request: 10.222.0.26 "GET /placement/allocations/f3acf3e2-d5e1-432e-899b-5bcb2abaabf3" {{(pid=105880) __call__ /opt/stack/placement/placement/requestlog.py:55}}
Oct 13 08:42:23.677087 n-d-858384-11 devstack@placement-api.service[105881]: DEBUG placement.objects.research_context [req-bd7ad7de-b985-4537-afff-744e85e40227 req-b49ba433-287a-41b2-885e-c72744aff30e service placement] getting providers with 1024 MEMORY_MB {{(pid=105881) __init__ /opt/stack/placement/placement/objects/research_context.py:136}}
Oct 13 08:42:23.707010 n-d-858384-11 devstack@placement-api.service[105881]: DEBUG placement.objects.research_context [req-bd7ad7de-b985-4537-afff-744e85e40227 req-b49ba433-287a-41b2-885e-c72744aff30e service placement] getting providers with 1 VCPU {{(pid=105881) __init__ /opt/stack/placement/placement/objects/research_context.py:136}}
Oct 13 08:42:23.709502 n-d-858384-11 devstack@placement-api.service[105880]: INFO placement.requestlog [req-50a3e534-9f80-4d49-8e60-ef38bd01c11f req-6dfcf18c-3381-4386-9b10-f3960b22a5bf service placement] 10.222.0.26 "GET /placement/allocations/f3acf3e2-d5e1-432e-899b-5bcb2abaabf3" status: 200 len: 259 microversion: 1.28
Oct 13 08:42:23.710352 n-d-858384-11 devstack@placement-api.service[105880]: [pid: 105880|app: 0|req: 746/1490] 10.222.0.26 () {60 vars in 1377 bytes} [Thu Oct 13 08:42:23 2022] GET /placement/allocations/f3acf3e2-d5e1-432e-899b-5bcb2abaabf3 => generated 259 bytes in 51 msecs (HTTP/1.1 200) 8 headers in 296 bytes (1 switches on core 0)
Oct 13 08:42:23.717175 n-d-858384-11 devstack@placement-api.service[105880]: DEBUG placement.requestlog [req-50a3e534-9f80-4d49-8e60-ef38bd01c11f req-7398225e-c63b-40fc-a398-5c822d779af4 None None] Starting request: 10.222.0.26 "GET /placement/allocations/6ee2b36a-ea79-4853-98d8-fabbe1cdb884" {{(pid=105880) __call__ /opt/stack/placement/placement/requestlog.py:55}}
Oct 13 08:42:23.728194 n-d-858384-11 devstack@placement-api.service[105881]: DEBUG placement.objects.research_context [req-bd7ad7de-b985-4537-afff-744e85e40227 req-b49ba433-287a-41b2-885e-c72744aff30e service placement] found 2 providers with available 1024 MEMORY_MB {{(pid=105881) get_provider_ids_matching /opt/stack/placement/placement/objects/research_context.py:563}}
Oct 13 08:42:23.732081 n-d-858384-11 devstack@placement-api.service[105881]: DEBUG placement.objects.research_context [req-bd7ad7de-b985-4537-afff-744e85e40227 req-b49ba433-287a-41b2-885e-c72744aff30e service placement] found 2 providers with available 1 VCPU {{(pid=105881) get_provider_ids_matching /opt/stack/placement/placement/objects/research_context.py:563}}
Oct 13 08:42:23.737705 n-d-858384-11 devstack@placement-api.service[105881]: DEBUG placement.objects.research_context [req-bd7ad7de-b985-4537-afff-744e85e40227 req-b49ba433-287a-41b2-885e-c72744aff30e service placement] found 2 providers after filtering by previous result {{(pid=105881) get_provider_ids_matching /opt/stack/placement/placement/objects/research_context.py:594}}
Oct 13 08:42:23.779580 n-d-858384-11 devstack@placement-api.service[105880]: INFO placement.requestlog [req-50a3e534-9f80-4d49-8e60-ef38bd01c11f req-7398225e-c63b-40fc-a398-5c822d779af4 service placement] 10.222.0.26 "GET /placement/allocations/6ee2b36a-ea79-4853-98d8-fabbe1cdb884" status: 200 len: 259 microversion: 1.28
Oct 13 08:42:23.779995 n-d-858384-11 devstack@placement-api.service[105880]: [pid: 105880|app: 0|req: 747/1491] 10.222.0.26 () {60 vars in 1377 bytes} [Thu Oct 13 08:42:23 2022] GET /placement/allocations/6ee2b36a-ea79-4853-98d8-fabbe1cdb884 => generated 259 bytes in 64 msecs (HTTP/1.1 200) 8 headers in 296 bytes (2 switches on core 0)
Oct 13 08:42:23.781801 n-d-858384-11 devstack@placement-api.service[105881]: DEBUG placement.objects.allocation_candidate [req-bd7ad7de-b985-4537-afff-744e85e40227 req-b49ba433-287a-41b2-885e-c72744aff30e service placement] RequestGroup(use_same_provider=False, resources={MEMORY_MB:1024, VCPU:1}, traits=(), aggregates=[]) (suffix '') returned 2 matches {{(pid=105881) _get_by_requests /opt/stack/placement/placement/objects/allocation_candidate.py:156}}
Oct 13 08:42:23.785025 n-d-858384-11 devstack@placement-api.service[105881]: DEBUG placement.objects.allocation_candidate [req-bd7ad7de-b985-4537-afff-744e85e40227 req-b49ba433-287a-41b2-885e-c72744aff30e service placement] Merging candidates yields 2 allocation requests and 2 provider summaries {{(pid=105881) _merge_candidates /opt/stack/placement/placement/objects/allocation_candidate.py:809}}
Oct 13 08:42:23.788303 n-d-858384-11 devstack@placement-api.service[105881]: INFO placement.requestlog [req-bd7ad7de-b985-4537-afff-744e85e40227 req-b49ba433-287a-41b2-885e-c72744aff30e service placement] 10.222.0.23 "GET /placement/allocation_candidates?limit=1000&resources=MEMORY_MB%3A1024%2CVCPU%3A1&root_required=%21COMPUTE_STATUS_DISABLED" status: 200 len: 1281 microversion: 1.36
Oct 13 08:42:23.791802 n-d-858384-11 devstack@placement-api.service[105881]: [pid: 105881|app: 0|req: 745/1492] 10.222.0.23 () {60 vars in 1478 bytes} [Thu Oct 13 08:42:23 2022] GET /placement/allocation_candidates?limit=1000&resources=MEMORY_MB%3A1024%2CVCPU%3A1&root_required=%21COMPUTE_STATUS_DISABLED => generated 1281 bytes in 242 msecs (HTTP/1.1 200) 8 headers in 297 bytes (1 switches on core 0)
Oct 13 08:42:24.008772 n-d-858384-11 devstack@placement-api.service[105880]: DEBUG placement.requestlog [req-bd7ad7de-b985-4537-afff-744e85e40227 req-296a4381-de71-428c-a5ec-e2623f24c6ff None None] Starting request: 10.222.0.23 "GET /placement/allocations/e1b7528d-7aa7-49f8-9006-d4337b105a91" {{(pid=105880) __call__ /opt/stack/placement/placement/requestlog.py:55}}
Oct 13 08:42:24.012313 n-d-858384-11 devstack@placement-api.service[105881]: DEBUG placement.requestlog [req-50a3e534-9f80-4d49-8e60-ef38bd01c11f req-e028fe5d-fcd9-4574-88e9-6f3a4c328e8d None None] Starting request: 10.222.0.26 "DELETE /placement/allocations/f3acf3e2-d5e1-432e-899b-5bcb2abaabf3" {{(pid=105881) __call__ /opt/stack/placement/placement/requestlog.py:55}}
Oct 13 08:42:24.049956 n-d-858384-11 devstack@placement-api.service[105880]: INFO placement.requestlog [req-bd7ad7de-b985-4537-afff-744e85e40227 req-296a4381-de71-428c-a5ec-e2623f24c6ff service placement] 10.222.0.23 "GET /placement/allocations/e1b7528d-7aa7-49f8-9006-d4337b105a91" status: 200 len: 19 microversion: 1.28
Oct 13 08:42:24.051998 n-d-858384-11 devstack@placement-api.service[105880]: [pid: 105880|app: 0|req: 748/1493] 10.222.0.23 () {60 vars in 1380 bytes} [Thu Oct 13 08:42:24 2022] GET /placement/allocations/e1b7528d-7aa7-49f8-9006-d4337b105a91 => generated 19 bytes in 44 msecs (HTTP/1.1 200) 8 headers in 295 bytes (1 switches on core 0)
Oct 13 08:42:24.060266 n-d-858384-11 devstack@placement-api.service[105880]: DEBUG placement.requestlog [req-bd7ad7de-b985-4537-afff-744e85e40227 req-c84d10b8-46e3-4b0f-8b55-1dfc0aa83a86 None None] Starting request: 10.222.0.23 "PUT /placement/allocations/e1b7528d-7aa7-49f8-9006-d4337b105a91" {{(pid=105880) __call__ /opt/stack/placement/placement/requestlog.py:55}}
Oct 13 08:42:24.109563 n-d-858384-11 devstack@placement-api.service[105881]: DEBUG placement.handlers.allocation [req-50a3e534-9f80-4d49-8e60-ef38bd01c11f req-e028fe5d-fcd9-4574-88e9-6f3a4c328e8d service placement] Successfully deleted allocations [, , ] {{(pid=105881) delete_allocations /opt/stack/placement/placement/handlers/allocation.py:627}}
Oct 13 08:42:24.110113 n-d-858384-11 devstack@placement-api.service[105881]: INFO placement.requestlog [req-50a3e534-9f80-4d49-8e60-ef38bd01c11f req-e028fe5d-fcd9-4574-88e9-6f3a4c328e8d service placement] 10.222.0.26 "DELETE /placement/allocations/f3acf3e2-d5e1-432e-899b-5bcb2abaabf3" status: 204 len: 0 microversion: 1.0
Oct 13 08:42:24.110917 n-d-858384-11 devstack@placement-api.service[105881]: [pid: 105881|app: 0|req: 746/1494] 10.222.0.26 () {60 vars in 1355 bytes} [Thu Oct 13 08:42:24 2022] DELETE /placement/allocations/f3acf3e2-d5e1-432e-899b-5bcb2abaabf3 => generated 0 bytes in 99 msecs (HTTP/1.1 204) 5 headers in 198 bytes (2 switches on core 0)
Oct 13 08:42:24.253434 n-d-858384-11 devstack@placement-api.service[105880]: DEBUG placement.handlers.allocation [req-bd7ad7de-b985-4537-afff-744e85e40227 req-c84d10b8-46e3-4b0f-8b55-1dfc0aa83a86 service placement] Successfully wrote allocations [, ] {{(pid=105880) _update_consumers_and_create_allocations /opt/stack/placement/placement/handlers/allocation.py:462}}
Oct 13 08:42:24.260496 n-d-858384-11 devstack@placement-api.service[105880]: INFO placement.requestlog [req-bd7ad7de-b985-4537-afff-744e85e40227 req-c84d10b8-46e3-4b0f-8b55-1dfc0aa83a86 service placement] 10.222.0.23 "PUT /placement/allocations/e1b7528d-7aa7-49f8-9006-d4337b105a91" status: 204 len: 0 microversion: 1.36
Oct 13 08:42:24.262967 n-d-858384-11 devstack@placement-api.service[105880]: [pid: 105880|app: 0|req: 749/1495] 10.222.0.23 () {64 vars in 1433 bytes} [Thu Oct 13 08:42:24 2022] PUT /placement/allocations/e1b7528d-7aa7-49f8-9006-d4337b105a91 => generated 0 bytes in 202 msecs (HTTP/1.1 204) 5 headers in 199 bytes (1 switches on core 0)
Oct 13 08:42:25.084099 n-d-858384-11 devstack@placement-api.service[105881]: DEBUG placement.requestlog [req-bd7ad7de-b985-4537-afff-744e85e40227 req-11c7fa32-f5c5-4a0f-b21e-d605f2e9c55b None None] Starting request: 10.222.0.26 "GET /placement/allocations/e1b7528d-7aa7-49f8-9006-d4337b105a91" {{(pid=105881) __call__ /opt/stack/placement/placement/requestlog.py:55}}
Oct 13 08:42:25.111843 n-d-858384-11 devstack@placement-api.service[105881]: INFO placement.requestlog [req-bd7ad7de-b985-4537-afff-744e85e40227 req-11c7fa32-f5c5-4a0f-b21e-d605f2e9c55b service placement] 10.222.0.26 "GET /placement/allocations/e1b7528d-7aa7-49f8-9006-d4337b105a91" status: 200 len: 245 microversion: 1.28
Oct 13 08:42:25.112791 n-d-858384-11 devstack@placement-api.service[105881]: [pid: 105881|app: 0|req: 747/1496] 10.222.0.26 () {60 vars in 1377 bytes} [Thu Oct 13 08:42:25 2022] GET /placement/allocations/e1b7528d-7aa7-49f8-9006-d4337b105a91 => generated 245 bytes in 29 msecs (HTTP/1.1 200) 8 headers in 296 bytes (1 switches on core 0)
Oct 13 08:42:25.412610 n-d-858384-11 devstack@placement-api.service[105880]: DEBUG placement.requestlog [req-9858a7d8-ec6e-4135-9169-c11031d89821 req-b20b60c1-3e67-4c6d-a9af-32fa2edd02de None None] Starting request: 10.222.0.23 "GET /placement/allocation_candidates?limit=1000&resources=DISK_GB%3A1%2CMEMORY_MB%3A1024%2CVCPU%3A1&root_required=%21COMPUTE_STATUS_DISABLED" {{(pid=105880) __call__ /opt/stack/placement/placement/requestlog.py:55}}
Oct 13 08:42:25.483797 n-d-858384-11 devstack@placement-api.service[105881]: DEBUG placement.requestlog [req-bd7ad7de-b985-4537-afff-744e85e40227 req-0d755009-2098-474b-a0d3-bf6fefae2b64 None None] Starting request: 10.222.0.26 "GET /placement/resource_providers/c3b344e8-72d8-4e42-97eb-3ab49a12043f/allocations" {{(pid=105881) __call__ /opt/stack/placement/placement/requestlog.py:55}}
Oct 13 08:42:25.523369 n-d-858384-11 devstack@placement-api.service[105881]: INFO placement.requestlog [req-bd7ad7de-b985-4537-afff-744e85e40227 req-0d755009-2098-474b-a0d3-bf6fefae2b64 service placement] 10.222.0.26 "GET /placement/resource_providers/c3b344e8-72d8-4e42-97eb-3ab49a12043f/allocations" status: 200 len: 241 microversion: 1.0
Oct 13 08:42:25.525400 n-d-858384-11 devstack@placement-api.service[105881]: [pid: 105881|app: 0|req: 748/1497] 10.222.0.26 () {58 vars in 1390 bytes} [Thu Oct 13 08:42:25 2022] GET /placement/resource_providers/c3b344e8-72d8-4e42-97eb-3ab49a12043f/allocations => generated 241 bytes in 41 msecs (HTTP/1.1 200) 6 headers in 224 bytes (1 switches on core 0)
Oct 13 08:42:25.532177 n-d-858384-11 devstack@placement-api.service[105881]: DEBUG placement.requestlog [req-bd7ad7de-b985-4537-afff-744e85e40227 req-ebe4b640-efd9-4277-96e1-94acb1f3a924 None None] Starting request: 10.222.0.26 "GET /placement/allocations/e1b7528d-7aa7-49f8-9006-d4337b105a91" {{(pid=105881) __call__ /opt/stack/placement/placement/requestlog.py:55}}
Oct 13 08:42:25.569334 n-d-858384-11 devstack@placement-api.service[105881]: INFO placement.requestlog [req-bd7ad7de-b985-4537-afff-744e85e40227 req-ebe4b640-efd9-4277-96e1-94acb1f3a924 service placement] 10.222.0.26 "GET /placement/allocations/e1b7528d-7aa7-49f8-9006-d4337b105a91" status: 200 len: 245 microversion: 1.28
Oct 13 08:42:25.571595 n-d-858384-11 devstack@placement-api.service[105881]: [pid: 105881|app: 0|req: 749/1498] 10.222.0.26 () {60 vars in 1377 bytes} [Thu Oct 13 08:42:25 2022] GET /placement/allocations/e1b7528d-7aa7-49f8-9006-d4337b105a91 => generated 245 bytes in 40 msecs (HTTP/1.1 200) 8 headers in 296 bytes (2 switches on core 0)
Oct 13 08:42:25.580354 n-d-858384-11 devstack@placement-api.service[105881]: DEBUG placement.requestlog [req-bd7ad7de-b985-4537-afff-744e85e40227 req-32a4178a-21ba-4a5a-833a-8ff17dd08ebf None None] Starting request: 10.222.0.26 "GET /placement/allocations/6ee2b36a-ea79-4853-98d8-fabbe1cdb884" {{(pid=105881) __call__ /opt/stack/placement/placement/requestlog.py:55}}
