Oct 13 08:23:23.213624 n-d-858384-11 devstack@n-api.service[104574]: DEBUG nova.api.openstack.wsgi_app [-] oslo_reports.file_event_handler_interval = 1 {{(pid=104574) log_opt_values /usr/local/lib/python3.8/dist-packages/oslo_config/cfg.py:2609}}
Oct 13 08:23:23.213926 n-d-858384-11 devstack@n-api.service[104574]: DEBUG nova.api.openstack.wsgi_app [-] oslo_reports.log_dir = None {{(pid=104574) log_opt_values /usr/local/lib/python3.8/dist-packages/oslo_config/cfg.py:2609}}
Oct 13 08:23:23.214169 n-d-858384-11 devstack@n-api.service[104574]: DEBUG nova.api.openstack.wsgi_app [-] ******************************************************************************** {{(pid=104574) log_opt_values /usr/local/lib/python3.8/dist-packages/oslo_config/cfg.py:2613}}
Oct 13 08:23:23.366241 n-d-858384-11 devstack@n-api.service[104573]: INFO dbcounter [None req-62616c87-f05d-4633-952c-abde2e48b54e None None] Registered counter for database nova_api
Oct 13 08:23:23.367614 n-d-858384-11 devstack@n-api.service[104574]: INFO dbcounter [None req-1cb18456-bcdc-474c-a481-87e80cb4550e None None] Registered counter for database nova_api
Oct 13 08:23:23.388598 n-d-858384-11 devstack@n-api.service[104573]: DEBUG oslo_db.sqlalchemy.engines [None req-62616c87-f05d-4633-952c-abde2e48b54e None None] MySQL server mode set to STRICT_TRANS_TABLES,STRICT_ALL_TABLES,NO_ZERO_IN_DATE,NO_ZERO_DATE,ERROR_FOR_DIVISION_BY_ZERO,TRADITIONAL,NO_ENGINE_SUBSTITUTION {{(pid=104573) _check_effective_sql_mode /usr/local/lib/python3.8/dist-packages/oslo_db/sqlalchemy/engines.py:314}}
Oct 13 08:23:23.390378 n-d-858384-11 devstack@n-api.service[104574]: DEBUG oslo_db.sqlalchemy.engines [None req-1cb18456-bcdc-474c-a481-87e80cb4550e None None] MySQL server mode set to STRICT_TRANS_TABLES,STRICT_ALL_TABLES,NO_ZERO_IN_DATE,NO_ZERO_DATE,ERROR_FOR_DIVISION_BY_ZERO,TRADITIONAL,NO_ENGINE_SUBSTITUTION {{(pid=104574) _check_effective_sql_mode /usr/local/lib/python3.8/dist-packages/oslo_db/sqlalchemy/engines.py:314}}
Oct 13 08:23:23.395981 n-d-858384-11 devstack@n-api.service[104573]: DEBUG dbcounter [-] [104573] Writer thread running {{(pid=104573) stat_writer /usr/local/lib/python3.8/dist-packages/dbcounter.py:99}}
Oct 13 08:23:23.397651 n-d-858384-11 devstack@n-api.service[104574]: DEBUG dbcounter [-] [104574] Writer thread running {{(pid=104574) stat_writer /usr/local/lib/python3.8/dist-packages/dbcounter.py:99}}
Oct 13 08:23:23.452465 n-d-858384-11 devstack@n-api.service[104573]: DEBUG nova.context [None req-62616c87-f05d-4633-952c-abde2e48b54e None None] Found 2 cells: 00000000-0000-0000-0000-000000000000(cell0),da9ed4ed-f649-4a64-9171-7dcc9de0d307(cell1) {{(pid=104573) load_cells /opt/stack/nova/nova/context.py:464}}
Oct 13 08:23:23.454173 n-d-858384-11 devstack@n-api.service[104574]: DEBUG nova.context [None req-1cb18456-bcdc-474c-a481-87e80cb4550e None None] Found 2 cells: 00000000-0000-0000-0000-000000000000(cell0),da9ed4ed-f649-4a64-9171-7dcc9de0d307(cell1) {{(pid=104574) load_cells /opt/stack/nova/nova/context.py:464}}
Oct 13 08:23:23.456811 n-d-858384-11 devstack@n-api.service[104573]: DEBUG oslo_concurrency.lockutils [None req-62616c87-f05d-4633-952c-abde2e48b54e None None] Acquiring lock "00000000-0000-0000-0000-000000000000" by "nova.context.set_target_cell..get_or_set_cached_cell_and_set_connections" {{(pid=104573) inner /usr/local/lib/python3.8/dist-packages/oslo_concurrency/lockutils.py:404}}
Oct 13 08:23:23.457281 n-d-858384-11 devstack@n-api.service[104573]: DEBUG oslo_concurrency.lockutils [None req-62616c87-f05d-4633-952c-abde2e48b54e None None] Lock "00000000-0000-0000-0000-000000000000" acquired by "nova.context.set_target_cell..get_or_set_cached_cell_and_set_connections" :: waited 0.001s {{(pid=104573) inner /usr/local/lib/python3.8/dist-packages/oslo_concurrency/lockutils.py:409}}
Oct 13 08:23:23.458572 n-d-858384-11 devstack@n-api.service[104574]: DEBUG oslo_concurrency.lockutils [None req-1cb18456-bcdc-474c-a481-87e80cb4550e None None] Acquiring lock "00000000-0000-0000-0000-000000000000" by "nova.context.set_target_cell..get_or_set_cached_cell_and_set_connections" {{(pid=104574) inner /usr/local/lib/python3.8/dist-packages/oslo_concurrency/lockutils.py:404}}
Oct 13 08:23:23.458856 n-d-858384-11 devstack@n-api.service[104573]: DEBUG oslo_concurrency.lockutils [None req-62616c87-f05d-4633-952c-abde2e48b54e None None] Lock "00000000-0000-0000-0000-000000000000" "released" by "nova.context.set_target_cell..get_or_set_cached_cell_and_set_connections" :: held 0.002s {{(pid=104573) inner /usr/local/lib/python3.8/dist-packages/oslo_concurrency/lockutils.py:423}}
Oct 13 08:23:23.459048 n-d-858384-11 devstack@n-api.service[104574]: DEBUG oslo_concurrency.lockutils [None req-1cb18456-bcdc-474c-a481-87e80cb4550e None None] Lock "00000000-0000-0000-0000-000000000000" acquired by "nova.context.set_target_cell..get_or_set_cached_cell_and_set_connections" :: waited 0.001s {{(pid=104574) inner /usr/local/lib/python3.8/dist-packages/oslo_concurrency/lockutils.py:409}}
Oct 13 08:23:23.459585 n-d-858384-11 devstack@n-api.service[104573]: DEBUG oslo_concurrency.lockutils [None req-62616c87-f05d-4633-952c-abde2e48b54e None None] Acquiring lock "da9ed4ed-f649-4a64-9171-7dcc9de0d307" by "nova.context.set_target_cell..get_or_set_cached_cell_and_set_connections" {{(pid=104573) inner /usr/local/lib/python3.8/dist-packages/oslo_concurrency/lockutils.py:404}}
Oct 13 08:23:23.460030 n-d-858384-11 devstack@n-api.service[104573]: DEBUG oslo_concurrency.lockutils [None req-62616c87-f05d-4633-952c-abde2e48b54e None None] Lock "da9ed4ed-f649-4a64-9171-7dcc9de0d307" acquired by "nova.context.set_target_cell..get_or_set_cached_cell_and_set_connections" :: waited 0.000s {{(pid=104573) inner /usr/local/lib/python3.8/dist-packages/oslo_concurrency/lockutils.py:409}}
Oct 13 08:23:23.460631 n-d-858384-11 devstack@n-api.service[104574]: DEBUG oslo_concurrency.lockutils [None req-1cb18456-bcdc-474c-a481-87e80cb4550e None None] Lock "00000000-0000-0000-0000-000000000000" "released" by "nova.context.set_target_cell..get_or_set_cached_cell_and_set_connections" :: held 0.002s {{(pid=104574) inner /usr/local/lib/python3.8/dist-packages/oslo_concurrency/lockutils.py:423}}
Oct 13 08:23:23.461368 n-d-858384-11 devstack@n-api.service[104574]: DEBUG oslo_concurrency.lockutils [None req-1cb18456-bcdc-474c-a481-87e80cb4550e None None] Acquiring lock "da9ed4ed-f649-4a64-9171-7dcc9de0d307" by "nova.context.set_target_cell..get_or_set_cached_cell_and_set_connections" {{(pid=104574) inner /usr/local/lib/python3.8/dist-packages/oslo_concurrency/lockutils.py:404}}
Oct 13 08:23:23.461901 n-d-858384-11 devstack@n-api.service[104574]: DEBUG oslo_concurrency.lockutils [None req-1cb18456-bcdc-474c-a481-87e80cb4550e None None] Lock "da9ed4ed-f649-4a64-9171-7dcc9de0d307" acquired by "nova.context.set_target_cell..get_or_set_cached_cell_and_set_connections" :: waited 0.000s {{(pid=104574) inner /usr/local/lib/python3.8/dist-packages/oslo_concurrency/lockutils.py:409}}
Oct 13 08:23:23.462040 n-d-858384-11 devstack@n-api.service[104573]: DEBUG oslo_concurrency.lockutils [None req-62616c87-f05d-4633-952c-abde2e48b54e None None] Lock "da9ed4ed-f649-4a64-9171-7dcc9de0d307" "released" by "nova.context.set_target_cell..get_or_set_cached_cell_and_set_connections" :: held 0.002s {{(pid=104573) inner /usr/local/lib/python3.8/dist-packages/oslo_concurrency/lockutils.py:423}}
Oct 13 08:23:23.463931 n-d-858384-11 devstack@n-api.service[104574]: DEBUG oslo_concurrency.lockutils [None req-1cb18456-bcdc-474c-a481-87e80cb4550e None None] Lock "da9ed4ed-f649-4a64-9171-7dcc9de0d307" "released" by "nova.context.set_target_cell..get_or_set_cached_cell_and_set_connections" :: held 0.002s {{(pid=104574) inner /usr/local/lib/python3.8/dist-packages/oslo_concurrency/lockutils.py:423}}
Oct 13 08:23:23.464036 n-d-858384-11 devstack@n-api.service[104573]: INFO dbcounter [None req-62616c87-f05d-4633-952c-abde2e48b54e None None] Registered counter for database nova_cell0
Oct 13 08:23:23.465949 n-d-858384-11 devstack@n-api.service[104574]: INFO dbcounter [None req-1cb18456-bcdc-474c-a481-87e80cb4550e None None] Registered counter for database nova_cell0
Oct 13 08:23:23.467997 n-d-858384-11 devstack@n-api.service[104573]: INFO dbcounter [None req-62616c87-f05d-4633-952c-abde2e48b54e None None] Registered counter for database nova_cell1
Oct 13 08:23:23.470061 n-d-858384-11 devstack@n-api.service[104574]: INFO dbcounter [None req-1cb18456-bcdc-474c-a481-87e80cb4550e None None] Registered counter for database nova_cell1
Oct 13 08:23:23.476520 n-d-858384-11 devstack@n-api.service[104573]: DEBUG oslo_db.sqlalchemy.engines [None req-62616c87-f05d-4633-952c-abde2e48b54e None None] MySQL server mode set to STRICT_TRANS_TABLES,STRICT_ALL_TABLES,NO_ZERO_IN_DATE,NO_ZERO_DATE,ERROR_FOR_DIVISION_BY_ZERO,TRADITIONAL,NO_ENGINE_SUBSTITUTION {{(pid=104573) _check_effective_sql_mode /usr/local/lib/python3.8/dist-packages/oslo_db/sqlalchemy/engines.py:314}}
Oct 13 08:23:23.478885 n-d-858384-11 devstack@n-api.service[104573]: DEBUG oslo_db.sqlalchemy.engines [None req-62616c87-f05d-4633-952c-abde2e48b54e None None] MySQL server mode set to STRICT_TRANS_TABLES,STRICT_ALL_TABLES,NO_ZERO_IN_DATE,NO_ZERO_DATE,ERROR_FOR_DIVISION_BY_ZERO,TRADITIONAL,NO_ENGINE_SUBSTITUTION {{(pid=104573) _check_effective_sql_mode /usr/local/lib/python3.8/dist-packages/oslo_db/sqlalchemy/engines.py:314}}
Oct 13 08:23:23.481496 n-d-858384-11 devstack@n-api.service[104574]: DEBUG oslo_db.sqlalchemy.engines [None req-1cb18456-bcdc-474c-a481-87e80cb4550e None None] MySQL server mode set to STRICT_TRANS_TABLES,STRICT_ALL_TABLES,NO_ZERO_IN_DATE,NO_ZERO_DATE,ERROR_FOR_DIVISION_BY_ZERO,TRADITIONAL,NO_ENGINE_SUBSTITUTION {{(pid=104574) _check_effective_sql_mode /usr/local/lib/python3.8/dist-packages/oslo_db/sqlalchemy/engines.py:314}}
Oct 13 08:23:23.482635 n-d-858384-11 devstack@n-api.service[104574]: DEBUG oslo_db.sqlalchemy.engines [None req-1cb18456-bcdc-474c-a481-87e80cb4550e None None] MySQL server mode set to STRICT_TRANS_TABLES,STRICT_ALL_TABLES,NO_ZERO_IN_DATE,NO_ZERO_DATE,ERROR_FOR_DIVISION_BY_ZERO,TRADITIONAL,NO_ENGINE_SUBSTITUTION {{(pid=104574) _check_effective_sql_mode /usr/local/lib/python3.8/dist-packages/oslo_db/sqlalchemy/engines.py:314}}
Oct 13 08:23:23.486681 n-d-858384-11 devstack@n-api.service[104573]: DEBUG dbcounter [-] [104573] Writer thread running {{(pid=104573) stat_writer /usr/local/lib/python3.8/dist-packages/dbcounter.py:99}}
Oct 13 08:23:23.488963 n-d-858384-11 devstack@n-api.service[104573]: DEBUG dbcounter [-] [104573] Writer thread running {{(pid=104573) stat_writer /usr/local/lib/python3.8/dist-packages/dbcounter.py:99}}
Oct 13 08:23:23.489080 n-d-858384-11 devstack@n-api.service[104574]: DEBUG dbcounter [-] [104574] Writer thread running {{(pid=104574) stat_writer /usr/local/lib/python3.8/dist-packages/dbcounter.py:99}}
Oct 13 08:23:23.491283 n-d-858384-11 devstack@n-api.service[104574]: DEBUG dbcounter [-] [104574] Writer thread running {{(pid=104574) stat_writer /usr/local/lib/python3.8/dist-packages/dbcounter.py:99}}
Oct 13 08:23:23.633961 n-d-858384-11 devstack@n-api.service[104573]: INFO dbcounter [None req-62616c87-f05d-4633-952c-abde2e48b54e None None] Registered counter for database nova_cell0
Oct 13 08:23:23.639271 n-d-858384-11 devstack@n-api.service[104574]: INFO dbcounter [None req-1cb18456-bcdc-474c-a481-87e80cb4550e None None] Registered counter for database nova_cell0
Oct 13 08:23:23.640963 n-d-858384-11 devstack@n-api.service[104573]: DEBUG oslo_db.sqlalchemy.engines [None req-62616c87-f05d-4633-952c-abde2e48b54e None None] MySQL server mode set to STRICT_TRANS_TABLES,STRICT_ALL_TABLES,NO_ZERO_IN_DATE,NO_ZERO_DATE,ERROR_FOR_DIVISION_BY_ZERO,TRADITIONAL,NO_ENGINE_SUBSTITUTION {{(pid=104573) _check_effective_sql_mode /usr/local/lib/python3.8/dist-packages/oslo_db/sqlalchemy/engines.py:314}}
Oct 13 08:23:23.646203 n-d-858384-11 devstack@n-api.service[104573]: DEBUG dbcounter [-] [104573] Writer thread running {{(pid=104573) stat_writer /usr/local/lib/python3.8/dist-packages/dbcounter.py:99}}
Oct 13 08:23:23.648318 n-d-858384-11 devstack@n-api.service[104574]: DEBUG oslo_db.sqlalchemy.engines [None req-1cb18456-bcdc-474c-a481-87e80cb4550e None None] MySQL server mode set to STRICT_TRANS_TABLES,STRICT_ALL_TABLES,NO_ZERO_IN_DATE,NO_ZERO_DATE,ERROR_FOR_DIVISION_BY_ZERO,TRADITIONAL,NO_ENGINE_SUBSTITUTION {{(pid=104574) _check_effective_sql_mode /usr/local/lib/python3.8/dist-packages/oslo_db/sqlalchemy/engines.py:314}}
Oct 13 08:23:23.652943 n-d-858384-11 devstack@n-api.service[104574]: DEBUG dbcounter [-] [104574] Writer thread running {{(pid=104574) stat_writer /usr/local/lib/python3.8/dist-packages/dbcounter.py:99}}
Oct 13 08:23:23.986834 n-d-858384-11 devstack@n-api.service[104573]: WARNING keystonemiddleware.auth_token [None req-62616c87-f05d-4633-952c-abde2e48b54e None None] AuthToken middleware is set with keystone_authtoken.service_token_roles_required set to False. This is backwards compatible but deprecated behaviour. Please set this to True.
Oct 13 08:23:23.988479 n-d-858384-11 devstack@n-api.service[104574]: WARNING keystonemiddleware.auth_token [None req-1cb18456-bcdc-474c-a481-87e80cb4550e None None] AuthToken middleware is set with keystone_authtoken.service_token_roles_required set to False. This is backwards compatible but deprecated behaviour. Please set this to True.
Oct 13 08:23:23.994200 n-d-858384-11 devstack@n-api.service[104573]: WARNING keystonemiddleware.auth_token [None req-62616c87-f05d-4633-952c-abde2e48b54e None None] Configuring www_authenticate_uri to point to the public identity endpoint is required; clients may not be able to authenticate against an admin endpoint
Oct 13 08:23:23.995861 n-d-858384-11 devstack@n-api.service[104574]: WARNING keystonemiddleware.auth_token [None req-1cb18456-bcdc-474c-a481-87e80cb4550e None None] Configuring www_authenticate_uri to point to the public identity endpoint is required; clients may not be able to authenticate against an admin endpoint
Oct 13 08:23:24.337233 n-d-858384-11 devstack@n-api.service[104573]: WARNING keystonemiddleware.auth_token [None req-62616c87-f05d-4633-952c-abde2e48b54e None None] AuthToken middleware is set with keystone_authtoken.service_token_roles_required set to False. This is backwards compatible but deprecated behaviour. Please set this to True.
Oct 13 08:23:24.339850 n-d-858384-11 devstack@n-api.service[104574]: WARNING keystonemiddleware.auth_token [None req-1cb18456-bcdc-474c-a481-87e80cb4550e None None] AuthToken middleware is set with keystone_authtoken.service_token_roles_required set to False. This is backwards compatible but deprecated behaviour. Please set this to True.
Oct 13 08:23:24.343245 n-d-858384-11 devstack@n-api.service[104573]: WARNING keystonemiddleware.auth_token [None req-62616c87-f05d-4633-952c-abde2e48b54e None None] Configuring www_authenticate_uri to point to the public identity endpoint is required; clients may not be able to authenticate against an admin endpoint
Oct 13 08:23:24.345824 n-d-858384-11 devstack@n-api.service[104574]: WARNING keystonemiddleware.auth_token [None req-1cb18456-bcdc-474c-a481-87e80cb4550e None None] Configuring www_authenticate_uri to point to the public identity endpoint is required; clients may not be able to authenticate against an admin endpoint
Oct 13 08:23:24.348620 n-d-858384-11 devstack@n-api.service[104573]: WSGI app 0 (mountpoint='') ready in 6 seconds on interpreter 0x55900a24b9c0 pid: 104573 (default app)
Oct 13 08:23:24.350720 n-d-858384-11 devstack@n-api.service[104573]: DEBUG nova.api.openstack.wsgi [None req-62616c87-f05d-4633-952c-abde2e48b54e None None] Calling method '>' {{(pid=104573) _process_stack /opt/stack/nova/nova/api/openstack/wsgi.py:513}}
Oct 13 08:23:24.351402 n-d-858384-11 devstack@n-api.service[104574]: WSGI app 0 (mountpoint='') ready in 6 seconds on interpreter 0x55900a24b9c0 pid: 104574 (default app)
Oct 13 08:23:24.351915 n-d-858384-11 devstack@n-api.service[104573]: INFO nova.api.openstack.requestlog [None req-62616c87-f05d-4633-952c-abde2e48b54e None None] 10.222.0.23 "GET /compute/v2.1/" status: 200 len: 388 microversion: 2.1 time: 0.001763
Oct 13 08:23:24.352311 n-d-858384-11 devstack@n-api.service[104573]: [pid: 104573|app: 0|req: 1/1] 10.222.0.23 () {50 vars in 788 bytes} [Thu Oct 13 08:23:24 2022] GET /compute/v2.1/ => generated 388 bytes in 3 msecs (HTTP/1.1 200) 9 headers in 357 bytes (1 switches on core 0)
Oct 13 08:24:45.278049 n-d-858384-11 devstack@n-api.service[104574]: DEBUG nova.api.openstack.wsgi [None req-1cb18456-bcdc-474c-a481-87e80cb4550e None None] Calling method '>' {{(pid=104574) _process_stack /opt/stack/nova/nova/api/openstack/wsgi.py:513}}
Oct 13 08:24:45.279329 n-d-858384-11 devstack@n-api.service[104574]: INFO nova.api.openstack.requestlog [None req-1cb18456-bcdc-474c-a481-87e80cb4550e None None] 10.222.0.23 "GET /compute/v2.1" status: 200 len: 388 microversion: 2.1 time: 0.002036
Oct 13 08:24:45.279741 n-d-858384-11 devstack@n-api.service[104574]: [pid: 104574|app: 0|req: 1/2] 10.222.0.23 () {54 vars in 931 bytes} [Thu Oct 13 08:24:45 2022] GET /compute/v2.1 => generated 388 bytes in 4 msecs (HTTP/1.1 200) 9 headers in 357 bytes (1 switches on core 0)
Oct 13 08:24:45.290895 n-d-858384-11 devstack@n-api.service[104573]: DEBUG dbcounter [-] [104573] Writing DB stats nova_api:SELECT=3 {{(pid=104573) stat_writer /usr/local/lib/python3.8/dist-packages/dbcounter.py:114}}
Oct 13 08:24:45.292029 n-d-858384-11 devstack@n-api.service[104573]: DEBUG dbcounter [-] [104573] Writing DB stats nova_cell0:SELECT=3 {{(pid=104573) stat_writer /usr/local/lib/python3.8/dist-packages/dbcounter.py:114}}
Oct 13 08:24:45.292880 n-d-858384-11 devstack@n-api.service[104573]: DEBUG dbcounter [-] [104573] Writing DB stats nova_cell1:SELECT=3 {{(pid=104573) stat_writer /usr/local/lib/python3.8/dist-packages/dbcounter.py:114}}
Oct 13 08:24:45.295160 n-d-858384-11 devstack@n-api.service[104573]: DEBUG dbcounter [-] [104573] Writing DB stats nova_cell0:SELECT=6,nova_cell0:INSERT=1 {{(pid=104573) stat_writer /usr/local/lib/python3.8/dist-packages/dbcounter.py:114}}
Oct 13 08:24:46.165773 n-d-858384-11 devstack@n-api.service[104573]: DEBUG nova.api.openstack.wsgi [None req-86913d72-b53c-4ba8-b353-bb86ad607e99 admin admin] Calling method '>' {{(pid=104573) _process_stack /opt/stack/nova/nova/api/openstack/wsgi.py:513}}
Oct 13 08:24:46.198675 n-d-858384-11 devstack@n-api.service[104573]: INFO nova.api.openstack.requestlog [None req-86913d72-b53c-4ba8-b353-bb86ad607e99 admin admin] 10.222.0.23 "GET /compute/v2.1/flavors/detail?is_public=True" status: 200 len: 15 microversion: 2.61 time: 0.912779
Oct 13 08:24:46.199492 n-d-858384-11 devstack@n-api.service[104573]: [pid: 104573|app: 0|req: 2/3] 10.222.0.23 () {60 vars in 1292 bytes} [Thu Oct 13 08:24:45 2022] GET /compute/v2.1/flavors/detail?is_public=True => generated 15 bytes in 914 msecs (HTTP/1.1 200) 9 headers in 358 bytes (1 switches on core 0)
Oct 13 08:24:48.793724 n-d-858384-11 devstack@n-api.service[104574]: DEBUG nova.api.openstack.wsgi [None req-1cb18456-bcdc-474c-a481-87e80cb4550e None None] Calling method '>' {{(pid=104574) _process_stack /opt/stack/nova/nova/api/openstack/wsgi.py:513}}
Oct 13 08:24:48.794787 n-d-858384-11 devstack@n-api.service[104574]: INFO nova.api.openstack.requestlog [None req-1cb18456-bcdc-474c-a481-87e80cb4550e None None] 10.222.0.23 "GET /compute/v2.1" status: 200 len: 388 microversion: 2.1 time: 0.001440
Oct 13 08:24:48.795364 n-d-858384-11 devstack@n-api.service[104574]: [pid: 104574|app: 0|req: 2/4] 10.222.0.23 () {54 vars in 931 bytes} [Thu Oct 13 08:24:48 2022] GET /compute/v2.1 => generated 388 bytes in 2 msecs (HTTP/1.1 200) 9 headers in 357 bytes (1 switches on core 0)
Oct 13 08:24:49.250926 n-d-858384-11 devstack@n-api.service[104573]: DEBUG nova.api.openstack.wsgi [None req-ccfc7506-d4ed-4623-96b1-74bd769c9f23 admin admin] Action: 'create', calling method: >, body: {"flavor": {"OS-FLV-EXT-DATA:ephemeral": 0, "vcpus": 1, "disk": 1, "id": "c1", "rxtx_factor": 1.0, "os-flavor-access:is_public": true, "swap": 0, "name": "cirros256", "ram": 256}} {{(pid=104573) _process_stack /opt/stack/nova/nova/api/openstack/wsgi.py:511}}
Oct 13 08:24:49.298925 n-d-858384-11 devstack@n-api.service[104573]: INFO nova.api.openstack.requestlog [None req-ccfc7506-d4ed-4623-96b1-74bd769c9f23 admin admin] 10.222.0.23 "POST /compute/v2.1/flavors" status: 200 len: 407 microversion: 2.61 time: 0.496970
Oct 13 08:24:49.299673 n-d-858384-11 devstack@n-api.service[104573]: [pid: 104573|app: 0|req: 3/5] 10.222.0.23 () {64 vars in 1283 bytes} [Thu Oct 13 08:24:48 2022] POST /compute/v2.1/flavors => generated 407 bytes in 498 msecs (HTTP/1.1 200) 9 headers in 359 bytes (1 switches on core 0)
Oct 13 08:24:49.312964 n-d-858384-11 devstack@n-api.service[104574]: DEBUG dbcounter [-] [104574] Writing DB stats nova_api:SELECT=3 {{(pid=104574) stat_writer /usr/local/lib/python3.8/dist-packages/dbcounter.py:114}}
Oct 13 08:24:49.313754 n-d-858384-11 devstack@n-api.service[104574]: DEBUG dbcounter [-] [104574] Writing DB stats nova_cell1:SELECT=3 {{(pid=104574) stat_writer /usr/local/lib/python3.8/dist-packages/dbcounter.py:114}}
Oct 13 08:24:49.316797 n-d-858384-11 devstack@n-api.service[104574]: DEBUG dbcounter [-] [104574] Writing DB stats nova_cell0:SELECT=3 {{(pid=104574) stat_writer /usr/local/lib/python3.8/dist-packages/dbcounter.py:114}}
Oct 13 08:24:49.317527 n-d-858384-11 devstack@n-api.service[104574]: DEBUG dbcounter [-] [104574] Writing DB stats nova_cell0:SELECT=6,nova_cell0:INSERT=1 {{(pid=104574) stat_writer /usr/local/lib/python3.8/dist-packages/dbcounter.py:114}}
Oct 13 08:24:49.521428 n-d-858384-11 devstack@n-api.service[104574]: DEBUG nova.api.openstack.wsgi [None req-604e67a5-7169-4de2-9d6b-aa625ec656f3 admin admin] Action: 'create', calling method: >, body: {"extra_specs": {"hw_rng:allowed": "True"}} {{(pid=104574) _process_stack /opt/stack/nova/nova/api/openstack/wsgi.py:511}}
Oct 13 08:24:49.588221 n-d-858384-11 devstack@n-api.service[104574]: INFO nova.api.openstack.requestlog [None req-604e67a5-7169-4de2-9d6b-aa625ec656f3 admin admin] 10.222.0.23 "POST /compute/v2.1/flavors/c1/os-extra_specs" status: 200 len: 43 microversion: 2.61 time: 0.280405
Oct 13 08:24:49.589021 n-d-858384-11 devstack@n-api.service[104574]: [pid: 104574|app: 0|req: 3/6] 10.222.0.23 () {64 vars in 1336 bytes} [Thu Oct 13 08:24:49 2022] POST /compute/v2.1/flavors/c1/os-extra_specs => generated 43 bytes in 282 msecs (HTTP/1.1 200) 9 headers in 358 bytes (1 switches on core 0)
Oct 13 08:24:52.212650 n-d-858384-11 devstack@n-api.service[104573]: DEBUG nova.api.openstack.wsgi [None req-ccfc7506-d4ed-4623-96b1-74bd769c9f23 admin admin] Calling method '>' {{(pid=104573) _process_stack /opt/stack/nova/nova/api/openstack/wsgi.py:513}}
Oct 13 08:24:52.213661 n-d-858384-11 devstack@n-api.service[104573]: INFO nova.api.openstack.requestlog [None req-ccfc7506-d4ed-4623-96b1-74bd769c9f23 admin admin] 10.222.0.23 "GET /compute/v2.1" status: 200 len: 388 microversion: 2.1 time: 0.001464
Oct 13 08:24:52.214061 n-d-858384-11 devstack@n-api.service[104573]: [pid: 104573|app: 0|req: 4/7] 10.222.0.23 () {54 vars in 931 bytes} [Thu Oct 13 08:24:52 2022] GET /compute/v2.1 => generated 388 bytes in 2 msecs (HTTP/1.1 200) 9 headers in 357 bytes (1 switches on core 0)
Oct 13 08:24:52.975657 n-d-858384-11 devstack@n-api.service[104574]: DEBUG nova.api.openstack.wsgi [None req-8713e949-e75d-484c-a2fd-0d4d3cc1017f admin admin] Action: 'create', calling method: >, body: {"flavor": {"OS-FLV-EXT-DATA:ephemeral": 0, "name": "ds512M", "disk": 5, "ram": 512, "id": "d1", "os-flavor-access:is_public": true, "vcpus": 1, "rxtx_factor": 1.0, "swap": 0}} {{(pid=104574) _process_stack /opt/stack/nova/nova/api/openstack/wsgi.py:511}}
Oct 13 08:24:53.036272 n-d-858384-11 devstack@n-api.service[104574]: INFO nova.api.openstack.requestlog [None req-8713e949-e75d-484c-a2fd-0d4d3cc1017f admin admin] 10.222.0.23 "POST /compute/v2.1/flavors" status: 200 len: 404 microversion: 2.61 time: 0.815463
Oct 13 08:24:53.037447 n-d-858384-11 devstack@n-api.service[104574]: [pid: 104574|app: 0|req: 4/8] 10.222.0.23 () {64 vars in 1283 bytes} [Thu Oct 13 08:24:52 2022] POST /compute/v2.1/flavors => generated 404 bytes in 817 msecs (HTTP/1.1 200) 9 headers in 359 bytes (2 switches on core 0)
Oct 13 08:24:53.053015 n-d-858384-11 devstack@n-api.service[104573]: DEBUG nova.api.openstack.wsgi [None req-917546d6-e1a5-46d1-badf-65297bea055d admin admin] Action: 'create', calling method: >, body: {"extra_specs": {"hw_rng:allowed": "True"}} {{(pid=104573) _process_stack /opt/stack/nova/nova/api/openstack/wsgi.py:511}}
Oct 13 08:24:53.114924 n-d-858384-11 devstack@n-api.service[104573]: INFO nova.api.openstack.requestlog [None req-917546d6-e1a5-46d1-badf-65297bea055d admin admin] 10.222.0.23 "POST /compute/v2.1/flavors/d1/os-extra_specs" status: 200 len: 43 microversion: 2.61 time: 0.067220
Oct 13 08:24:53.116208 n-d-858384-11 devstack@n-api.service[104573]: [pid: 104573|app: 0|req: 5/9] 10.222.0.23 () {64 vars in 1336 bytes} [Thu Oct 13 08:24:53 2022] POST /compute/v2.1/flavors/d1/os-extra_specs => generated 43 bytes in 69 msecs (HTTP/1.1 200) 9 headers in 358 bytes (2 switches on core 0)
Oct 13 08:24:55.999957 n-d-858384-11 devstack@n-api.service[104574]: DEBUG nova.api.openstack.wsgi [None req-8713e949-e75d-484c-a2fd-0d4d3cc1017f admin admin] Calling method '>' {{(pid=104574) _process_stack /opt/stack/nova/nova/api/openstack/wsgi.py:513}}
Oct 13 08:24:56.001023 n-d-858384-11 devstack@n-api.service[104574]: INFO nova.api.openstack.requestlog [None req-8713e949-e75d-484c-a2fd-0d4d3cc1017f admin admin] 10.222.0.23 "GET /compute/v2.1" status: 200 len: 388 microversion: 2.1 time: 0.001551
Oct 13 08:24:56.001580 n-d-858384-11 devstack@n-api.service[104574]: [pid: 104574|app: 0|req: 5/10] 10.222.0.23 () {54 vars in 931 bytes} [Thu Oct 13 08:24:55 2022] GET /compute/v2.1 => generated 388 bytes in 2 msecs (HTTP/1.1 200) 9 headers in 357 bytes (1 switches on core 0)
Oct 13 08:24:56.589739 n-d-858384-11 devstack@n-api.service[104573]: DEBUG nova.api.openstack.wsgi [None req-e86df7a8-aaba-4cbe-af08-ee9702412c48 admin admin] Action: 'create', calling method: >, body: {"flavor": {"os-flavor-access:is_public": true, "disk": 10, "name": "ds1G", "rxtx_factor": 1.0, "swap": 0, "vcpus": 1, "ram": 1024, "id": "d2", "OS-FLV-EXT-DATA:ephemeral": 0}} {{(pid=104573) _process_stack /opt/stack/nova/nova/api/openstack/wsgi.py:511}}
Oct 13 08:24:56.611609 n-d-858384-11 devstack@n-api.service[104573]: INFO nova.api.openstack.requestlog [None req-e86df7a8-aaba-4cbe-af08-ee9702412c48 admin admin] 10.222.0.23 "POST /compute/v2.1/flavors" status: 200 len: 404 microversion: 2.61 time: 0.603574
Oct 13 08:24:56.612595 n-d-858384-11 devstack@n-api.service[104573]: [pid: 104573|app: 0|req: 6/11] 10.222.0.23 () {64 vars in 1283 bytes} [Thu Oct 13 08:24:56 2022] POST /compute/v2.1/flavors => generated 404 bytes in 605 msecs (HTTP/1.1 200) 9 headers in 359 bytes (1 switches on core 0)
Oct 13 08:24:56.624772 n-d-858384-11 devstack@n-api.service[104574]: DEBUG nova.api.openstack.wsgi [None req-a8a0cea5-f442-4db4-b439-2f08456909cf admin admin] Action: 'create', calling method: >, body: {"extra_specs": {"hw_rng:allowed": "True"}} {{(pid=104574) _process_stack /opt/stack/nova/nova/api/openstack/wsgi.py:511}}
Oct 13 08:24:56.655134 n-d-858384-11 devstack@n-api.service[104574]: INFO nova.api.openstack.requestlog [None req-a8a0cea5-f442-4db4-b439-2f08456909cf admin admin] 10.222.0.23 "POST /compute/v2.1/flavors/d2/os-extra_specs" status: 200 len: 43 microversion: 2.61 time: 0.033816
Oct 13 08:24:56.658893 n-d-858384-11 devstack@n-api.service[104574]: [pid: 104574|app: 0|req: 6/12] 10.222.0.23 () {64 vars in 1336 bytes} [Thu Oct 13 08:24:56 2022] POST /compute/v2.1/flavors/d2/os-extra_specs => generated 43 bytes in 38 msecs (HTTP/1.1 200) 9 headers in 358 bytes (1 switches on core 0)
Oct 13 08:24:59.251600 n-d-858384-11 devstack@n-api.service[104573]: DEBUG nova.api.openstack.wsgi [None req-e86df7a8-aaba-4cbe-af08-ee9702412c48 admin admin] Calling method '>' {{(pid=104573) _process_stack /opt/stack/nova/nova/api/openstack/wsgi.py:513}}
Oct 13 08:24:59.252625 n-d-858384-11 devstack@n-api.service[104573]: INFO nova.api.openstack.requestlog [None req-e86df7a8-aaba-4cbe-af08-ee9702412c48 admin admin] 10.222.0.23 "GET /compute/v2.1" status: 200 len: 388 microversion: 2.1 time: 0.001466
Oct 13 08:24:59.253032 n-d-858384-11 devstack@n-api.service[104573]: [pid: 104573|app: 0|req: 7/13] 10.222.0.23 () {54 vars in 931 bytes} [Thu Oct 13 08:24:59 2022] GET /compute/v2.1 => generated 388 bytes in 3 msecs (HTTP/1.1 200) 9 headers in 357 bytes (1 switches on core 0)
Oct 13 08:24:59.710057 n-d-858384-11 devstack@n-api.service[104574]: DEBUG nova.api.openstack.wsgi [None req-1d566d25-2e9d-4fbf-af6e-26cc79eb3fc6 admin admin] Action: 'create', calling method: >, body: {"flavor": {"os-flavor-access:is_public": true, "name": "ds2G", "disk": 10, "rxtx_factor": 1.0, "id": "d3", "swap": 0, "ram": 2048, "OS-FLV-EXT-DATA:ephemeral": 0, "vcpus": 2}} {{(pid=104574) _process_stack /opt/stack/nova/nova/api/openstack/wsgi.py:511}}
Oct 13 08:24:59.732988 n-d-858384-11 devstack@n-api.service[104574]: INFO nova.api.openstack.requestlog [None req-1d566d25-2e9d-4fbf-af6e-26cc79eb3fc6 admin admin] 10.222.0.23 "POST /compute/v2.1/flavors" status: 200 len: 404 microversion: 2.61 time: 0.473909
Oct 13 08:24:59.733839 n-d-858384-11 devstack@n-api.service[104574]: [pid: 104574|app: 0|req: 7/14] 10.222.0.23 () {64 vars in 1283 bytes} [Thu Oct 13 08:24:59 2022] POST /compute/v2.1/flavors => generated 404 bytes in 475 msecs (HTTP/1.1 200) 9 headers in 359 bytes (1 switches on core 0)
Oct 13 08:24:59.745887 n-d-858384-11 devstack@n-api.service[104573]: DEBUG nova.api.openstack.wsgi [None req-6bbd55cf-3f29-4504-b072-7e3c0f58c5e8 admin admin] Action: 'create', calling method: >, body: {"extra_specs": {"hw_rng:allowed": "True"}} {{(pid=104573) _process_stack /opt/stack/nova/nova/api/openstack/wsgi.py:511}}
Oct 13 08:24:59.779796 n-d-858384-11 devstack@n-api.service[104573]: INFO nova.api.openstack.requestlog [None req-6bbd55cf-3f29-4504-b072-7e3c0f58c5e8 admin admin] 10.222.0.23 "POST /compute/v2.1/flavors/d3/os-extra_specs" status: 200 len: 43 microversion: 2.61 time: 0.037497
Oct 13 08:24:59.780452 n-d-858384-11 devstack@n-api.service[104573]: [pid: 104573|app: 0|req: 8/15] 10.222.0.23 () {64 vars in 1336 bytes} [Thu Oct 13 08:24:59 2022] POST /compute/v2.1/flavors/d3/os-extra_specs => generated 43 bytes in 39 msecs (HTTP/1.1 200) 9 headers in 358 bytes (2 switches on core 0)
Oct 13 08:25:02.498068 n-d-858384-11 devstack@n-api.service[104574]: DEBUG nova.api.openstack.wsgi [None req-1d566d25-2e9d-4fbf-af6e-26cc79eb3fc6 admin admin] Calling method '>' {{(pid=104574) _process_stack /opt/stack/nova/nova/api/openstack/wsgi.py:513}}
Oct 13 08:25:02.499045 n-d-858384-11 devstack@n-api.service[104574]: INFO nova.api.openstack.requestlog [None req-1d566d25-2e9d-4fbf-af6e-26cc79eb3fc6 admin admin] 10.222.0.23 "GET /compute/v2.1" status: 200 len: 388 microversion: 2.1 time: 0.001485
Oct 13 08:25:02.500176 n-d-858384-11 devstack@n-api.service[104574]: [pid: 104574|app: 0|req: 8/16] 10.222.0.23 () {54 vars in 931 bytes} [Thu Oct 13 08:25:02 2022] GET /compute/v2.1 => generated 388 bytes in 3 msecs (HTTP/1.1 200) 9 headers in 357 bytes (1 switches on core 0)
Oct 13 08:25:02.937355 n-d-858384-11 devstack@n-api.service[104573]: DEBUG nova.api.openstack.wsgi [None req-92fd403c-47e0-408f-9a68-ce29bcf06f89 admin admin] Action: 'create', calling method: >, body: {"flavor": {"name": "ds4G", "swap": 0, "rxtx_factor": 1.0, "id": "d4", "OS-FLV-EXT-DATA:ephemeral": 0, "os-flavor-access:is_public": true, "vcpus": 4, "ram": 4096, "disk": 20}} {{(pid=104573) _process_stack /opt/stack/nova/nova/api/openstack/wsgi.py:511}}
Oct 13 08:25:02.962646 n-d-858384-11 devstack@n-api.service[104573]: INFO nova.api.openstack.requestlog [None req-92fd403c-47e0-408f-9a68-ce29bcf06f89 admin admin] 10.222.0.23 "POST /compute/v2.1/flavors" status: 200 len: 404 microversion: 2.61 time: 0.455026
Oct 13 08:25:02.966454 n-d-858384-11 devstack@n-api.service[104573]: [pid: 104573|app: 0|req: 9/17] 10.222.0.23 () {64 vars in 1283 bytes} [Thu Oct 13 08:25:02 2022] POST /compute/v2.1/flavors => generated 404 bytes in 457 msecs (HTTP/1.1 200) 9 headers in 359 bytes (1 switches on core 0)
Oct 13 08:25:02.976403 n-d-858384-11 devstack@n-api.service[104574]: DEBUG nova.api.openstack.wsgi [None req-72dd3605-d128-47d8-aecd-30ecc41da486 admin admin] Action: 'create', calling method: >, body: {"extra_specs": {"hw_rng:allowed": "True"}} {{(pid=104574) _process_stack /opt/stack/nova/nova/api/openstack/wsgi.py:511}}
Oct 13 08:25:03.010548 n-d-858384-11 devstack@n-api.service[104574]: INFO nova.api.openstack.requestlog [None req-72dd3605-d128-47d8-aecd-30ecc41da486 admin admin] 10.222.0.23 "POST /compute/v2.1/flavors/d4/os-extra_specs" status: 200 len: 43 microversion: 2.61 time: 0.038242
Oct 13 08:25:03.011136 n-d-858384-11 devstack@n-api.service[104574]: [pid: 104574|app: 0|req: 9/18] 10.222.0.23 () {64 vars in 1336 bytes} [Thu Oct 13 08:25:02 2022] POST /compute/v2.1/flavors/d4/os-extra_specs => generated 43 bytes in 39 msecs (HTTP/1.1 200) 9 headers in 358 bytes (1 switches on core 0)
Oct 13 08:25:05.650814 n-d-858384-11 devstack@n-api.service[104573]: DEBUG nova.api.openstack.wsgi [None req-92fd403c-47e0-408f-9a68-ce29bcf06f89 admin admin] Calling method '>' {{(pid=104573) _process_stack /opt/stack/nova/nova/api/openstack/wsgi.py:513}}
Oct 13 08:25:05.653213 n-d-858384-11 devstack@n-api.service[104573]: INFO nova.api.openstack.requestlog [None req-92fd403c-47e0-408f-9a68-ce29bcf06f89 admin admin] 10.222.0.23 "GET /compute/v2.1" status: 200 len: 388 microversion: 2.1 time: 0.001457
Oct 13 08:25:05.653213 n-d-858384-11 devstack@n-api.service[104573]: [pid: 104573|app: 0|req: 10/19] 10.222.0.23 () {54 vars in 931 bytes} [Thu Oct 13 08:25:05 2022] GET /compute/v2.1 => generated 388 bytes in 3 msecs (HTTP/1.1 200) 9 headers in 357 bytes (1 switches on core 0)
Oct 13 08:25:06.094703 n-d-858384-11 devstack@n-api.service[104574]: DEBUG nova.api.openstack.wsgi [None req-61439af6-0a6d-407e-ad5d-21280f075e46 admin admin] Calling method '>' {{(pid=104574) _process_stack /opt/stack/nova/nova/api/openstack/wsgi.py:513}}
Oct 13 08:25:06.119820 n-d-858384-11 devstack@n-api.service[104574]: INFO nova.api.openstack.requestlog [None req-61439af6-0a6d-407e-ad5d-21280f075e46 admin admin] 10.222.0.23 "GET /compute/v2.1/flavors/detail?is_public=True" status: 200 len: 2106 microversion: 2.61 time: 0.459924
Oct 13 08:25:06.120402 n-d-858384-11 devstack@n-api.service[104574]: [pid: 104574|app: 0|req: 10/20] 10.222.0.23 () {60 vars in 1292 bytes} [Thu Oct 13 08:25:05 2022] GET /compute/v2.1/flavors/detail?is_public=True => generated 2106 bytes in 461 msecs (HTTP/1.1 200) 9 headers in 360 bytes (1 switches on core 0)
Oct 13 08:25:09.046028 n-d-858384-11 devstack@n-api.service[104573]: DEBUG nova.api.openstack.wsgi [None req-92fd403c-47e0-408f-9a68-ce29bcf06f89 admin admin] Calling method '>' {{(pid=104573) _process_stack /opt/stack/nova/nova/api/openstack/wsgi.py:513}}
Oct 13 08:25:09.047152 n-d-858384-11 devstack@n-api.service[104573]: INFO nova.api.openstack.requestlog [None req-92fd403c-47e0-408f-9a68-ce29bcf06f89 admin admin] 10.222.0.23 "GET /compute/v2.1" status: 200 len: 388 microversion: 2.1 time: 0.001602
Oct 13 08:25:09.047589 n-d-858384-11 devstack@n-api.service[104573]: [pid: 104573|app: 0|req: 11/21] 10.222.0.23 () {54 vars in 931 bytes} [Thu Oct 13 08:25:09 2022] GET /compute/v2.1 => generated 388 bytes in 3 msecs (HTTP/1.1 200) 9 headers in 357 bytes (1 switches on core 0)
Oct 13 08:25:09.486633 n-d-858384-11 devstack@n-api.service[104574]: DEBUG nova.api.openstack.wsgi [None req-4c81e392-17b3-4a1e-9b2f-00c23cc0ce60 admin admin] Action: 'create', calling method: >, body: {"flavor": {"disk": 1, "swap": 0, "id": "1", "name": "m1.tiny", "vcpus": 1, "OS-FLV-EXT-DATA:ephemeral": 0, "os-flavor-access:is_public": true, "ram": 512, "rxtx_factor": 1.0}} {{(pid=104574) _process_stack /opt/stack/nova/nova/api/openstack/wsgi.py:511}}
Oct 13 08:25:09.511299 n-d-858384-11 devstack@n-api.service[104574]: INFO nova.api.openstack.requestlog [None req-4c81e392-17b3-4a1e-9b2f-00c23cc0ce60 admin admin] 10.222.0.23 "POST /compute/v2.1/flavors" status: 200 len: 402 microversion: 2.61 time: 0.457380
Oct 13 08:25:09.511964 n-d-858384-11 devstack@n-api.service[104574]: [pid: 104574|app: 0|req: 11/22] 10.222.0.23 () {64 vars in 1283 bytes} [Thu Oct 13 08:25:09 2022] POST /compute/v2.1/flavors => generated 402 bytes in 459 msecs (HTTP/1.1 200) 9 headers in 359 bytes (2 switches on core 0)
Oct 13 08:25:09.524528 n-d-858384-11 devstack@n-api.service[104573]: DEBUG nova.api.openstack.wsgi [None req-457df24b-b5c3-4a0a-b7eb-e907ba3805ad admin admin] Action: 'create', calling method: >, body: {"extra_specs": {"hw_rng:allowed": "True"}} {{(pid=104573) _process_stack /opt/stack/nova/nova/api/openstack/wsgi.py:511}}
Oct 13 08:25:09.553172 n-d-858384-11 devstack@n-api.service[104573]: INFO nova.api.openstack.requestlog [None req-457df24b-b5c3-4a0a-b7eb-e907ba3805ad admin admin] 10.222.0.23 "POST /compute/v2.1/flavors/1/os-extra_specs" status: 200 len: 43 microversion: 2.61 time: 0.032066
Oct 13 08:25:09.553906 n-d-858384-11 devstack@n-api.service[104573]: [pid: 104573|app: 0|req: 12/23] 10.222.0.23 () {64 vars in 1333 bytes} [Thu Oct 13 08:25:09 2022] POST /compute/v2.1/flavors/1/os-extra_specs => generated 43 bytes in 34 msecs (HTTP/1.1 200) 9 headers in 358 bytes (1 switches on core 0)
Oct 13 08:25:12.214694 n-d-858384-11 devstack@n-api.service[104574]: DEBUG nova.api.openstack.wsgi [None req-4c81e392-17b3-4a1e-9b2f-00c23cc0ce60 admin admin] Calling method '>' {{(pid=104574) _process_stack /opt/stack/nova/nova/api/openstack/wsgi.py:513}}
Oct 13 08:25:12.215705 n-d-858384-11 devstack@n-api.service[104574]: INFO nova.api.openstack.requestlog [None req-4c81e392-17b3-4a1e-9b2f-00c23cc0ce60 admin admin] 10.222.0.23 "GET /compute/v2.1" status: 200 len: 388 microversion: 2.1 time: 0.001503
Oct 13 08:25:12.216110 n-d-858384-11 devstack@n-api.service[104574]: [pid: 104574|app: 0|req: 12/24] 10.222.0.23 () {54 vars in 931 bytes} [Thu Oct 13 08:25:12 2022] GET /compute/v2.1 => generated 388 bytes in 2 msecs (HTTP/1.1 200) 9 headers in 357 bytes (1 switches on core 0)
Oct 13 08:25:12.612373 n-d-858384-11 devstack@n-api.service[104573]: DEBUG nova.api.openstack.wsgi [None req-a9bd90aa-6235-4c7f-9b94-54d1e95b271c admin admin] Action: 'create', calling method: >, body: {"flavor": {"os-flavor-access:is_public": true, "vcpus": 1, "swap": 0, "id": "2", "rxtx_factor": 1.0, "OS-FLV-EXT-DATA:ephemeral": 0, "name": "m1.small", "ram": 2048, "disk": 20}} {{(pid=104573) _process_stack /opt/stack/nova/nova/api/openstack/wsgi.py:511}}
Oct 13 08:25:12.631298 n-d-858384-11 devstack@n-api.service[104573]: INFO nova.api.openstack.requestlog [None req-a9bd90aa-6235-4c7f-9b94-54d1e95b271c admin admin] 10.222.0.23 "POST /compute/v2.1/flavors" status: 200 len: 405 microversion: 2.61 time: 0.408514
Oct 13 08:25:12.631786 n-d-858384-11 devstack@n-api.service[104573]: [pid: 104573|app: 0|req: 13/25] 10.222.0.23 () {64 vars in 1283 bytes} [Thu Oct 13 08:25:12 2022] POST /compute/v2.1/flavors => generated 405 bytes in 410 msecs (HTTP/1.1 200) 9 headers in 359 bytes (1 switches on core 0)
Oct 13 08:25:12.644206 n-d-858384-11 devstack@n-api.service[104574]: DEBUG nova.api.openstack.wsgi [None req-c0a11689-a2b5-410f-ada1-368e3a27e8bb admin admin] Action: 'create', calling method: >, body: {"extra_specs": {"hw_rng:allowed": "True"}} {{(pid=104574) _process_stack /opt/stack/nova/nova/api/openstack/wsgi.py:511}}
Oct 13 08:25:12.667606 n-d-858384-11 devstack@n-api.service[104574]: INFO nova.api.openstack.requestlog [None req-c0a11689-a2b5-410f-ada1-368e3a27e8bb admin admin] 10.222.0.23 "POST /compute/v2.1/flavors/2/os-extra_specs" status: 200 len: 43 microversion: 2.61 time: 0.027514
Oct 13 08:25:12.668174 n-d-858384-11 devstack@n-api.service[104574]: [pid: 104574|app: 0|req: 13/26] 10.222.0.23 () {64 vars in 1333 bytes} [Thu Oct 13 08:25:12 2022] POST /compute/v2.1/flavors/2/os-extra_specs => generated 43 bytes in 29 msecs (HTTP/1.1 200) 9 headers in 358 bytes (2 switches on core 0)
Oct 13 08:25:15.256665 n-d-858384-11 devstack@n-api.service[104573]: DEBUG nova.api.openstack.wsgi [None req-a9bd90aa-6235-4c7f-9b94-54d1e95b271c admin admin] Calling method '>' {{(pid=104573) _process_stack /opt/stack/nova/nova/api/openstack/wsgi.py:513}}
Oct 13 08:25:15.257678 n-d-858384-11 devstack@n-api.service[104573]: INFO nova.api.openstack.requestlog [None req-a9bd90aa-6235-4c7f-9b94-54d1e95b271c admin admin] 10.222.0.23 "GET /compute/v2.1" status: 200 len: 388 microversion: 2.1 time: 0.001588
Oct 13 08:25:15.258092 n-d-858384-11 devstack@n-api.service[104573]: [pid: 104573|app: 0|req: 14/27] 10.222.0.23 () {54 vars in 931 bytes} [Thu Oct 13 08:25:15 2022] GET /compute/v2.1 => generated 388 bytes in 2 msecs (HTTP/1.1 200) 9 headers in 357 bytes (1 switches on core 0)
Oct 13 08:25:15.669363 n-d-858384-11 devstack@n-api.service[104574]: DEBUG nova.api.openstack.wsgi [None req-33a46b78-e3c1-4409-b053-ef63b82ed5b4 admin admin] Action: 'create', calling method: >, body: {"flavor": {"name": "m1.medium", "os-flavor-access:is_public": true, "OS-FLV-EXT-DATA:ephemeral": 0, "id": "3", "ram": 4096, "vcpus": 2, "swap": 0, "disk": 40, "rxtx_factor": 1.0}} {{(pid=104574) _process_stack /opt/stack/nova/nova/api/openstack/wsgi.py:511}}
Oct 13 08:25:15.689177 n-d-858384-11 devstack@n-api.service[104574]: INFO nova.api.openstack.requestlog [None req-33a46b78-e3c1-4409-b053-ef63b82ed5b4 admin admin] 10.222.0.23 "POST /compute/v2.1/flavors" status: 200 len: 406 microversion: 2.61 time: 0.424816
Oct 13 08:25:15.689725 n-d-858384-11 devstack@n-api.service[104574]: [pid: 104574|app: 0|req: 14/28] 10.222.0.23 () {64 vars in 1283 bytes} [Thu Oct 13 08:25:15 2022] POST /compute/v2.1/flavors => generated 406 bytes in 426 msecs (HTTP/1.1 200) 9 headers in 359 bytes (1 switches on core 0)
Oct 13 08:25:15.702013 n-d-858384-11 devstack@n-api.service[104573]: DEBUG nova.api.openstack.wsgi [None req-6d058c0c-9d1f-43ac-8184-04fccfff7ed1 admin admin] Action: 'create', calling method: >, body: {"extra_specs": {"hw_rng:allowed": "True"}} {{(pid=104573) _process_stack /opt/stack/nova/nova/api/openstack/wsgi.py:511}}
Oct 13 08:25:15.707441 n-d-858384-11 devstack@n-api.service[104573]: DEBUG dbcounter [-] [104573] Writing DB stats nova_api:SELECT=33,nova_api:INSERT=7,nova_api:SAVEPOINT=3,nova_api:RELEASE=3 {{(pid=104573) stat_writer /usr/local/lib/python3.8/dist-packages/dbcounter.py:114}}
Oct 13 08:25:15.732264 n-d-858384-11 devstack@n-api.service[104573]: INFO nova.api.openstack.requestlog [None req-6d058c0c-9d1f-43ac-8184-04fccfff7ed1 admin admin] 10.222.0.23 "POST /compute/v2.1/flavors/3/os-extra_specs" status: 200 len: 43 microversion: 2.61 time: 0.034132
Oct 13 08:25:15.732850 n-d-858384-11 devstack@n-api.service[104573]: [pid: 104573|app: 0|req: 15/29] 10.222.0.23 () {64 vars in 1333 bytes} [Thu Oct 13 08:25:15 2022] POST /compute/v2.1/flavors/3/os-extra_specs => generated 43 bytes in 35 msecs (HTTP/1.1 200) 9 headers in 358 bytes (1 switches on core 0)
Oct 13 08:25:18.391509 n-d-858384-11 devstack@n-api.service[104574]: DEBUG nova.api.openstack.wsgi [None req-33a46b78-e3c1-4409-b053-ef63b82ed5b4 admin admin] Calling method '>' {{(pid=104574) _process_stack /opt/stack/nova/nova/api/openstack/wsgi.py:513}}
Oct 13 08:25:18.392426 n-d-858384-11 devstack@n-api.service[104574]: INFO nova.api.openstack.requestlog [None req-33a46b78-e3c1-4409-b053-ef63b82ed5b4 admin admin] 10.222.0.23 "GET /compute/v2.1" status: 200 len: 388 microversion: 2.1 time: 0.002121
Oct 13 08:25:18.392834 n-d-858384-11 devstack@n-api.service[104574]: [pid: 104574|app: 0|req: 15/30] 10.222.0.23 () {54 vars in 931 bytes} [Thu Oct 13 08:25:18 2022] GET /compute/v2.1 => generated 388 bytes in 3 msecs (HTTP/1.1 200) 9 headers in 357 bytes (1 switches on core 0)
Oct 13 08:25:18.818746 n-d-858384-11 devstack@n-api.service[104573]: DEBUG nova.api.openstack.wsgi [None req-c133155e-72a9-42eb-8c7b-a7aef0b2ceb1 admin admin] Action: 'create', calling method: >, body: {"flavor": {"disk": 80, "name": "m1.large", "id": "4", "swap": 0, "OS-FLV-EXT-DATA:ephemeral": 0, "os-flavor-access:is_public": true, "ram": 8192, "vcpus": 4, "rxtx_factor": 1.0}} {{(pid=104573) _process_stack /opt/stack/nova/nova/api/openstack/wsgi.py:511}}
Oct 13 08:25:18.843745 n-d-858384-11 devstack@n-api.service[104573]: INFO nova.api.openstack.requestlog [None req-c133155e-72a9-42eb-8c7b-a7aef0b2ceb1 admin admin] 10.222.0.23 "POST /compute/v2.1/flavors" status: 200 len: 405 microversion: 2.61 time: 0.444844
Oct 13 08:25:18.844606 n-d-858384-11 devstack@n-api.service[104573]: [pid: 104573|app: 0|req: 16/31] 10.222.0.23 () {64 vars in 1283 bytes} [Thu Oct 13 08:25:18 2022] POST /compute/v2.1/flavors => generated 405 bytes in 446 msecs (HTTP/1.1 200) 9 headers in 359 bytes (1 switches on core 0)
Oct 13 08:25:18.856986 n-d-858384-11 devstack@n-api.service[104574]: DEBUG nova.api.openstack.wsgi [None req-3bd35723-d5fb-46ac-9f57-3a7357790e8f admin admin] Action: 'create', calling method: >, body: {"extra_specs": {"hw_rng:allowed": "True"}} {{(pid=104574) _process_stack /opt/stack/nova/nova/api/openstack/wsgi.py:511}}
Oct 13 08:25:18.882851 n-d-858384-11 devstack@n-api.service[104574]: INFO nova.api.openstack.requestlog [None req-3bd35723-d5fb-46ac-9f57-3a7357790e8f admin admin] 10.222.0.23 "POST /compute/v2.1/flavors/4/os-extra_specs" status: 200 len: 43 microversion: 2.61 time: 0.029779
Oct 13 08:25:18.883862 n-d-858384-11 devstack@n-api.service[104574]: [pid: 104574|app: 0|req: 16/32] 10.222.0.23 () {64 vars in 1333 bytes} [Thu Oct 13 08:25:18 2022] POST /compute/v2.1/flavors/4/os-extra_specs => generated 43 bytes in 31 msecs (HTTP/1.1 200) 9 headers in 358 bytes (1 switches on core 0)
Oct 13 08:25:21.516925 n-d-858384-11 devstack@n-api.service[104573]: DEBUG nova.api.openstack.wsgi [None req-c133155e-72a9-42eb-8c7b-a7aef0b2ceb1 admin admin] Calling method '>' {{(pid=104573) _process_stack /opt/stack/nova/nova/api/openstack/wsgi.py:513}}
Oct 13 08:25:21.518041 n-d-858384-11 devstack@n-api.service[104573]: INFO nova.api.openstack.requestlog [None req-c133155e-72a9-42eb-8c7b-a7aef0b2ceb1 admin admin] 10.222.0.23 "GET /compute/v2.1" status: 200 len: 388 microversion: 2.1 time: 0.001492
Oct 13 08:25:21.518857 n-d-858384-11 devstack@n-api.service[104573]: [pid: 104573|app: 0|req: 17/33] 10.222.0.23 () {54 vars in 931 bytes} [Thu Oct 13 08:25:21 2022] GET /compute/v2.1 => generated 388 bytes in 3 msecs (HTTP/1.1 200) 9 headers in 357 bytes (1 switches on core 0)
Oct 13 08:25:21.960416 n-d-858384-11 devstack@n-api.service[104574]: DEBUG nova.api.openstack.wsgi [None req-7a6fa7a7-366f-4b55-8c84-3c6bc531b0fe admin admin] Action: 'create', calling method: >, body: {"flavor": {"ram": 16384, "rxtx_factor": 1.0, "disk": 160, "OS-FLV-EXT-DATA:ephemeral": 0, "swap": 0, "name": "m1.xlarge", "os-flavor-access:is_public": true, "vcpus": 8, "id": "5"}} {{(pid=104574) _process_stack /opt/stack/nova/nova/api/openstack/wsgi.py:511}}
Oct 13 08:25:21.967911 n-d-858384-11 devstack@n-api.service[104574]: DEBUG dbcounter [-] [104574] Writing DB stats nova_api:SELECT=45,nova_api:SAVEPOINT=5,nova_api:INSERT=9,nova_api:RELEASE=5 {{(pid=104574) stat_writer /usr/local/lib/python3.8/dist-packages/dbcounter.py:114}}
Oct 13 08:25:21.984221 n-d-858384-11 devstack@n-api.service[104574]: INFO nova.api.openstack.requestlog [None req-7a6fa7a7-366f-4b55-8c84-3c6bc531b0fe admin admin] 10.222.0.23 "POST /compute/v2.1/flavors" status: 200 len: 408 microversion: 2.61 time: 0.459388
Oct 13 08:25:21.986446 n-d-858384-11 devstack@n-api.service[104574]: [pid: 104574|app: 0|req: 17/34] 10.222.0.23 () {64 vars in 1283 bytes} [Thu Oct 13 08:25:21 2022] POST /compute/v2.1/flavors => generated 408 bytes in 461 msecs (HTTP/1.1 200) 9 headers in 359 bytes (1 switches on core 0)
Oct 13 08:25:21.996824 n-d-858384-11 devstack@n-api.service[104573]: DEBUG nova.api.openstack.wsgi [None req-48b925d6-8468-4bdd-91d8-54f4f7b91100 admin admin] Action: 'create', calling method: >, body: {"extra_specs": {"hw_rng:allowed": "True"}} {{(pid=104573) _process_stack /opt/stack/nova/nova/api/openstack/wsgi.py:511}}
Oct 13 08:25:22.021869 n-d-858384-11 devstack@n-api.service[104573]: INFO nova.api.openstack.requestlog [None req-48b925d6-8468-4bdd-91d8-54f4f7b91100 admin admin] 10.222.0.23 "POST /compute/v2.1/flavors/5/os-extra_specs" status: 200 len: 43 microversion: 2.61 time: 0.028676
Oct 13 08:25:22.022466 n-d-858384-11 devstack@n-api.service[104573]: [pid: 104573|app: 0|req: 18/35] 10.222.0.23 () {64 vars in 1333 bytes} [Thu Oct 13 08:25:21 2022] POST /compute/v2.1/flavors/5/os-extra_specs => generated 43 bytes in 30 msecs (HTTP/1.1 200) 9 headers in 358 bytes (1 switches on core 0)
Oct 13 08:25:43.139043 n-d-858384-11 devstack@n-api.service[104574]: DEBUG nova.api.openstack.wsgi [None req-7a6fa7a7-366f-4b55-8c84-3c6bc531b0fe admin admin] Calling method '>' {{(pid=104574) _process_stack /opt/stack/nova/nova/api/openstack/wsgi.py:513}}
Oct 13 08:25:43.140634 n-d-858384-11 devstack@n-api.service[104574]: INFO nova.api.openstack.requestlog [None req-7a6fa7a7-366f-4b55-8c84-3c6bc531b0fe admin admin] 10.222.0.23 "GET /compute/v2.1" status: 200 len: 388 microversion: 2.1 time: 0.002068
Oct 13 08:25:43.141041 n-d-858384-11 devstack@n-api.service[104574]: [pid: 104574|app: 0|req: 18/36] 10.222.0.23 () {54 vars in 931 bytes} [Thu Oct 13 08:25:43 2022] GET /compute/v2.1 => generated 388 bytes in 3 msecs (HTTP/1.1 200) 9 headers in 357 bytes (1 switches on core 0)
