Oct 27 09:01:34.876404 n-d-858383-16 devstack@placement-api.service[105891]: INFO placement.requestlog [req-13cd88fa-4179-4a29-804a-5398e5292054 req-3ddfa9c5-636b-4345-a6b5-eebf8644858a service placement] 10.222.0.36 "GET /placement/allocations/224cd91a-b045-40e1-a226-451983e44fa5" status: 200 len: 259 microversion: 1.28
Oct 27 09:01:34.877487 n-d-858383-16 devstack@placement-api.service[105891]: [pid: 105891|app: 0|req: 120/242] 10.222.0.36 () {60 vars in 1377 bytes} [Thu Oct 27 09:01:34 2022] GET /placement/allocations/224cd91a-b045-40e1-a226-451983e44fa5 => generated 259 bytes in 53 msecs (HTTP/1.1 200) 8 headers in 296 bytes (1 switches on core 0)
Oct 27 09:01:35.321215 n-d-858383-16 devstack@placement-api.service[105890]: DEBUG placement.requestlog [req-d594c962-b063-4d75-a058-0cd6019d1063 req-abc6fb15-2ffa-4e81-981c-db812ad3a69a None None] Starting request: 10.222.0.50 "GET /placement/allocations/fb21e13f-718e-4afe-b3f3-97a05e9be9c6" {{(pid=105890) __call__ /opt/stack/placement/placement/requestlog.py:55}}
Oct 27 09:01:35.366646 n-d-858383-16 devstack@placement-api.service[105890]: INFO placement.requestlog [req-d594c962-b063-4d75-a058-0cd6019d1063 req-abc6fb15-2ffa-4e81-981c-db812ad3a69a service placement] 10.222.0.50 "GET /placement/allocations/fb21e13f-718e-4afe-b3f3-97a05e9be9c6" status: 200 len: 259 microversion: 1.28
Oct 27 09:01:35.370462 n-d-858383-16 devstack@placement-api.service[105890]: [pid: 105890|app: 0|req: 123/243] 10.222.0.50 () {60 vars in 1377 bytes} [Thu Oct 27 09:01:35 2022] GET /placement/allocations/fb21e13f-718e-4afe-b3f3-97a05e9be9c6 => generated 259 bytes in 47 msecs (HTTP/1.1 200) 8 headers in 296 bytes (1 switches on core 0)
Oct 27 09:01:35.628645 n-d-858383-16 devstack@placement-api.service[105891]: DEBUG placement.requestlog [req-d594c962-b063-4d75-a058-0cd6019d1063 req-bc4ba652-319e-4f17-8238-7bbdd4506010 None None] Starting request: 10.222.0.50 "GET /placement/resource_providers/836bb94e-f666-4f2a-bf56-2e57dde11067/allocations" {{(pid=105891) __call__ /opt/stack/placement/placement/requestlog.py:55}}
Oct 27 09:01:35.682043 n-d-858383-16 devstack@placement-api.service[105891]: INFO placement.requestlog [req-d594c962-b063-4d75-a058-0cd6019d1063 req-bc4ba652-319e-4f17-8238-7bbdd4506010 service placement] 10.222.0.50 "GET /placement/resource_providers/836bb94e-f666-4f2a-bf56-2e57dde11067/allocations" status: 200 len: 558 microversion: 1.0
Oct 27 09:01:35.682796 n-d-858383-16 devstack@placement-api.service[105891]: [pid: 105891|app: 0|req: 121/244] 10.222.0.50 () {58 vars in 1390 bytes} [Thu Oct 27 09:01:35 2022] GET /placement/resource_providers/836bb94e-f666-4f2a-bf56-2e57dde11067/allocations => generated 558 bytes in 54 msecs (HTTP/1.1 200) 6 headers in 224 bytes (1 switches on core 0)
Oct 27 09:01:35.689934 n-d-858383-16 devstack@placement-api.service[105890]: DEBUG placement.requestlog [req-d594c962-b063-4d75-a058-0cd6019d1063 req-5590ca67-4929-4350-985f-b65be72dde8e None None] Starting request: 10.222.0.50 "GET /placement/allocations/d008a476-b957-43e1-a895-4c894f28710c" {{(pid=105890) __call__ /opt/stack/placement/placement/requestlog.py:55}}
Oct 27 09:01:35.747539 n-d-858383-16 devstack@placement-api.service[105890]: INFO placement.requestlog [req-d594c962-b063-4d75-a058-0cd6019d1063 req-5590ca67-4929-4350-985f-b65be72dde8e service placement] 10.222.0.50 "GET /placement/allocations/d008a476-b957-43e1-a895-4c894f28710c" status: 200 len: 259 microversion: 1.28
Oct 27 09:01:35.747539 n-d-858383-16 devstack@placement-api.service[105890]: [pid: 105890|app: 0|req: 124/245] 10.222.0.50 () {60 vars in 1377 bytes} [Thu Oct 27 09:01:35 2022] GET /placement/allocations/d008a476-b957-43e1-a895-4c894f28710c => generated 259 bytes in 57 msecs (HTTP/1.1 200) 8 headers in 296 bytes (1 switches on core 0)
Oct 27 09:01:35.760489 n-d-858383-16 devstack@placement-api.service[105891]: DEBUG placement.requestlog [req-d594c962-b063-4d75-a058-0cd6019d1063 req-92fe6fea-f7d2-4e78-babf-6cdd400261b3 None None] Starting request: 10.222.0.50 "GET /placement/allocations/825baa14-c4b5-47d3-ade1-af3f779cd623" {{(pid=105891) __call__ /opt/stack/placement/placement/requestlog.py:55}}
Oct 27 09:01:35.804746 n-d-858383-16 devstack@placement-api.service[105891]: INFO placement.requestlog [req-d594c962-b063-4d75-a058-0cd6019d1063 req-92fe6fea-f7d2-4e78-babf-6cdd400261b3 service placement] 10.222.0.50 "GET /placement/allocations/825baa14-c4b5-47d3-ade1-af3f779cd623" status: 200 len: 259 microversion: 1.28
Oct 27 09:01:35.805987 n-d-858383-16 devstack@placement-api.service[105891]: [pid: 105891|app: 0|req: 122/246] 10.222.0.50 () {60 vars in 1377 bytes} [Thu Oct 27 09:01:35 2022] GET /placement/allocations/825baa14-c4b5-47d3-ade1-af3f779cd623 => generated 259 bytes in 46 msecs (HTTP/1.1 200) 8 headers in 296 bytes (1 switches on core 0)
Oct 27 09:01:35.814182 n-d-858383-16 devstack@placement-api.service[105890]: DEBUG placement.requestlog [req-d594c962-b063-4d75-a058-0cd6019d1063 req-56f8cfac-09b6-475b-98fd-01d490c17656 None None] Starting request: 10.222.0.50 "GET /placement/allocations/fb21e13f-718e-4afe-b3f3-97a05e9be9c6" {{(pid=105890) __call__ /opt/stack/placement/placement/requestlog.py:55}}
Oct 27 09:01:35.890357 n-d-858383-16 devstack@placement-api.service[105890]: INFO placement.requestlog [req-d594c962-b063-4d75-a058-0cd6019d1063 req-56f8cfac-09b6-475b-98fd-01d490c17656 service placement] 10.222.0.50 "GET /placement/allocations/fb21e13f-718e-4afe-b3f3-97a05e9be9c6" status: 200 len: 259 microversion: 1.28
Oct 27 09:01:35.890756 n-d-858383-16 devstack@placement-api.service[105890]: [pid: 105890|app: 0|req: 125/247] 10.222.0.50 () {60 vars in 1377 bytes} [Thu Oct 27 09:01:35 2022] GET /placement/allocations/fb21e13f-718e-4afe-b3f3-97a05e9be9c6 => generated 259 bytes in 77 msecs (HTTP/1.1 200) 8 headers in 296 bytes (1 switches on core 0)
Oct 27 09:01:35.898376 n-d-858383-16 devstack@placement-api.service[105891]: DEBUG placement.requestlog [req-d594c962-b063-4d75-a058-0cd6019d1063 req-36c14712-c4f8-4842-b0a9-449ba0df471d None None] Starting request: 10.222.0.50 "GET /placement/allocations/472d1f80-cdb9-44bf-b626-4a5ef9093258" {{(pid=105891) __call__ /opt/stack/placement/placement/requestlog.py:55}}
Oct 27 09:01:35.936319 n-d-858383-16 devstack@placement-api.service[105891]: INFO placement.requestlog [req-d594c962-b063-4d75-a058-0cd6019d1063 req-36c14712-c4f8-4842-b0a9-449ba0df471d service placement] 10.222.0.50 "GET /placement/allocations/472d1f80-cdb9-44bf-b626-4a5ef9093258" status: 200 len: 259 microversion: 1.28
Oct 27 09:01:35.937316 n-d-858383-16 devstack@placement-api.service[105891]: [pid: 105891|app: 0|req: 123/248] 10.222.0.50 () {60 vars in 1377 bytes} [Thu Oct 27 09:01:35 2022] GET /placement/allocations/472d1f80-cdb9-44bf-b626-4a5ef9093258 => generated 259 bytes in 39 msecs (HTTP/1.1 200) 8 headers in 296 bytes (1 switches on core 0)
Oct 27 09:01:35.945733 n-d-858383-16 devstack@placement-api.service[105890]: DEBUG placement.requestlog [req-d594c962-b063-4d75-a058-0cd6019d1063 req-90b83c8e-6a4a-43f5-af79-a5a2936c947a None None] Starting request: 10.222.0.50 "GET /placement/allocations/3ba26e0a-7168-465e-b2f2-3b763456fe6c" {{(pid=105890) __call__ /opt/stack/placement/placement/requestlog.py:55}}
Oct 27 09:01:35.978347 n-d-858383-16 devstack@placement-api.service[105890]: INFO placement.requestlog [req-d594c962-b063-4d75-a058-0cd6019d1063 req-90b83c8e-6a4a-43f5-af79-a5a2936c947a service placement] 10.222.0.50 "GET /placement/allocations/3ba26e0a-7168-465e-b2f2-3b763456fe6c" status: 200 len: 259 microversion: 1.28
Oct 27 09:01:35.987680 n-d-858383-16 devstack@placement-api.service[105890]: [pid: 105890|app: 0|req: 126/249] 10.222.0.50 () {60 vars in 1377 bytes} [Thu Oct 27 09:01:35 2022] GET /placement/allocations/3ba26e0a-7168-465e-b2f2-3b763456fe6c => generated 259 bytes in 36 msecs (HTTP/1.1 200) 8 headers in 296 bytes (1 switches on core 0)
Oct 27 09:01:36.248691 n-d-858383-16 devstack@placement-api.service[105891]: DEBUG placement.requestlog [req-d746fb89-a4c0-4031-8892-9961c832a7dc req-6c7aca94-f9a0-49a5-a37d-7216570260b0 None None] Starting request: 10.222.0.36 "GET /placement/resource_providers/47056720-8470-44cc-99df-ddb2f6a51b39/allocations" {{(pid=105891) __call__ /opt/stack/placement/placement/requestlog.py:55}}
Oct 27 09:01:36.289084 n-d-858383-16 devstack@placement-api.service[105891]: INFO placement.requestlog [req-d746fb89-a4c0-4031-8892-9961c832a7dc req-6c7aca94-f9a0-49a5-a37d-7216570260b0 service placement] 10.222.0.36 "GET /placement/resource_providers/47056720-8470-44cc-99df-ddb2f6a51b39/allocations" status: 200 len: 356 microversion: 1.0
Oct 27 09:01:36.290148 n-d-858383-16 devstack@placement-api.service[105891]: [pid: 105891|app: 0|req: 124/250] 10.222.0.36 () {58 vars in 1390 bytes} [Thu Oct 27 09:01:36 2022] GET /placement/resource_providers/47056720-8470-44cc-99df-ddb2f6a51b39/allocations => generated 356 bytes in 42 msecs (HTTP/1.1 200) 6 headers in 224 bytes (2 switches on core 0)
Oct 27 09:01:36.540253 n-d-858383-16 devstack@placement-api.service[105890]: DEBUG placement.requestlog [req-d746fb89-a4c0-4031-8892-9961c832a7dc req-d4219ce5-9b24-4817-8595-c209ce719f1a None None] Starting request: 10.222.0.36 "GET /placement/resource_providers/47056720-8470-44cc-99df-ddb2f6a51b39/allocations" {{(pid=105890) __call__ /opt/stack/placement/placement/requestlog.py:55}}
Oct 27 09:01:36.609419 n-d-858383-16 devstack@placement-api.service[105890]: INFO placement.requestlog [req-d746fb89-a4c0-4031-8892-9961c832a7dc req-d4219ce5-9b24-4817-8595-c209ce719f1a service placement] 10.222.0.36 "GET /placement/resource_providers/47056720-8470-44cc-99df-ddb2f6a51b39/allocations" status: 200 len: 356 microversion: 1.0
Oct 27 09:01:36.614259 n-d-858383-16 devstack@placement-api.service[105890]: [pid: 105890|app: 0|req: 127/251] 10.222.0.36 () {58 vars in 1390 bytes} [Thu Oct 27 09:01:36 2022] GET /placement/resource_providers/47056720-8470-44cc-99df-ddb2f6a51b39/allocations => generated 356 bytes in 74 msecs (HTTP/1.1 200) 6 headers in 224 bytes (1 switches on core 0)
Oct 27 09:01:36.619646 n-d-858383-16 devstack@placement-api.service[105891]: DEBUG placement.requestlog [req-d746fb89-a4c0-4031-8892-9961c832a7dc req-7b059eda-d229-492e-8504-a4b070b744ed None None] Starting request: 10.222.0.36 "GET /placement/allocations/c86540b3-57b5-4a77-9c7b-93af29f15deb" {{(pid=105891) __call__ /opt/stack/placement/placement/requestlog.py:55}}
Oct 27 09:01:36.638623 n-d-858383-16 devstack@placement-api.service[105891]: DEBUG dbcounter [-] [105891] Writing DB stats placement:SELECT=90,placement:INSERT=6,placement:DELETE=2,placement:UPDATE=2 {{(pid=105891) stat_writer /usr/local/lib/python3.8/dist-packages/dbcounter.py:114}}
Oct 27 09:01:36.653045 n-d-858383-16 devstack@placement-api.service[105891]: INFO placement.requestlog [req-d746fb89-a4c0-4031-8892-9961c832a7dc req-7b059eda-d229-492e-8504-a4b070b744ed service placement] 10.222.0.36 "GET /placement/allocations/c86540b3-57b5-4a77-9c7b-93af29f15deb" status: 200 len: 259 microversion: 1.28
Oct 27 09:01:36.653654 n-d-858383-16 devstack@placement-api.service[105891]: [pid: 105891|app: 0|req: 125/252] 10.222.0.36 () {60 vars in 1377 bytes} [Thu Oct 27 09:01:36 2022] GET /placement/allocations/c86540b3-57b5-4a77-9c7b-93af29f15deb => generated 259 bytes in 35 msecs (HTTP/1.1 200) 8 headers in 296 bytes (1 switches on core 0)
Oct 27 09:01:36.660805 n-d-858383-16 devstack@placement-api.service[105890]: DEBUG placement.requestlog [req-d746fb89-a4c0-4031-8892-9961c832a7dc req-24480dcf-6560-4fcc-ac5d-9b18cfe83b5c None None] Starting request: 10.222.0.36 "GET /placement/allocations/8b5ae277-3562-4d0b-8169-2820971f9aa7" {{(pid=105890) __call__ /opt/stack/placement/placement/requestlog.py:55}}
Oct 27 09:01:36.689348 n-d-858383-16 devstack@placement-api.service[105890]: INFO placement.requestlog [req-d746fb89-a4c0-4031-8892-9961c832a7dc req-24480dcf-6560-4fcc-ac5d-9b18cfe83b5c service placement] 10.222.0.36 "GET /placement/allocations/8b5ae277-3562-4d0b-8169-2820971f9aa7" status: 200 len: 259 microversion: 1.28
Oct 27 09:01:36.689742 n-d-858383-16 devstack@placement-api.service[105890]: [pid: 105890|app: 0|req: 128/253] 10.222.0.36 () {60 vars in 1377 bytes} [Thu Oct 27 09:01:36 2022] GET /placement/allocations/8b5ae277-3562-4d0b-8169-2820971f9aa7 => generated 259 bytes in 29 msecs (HTTP/1.1 200) 8 headers in 296 bytes (1 switches on core 0)
Oct 27 09:01:36.696995 n-d-858383-16 devstack@placement-api.service[105891]: DEBUG placement.requestlog [req-d746fb89-a4c0-4031-8892-9961c832a7dc req-7b0b21c9-f0d3-4a3d-a3ab-c9b0c2034cdf None None] Starting request: 10.222.0.36 "GET /placement/allocations/224cd91a-b045-40e1-a226-451983e44fa5" {{(pid=105891) __call__ /opt/stack/placement/placement/requestlog.py:55}}
Oct 27 09:01:36.727342 n-d-858383-16 devstack@placement-api.service[105891]: INFO placement.requestlog [req-d746fb89-a4c0-4031-8892-9961c832a7dc req-7b0b21c9-f0d3-4a3d-a3ab-c9b0c2034cdf service placement] 10.222.0.36 "GET /placement/allocations/224cd91a-b045-40e1-a226-451983e44fa5" status: 200 len: 259 microversion: 1.28
Oct 27 09:01:36.728755 n-d-858383-16 devstack@placement-api.service[105891]: [pid: 105891|app: 0|req: 126/254] 10.222.0.36 () {60 vars in 1377 bytes} [Thu Oct 27 09:01:36 2022] GET /placement/allocations/224cd91a-b045-40e1-a226-451983e44fa5 => generated 259 bytes in 32 msecs (HTTP/1.1 200) 8 headers in 296 bytes (2 switches on core 0)
Oct 27 09:01:38.656657 n-d-858383-16 devstack@placement-api.service[105890]: DEBUG placement.requestlog [req-bf665c52-cd0d-409a-89e3-c0da2ff66380 req-68e70e5f-2a9f-4f96-bf1a-39d38303a739 None None] Starting request: 10.222.0.25 "GET /placement/allocation_candidates?limit=1000&resources=DISK_GB%3A1%2CMEMORY_MB%3A1024%2CVCPU%3A1&root_required=%21COMPUTE_STATUS_DISABLED" {{(pid=105890) __call__ /opt/stack/placement/placement/requestlog.py:55}}
Oct 27 09:01:38.791941 n-d-858383-16 devstack@placement-api.service[105890]: DEBUG placement.objects.research_context [req-bf665c52-cd0d-409a-89e3-c0da2ff66380 req-68e70e5f-2a9f-4f96-bf1a-39d38303a739 service placement] getting providers with 1 DISK_GB {{(pid=105890) __init__ /opt/stack/placement/placement/objects/research_context.py:136}}
Oct 27 09:01:38.823486 n-d-858383-16 devstack@placement-api.service[105890]: DEBUG placement.objects.research_context [req-bf665c52-cd0d-409a-89e3-c0da2ff66380 req-68e70e5f-2a9f-4f96-bf1a-39d38303a739 service placement] getting providers with 1024 MEMORY_MB {{(pid=105890) __init__ /opt/stack/placement/placement/objects/research_context.py:136}}
Oct 27 09:01:38.830747 n-d-858383-16 devstack@placement-api.service[105890]: DEBUG placement.objects.research_context [req-bf665c52-cd0d-409a-89e3-c0da2ff66380 req-68e70e5f-2a9f-4f96-bf1a-39d38303a739 service placement] getting providers with 1 VCPU {{(pid=105890) __init__ /opt/stack/placement/placement/objects/research_context.py:136}}
Oct 27 09:01:38.841748 n-d-858383-16 devstack@placement-api.service[105890]: DEBUG placement.objects.research_context [req-bf665c52-cd0d-409a-89e3-c0da2ff66380 req-68e70e5f-2a9f-4f96-bf1a-39d38303a739 service placement] found 2 providers with available 1 DISK_GB {{(pid=105890) get_provider_ids_matching /opt/stack/placement/placement/objects/research_context.py:563}}
Oct 27 09:01:38.842308 n-d-858383-16 devstack@placement-api.service[105890]: DEBUG placement.objects.research_context [req-bf665c52-cd0d-409a-89e3-c0da2ff66380 req-68e70e5f-2a9f-4f96-bf1a-39d38303a739 service placement] found 2 providers with available 1024 MEMORY_MB {{(pid=105890) get_provider_ids_matching /opt/stack/placement/placement/objects/research_context.py:563}}
Oct 27 09:01:38.842777 n-d-858383-16 devstack@placement-api.service[105890]: DEBUG placement.objects.research_context [req-bf665c52-cd0d-409a-89e3-c0da2ff66380 req-68e70e5f-2a9f-4f96-bf1a-39d38303a739 service placement] found 2 providers after filtering by previous result {{(pid=105890) get_provider_ids_matching /opt/stack/placement/placement/objects/research_context.py:594}}
Oct 27 09:01:38.843203 n-d-858383-16 devstack@placement-api.service[105890]: DEBUG placement.objects.research_context [req-bf665c52-cd0d-409a-89e3-c0da2ff66380 req-68e70e5f-2a9f-4f96-bf1a-39d38303a739 service placement] found 2 providers with available 1 VCPU {{(pid=105890) get_provider_ids_matching /opt/stack/placement/placement/objects/research_context.py:563}}
Oct 27 09:01:38.843660 n-d-858383-16 devstack@placement-api.service[105890]: DEBUG placement.objects.research_context [req-bf665c52-cd0d-409a-89e3-c0da2ff66380 req-68e70e5f-2a9f-4f96-bf1a-39d38303a739 service placement] found 2 providers after filtering by previous result {{(pid=105890) get_provider_ids_matching /opt/stack/placement/placement/objects/research_context.py:594}}
Oct 27 09:01:38.865068 n-d-858383-16 devstack@placement-api.service[105890]: DEBUG placement.objects.allocation_candidate [req-bf665c52-cd0d-409a-89e3-c0da2ff66380 req-68e70e5f-2a9f-4f96-bf1a-39d38303a739 service placement] RequestGroup(use_same_provider=False, resources={DISK_GB:1, MEMORY_MB:1024, VCPU:1}, traits=(), aggregates=[]) (suffix '') returned 2 matches {{(pid=105890) _get_by_requests /opt/stack/placement/placement/objects/allocation_candidate.py:156}}
Oct 27 09:01:38.865723 n-d-858383-16 devstack@placement-api.service[105890]: DEBUG placement.objects.allocation_candidate [req-bf665c52-cd0d-409a-89e3-c0da2ff66380 req-68e70e5f-2a9f-4f96-bf1a-39d38303a739 service placement] Merging candidates yields 2 allocation requests and 2 provider summaries {{(pid=105890) _merge_candidates /opt/stack/placement/placement/objects/allocation_candidate.py:809}}
Oct 27 09:01:38.867557 n-d-858383-16 devstack@placement-api.service[105890]: INFO placement.requestlog [req-bf665c52-cd0d-409a-89e3-c0da2ff66380 req-68e70e5f-2a9f-4f96-bf1a-39d38303a739 service placement] 10.222.0.25 "GET /placement/allocation_candidates?limit=1000&resources=DISK_GB%3A1%2CMEMORY_MB%3A1024%2CVCPU%3A1&root_required=%21COMPUTE_STATUS_DISABLED" status: 200 len: 1309 microversion: 1.36
Oct 27 09:01:38.868170 n-d-858383-16 devstack@placement-api.service[105890]: [pid: 105890|app: 0|req: 129/255] 10.222.0.25 () {60 vars in 1506 bytes} [Thu Oct 27 09:01:38 2022] GET /placement/allocation_candidates?limit=1000&resources=DISK_GB%3A1%2CMEMORY_MB%3A1024%2CVCPU%3A1&root_required=%21COMPUTE_STATUS_DISABLED => generated 1309 bytes in 212 msecs (HTTP/1.1 200) 8 headers in 297 bytes (1 switches on core 0)
Oct 27 09:01:39.013342 n-d-858383-16 devstack@placement-api.service[105891]: DEBUG placement.requestlog [req-bf665c52-cd0d-409a-89e3-c0da2ff66380 req-85d4ac70-9f1d-42c3-a9c8-caa35adff0a2 None None] Starting request: 10.222.0.25 "GET /placement/allocations/b23e0ac0-0e5e-4f3c-9e0d-0d435a0da930" {{(pid=105891) __call__ /opt/stack/placement/placement/requestlog.py:55}}
Oct 27 09:01:39.037204 n-d-858383-16 devstack@placement-api.service[105891]: INFO placement.requestlog [req-bf665c52-cd0d-409a-89e3-c0da2ff66380 req-85d4ac70-9f1d-42c3-a9c8-caa35adff0a2 service placement] 10.222.0.25 "GET /placement/allocations/b23e0ac0-0e5e-4f3c-9e0d-0d435a0da930" status: 200 len: 19 microversion: 1.28
Oct 27 09:01:39.038697 n-d-858383-16 devstack@placement-api.service[105891]: [pid: 105891|app: 0|req: 127/256] 10.222.0.25 () {60 vars in 1380 bytes} [Thu Oct 27 09:01:39 2022] GET /placement/allocations/b23e0ac0-0e5e-4f3c-9e0d-0d435a0da930 => generated 19 bytes in 27 msecs (HTTP/1.1 200) 8 headers in 295 bytes (1 switches on core 0)
Oct 27 09:01:39.044544 n-d-858383-16 devstack@placement-api.service[105890]: DEBUG placement.requestlog [req-bf665c52-cd0d-409a-89e3-c0da2ff66380 req-02ae3b07-a738-4210-9f25-ffe72a5dfec7 None None] Starting request: 10.222.0.25 "PUT /placement/allocations/b23e0ac0-0e5e-4f3c-9e0d-0d435a0da930" {{(pid=105890) __call__ /opt/stack/placement/placement/requestlog.py:55}}
Oct 27 09:01:39.219545 n-d-858383-16 devstack@placement-api.service[105890]: DEBUG placement.handlers.allocation [req-bf665c52-cd0d-409a-89e3-c0da2ff66380 req-02ae3b07-a738-4210-9f25-ffe72a5dfec7 service placement] Successfully wrote allocations [, , ] {{(pid=105890) _update_consumers_and_create_allocations /opt/stack/placement/placement/handlers/allocation.py:462}}
Oct 27 09:01:39.223377 n-d-858383-16 devstack@placement-api.service[105890]: INFO placement.requestlog [req-bf665c52-cd0d-409a-89e3-c0da2ff66380 req-02ae3b07-a738-4210-9f25-ffe72a5dfec7 service placement] 10.222.0.25 "PUT /placement/allocations/b23e0ac0-0e5e-4f3c-9e0d-0d435a0da930" status: 204 len: 0 microversion: 1.36
Oct 27 09:01:39.226517 n-d-858383-16 devstack@placement-api.service[105890]: [pid: 105890|app: 0|req: 130/257] 10.222.0.25 () {64 vars in 1433 bytes} [Thu Oct 27 09:01:39 2022] PUT /placement/allocations/b23e0ac0-0e5e-4f3c-9e0d-0d435a0da930 => generated 0 bytes in 180 msecs (HTTP/1.1 204) 5 headers in 199 bytes (1 switches on core 0)
Oct 27 09:01:39.730350 n-d-858383-16 devstack@placement-api.service[105891]: DEBUG placement.requestlog [req-bf665c52-cd0d-409a-89e3-c0da2ff66380 req-8f23a722-17ab-4c0c-bf9e-1b91934e5b7d None None] Starting request: 10.222.0.36 "GET /placement/allocations/b23e0ac0-0e5e-4f3c-9e0d-0d435a0da930" {{(pid=105891) __call__ /opt/stack/placement/placement/requestlog.py:55}}
Oct 27 09:01:39.757362 n-d-858383-16 devstack@placement-api.service[105891]: INFO placement.requestlog [req-bf665c52-cd0d-409a-89e3-c0da2ff66380 req-8f23a722-17ab-4c0c-bf9e-1b91934e5b7d service placement] 10.222.0.36 "GET /placement/allocations/b23e0ac0-0e5e-4f3c-9e0d-0d435a0da930" status: 200 len: 259 microversion: 1.28
Oct 27 09:01:39.758756 n-d-858383-16 devstack@placement-api.service[105891]: [pid: 105891|app: 0|req: 128/258] 10.222.0.36 () {60 vars in 1377 bytes} [Thu Oct 27 09:01:39 2022] GET /placement/allocations/b23e0ac0-0e5e-4f3c-9e0d-0d435a0da930 => generated 259 bytes in 29 msecs (HTTP/1.1 200) 8 headers in 296 bytes (1 switches on core 0)
Oct 27 09:01:39.983953 n-d-858383-16 devstack@placement-api.service[105890]: DEBUG placement.requestlog [req-bf665c52-cd0d-409a-89e3-c0da2ff66380 req-720c1560-0472-495f-ba7c-619f4c5a22b9 None None] Starting request: 10.222.0.36 "GET /placement/resource_providers/47056720-8470-44cc-99df-ddb2f6a51b39/allocations" {{(pid=105890) __call__ /opt/stack/placement/placement/requestlog.py:55}}
Oct 27 09:01:40.030285 n-d-858383-16 devstack@placement-api.service[105890]: INFO placement.requestlog [req-bf665c52-cd0d-409a-89e3-c0da2ff66380 req-720c1560-0472-495f-ba7c-619f4c5a22b9 service placement] 10.222.0.36 "GET /placement/resource_providers/47056720-8470-44cc-99df-ddb2f6a51b39/allocations" status: 200 len: 457 microversion: 1.0
Oct 27 09:01:40.032973 n-d-858383-16 devstack@placement-api.service[105890]: [pid: 105890|app: 0|req: 131/259] 10.222.0.36 () {58 vars in 1390 bytes} [Thu Oct 27 09:01:39 2022] GET /placement/resource_providers/47056720-8470-44cc-99df-ddb2f6a51b39/allocations => generated 457 bytes in 49 msecs (HTTP/1.1 200) 6 headers in 224 bytes (1 switches on core 0)
Oct 27 09:01:40.041222 n-d-858383-16 devstack@placement-api.service[105891]: DEBUG placement.requestlog [req-bf665c52-cd0d-409a-89e3-c0da2ff66380 req-e2b46112-9ae5-4068-8ff7-0fe05a824294 None None] Starting request: 10.222.0.36 "GET /placement/allocations/b23e0ac0-0e5e-4f3c-9e0d-0d435a0da930" {{(pid=105891) __call__ /opt/stack/placement/placement/requestlog.py:55}}
Oct 27 09:01:40.071923 n-d-858383-16 devstack@placement-api.service[105891]: INFO placement.requestlog [req-bf665c52-cd0d-409a-89e3-c0da2ff66380 req-e2b46112-9ae5-4068-8ff7-0fe05a824294 service placement] 10.222.0.36 "GET /placement/allocations/b23e0ac0-0e5e-4f3c-9e0d-0d435a0da930" status: 200 len: 259 microversion: 1.28
Oct 27 09:01:40.076573 n-d-858383-16 devstack@placement-api.service[105891]: [pid: 105891|app: 0|req: 129/260] 10.222.0.36 () {60 vars in 1377 bytes} [Thu Oct 27 09:01:40 2022] GET /placement/allocations/b23e0ac0-0e5e-4f3c-9e0d-0d435a0da930 => generated 259 bytes in 37 msecs (HTTP/1.1 200) 8 headers in 296 bytes (1 switches on core 0)
Oct 27 09:01:40.084512 n-d-858383-16 devstack@placement-api.service[105890]: DEBUG placement.requestlog [req-bf665c52-cd0d-409a-89e3-c0da2ff66380 req-860e8eaf-c42c-4a34-a1e2-2b0758d09fd4 None None] Starting request: 10.222.0.36 "GET /placement/allocations/c86540b3-57b5-4a77-9c7b-93af29f15deb" {{(pid=105890) __call__ /opt/stack/placement/placement/requestlog.py:55}}
Oct 27 09:01:40.105616 n-d-858383-16 devstack@placement-api.service[105890]: INFO placement.requestlog [req-bf665c52-cd0d-409a-89e3-c0da2ff66380 req-860e8eaf-c42c-4a34-a1e2-2b0758d09fd4 service placement] 10.222.0.36 "GET /placement/allocations/c86540b3-57b5-4a77-9c7b-93af29f15deb" status: 200 len: 259 microversion: 1.28
Oct 27 09:01:40.106363 n-d-858383-16 devstack@placement-api.service[105890]: [pid: 105890|app: 0|req: 132/261] 10.222.0.36 () {60 vars in 1377 bytes} [Thu Oct 27 09:01:40 2022] GET /placement/allocations/c86540b3-57b5-4a77-9c7b-93af29f15deb => generated 259 bytes in 22 msecs (HTTP/1.1 200) 8 headers in 296 bytes (1 switches on core 0)
Oct 27 09:01:40.113411 n-d-858383-16 devstack@placement-api.service[105891]: DEBUG placement.requestlog [req-bf665c52-cd0d-409a-89e3-c0da2ff66380 req-66552093-1d89-4273-838f-1f58f7e68354 None None] Starting request: 10.222.0.36 "GET /placement/allocations/8b5ae277-3562-4d0b-8169-2820971f9aa7" {{(pid=105891) __call__ /opt/stack/placement/placement/requestlog.py:55}}
Oct 27 09:01:40.136994 n-d-858383-16 devstack@placement-api.service[105891]: INFO placement.requestlog [req-bf665c52-cd0d-409a-89e3-c0da2ff66380 req-66552093-1d89-4273-838f-1f58f7e68354 service placement] 10.222.0.36 "GET /placement/allocations/8b5ae277-3562-4d0b-8169-2820971f9aa7" status: 200 len: 259 microversion: 1.28
Oct 27 09:01:40.137906 n-d-858383-16 devstack@placement-api.service[105891]: [pid: 105891|app: 0|req: 130/262] 10.222.0.36 () {60 vars in 1377 bytes} [Thu Oct 27 09:01:40 2022] GET /placement/allocations/8b5ae277-3562-4d0b-8169-2820971f9aa7 => generated 259 bytes in 25 msecs (HTTP/1.1 200) 8 headers in 296 bytes (1 switches on core 0)
Oct 27 09:01:40.145325 n-d-858383-16 devstack@placement-api.service[105890]: DEBUG placement.requestlog [req-bf665c52-cd0d-409a-89e3-c0da2ff66380 req-086c658f-493a-4ba7-adb7-7c457d82f1d8 None None] Starting request: 10.222.0.36 "GET /placement/allocations/224cd91a-b045-40e1-a226-451983e44fa5" {{(pid=105890) __call__ /opt/stack/placement/placement/requestlog.py:55}}
Oct 27 09:01:40.176482 n-d-858383-16 devstack@placement-api.service[105890]: INFO placement.requestlog [req-bf665c52-cd0d-409a-89e3-c0da2ff66380 req-086c658f-493a-4ba7-adb7-7c457d82f1d8 service placement] 10.222.0.36 "GET /placement/allocations/224cd91a-b045-40e1-a226-451983e44fa5" status: 200 len: 259 microversion: 1.28
Oct 27 09:01:40.180200 n-d-858383-16 devstack@placement-api.service[105890]: [pid: 105890|app: 0|req: 133/263] 10.222.0.36 () {60 vars in 1377 bytes} [Thu Oct 27 09:01:40 2022] GET /placement/allocations/224cd91a-b045-40e1-a226-451983e44fa5 => generated 259 bytes in 35 msecs (HTTP/1.1 200) 8 headers in 296 bytes (1 switches on core 0)
Oct 27 09:01:42.801030 n-d-858383-16 devstack@placement-api.service[105891]: DEBUG placement.requestlog [req-27d968d0-1118-4b06-a7d6-221b19fee8b9 req-40c8f2cd-02c9-49a7-9cb2-c253201e88ef None None] Starting request: 10.222.0.25 "GET /placement/allocations/825baa14-c4b5-47d3-ade1-af3f779cd623" {{(pid=105891) __call__ /opt/stack/placement/placement/requestlog.py:55}}
Oct 27 09:01:42.830290 n-d-858383-16 devstack@placement-api.service[105891]: INFO placement.requestlog [req-27d968d0-1118-4b06-a7d6-221b19fee8b9 req-40c8f2cd-02c9-49a7-9cb2-c253201e88ef service placement] 10.222.0.25 "GET /placement/allocations/825baa14-c4b5-47d3-ade1-af3f779cd623" status: 200 len: 259 microversion: 1.28
Oct 27 09:01:42.832861 n-d-858383-16 devstack@placement-api.service[105891]: [pid: 105891|app: 0|req: 131/264] 10.222.0.25 () {60 vars in 1380 bytes} [Thu Oct 27 09:01:42 2022] GET /placement/allocations/825baa14-c4b5-47d3-ade1-af3f779cd623 => generated 259 bytes in 32 msecs (HTTP/1.1 200) 8 headers in 296 bytes (2 switches on core 0)
Oct 27 09:01:42.842371 n-d-858383-16 devstack@placement-api.service[105890]: DEBUG placement.requestlog [req-27d968d0-1118-4b06-a7d6-221b19fee8b9 req-517f49db-c12e-496f-a348-3e7e3c8f78ce None None] Starting request: 10.222.0.25 "GET /placement/allocations/825baa14-c4b5-47d3-ade1-af3f779cd623" {{(pid=105890) __call__ /opt/stack/placement/placement/requestlog.py:55}}
Oct 27 09:01:42.865901 n-d-858383-16 devstack@placement-api.service[105890]: INFO placement.requestlog [req-27d968d0-1118-4b06-a7d6-221b19fee8b9 req-517f49db-c12e-496f-a348-3e7e3c8f78ce service placement] 10.222.0.25 "GET /placement/allocations/825baa14-c4b5-47d3-ade1-af3f779cd623" status: 200 len: 259 microversion: 1.28
Oct 27 09:01:42.868321 n-d-858383-16 devstack@placement-api.service[105890]: [pid: 105890|app: 0|req: 134/265] 10.222.0.25 () {60 vars in 1380 bytes} [Thu Oct 27 09:01:42 2022] GET /placement/allocations/825baa14-c4b5-47d3-ade1-af3f779cd623 => generated 259 bytes in 26 msecs (HTTP/1.1 200) 8 headers in 296 bytes (2 switches on core 0)
Oct 27 09:01:42.875232 n-d-858383-16 devstack@placement-api.service[105891]: DEBUG placement.requestlog [req-27d968d0-1118-4b06-a7d6-221b19fee8b9 req-ad989831-9d08-4f22-9bfe-c7cd784e722f None None] Starting request: 10.222.0.25 "GET /placement/allocations/79f0fb6f-cbe8-47a5-9575-90ef6023a8e4" {{(pid=105891) __call__ /opt/stack/placement/placement/requestlog.py:55}}
Oct 27 09:01:42.889754 n-d-858383-16 devstack@placement-api.service[105891]: INFO placement.requestlog [req-27d968d0-1118-4b06-a7d6-221b19fee8b9 req-ad989831-9d08-4f22-9bfe-c7cd784e722f service placement] 10.222.0.25 "GET /placement/allocations/79f0fb6f-cbe8-47a5-9575-90ef6023a8e4" status: 200 len: 19 microversion: 1.28
Oct 27 09:01:42.891185 n-d-858383-16 devstack@placement-api.service[105891]: [pid: 105891|app: 0|req: 132/266] 10.222.0.25 () {60 vars in 1380 bytes} [Thu Oct 27 09:01:42 2022] GET /placement/allocations/79f0fb6f-cbe8-47a5-9575-90ef6023a8e4 => generated 19 bytes in 16 msecs (HTTP/1.1 200) 8 headers in 295 bytes (1 switches on core 0)
Oct 27 09:01:42.898280 n-d-858383-16 devstack@placement-api.service[105890]: DEBUG placement.requestlog [req-27d968d0-1118-4b06-a7d6-221b19fee8b9 req-ee736a40-63ec-430c-9eb2-4e7e9a0b0092 None None] Starting request: 10.222.0.25 "POST /placement/allocations" {{(pid=105890) __call__ /opt/stack/placement/placement/requestlog.py:55}}
Oct 27 09:01:42.997037 n-d-858383-16 devstack@placement-api.service[105890]: DEBUG dbcounter [-] [105890] Writing DB stats placement:UPDATE=3,placement:SELECT=87,placement:DELETE=3,placement:INSERT=7 {{(pid=105890) stat_writer /usr/local/lib/python3.8/dist-packages/dbcounter.py:114}}
Oct 27 09:01:43.093274 n-d-858383-16 devstack@placement-api.service[105890]: DEBUG placement.handlers.allocation [req-27d968d0-1118-4b06-a7d6-221b19fee8b9 req-ee736a40-63ec-430c-9eb2-4e7e9a0b0092 service placement] Successfully wrote allocations [, , , , , ] {{(pid=105890) _update_consumers_and_create_allocations /opt/stack/placement/placement/handlers/allocation.py:572}}
Oct 27 09:01:43.100219 n-d-858383-16 devstack@placement-api.service[105890]: INFO placement.requestlog [req-27d968d0-1118-4b06-a7d6-221b19fee8b9 req-ee736a40-63ec-430c-9eb2-4e7e9a0b0092 service placement] 10.222.0.25 "POST /placement/allocations" status: 204 len: 0 microversion: 1.28
Oct 27 09:01:43.101726 n-d-858383-16 devstack@placement-api.service[105890]: [pid: 105890|app: 0|req: 135/267] 10.222.0.25 () {64 vars in 1323 bytes} [Thu Oct 27 09:01:42 2022] POST /placement/allocations => generated 0 bytes in 203 msecs (HTTP/1.1 204) 5 headers in 199 bytes (2 switches on core 0)
Oct 27 09:01:43.185372 n-d-858383-16 devstack@placement-api.service[105891]: DEBUG placement.requestlog [req-27d968d0-1118-4b06-a7d6-221b19fee8b9 req-1c42c135-b12f-4d83-ac1b-ba1fa1c6fbaf None None] Starting request: 10.222.0.25 "GET /placement/allocations/825baa14-c4b5-47d3-ade1-af3f779cd623" {{(pid=105891) __call__ /opt/stack/placement/placement/requestlog.py:55}}
Oct 27 09:01:43.200016 n-d-858383-16 devstack@placement-api.service[105891]: INFO placement.requestlog [req-27d968d0-1118-4b06-a7d6-221b19fee8b9 req-1c42c135-b12f-4d83-ac1b-ba1fa1c6fbaf service placement] 10.222.0.25 "GET /placement/allocations/825baa14-c4b5-47d3-ade1-af3f779cd623" status: 200 len: 19 microversion: 1.28
Oct 27 09:01:43.206893 n-d-858383-16 devstack@placement-api.service[105890]: DEBUG placement.requestlog [req-27d968d0-1118-4b06-a7d6-221b19fee8b9 req-0f39a922-b0be-4b38-8a33-98e6da034475 None None] Starting request: 10.222.0.25 "PUT /placement/allocations/825baa14-c4b5-47d3-ade1-af3f779cd623" {{(pid=105890) __call__ /opt/stack/placement/placement/requestlog.py:55}}
Oct 27 09:01:43.207945 n-d-858383-16 devstack@placement-api.service[105891]: [pid: 105891|app: 0|req: 133/268] 10.222.0.25 () {60 vars in 1380 bytes} [Thu Oct 27 09:01:43 2022] GET /placement/allocations/825baa14-c4b5-47d3-ade1-af3f779cd623 => generated 19 bytes in 21 msecs (HTTP/1.1 200) 8 headers in 295 bytes (1 switches on core 0)
Oct 27 09:01:43.317183 n-d-858383-16 devstack@placement-api.service[105890]: DEBUG placement.handlers.allocation [req-27d968d0-1118-4b06-a7d6-221b19fee8b9 req-0f39a922-b0be-4b38-8a33-98e6da034475 service placement] Successfully wrote allocations [, , ] {{(pid=105890) _update_consumers_and_create_allocations /opt/stack/placement/placement/handlers/allocation.py:462}}
Oct 27 09:01:43.323893 n-d-858383-16 devstack@placement-api.service[105890]: INFO placement.requestlog [req-27d968d0-1118-4b06-a7d6-221b19fee8b9 req-0f39a922-b0be-4b38-8a33-98e6da034475 service placement] 10.222.0.25 "PUT /placement/allocations/825baa14-c4b5-47d3-ade1-af3f779cd623" status: 204 len: 0 microversion: 1.28
Oct 27 09:01:43.337910 n-d-858383-16 devstack@placement-api.service[105890]: [pid: 105890|app: 0|req: 136/269] 10.222.0.25 () {64 vars in 1433 bytes} [Thu Oct 27 09:01:43 2022] PUT /placement/allocations/825baa14-c4b5-47d3-ade1-af3f779cd623 => generated 0 bytes in 119 msecs (HTTP/1.1 204) 5 headers in 199 bytes (2 switches on core 0)
Oct 27 09:01:45.557448 n-d-858383-16 devstack@placement-api.service[105891]: DEBUG placement.requestlog [req-27d968d0-1118-4b06-a7d6-221b19fee8b9 req-15bcebb1-a1e9-40fd-b6fb-a21bf2605441 None None] Starting request: 10.222.0.36 "GET /placement/allocations/825baa14-c4b5-47d3-ade1-af3f779cd623" {{(pid=105891) __call__ /opt/stack/placement/placement/requestlog.py:55}}
Oct 27 09:01:45.587890 n-d-858383-16 devstack@placement-api.service[105891]: INFO placement.requestlog [req-27d968d0-1118-4b06-a7d6-221b19fee8b9 req-15bcebb1-a1e9-40fd-b6fb-a21bf2605441 service placement] 10.222.0.36 "GET /placement/allocations/825baa14-c4b5-47d3-ade1-af3f779cd623" status: 200 len: 259 microversion: 1.28
Oct 27 09:01:45.589153 n-d-858383-16 devstack@placement-api.service[105891]: [pid: 105891|app: 0|req: 134/270] 10.222.0.36 () {60 vars in 1377 bytes} [Thu Oct 27 09:01:45 2022] GET /placement/allocations/825baa14-c4b5-47d3-ade1-af3f779cd623 => generated 259 bytes in 32 msecs (HTTP/1.1 200) 8 headers in 296 bytes (2 switches on core 0)
Oct 27 09:01:53.316585 n-d-858383-16 devstack@placement-api.service[105890]: DEBUG dbcounter [-] [105890] Writing DB stats placement:SELECT=20,placement:DELETE=5,placement:INSERT=7,placement:UPDATE=5 {{(pid=105890) stat_writer /usr/local/lib/python3.8/dist-packages/dbcounter.py:114}}
Oct 27 09:01:55.580386 n-d-858383-16 devstack@placement-api.service[105891]: DEBUG dbcounter [-] [105891] Writing DB stats placement:SELECT=32 {{(pid=105891) stat_writer /usr/local/lib/python3.8/dist-packages/dbcounter.py:114}}
Oct 27 09:01:56.079773 n-d-858383-16 devstack@placement-api.service[105890]: DEBUG placement.requestlog [req-13cd88fa-4179-4a29-804a-5398e5292054 req-018a1b3e-5aa2-4c57-9f49-70e1cb338b1c None None] Starting request: 10.222.0.50 "GET /placement/resource_providers/836bb94e-f666-4f2a-bf56-2e57dde11067/allocations" {{(pid=105890) __call__ /opt/stack/placement/placement/requestlog.py:55}}
Oct 27 09:01:56.123538 n-d-858383-16 devstack@placement-api.service[105890]: INFO placement.requestlog [req-13cd88fa-4179-4a29-804a-5398e5292054 req-018a1b3e-5aa2-4c57-9f49-70e1cb338b1c service placement] 10.222.0.50 "GET /placement/resource_providers/836bb94e-f666-4f2a-bf56-2e57dde11067/allocations" status: 200 len: 558 microversion: 1.0
Oct 27 09:01:56.124666 n-d-858383-16 devstack@placement-api.service[105890]: [pid: 105890|app: 0|req: 137/271] 10.222.0.50 () {58 vars in 1390 bytes} [Thu Oct 27 09:01:56 2022] GET /placement/resource_providers/836bb94e-f666-4f2a-bf56-2e57dde11067/allocations => generated 558 bytes in 46 msecs (HTTP/1.1 200) 6 headers in 224 bytes (1 switches on core 0)
Oct 27 09:01:56.187620 n-d-858383-16 devstack@placement-api.service[105891]: DEBUG placement.requestlog [req-13cd88fa-4179-4a29-804a-5398e5292054 req-fa71dc50-60d9-4fa5-abc4-7e9e79b4213d None None] Starting request: 10.222.0.50 "GET /placement/resource_providers/836bb94e-f666-4f2a-bf56-2e57dde11067/allocations" {{(pid=105891) __call__ /opt/stack/placement/placement/requestlog.py:55}}
Oct 27 09:01:56.197895 n-d-858383-16 devstack@placement-api.service[105890]: DEBUG placement.requestlog [req-b1162edb-79f9-4415-8afd-bdf0956508c6 req-c208c37e-3e87-4e45-8fc4-c0bd1b7b6059 None None] Starting request: 10.222.0.25 "GET /placement/allocations/fb21e13f-718e-4afe-b3f3-97a05e9be9c6" {{(pid=105890) __call__ /opt/stack/placement/placement/requestlog.py:55}}
Oct 27 09:01:56.234875 n-d-858383-16 devstack@placement-api.service[105890]: INFO placement.requestlog [req-b1162edb-79f9-4415-8afd-bdf0956508c6 req-c208c37e-3e87-4e45-8fc4-c0bd1b7b6059 service placement] 10.222.0.25 "GET /placement/allocations/fb21e13f-718e-4afe-b3f3-97a05e9be9c6" status: 200 len: 259 microversion: 1.28
Oct 27 09:01:56.236006 n-d-858383-16 devstack@placement-api.service[105890]: [pid: 105890|app: 0|req: 138/272] 10.222.0.25 () {60 vars in 1380 bytes} [Thu Oct 27 09:01:56 2022] GET /placement/allocations/fb21e13f-718e-4afe-b3f3-97a05e9be9c6 => generated 259 bytes in 38 msecs (HTTP/1.1 200) 8 headers in 296 bytes (1 switches on core 0)
Oct 27 09:01:56.241287 n-d-858383-16 devstack@placement-api.service[105891]: INFO placement.requestlog [req-13cd88fa-4179-4a29-804a-5398e5292054 req-fa71dc50-60d9-4fa5-abc4-7e9e79b4213d service placement] 10.222.0.50 "GET /placement/resource_providers/836bb94e-f666-4f2a-bf56-2e57dde11067/allocations" status: 200 len: 558 microversion: 1.0
Oct 27 09:01:56.241943 n-d-858383-16 devstack@placement-api.service[105891]: [pid: 105891|app: 0|req: 135/273] 10.222.0.50 () {58 vars in 1390 bytes} [Thu Oct 27 09:01:56 2022] GET /placement/resource_providers/836bb94e-f666-4f2a-bf56-2e57dde11067/allocations => generated 558 bytes in 58 msecs (HTTP/1.1 200) 6 headers in 224 bytes (2 switches on core 0)
Oct 27 09:01:56.244304 n-d-858383-16 devstack@placement-api.service[105890]: DEBUG placement.requestlog [req-b1162edb-79f9-4415-8afd-bdf0956508c6 req-617347ea-783d-457d-bb41-3c93295660c4 None None] Starting request: 10.222.0.25 "GET /placement/allocations/fb21e13f-718e-4afe-b3f3-97a05e9be9c6" {{(pid=105890) __call__ /opt/stack/placement/placement/requestlog.py:55}}
Oct 27 09:01:56.252913 n-d-858383-16 devstack@placement-api.service[105891]: DEBUG placement.requestlog [req-13cd88fa-4179-4a29-804a-5398e5292054 req-5f143bf5-39b2-4735-a6fa-3c3e661551bc None None] Starting request: 10.222.0.50 "GET /placement/allocations/79f0fb6f-cbe8-47a5-9575-90ef6023a8e4" {{(pid=105891) __call__ /opt/stack/placement/placement/requestlog.py:55}}
Oct 27 09:01:56.275893 n-d-858383-16 devstack@placement-api.service[105890]: INFO placement.requestlog [req-b1162edb-79f9-4415-8afd-bdf0956508c6 req-617347ea-783d-457d-bb41-3c93295660c4 service placement] 10.222.0.25 "GET /placement/allocations/fb21e13f-718e-4afe-b3f3-97a05e9be9c6" status: 200 len: 259 microversion: 1.28
Oct 27 09:01:56.276667 n-d-858383-16 devstack@placement-api.service[105890]: [pid: 105890|app: 0|req: 139/274] 10.222.0.25 () {60 vars in 1380 bytes} [Thu Oct 27 09:01:56 2022] GET /placement/allocations/fb21e13f-718e-4afe-b3f3-97a05e9be9c6 => generated 259 bytes in 33 msecs (HTTP/1.1 200) 8 headers in 296 bytes (1 switches on core 0)
Oct 27 09:01:56.284272 n-d-858383-16 devstack@placement-api.service[105890]: DEBUG placement.requestlog [req-b1162edb-79f9-4415-8afd-bdf0956508c6 req-fc953466-d3b3-4cad-9bce-0539de1b9984 None None] Starting request: 10.222.0.25 "GET /placement/allocations/a47c2980-62b8-4251-9d08-8b2b54134887" {{(pid=105890) __call__ /opt/stack/placement/placement/requestlog.py:55}}
Oct 27 09:01:56.286351 n-d-858383-16 devstack@placement-api.service[105891]: INFO placement.requestlog [req-13cd88fa-4179-4a29-804a-5398e5292054 req-5f143bf5-39b2-4735-a6fa-3c3e661551bc service placement] 10.222.0.50 "GET /placement/allocations/79f0fb6f-cbe8-47a5-9575-90ef6023a8e4" status: 200 len: 259 microversion: 1.28
Oct 27 09:01:56.287202 n-d-858383-16 devstack@placement-api.service[105891]: [pid: 105891|app: 0|req: 136/275] 10.222.0.50 () {60 vars in 1377 bytes} [Thu Oct 27 09:01:56 2022] GET /placement/allocations/79f0fb6f-cbe8-47a5-9575-90ef6023a8e4 => generated 259 bytes in 34 msecs (HTTP/1.1 200) 8 headers in 296 bytes (1 switches on core 0)
Oct 27 09:01:56.301949 n-d-858383-16 devstack@placement-api.service[105891]: DEBUG placement.requestlog [req-13cd88fa-4179-4a29-804a-5398e5292054 req-282f37a1-32f3-48a4-90ce-5c5f3f31596e None None] Starting request: 10.222.0.50 "GET /placement/allocations/d008a476-b957-43e1-a895-4c894f28710c" {{(pid=105891) __call__ /opt/stack/placement/placement/requestlog.py:55}}
Oct 27 09:01:56.380253 n-d-858383-16 devstack@placement-api.service[105890]: INFO placement.requestlog [req-b1162edb-79f9-4415-8afd-bdf0956508c6 req-fc953466-d3b3-4cad-9bce-0539de1b9984 service placement] 10.222.0.25 "GET /placement/allocations/a47c2980-62b8-4251-9d08-8b2b54134887" status: 200 len: 19 microversion: 1.28
Oct 27 09:01:56.392887 n-d-858383-16 devstack@placement-api.service[105890]: [pid: 105890|app: 0|req: 140/276] 10.222.0.25 () {60 vars in 1380 bytes} [Thu Oct 27 09:01:56 2022] GET /placement/allocations/a47c2980-62b8-4251-9d08-8b2b54134887 => generated 19 bytes in 110 msecs (HTTP/1.1 200) 8 headers in 295 bytes (2 switches on core 0)
Oct 27 09:01:56.394237 n-d-858383-16 devstack@placement-api.service[105890]: DEBUG placement.requestlog [req-b1162edb-79f9-4415-8afd-bdf0956508c6 req-4afc9c20-db5c-460d-bcda-fbbbb98394ae None None] Starting request: 10.222.0.25 "POST /placement/allocations" {{(pid=105890) __call__ /opt/stack/placement/placement/requestlog.py:55}}
Oct 27 09:01:56.437766 n-d-858383-16 devstack@placement-api.service[105891]: INFO placement.requestlog [req-13cd88fa-4179-4a29-804a-5398e5292054 req-282f37a1-32f3-48a4-90ce-5c5f3f31596e service placement] 10.222.0.50 "GET /placement/allocations/d008a476-b957-43e1-a895-4c894f28710c" status: 200 len: 259 microversion: 1.28
Oct 27 09:01:56.438655 n-d-858383-16 devstack@placement-api.service[105891]: [pid: 105891|app: 0|req: 137/277] 10.222.0.50 () {60 vars in 1377 bytes} [Thu Oct 27 09:01:56 2022] GET /placement/allocations/d008a476-b957-43e1-a895-4c894f28710c => generated 259 bytes in 138 msecs (HTTP/1.1 200) 8 headers in 296 bytes (1 switches on core 0)
Oct 27 09:01:56.446432 n-d-858383-16 devstack@placement-api.service[105891]: DEBUG placement.requestlog [req-13cd88fa-4179-4a29-804a-5398e5292054 req-c4fea689-ac3f-44c5-8dbb-2a783986e223 None None] Starting request: 10.222.0.50 "GET /placement/allocations/fb21e13f-718e-4afe-b3f3-97a05e9be9c6" {{(pid=105891) __call__ /opt/stack/placement/placement/requestlog.py:55}}
Oct 27 09:01:56.502142 n-d-858383-16 devstack@placement-api.service[105891]: INFO placement.requestlog [req-13cd88fa-4179-4a29-804a-5398e5292054 req-c4fea689-ac3f-44c5-8dbb-2a783986e223 service placement] 10.222.0.50 "GET /placement/allocations/fb21e13f-718e-4afe-b3f3-97a05e9be9c6" status: 200 len: 259 microversion: 1.28
Oct 27 09:01:56.503926 n-d-858383-16 devstack@placement-api.service[105891]: [pid: 105891|app: 0|req: 138/278] 10.222.0.50 () {60 vars in 1377 bytes} [Thu Oct 27 09:01:56 2022] GET /placement/allocations/fb21e13f-718e-4afe-b3f3-97a05e9be9c6 => generated 259 bytes in 58 msecs (HTTP/1.1 200) 8 headers in 296 bytes (2 switches on core 0)
Oct 27 09:01:56.511408 n-d-858383-16 devstack@placement-api.service[105891]: DEBUG placement.requestlog [req-13cd88fa-4179-4a29-804a-5398e5292054 req-d2f5e395-207d-40e3-b2f5-52b5f0329f7e None None] Starting request: 10.222.0.50 "GET /placement/allocations/472d1f80-cdb9-44bf-b626-4a5ef9093258" {{(pid=105891) __call__ /opt/stack/placement/placement/requestlog.py:55}}
Oct 27 09:01:56.566892 n-d-858383-16 devstack@placement-api.service[105891]: INFO placement.requestlog [req-13cd88fa-4179-4a29-804a-5398e5292054 req-d2f5e395-207d-40e3-b2f5-52b5f0329f7e service placement] 10.222.0.50 "GET /placement/allocations/472d1f80-cdb9-44bf-b626-4a5ef9093258" status: 200 len: 259 microversion: 1.28
Oct 27 09:01:56.568281 n-d-858383-16 devstack@placement-api.service[105891]: [pid: 105891|app: 0|req: 139/279] 10.222.0.50 () {60 vars in 1377 bytes} [Thu Oct 27 09:01:56 2022] GET /placement/allocations/472d1f80-cdb9-44bf-b626-4a5ef9093258 => generated 259 bytes in 57 msecs (HTTP/1.1 200) 8 headers in 296 bytes (1 switches on core 0)
Oct 27 09:01:56.585620 n-d-858383-16 devstack@placement-api.service[105891]: DEBUG placement.requestlog [req-13cd88fa-4179-4a29-804a-5398e5292054 req-3b76f55d-30b7-46d8-8c66-0c8e2998ee11 None None] Starting request: 10.222.0.50 "GET /placement/allocations/3ba26e0a-7168-465e-b2f2-3b763456fe6c" {{(pid=105891) __call__ /opt/stack/placement/placement/requestlog.py:55}}
Oct 27 09:01:56.609833 n-d-858383-16 devstack@placement-api.service[105891]: INFO placement.requestlog [req-13cd88fa-4179-4a29-804a-5398e5292054 req-3b76f55d-30b7-46d8-8c66-0c8e2998ee11 service placement] 10.222.0.50 "GET /placement/allocations/3ba26e0a-7168-465e-b2f2-3b763456fe6c" status: 200 len: 259 microversion: 1.28
Oct 27 09:01:56.610929 n-d-858383-16 devstack@placement-api.service[105891]: [pid: 105891|app: 0|req: 140/280] 10.222.0.50 () {60 vars in 1377 bytes} [Thu Oct 27 09:01:56 2022] GET /placement/allocations/3ba26e0a-7168-465e-b2f2-3b763456fe6c => generated 259 bytes in 28 msecs (HTTP/1.1 200) 8 headers in 296 bytes (1 switches on core 0)
Oct 27 09:01:56.655764 n-d-858383-16 devstack@placement-api.service[105890]: DEBUG placement.handlers.allocation [req-b1162edb-79f9-4415-8afd-bdf0956508c6 req-4afc9c20-db5c-460d-bcda-fbbbb98394ae service placement] Successfully wrote allocations [, , , , , ] {{(pid=105890) _update_consumers_and_create_allocations /opt/stack/placement/placement/handlers/allocation.py:572}}
Oct 27 09:01:56.660225 n-d-858383-16 devstack@placement-api.service[105890]: INFO placement.requestlog [req-b1162edb-79f9-4415-8afd-bdf0956508c6 req-4afc9c20-db5c-460d-bcda-fbbbb98394ae service placement] 10.222.0.25 "POST /placement/allocations" status: 204 len: 0 microversion: 1.28
Oct 27 09:01:56.660638 n-d-858383-16 devstack@placement-api.service[105890]: [pid: 105890|app: 0|req: 141/281] 10.222.0.25 () {64 vars in 1323 bytes} [Thu Oct 27 09:01:56 2022] POST /placement/allocations => generated 0 bytes in 267 msecs (HTTP/1.1 204) 5 headers in 199 bytes (1 switches on core 0)
Oct 27 09:01:56.932152 n-d-858383-16 devstack@placement-api.service[105891]: DEBUG placement.requestlog [req-13cd88fa-4179-4a29-804a-5398e5292054 req-f382c087-0de0-4a1c-a103-d77d86ab5b40 None None] Starting request: 10.222.0.50 "GET /placement/allocations/472d1f80-cdb9-44bf-b626-4a5ef9093258" {{(pid=105891) __call__ /opt/stack/placement/placement/requestlog.py:55}}
Oct 27 09:01:56.967093 n-d-858383-16 devstack@placement-api.service[105891]: INFO placement.requestlog [req-13cd88fa-4179-4a29-804a-5398e5292054 req-f382c087-0de0-4a1c-a103-d77d86ab5b40 service placement] 10.222.0.50 "GET /placement/allocations/472d1f80-cdb9-44bf-b626-4a5ef9093258" status: 200 len: 259 microversion: 1.28
Oct 27 09:01:56.967714 n-d-858383-16 devstack@placement-api.service[105891]: [pid: 105891|app: 0|req: 141/282] 10.222.0.50 () {60 vars in 1377 bytes} [Thu Oct 27 09:01:56 2022] GET /placement/allocations/472d1f80-cdb9-44bf-b626-4a5ef9093258 => generated 259 bytes in 36 msecs (HTTP/1.1 200) 8 headers in 296 bytes (1 switches on core 0)
Oct 27 09:01:56.976649 n-d-858383-16 devstack@placement-api.service[105890]: DEBUG placement.requestlog [req-13cd88fa-4179-4a29-804a-5398e5292054 req-9589c286-ed0a-4bfa-9b37-4817c6a8b14a None None] Starting request: 10.222.0.50 "PUT /placement/allocations/472d1f80-cdb9-44bf-b626-4a5ef9093258" {{(pid=105890) __call__ /opt/stack/placement/placement/requestlog.py:55}}
Oct 27 09:01:57.110670 n-d-858383-16 devstack@placement-api.service[105890]: DEBUG placement.handlers.allocation [req-13cd88fa-4179-4a29-804a-5398e5292054 req-9589c286-ed0a-4bfa-9b37-4817c6a8b14a service placement] Successfully wrote allocations [, , ] {{(pid=105890) _update_consumers_and_create_allocations /opt/stack/placement/placement/handlers/allocation.py:462}}
Oct 27 09:01:57.115704 n-d-858383-16 devstack@placement-api.service[105890]: INFO placement.requestlog [req-13cd88fa-4179-4a29-804a-5398e5292054 req-9589c286-ed0a-4bfa-9b37-4817c6a8b14a service placement] 10.222.0.50 "PUT /placement/allocations/472d1f80-cdb9-44bf-b626-4a5ef9093258" status: 204 len: 0 microversion: 1.28
Oct 27 09:01:57.116706 n-d-858383-16 devstack@placement-api.service[105890]: [pid: 105890|app: 0|req: 142/283] 10.222.0.50 () {64 vars in 1430 bytes} [Thu Oct 27 09:01:56 2022] PUT /placement/allocations/472d1f80-cdb9-44bf-b626-4a5ef9093258 => generated 0 bytes in 142 msecs (HTTP/1.1 204) 5 headers in 199 bytes (1 switches on core 0)
