Oct 18 15:59:52.639289 n-d-858383-14 devstack@n-api.service[120571]: DEBUG nova.api.openstack.wsgi_app [-] oslo_messaging_rabbit.rabbit_quroum_max_memory_length = 0 {{(pid=120571) log_opt_values /usr/local/lib/python3.8/dist-packages/oslo_config/cfg.py:2609}}
Oct 18 15:59:52.639611 n-d-858383-14 devstack@n-api.service[120571]: DEBUG nova.api.openstack.wsgi_app [-] oslo_messaging_rabbit.rabbit_retry_backoff = 2 {{(pid=120571) log_opt_values /usr/local/lib/python3.8/dist-packages/oslo_config/cfg.py:2609}}
Oct 18 15:59:52.639927 n-d-858383-14 devstack@n-api.service[120571]: DEBUG nova.api.openstack.wsgi_app [-] oslo_messaging_rabbit.rabbit_retry_interval = 1 {{(pid=120571) log_opt_values /usr/local/lib/python3.8/dist-packages/oslo_config/cfg.py:2609}}
Oct 18 15:59:52.640244 n-d-858383-14 devstack@n-api.service[120571]: DEBUG nova.api.openstack.wsgi_app [-] oslo_messaging_rabbit.rabbit_transient_queues_ttl = 1800 {{(pid=120571) log_opt_values /usr/local/lib/python3.8/dist-packages/oslo_config/cfg.py:2609}}
Oct 18 15:59:52.640568 n-d-858383-14 devstack@n-api.service[120571]: DEBUG nova.api.openstack.wsgi_app [-] oslo_messaging_rabbit.rpc_conn_pool_size = 30 {{(pid=120571) log_opt_values /usr/local/lib/python3.8/dist-packages/oslo_config/cfg.py:2609}}
Oct 18 15:59:52.640887 n-d-858383-14 devstack@n-api.service[120571]: DEBUG nova.api.openstack.wsgi_app [-] oslo_messaging_rabbit.ssl = False {{(pid=120571) log_opt_values /usr/local/lib/python3.8/dist-packages/oslo_config/cfg.py:2609}}
Oct 18 15:59:52.641244 n-d-858383-14 devstack@n-api.service[120571]: DEBUG nova.api.openstack.wsgi_app [-] oslo_messaging_rabbit.ssl_ca_file = {{(pid=120571) log_opt_values /usr/local/lib/python3.8/dist-packages/oslo_config/cfg.py:2609}}
Oct 18 15:59:52.641387 n-d-858383-14 devstack@n-api.service[120570]: INFO dbcounter [None req-5dcff2aa-b40b-430a-8002-93323b7b1575 None None] Registered counter for database nova_api
Oct 18 15:59:52.641580 n-d-858383-14 devstack@n-api.service[120571]: DEBUG nova.api.openstack.wsgi_app [-] oslo_messaging_rabbit.ssl_cert_file = {{(pid=120571) log_opt_values /usr/local/lib/python3.8/dist-packages/oslo_config/cfg.py:2609}}
Oct 18 15:59:52.641897 n-d-858383-14 devstack@n-api.service[120571]: DEBUG nova.api.openstack.wsgi_app [-] oslo_messaging_rabbit.ssl_enforce_fips_mode = False {{(pid=120571) log_opt_values /usr/local/lib/python3.8/dist-packages/oslo_config/cfg.py:2609}}
Oct 18 15:59:52.642229 n-d-858383-14 devstack@n-api.service[120571]: DEBUG nova.api.openstack.wsgi_app [-] oslo_messaging_rabbit.ssl_key_file = {{(pid=120571) log_opt_values /usr/local/lib/python3.8/dist-packages/oslo_config/cfg.py:2609}}
Oct 18 15:59:52.642563 n-d-858383-14 devstack@n-api.service[120571]: DEBUG nova.api.openstack.wsgi_app [-] oslo_messaging_rabbit.ssl_version = {{(pid=120571) log_opt_values /usr/local/lib/python3.8/dist-packages/oslo_config/cfg.py:2609}}
Oct 18 15:59:52.642917 n-d-858383-14 devstack@n-api.service[120571]: DEBUG nova.api.openstack.wsgi_app [-] oslo_messaging_notifications.driver = ['messagingv2'] {{(pid=120571) log_opt_values /usr/local/lib/python3.8/dist-packages/oslo_config/cfg.py:2609}}
Oct 18 15:59:52.643237 n-d-858383-14 devstack@n-api.service[120571]: DEBUG nova.api.openstack.wsgi_app [-] oslo_messaging_notifications.retry = -1 {{(pid=120571) log_opt_values /usr/local/lib/python3.8/dist-packages/oslo_config/cfg.py:2609}}
Oct 18 15:59:52.643583 n-d-858383-14 devstack@n-api.service[120571]: DEBUG nova.api.openstack.wsgi_app [-] oslo_messaging_notifications.topics = ['notifications'] {{(pid=120571) log_opt_values /usr/local/lib/python3.8/dist-packages/oslo_config/cfg.py:2609}}
Oct 18 15:59:52.643917 n-d-858383-14 devstack@n-api.service[120571]: DEBUG nova.api.openstack.wsgi_app [-] oslo_messaging_notifications.transport_url = **** {{(pid=120571) log_opt_values /usr/local/lib/python3.8/dist-packages/oslo_config/cfg.py:2609}}
Oct 18 15:59:52.644237 n-d-858383-14 devstack@n-api.service[120571]: DEBUG nova.api.openstack.wsgi_app [-] oslo_reports.file_event_handler = None {{(pid=120571) log_opt_values /usr/local/lib/python3.8/dist-packages/oslo_config/cfg.py:2609}}
Oct 18 15:59:52.644553 n-d-858383-14 devstack@n-api.service[120571]: DEBUG nova.api.openstack.wsgi_app [-] oslo_reports.file_event_handler_interval = 1 {{(pid=120571) log_opt_values /usr/local/lib/python3.8/dist-packages/oslo_config/cfg.py:2609}}
Oct 18 15:59:52.644857 n-d-858383-14 devstack@n-api.service[120571]: DEBUG nova.api.openstack.wsgi_app [-] oslo_reports.log_dir = None {{(pid=120571) log_opt_values /usr/local/lib/python3.8/dist-packages/oslo_config/cfg.py:2609}}
Oct 18 15:59:52.645128 n-d-858383-14 devstack@n-api.service[120571]: DEBUG nova.api.openstack.wsgi_app [-] ******************************************************************************** {{(pid=120571) log_opt_values /usr/local/lib/python3.8/dist-packages/oslo_config/cfg.py:2613}}
Oct 18 15:59:52.662031 n-d-858383-14 devstack@n-api.service[120570]: DEBUG oslo_db.sqlalchemy.engines [None req-5dcff2aa-b40b-430a-8002-93323b7b1575 None None] MySQL server mode set to STRICT_TRANS_TABLES,STRICT_ALL_TABLES,NO_ZERO_IN_DATE,NO_ZERO_DATE,ERROR_FOR_DIVISION_BY_ZERO,TRADITIONAL,NO_ENGINE_SUBSTITUTION {{(pid=120570) _check_effective_sql_mode /usr/local/lib/python3.8/dist-packages/oslo_db/sqlalchemy/engines.py:314}}
Oct 18 15:59:52.669153 n-d-858383-14 devstack@n-api.service[120570]: DEBUG dbcounter [-] [120570] Writer thread running {{(pid=120570) stat_writer /usr/local/lib/python3.8/dist-packages/dbcounter.py:99}}
Oct 18 15:59:52.708793 n-d-858383-14 devstack@n-api.service[120571]: INFO dbcounter [None req-5ca6c0a1-0336-49a3-9283-c1020cc0ddcf None None] Registered counter for database nova_api
Oct 18 15:59:52.725865 n-d-858383-14 devstack@n-api.service[120570]: DEBUG nova.context [None req-5dcff2aa-b40b-430a-8002-93323b7b1575 None None] Found 2 cells: 00000000-0000-0000-0000-000000000000(cell0),7d78fc6f-3bd2-4209-b2d1-7724df142ab0(cell1) {{(pid=120570) load_cells /opt/stack/nova/nova/context.py:464}}
Oct 18 15:59:52.729801 n-d-858383-14 devstack@n-api.service[120571]: DEBUG oslo_db.sqlalchemy.engines [None req-5ca6c0a1-0336-49a3-9283-c1020cc0ddcf None None] MySQL server mode set to STRICT_TRANS_TABLES,STRICT_ALL_TABLES,NO_ZERO_IN_DATE,NO_ZERO_DATE,ERROR_FOR_DIVISION_BY_ZERO,TRADITIONAL,NO_ENGINE_SUBSTITUTION {{(pid=120571) _check_effective_sql_mode /usr/local/lib/python3.8/dist-packages/oslo_db/sqlalchemy/engines.py:314}}
Oct 18 15:59:52.730044 n-d-858383-14 devstack@n-api.service[120570]: DEBUG oslo_concurrency.lockutils [None req-5dcff2aa-b40b-430a-8002-93323b7b1575 None None] Acquiring lock "00000000-0000-0000-0000-000000000000" by "nova.context.set_target_cell..get_or_set_cached_cell_and_set_connections" {{(pid=120570) inner /usr/local/lib/python3.8/dist-packages/oslo_concurrency/lockutils.py:404}}
Oct 18 15:59:52.730657 n-d-858383-14 devstack@n-api.service[120570]: DEBUG oslo_concurrency.lockutils [None req-5dcff2aa-b40b-430a-8002-93323b7b1575 None None] Lock "00000000-0000-0000-0000-000000000000" acquired by "nova.context.set_target_cell..get_or_set_cached_cell_and_set_connections" :: waited 0.001s {{(pid=120570) inner /usr/local/lib/python3.8/dist-packages/oslo_concurrency/lockutils.py:409}}
Oct 18 15:59:52.732564 n-d-858383-14 devstack@n-api.service[120570]: DEBUG oslo_concurrency.lockutils [None req-5dcff2aa-b40b-430a-8002-93323b7b1575 None None] Lock "00000000-0000-0000-0000-000000000000" "released" by "nova.context.set_target_cell..get_or_set_cached_cell_and_set_connections" :: held 0.002s {{(pid=120570) inner /usr/local/lib/python3.8/dist-packages/oslo_concurrency/lockutils.py:423}}
Oct 18 15:59:52.733272 n-d-858383-14 devstack@n-api.service[120570]: DEBUG oslo_concurrency.lockutils [None req-5dcff2aa-b40b-430a-8002-93323b7b1575 None None] Acquiring lock "7d78fc6f-3bd2-4209-b2d1-7724df142ab0" by "nova.context.set_target_cell..get_or_set_cached_cell_and_set_connections" {{(pid=120570) inner /usr/local/lib/python3.8/dist-packages/oslo_concurrency/lockutils.py:404}}
Oct 18 15:59:52.733714 n-d-858383-14 devstack@n-api.service[120570]: DEBUG oslo_concurrency.lockutils [None req-5dcff2aa-b40b-430a-8002-93323b7b1575 None None] Lock "7d78fc6f-3bd2-4209-b2d1-7724df142ab0" acquired by "nova.context.set_target_cell..get_or_set_cached_cell_and_set_connections" :: waited 0.000s {{(pid=120570) inner /usr/local/lib/python3.8/dist-packages/oslo_concurrency/lockutils.py:409}}
Oct 18 15:59:52.735713 n-d-858383-14 devstack@n-api.service[120570]: DEBUG oslo_concurrency.lockutils [None req-5dcff2aa-b40b-430a-8002-93323b7b1575 None None] Lock "7d78fc6f-3bd2-4209-b2d1-7724df142ab0" "released" by "nova.context.set_target_cell..get_or_set_cached_cell_and_set_connections" :: held 0.002s {{(pid=120570) inner /usr/local/lib/python3.8/dist-packages/oslo_concurrency/lockutils.py:423}}
Oct 18 15:59:52.737506 n-d-858383-14 devstack@n-api.service[120571]: DEBUG dbcounter [-] [120571] Writer thread running {{(pid=120571) stat_writer /usr/local/lib/python3.8/dist-packages/dbcounter.py:99}}
Oct 18 15:59:52.737849 n-d-858383-14 devstack@n-api.service[120570]: INFO dbcounter [None req-5dcff2aa-b40b-430a-8002-93323b7b1575 None None] Registered counter for database nova_cell0
Oct 18 15:59:52.741896 n-d-858383-14 devstack@n-api.service[120570]: INFO dbcounter [None req-5dcff2aa-b40b-430a-8002-93323b7b1575 None None] Registered counter for database nova_cell1
Oct 18 15:59:52.749961 n-d-858383-14 devstack@n-api.service[120570]: DEBUG oslo_db.sqlalchemy.engines [None req-5dcff2aa-b40b-430a-8002-93323b7b1575 None None] MySQL server mode set to STRICT_TRANS_TABLES,STRICT_ALL_TABLES,NO_ZERO_IN_DATE,NO_ZERO_DATE,ERROR_FOR_DIVISION_BY_ZERO,TRADITIONAL,NO_ENGINE_SUBSTITUTION {{(pid=120570) _check_effective_sql_mode /usr/local/lib/python3.8/dist-packages/oslo_db/sqlalchemy/engines.py:314}}
Oct 18 15:59:52.752474 n-d-858383-14 devstack@n-api.service[120570]: DEBUG oslo_db.sqlalchemy.engines [None req-5dcff2aa-b40b-430a-8002-93323b7b1575 None None] MySQL server mode set to STRICT_TRANS_TABLES,STRICT_ALL_TABLES,NO_ZERO_IN_DATE,NO_ZERO_DATE,ERROR_FOR_DIVISION_BY_ZERO,TRADITIONAL,NO_ENGINE_SUBSTITUTION {{(pid=120570) _check_effective_sql_mode /usr/local/lib/python3.8/dist-packages/oslo_db/sqlalchemy/engines.py:314}}
Oct 18 15:59:52.760246 n-d-858383-14 devstack@n-api.service[120570]: DEBUG dbcounter [-] [120570] Writer thread running {{(pid=120570) stat_writer /usr/local/lib/python3.8/dist-packages/dbcounter.py:99}}
Oct 18 15:59:52.760608 n-d-858383-14 devstack@n-api.service[120570]: DEBUG dbcounter [-] [120570] Writer thread running {{(pid=120570) stat_writer /usr/local/lib/python3.8/dist-packages/dbcounter.py:99}}
Oct 18 15:59:52.797429 n-d-858383-14 devstack@n-api.service[120571]: DEBUG nova.context [None req-5ca6c0a1-0336-49a3-9283-c1020cc0ddcf None None] Found 2 cells: 00000000-0000-0000-0000-000000000000(cell0),7d78fc6f-3bd2-4209-b2d1-7724df142ab0(cell1) {{(pid=120571) load_cells /opt/stack/nova/nova/context.py:464}}
Oct 18 15:59:52.801654 n-d-858383-14 devstack@n-api.service[120571]: DEBUG oslo_concurrency.lockutils [None req-5ca6c0a1-0336-49a3-9283-c1020cc0ddcf None None] Acquiring lock "00000000-0000-0000-0000-000000000000" by "nova.context.set_target_cell..get_or_set_cached_cell_and_set_connections" {{(pid=120571) inner /usr/local/lib/python3.8/dist-packages/oslo_concurrency/lockutils.py:404}}
Oct 18 15:59:52.802137 n-d-858383-14 devstack@n-api.service[120571]: DEBUG oslo_concurrency.lockutils [None req-5ca6c0a1-0336-49a3-9283-c1020cc0ddcf None None] Lock "00000000-0000-0000-0000-000000000000" acquired by "nova.context.set_target_cell..get_or_set_cached_cell_and_set_connections" :: waited 0.001s {{(pid=120571) inner /usr/local/lib/python3.8/dist-packages/oslo_concurrency/lockutils.py:409}}
Oct 18 15:59:52.803936 n-d-858383-14 devstack@n-api.service[120571]: DEBUG oslo_concurrency.lockutils [None req-5ca6c0a1-0336-49a3-9283-c1020cc0ddcf None None] Lock "00000000-0000-0000-0000-000000000000" "released" by "nova.context.set_target_cell..get_or_set_cached_cell_and_set_connections" :: held 0.002s {{(pid=120571) inner /usr/local/lib/python3.8/dist-packages/oslo_concurrency/lockutils.py:423}}
Oct 18 15:59:52.804669 n-d-858383-14 devstack@n-api.service[120571]: DEBUG oslo_concurrency.lockutils [None req-5ca6c0a1-0336-49a3-9283-c1020cc0ddcf None None] Acquiring lock "7d78fc6f-3bd2-4209-b2d1-7724df142ab0" by "nova.context.set_target_cell..get_or_set_cached_cell_and_set_connections" {{(pid=120571) inner /usr/local/lib/python3.8/dist-packages/oslo_concurrency/lockutils.py:404}}
Oct 18 15:59:52.805143 n-d-858383-14 devstack@n-api.service[120571]: DEBUG oslo_concurrency.lockutils [None req-5ca6c0a1-0336-49a3-9283-c1020cc0ddcf None None] Lock "7d78fc6f-3bd2-4209-b2d1-7724df142ab0" acquired by "nova.context.set_target_cell..get_or_set_cached_cell_and_set_connections" :: waited 0.000s {{(pid=120571) inner /usr/local/lib/python3.8/dist-packages/oslo_concurrency/lockutils.py:409}}
Oct 18 15:59:52.807170 n-d-858383-14 devstack@n-api.service[120571]: DEBUG oslo_concurrency.lockutils [None req-5ca6c0a1-0336-49a3-9283-c1020cc0ddcf None None] Lock "7d78fc6f-3bd2-4209-b2d1-7724df142ab0" "released" by "nova.context.set_target_cell..get_or_set_cached_cell_and_set_connections" :: held 0.002s {{(pid=120571) inner /usr/local/lib/python3.8/dist-packages/oslo_concurrency/lockutils.py:423}}
Oct 18 15:59:52.810338 n-d-858383-14 devstack@n-api.service[120571]: INFO dbcounter [None req-5ca6c0a1-0336-49a3-9283-c1020cc0ddcf None None] Registered counter for database nova_cell0
Oct 18 15:59:52.814886 n-d-858383-14 devstack@n-api.service[120571]: INFO dbcounter [None req-5ca6c0a1-0336-49a3-9283-c1020cc0ddcf None None] Registered counter for database nova_cell1
Oct 18 15:59:52.824312 n-d-858383-14 devstack@n-api.service[120571]: DEBUG oslo_db.sqlalchemy.engines [None req-5ca6c0a1-0336-49a3-9283-c1020cc0ddcf None None] MySQL server mode set to STRICT_TRANS_TABLES,STRICT_ALL_TABLES,NO_ZERO_IN_DATE,NO_ZERO_DATE,ERROR_FOR_DIVISION_BY_ZERO,TRADITIONAL,NO_ENGINE_SUBSTITUTION {{(pid=120571) _check_effective_sql_mode /usr/local/lib/python3.8/dist-packages/oslo_db/sqlalchemy/engines.py:314}}
Oct 18 15:59:52.827087 n-d-858383-14 devstack@n-api.service[120571]: DEBUG oslo_db.sqlalchemy.engines [None req-5ca6c0a1-0336-49a3-9283-c1020cc0ddcf None None] MySQL server mode set to STRICT_TRANS_TABLES,STRICT_ALL_TABLES,NO_ZERO_IN_DATE,NO_ZERO_DATE,ERROR_FOR_DIVISION_BY_ZERO,TRADITIONAL,NO_ENGINE_SUBSTITUTION {{(pid=120571) _check_effective_sql_mode /usr/local/lib/python3.8/dist-packages/oslo_db/sqlalchemy/engines.py:314}}
Oct 18 15:59:52.832318 n-d-858383-14 devstack@n-api.service[120571]: DEBUG dbcounter [-] [120571] Writer thread running {{(pid=120571) stat_writer /usr/local/lib/python3.8/dist-packages/dbcounter.py:99}}
Oct 18 15:59:52.837422 n-d-858383-14 devstack@n-api.service[120571]: DEBUG dbcounter [-] [120571] Writer thread running {{(pid=120571) stat_writer /usr/local/lib/python3.8/dist-packages/dbcounter.py:99}}
Oct 18 15:59:52.909904 n-d-858383-14 devstack@n-api.service[120570]: INFO dbcounter [None req-5dcff2aa-b40b-430a-8002-93323b7b1575 None None] Registered counter for database nova_cell0
Oct 18 15:59:52.916930 n-d-858383-14 devstack@n-api.service[120570]: DEBUG oslo_db.sqlalchemy.engines [None req-5dcff2aa-b40b-430a-8002-93323b7b1575 None None] MySQL server mode set to STRICT_TRANS_TABLES,STRICT_ALL_TABLES,NO_ZERO_IN_DATE,NO_ZERO_DATE,ERROR_FOR_DIVISION_BY_ZERO,TRADITIONAL,NO_ENGINE_SUBSTITUTION {{(pid=120570) _check_effective_sql_mode /usr/local/lib/python3.8/dist-packages/oslo_db/sqlalchemy/engines.py:314}}
Oct 18 15:59:52.922167 n-d-858383-14 devstack@n-api.service[120570]: DEBUG dbcounter [-] [120570] Writer thread running {{(pid=120570) stat_writer /usr/local/lib/python3.8/dist-packages/dbcounter.py:99}}
Oct 18 15:59:52.990633 n-d-858383-14 devstack@n-api.service[120571]: INFO dbcounter [None req-5ca6c0a1-0336-49a3-9283-c1020cc0ddcf None None] Registered counter for database nova_cell0
Oct 18 15:59:52.998625 n-d-858383-14 devstack@n-api.service[120571]: DEBUG oslo_db.sqlalchemy.engines [None req-5ca6c0a1-0336-49a3-9283-c1020cc0ddcf None None] MySQL server mode set to STRICT_TRANS_TABLES,STRICT_ALL_TABLES,NO_ZERO_IN_DATE,NO_ZERO_DATE,ERROR_FOR_DIVISION_BY_ZERO,TRADITIONAL,NO_ENGINE_SUBSTITUTION {{(pid=120571) _check_effective_sql_mode /usr/local/lib/python3.8/dist-packages/oslo_db/sqlalchemy/engines.py:314}}
Oct 18 15:59:53.003797 n-d-858383-14 devstack@n-api.service[120571]: DEBUG dbcounter [-] [120571] Writer thread running {{(pid=120571) stat_writer /usr/local/lib/python3.8/dist-packages/dbcounter.py:99}}
Oct 18 15:59:53.257720 n-d-858383-14 devstack@n-api.service[120570]: WARNING keystonemiddleware.auth_token [None req-5dcff2aa-b40b-430a-8002-93323b7b1575 None None] AuthToken middleware is set with keystone_authtoken.service_token_roles_required set to False. This is backwards compatible but deprecated behaviour. Please set this to True.
Oct 18 15:59:53.265726 n-d-858383-14 devstack@n-api.service[120570]: WARNING keystonemiddleware.auth_token [None req-5dcff2aa-b40b-430a-8002-93323b7b1575 None None] Configuring www_authenticate_uri to point to the public identity endpoint is required; clients may not be able to authenticate against an admin endpoint
Oct 18 15:59:53.327161 n-d-858383-14 devstack@n-api.service[120571]: WARNING keystonemiddleware.auth_token [None req-5ca6c0a1-0336-49a3-9283-c1020cc0ddcf None None] AuthToken middleware is set with keystone_authtoken.service_token_roles_required set to False. This is backwards compatible but deprecated behaviour. Please set this to True.
Oct 18 15:59:53.334433 n-d-858383-14 devstack@n-api.service[120571]: WARNING keystonemiddleware.auth_token [None req-5ca6c0a1-0336-49a3-9283-c1020cc0ddcf None None] Configuring www_authenticate_uri to point to the public identity endpoint is required; clients may not be able to authenticate against an admin endpoint
Oct 18 15:59:53.621951 n-d-858383-14 devstack@n-api.service[120570]: WARNING keystonemiddleware.auth_token [None req-5dcff2aa-b40b-430a-8002-93323b7b1575 None None] AuthToken middleware is set with keystone_authtoken.service_token_roles_required set to False. This is backwards compatible but deprecated behaviour. Please set this to True.
Oct 18 15:59:53.627989 n-d-858383-14 devstack@n-api.service[120570]: WARNING keystonemiddleware.auth_token [None req-5dcff2aa-b40b-430a-8002-93323b7b1575 None None] Configuring www_authenticate_uri to point to the public identity endpoint is required; clients may not be able to authenticate against an admin endpoint
Oct 18 15:59:53.633307 n-d-858383-14 devstack@n-api.service[120570]: WSGI app 0 (mountpoint='') ready in 5 seconds on interpreter 0x55c2e37639c0 pid: 120570 (default app)
Oct 18 15:59:53.679303 n-d-858383-14 devstack@n-api.service[120571]: WARNING keystonemiddleware.auth_token [None req-5ca6c0a1-0336-49a3-9283-c1020cc0ddcf None None] AuthToken middleware is set with keystone_authtoken.service_token_roles_required set to False. This is backwards compatible but deprecated behaviour. Please set this to True.
Oct 18 15:59:53.686335 n-d-858383-14 devstack@n-api.service[120571]: WARNING keystonemiddleware.auth_token [None req-5ca6c0a1-0336-49a3-9283-c1020cc0ddcf None None] Configuring www_authenticate_uri to point to the public identity endpoint is required; clients may not be able to authenticate against an admin endpoint
Oct 18 15:59:53.691799 n-d-858383-14 devstack@n-api.service[120571]: WSGI app 0 (mountpoint='') ready in 5 seconds on interpreter 0x55c2e37639c0 pid: 120571 (default app)
Oct 18 16:00:33.579515 n-d-858383-14 devstack@n-api.service[120570]: DEBUG dbcounter [-] [120570] Writing DB stats nova_api:SELECT=3 {{(pid=120570) stat_writer /usr/local/lib/python3.8/dist-packages/dbcounter.py:114}}
Oct 18 16:00:33.581240 n-d-858383-14 devstack@n-api.service[120570]: DEBUG dbcounter [-] [120570] Writing DB stats nova_cell0:SELECT=3 {{(pid=120570) stat_writer /usr/local/lib/python3.8/dist-packages/dbcounter.py:114}}
Oct 18 16:00:33.582233 n-d-858383-14 devstack@n-api.service[120570]: DEBUG dbcounter [-] [120570] Writing DB stats nova_cell1:SELECT=3 {{(pid=120570) stat_writer /usr/local/lib/python3.8/dist-packages/dbcounter.py:114}}
Oct 18 16:00:33.583444 n-d-858383-14 devstack@n-api.service[120570]: DEBUG dbcounter [-] [120570] Writing DB stats nova_cell0:SELECT=3 {{(pid=120570) stat_writer /usr/local/lib/python3.8/dist-packages/dbcounter.py:114}}
Oct 18 16:00:35.256751 n-d-858383-14 devstack@n-api.service[120570]: DEBUG nova.api.openstack.wsgi [None req-1b0c941b-f35f-4863-a756-8f07ca57f854 tempest-AggregatesAdminTestV241-2053455609 tempest-AggregatesAdminTestV241-2053455609-project-admin] Calling method '.version_select at 0x7f5fd3c7bc10>' {{(pid=120570) _process_stack /opt/stack/nova/nova/api/openstack/wsgi.py:513}}
Oct 18 16:00:35.268112 n-d-858383-14 devstack@n-api.service[120570]: DEBUG nova.compute.api [None req-1b0c941b-f35f-4863-a756-8f07ca57f854 tempest-AggregatesAdminTestV241-2053455609 tempest-AggregatesAdminTestV241-2053455609-project-admin] Found 2 cells: 00000000-0000-0000-0000-000000000000(cell0),7d78fc6f-3bd2-4209-b2d1-7724df142ab0(cell1) {{(pid=120570) load_cells /opt/stack/nova/nova/compute/api.py:319}}
Oct 18 16:00:35.268853 n-d-858383-14 devstack@n-api.service[120570]: DEBUG oslo_concurrency.lockutils [None req-1b0c941b-f35f-4863-a756-8f07ca57f854 tempest-AggregatesAdminTestV241-2053455609 tempest-AggregatesAdminTestV241-2053455609-project-admin] Acquiring lock "7d78fc6f-3bd2-4209-b2d1-7724df142ab0" by "nova.context.set_target_cell..get_or_set_cached_cell_and_set_connections" {{(pid=120570) inner /usr/local/lib/python3.8/dist-packages/oslo_concurrency/lockutils.py:404}}
Oct 18 16:00:35.269533 n-d-858383-14 devstack@n-api.service[120570]: DEBUG oslo_concurrency.lockutils [None req-1b0c941b-f35f-4863-a756-8f07ca57f854 tempest-AggregatesAdminTestV241-2053455609 tempest-AggregatesAdminTestV241-2053455609-project-admin] Lock "7d78fc6f-3bd2-4209-b2d1-7724df142ab0" acquired by "nova.context.set_target_cell..get_or_set_cached_cell_and_set_connections" :: waited 0.001s {{(pid=120570) inner /usr/local/lib/python3.8/dist-packages/oslo_concurrency/lockutils.py:409}}
Oct 18 16:00:35.270128 n-d-858383-14 devstack@n-api.service[120570]: DEBUG oslo_concurrency.lockutils [None req-1b0c941b-f35f-4863-a756-8f07ca57f854 tempest-AggregatesAdminTestV241-2053455609 tempest-AggregatesAdminTestV241-2053455609-project-admin] Lock "7d78fc6f-3bd2-4209-b2d1-7724df142ab0" "released" by "nova.context.set_target_cell..get_or_set_cached_cell_and_set_connections" :: held 0.001s {{(pid=120570) inner /usr/local/lib/python3.8/dist-packages/oslo_concurrency/lockutils.py:423}}
Oct 18 16:00:35.305938 n-d-858383-14 devstack@n-api.service[120570]: DEBUG oslo_concurrency.lockutils [None req-1b0c941b-f35f-4863-a756-8f07ca57f854 tempest-AggregatesAdminTestV241-2053455609 tempest-AggregatesAdminTestV241-2053455609-project-admin] Acquiring lock "7d78fc6f-3bd2-4209-b2d1-7724df142ab0" by "nova.context.set_target_cell..get_or_set_cached_cell_and_set_connections" {{(pid=120570) inner /usr/local/lib/python3.8/dist-packages/oslo_concurrency/lockutils.py:404}}
Oct 18 16:00:35.306890 n-d-858383-14 devstack@n-api.service[120570]: DEBUG oslo_concurrency.lockutils [None req-1b0c941b-f35f-4863-a756-8f07ca57f854 tempest-AggregatesAdminTestV241-2053455609 tempest-AggregatesAdminTestV241-2053455609-project-admin] Lock "7d78fc6f-3bd2-4209-b2d1-7724df142ab0" acquired by "nova.context.set_target_cell..get_or_set_cached_cell_and_set_connections" :: waited 0.001s {{(pid=120570) inner /usr/local/lib/python3.8/dist-packages/oslo_concurrency/lockutils.py:409}}
Oct 18 16:00:35.307358 n-d-858383-14 devstack@n-api.service[120570]: DEBUG oslo_concurrency.lockutils [None req-1b0c941b-f35f-4863-a756-8f07ca57f854 tempest-AggregatesAdminTestV241-2053455609 tempest-AggregatesAdminTestV241-2053455609-project-admin] Lock "7d78fc6f-3bd2-4209-b2d1-7724df142ab0" "released" by "nova.context.set_target_cell..get_or_set_cached_cell_and_set_connections" :: held 0.001s {{(pid=120570) inner /usr/local/lib/python3.8/dist-packages/oslo_concurrency/lockutils.py:423}}
Oct 18 16:00:35.321767 n-d-858383-14 devstack@n-api.service[120570]: DEBUG oslo_concurrency.lockutils [None req-1b0c941b-f35f-4863-a756-8f07ca57f854 tempest-AggregatesAdminTestV241-2053455609 tempest-AggregatesAdminTestV241-2053455609-project-admin] Acquiring lock "7d78fc6f-3bd2-4209-b2d1-7724df142ab0" by "nova.context.set_target_cell..get_or_set_cached_cell_and_set_connections" {{(pid=120570) inner /usr/local/lib/python3.8/dist-packages/oslo_concurrency/lockutils.py:404}}
Oct 18 16:00:35.323013 n-d-858383-14 devstack@n-api.service[120570]: DEBUG oslo_concurrency.lockutils [None req-1b0c941b-f35f-4863-a756-8f07ca57f854 tempest-AggregatesAdminTestV241-2053455609 tempest-AggregatesAdminTestV241-2053455609-project-admin] Lock "7d78fc6f-3bd2-4209-b2d1-7724df142ab0" acquired by "nova.context.set_target_cell..get_or_set_cached_cell_and_set_connections" :: waited 0.001s {{(pid=120570) inner /usr/local/lib/python3.8/dist-packages/oslo_concurrency/lockutils.py:409}}
Oct 18 16:00:35.323708 n-d-858383-14 devstack@n-api.service[120570]: DEBUG oslo_concurrency.lockutils [None req-1b0c941b-f35f-4863-a756-8f07ca57f854 tempest-AggregatesAdminTestV241-2053455609 tempest-AggregatesAdminTestV241-2053455609-project-admin] Lock "7d78fc6f-3bd2-4209-b2d1-7724df142ab0" "released" by "nova.context.set_target_cell..get_or_set_cached_cell_and_set_connections" :: held 0.001s {{(pid=120570) inner /usr/local/lib/python3.8/dist-packages/oslo_concurrency/lockutils.py:423}}
Oct 18 16:00:35.335752 n-d-858383-14 devstack@n-api.service[120570]: INFO nova.api.openstack.requestlog [None req-1b0c941b-f35f-4863-a756-8f07ca57f854 tempest-AggregatesAdminTestV241-2053455609 tempest-AggregatesAdminTestV241-2053455609-project-admin] 10.222.0.78 "GET /compute/v2.1/os-hypervisors/detail" status: 200 len: 1427 microversion: 2.41 time: 1.767307
Oct 18 16:00:35.336612 n-d-858383-14 devstack@n-api.service[120570]: [pid: 120570|app: 0|req: 1/1] 10.222.0.78 () {60 vars in 1208 bytes} [Tue Oct 18 16:00:33 2022] GET /compute/v2.1/os-hypervisors/detail => generated 1427 bytes in 1770 msecs (HTTP/1.1 200) 9 headers in 360 bytes (1 switches on core 0)
Oct 18 16:00:35.756130 n-d-858383-14 devstack@n-api.service[120571]: DEBUG nova.api.openstack.wsgi [None req-2f4f173c-f5bf-4dd3-aee8-0fb64a1b2a19 tempest-AggregatesAdminTestV241-2053455609 tempest-AggregatesAdminTestV241-2053455609-project-admin] Action: 'create', calling method: >, body: {"aggregate": {"name": "tempest-test_aggregate-640847315"}} {{(pid=120571) _process_stack /opt/stack/nova/nova/api/openstack/wsgi.py:511}}
Oct 18 16:00:35.791804 n-d-858383-14 devstack@n-api.service[120571]: DEBUG nova.objects.aggregate [None req-2f4f173c-f5bf-4dd3-aee8-0fb64a1b2a19 tempest-AggregatesAdminTestV241-2053455609 tempest-AggregatesAdminTestV241-2053455609-project-admin] Generated uuid e5399991-55c3-41c8-9fa2-57d6c5387684 for aggregate {{(pid=120571) create /opt/stack/nova/nova/objects/aggregate.py:298}}
Oct 18 16:00:35.808046 n-d-858383-14 devstack@n-api.service[120571]: DEBUG dbcounter [-] [120571] Writing DB stats nova_api:SELECT=3 {{(pid=120571) stat_writer /usr/local/lib/python3.8/dist-packages/dbcounter.py:114}}
Oct 18 16:00:35.809777 n-d-858383-14 devstack@n-api.service[120571]: DEBUG dbcounter [-] [120571] Writing DB stats nova_cell1:SELECT=3 {{(pid=120571) stat_writer /usr/local/lib/python3.8/dist-packages/dbcounter.py:114}}
Oct 18 16:00:35.811174 n-d-858383-14 devstack@n-api.service[120571]: DEBUG dbcounter [-] [120571] Writing DB stats nova_cell0:SELECT=3 {{(pid=120571) stat_writer /usr/local/lib/python3.8/dist-packages/dbcounter.py:114}}
Oct 18 16:00:35.812532 n-d-858383-14 devstack@n-api.service[120571]: DEBUG dbcounter [-] [120571] Writing DB stats nova_cell0:SELECT=3 {{(pid=120571) stat_writer /usr/local/lib/python3.8/dist-packages/dbcounter.py:114}}
Oct 18 16:00:35.948323 n-d-858383-14 devstack@n-api.service[120571]: INFO nova.api.openstack.requestlog [None req-2f4f173c-f5bf-4dd3-aee8-0fb64a1b2a19 tempest-AggregatesAdminTestV241-2053455609 tempest-AggregatesAdminTestV241-2053455609-project-admin] 10.222.0.78 "POST /compute/v2.1/os-aggregates" status: 200 len: 245 microversion: 2.41 time: 0.594078
Oct 18 16:00:35.956952 n-d-858383-14 devstack@n-api.service[120571]: [pid: 120571|app: 0|req: 1/2] 10.222.0.78 () {62 vars in 1205 bytes} [Tue Oct 18 16:00:35 2022] POST /compute/v2.1/os-aggregates => generated 245 bytes in 597 msecs (HTTP/1.1 200) 9 headers in 359 bytes (1 switches on core 0)
Oct 18 16:00:36.194999 n-d-858383-14 devstack@n-api.service[120570]: DEBUG nova.api.openstack.wsgi [None req-6a26690a-31bc-4cab-b0b6-e3638899051b tempest-FlavorsAdminTestJSON-676524813 tempest-FlavorsAdminTestJSON-676524813-project-admin] Action: 'create', calling method: >, body: {"flavor": {"ram": "1024", "vcpus": 1, "disk": 10, "name": "tempest-FlavorsAdminTestJSON-flavor-872755642", "id": 2117713485, "os-flavor-access:is_public": "True"}} {{(pid=120570) _process_stack /opt/stack/nova/nova/api/openstack/wsgi.py:511}}
Oct 18 16:00:36.264612 n-d-858383-14 devstack@n-api.service[120570]: INFO nova.api.openstack.requestlog [None req-6a26690a-31bc-4cab-b0b6-e3638899051b tempest-FlavorsAdminTestJSON-676524813 tempest-FlavorsAdminTestJSON-676524813-project-admin] 10.222.0.78 "POST /compute/v2.1/flavors" status: 200 len: 429 microversion: 2.1 time: 0.698981
Oct 18 16:00:36.280426 n-d-858383-14 devstack@n-api.service[120570]: [pid: 120570|app: 0|req: 2/3] 10.222.0.78 () {60 vars in 1147 bytes} [Tue Oct 18 16:00:35 2022] POST /compute/v2.1/flavors => generated 429 bytes in 718 msecs (HTTP/1.1 200) 9 headers in 357 bytes (1 switches on core 0)
Oct 18 16:00:36.287739 n-d-858383-14 devstack@n-api.service[120570]: DEBUG nova.api.openstack.wsgi [None req-4559d0a1-8a20-4bf0-b5fb-81c302281330 tempest-AggregatesAdminTestV241-2053455609 tempest-AggregatesAdminTestV241-2053455609-project-admin] Action: 'update', calling method: >, body: {"aggregate": {"name": "tempest-test_aggregate-1598133183"}} {{(pid=120570) _process_stack /opt/stack/nova/nova/api/openstack/wsgi.py:511}}
Oct 18 16:00:36.589926 n-d-858383-14 devstack@n-api.service[120570]: INFO nova.api.openstack.requestlog [None req-4559d0a1-8a20-4bf0-b5fb-81c302281330 tempest-AggregatesAdminTestV241-2053455609 tempest-AggregatesAdminTestV241-2053455609-project-admin] 10.222.0.78 "PUT /compute/v2.1/os-aggregates/1" status: 200 len: 299 microversion: 2.41 time: 0.300376
Oct 18 16:00:36.591252 n-d-858383-14 devstack@n-api.service[120570]: [pid: 120570|app: 0|req: 3/4] 10.222.0.78 () {62 vars in 1210 bytes} [Tue Oct 18 16:00:36 2022] PUT /compute/v2.1/os-aggregates/1 => generated 299 bytes in 310 msecs (HTTP/1.1 200) 9 headers in 359 bytes (1 switches on core 0)
Oct 18 16:00:36.596247 n-d-858383-14 devstack@n-api.service[120570]: DEBUG nova.api.openstack.wsgi [None req-82c08caa-2782-49dc-ab19-61057e6560f3 tempest-FlavorsAdminTestJSON-676524813 tempest-FlavorsAdminTestJSON-676524813-project-admin] Calling method '>' {{(pid=120570) _process_stack /opt/stack/nova/nova/api/openstack/wsgi.py:513}}
Oct 18 16:00:36.656139 n-d-858383-14 devstack@n-api.service[120570]: INFO nova.api.openstack.requestlog [None req-82c08caa-2782-49dc-ab19-61057e6560f3 tempest-FlavorsAdminTestJSON-676524813 tempest-FlavorsAdminTestJSON-676524813-project-admin] 10.222.0.78 "DELETE /compute/v2.1/flavors/2117713485" status: 202 len: 0 microversion: 2.1 time: 0.063485
Oct 18 16:00:36.657749 n-d-858383-14 devstack@n-api.service[120570]: [pid: 120570|app: 0|req: 4/5] 10.222.0.78 () {58 vars in 1161 bytes} [Tue Oct 18 16:00:36 2022] DELETE /compute/v2.1/flavors/2117713485 => generated 0 bytes in 66 msecs (HTTP/1.1 202) 9 headers in 361 bytes (1 switches on core 0)
Oct 18 16:00:37.066376 n-d-858383-14 devstack@n-api.service[120570]: DEBUG nova.api.openstack.wsgi [None req-6b036016-5f61-48fd-86c3-7ae1d57c33fb tempest-AggregatesAdminNegativeTestJSON-2061267027 tempest-AggregatesAdminNegativeTestJSON-2061267027-project-admin] Calling method '>' {{(pid=120570) _process_stack /opt/stack/nova/nova/api/openstack/wsgi.py:513}}
Oct 18 16:00:37.071273 n-d-858383-14 devstack@n-api.service[120570]: DEBUG oslo_concurrency.lockutils [None req-6b036016-5f61-48fd-86c3-7ae1d57c33fb tempest-AggregatesAdminNegativeTestJSON-2061267027 tempest-AggregatesAdminNegativeTestJSON-2061267027-project-admin] Acquiring lock "00000000-0000-0000-0000-000000000000" by "nova.context.set_target_cell..get_or_set_cached_cell_and_set_connections" {{(pid=120570) inner /usr/local/lib/python3.8/dist-packages/oslo_concurrency/lockutils.py:404}}
Oct 18 16:00:37.074066 n-d-858383-14 devstack@n-api.service[120570]: DEBUG oslo_concurrency.lockutils [None req-6b036016-5f61-48fd-86c3-7ae1d57c33fb tempest-AggregatesAdminNegativeTestJSON-2061267027 tempest-AggregatesAdminNegativeTestJSON-2061267027-project-admin] Lock "00000000-0000-0000-0000-000000000000" acquired by "nova.context.set_target_cell..get_or_set_cached_cell_and_set_connections" :: waited 0.002s {{(pid=120570) inner /usr/local/lib/python3.8/dist-packages/oslo_concurrency/lockutils.py:409}}
Oct 18 16:00:37.074966 n-d-858383-14 devstack@n-api.service[120570]: DEBUG oslo_concurrency.lockutils [None req-6b036016-5f61-48fd-86c3-7ae1d57c33fb tempest-AggregatesAdminNegativeTestJSON-2061267027 tempest-AggregatesAdminNegativeTestJSON-2061267027-project-admin] Lock "00000000-0000-0000-0000-000000000000" "released" by "nova.context.set_target_cell..get_or_set_cached_cell_and_set_connections" :: held 0.002s {{(pid=120570) inner /usr/local/lib/python3.8/dist-packages/oslo_concurrency/lockutils.py:423}}
Oct 18 16:00:37.077084 n-d-858383-14 devstack@n-api.service[120570]: DEBUG oslo_concurrency.lockutils [None req-6b036016-5f61-48fd-86c3-7ae1d57c33fb tempest-AggregatesAdminNegativeTestJSON-2061267027 tempest-AggregatesAdminNegativeTestJSON-2061267027-project-admin] Acquiring lock "7d78fc6f-3bd2-4209-b2d1-7724df142ab0" by "nova.context.set_target_cell..get_or_set_cached_cell_and_set_connections" {{(pid=120570) inner /usr/local/lib/python3.8/dist-packages/oslo_concurrency/lockutils.py:404}}
Oct 18 16:00:37.079308 n-d-858383-14 devstack@n-api.service[120570]: DEBUG oslo_concurrency.lockutils [None req-6b036016-5f61-48fd-86c3-7ae1d57c33fb tempest-AggregatesAdminNegativeTestJSON-2061267027 tempest-AggregatesAdminNegativeTestJSON-2061267027-project-admin] Lock "7d78fc6f-3bd2-4209-b2d1-7724df142ab0" acquired by "nova.context.set_target_cell..get_or_set_cached_cell_and_set_connections" :: waited 0.002s {{(pid=120570) inner /usr/local/lib/python3.8/dist-packages/oslo_concurrency/lockutils.py:409}}
Oct 18 16:00:37.080330 n-d-858383-14 devstack@n-api.service[120570]: DEBUG oslo_concurrency.lockutils [None req-6b036016-5f61-48fd-86c3-7ae1d57c33fb tempest-AggregatesAdminNegativeTestJSON-2061267027 tempest-AggregatesAdminNegativeTestJSON-2061267027-project-admin] Lock "7d78fc6f-3bd2-4209-b2d1-7724df142ab0" "released" by "nova.context.set_target_cell..get_or_set_cached_cell_and_set_connections" :: held 0.001s {{(pid=120570) inner /usr/local/lib/python3.8/dist-packages/oslo_concurrency/lockutils.py:423}}
Oct 18 16:00:37.181127 n-d-858383-14 devstack@n-api.service[120570]: INFO nova.api.openstack.requestlog [None req-6b036016-5f61-48fd-86c3-7ae1d57c33fb tempest-AggregatesAdminNegativeTestJSON-2061267027 tempest-AggregatesAdminNegativeTestJSON-2061267027-project-admin] 10.222.0.78 "GET /compute/v2.1/os-services?binary=nova-compute" status: 200 len: 382 microversion: 2.1 time: 0.519066
Oct 18 16:00:37.182164 n-d-858383-14 devstack@n-api.service[120570]: [pid: 120570|app: 0|req: 5/6] 10.222.0.78 () {58 vars in 1176 bytes} [Tue Oct 18 16:00:36 2022] GET /compute/v2.1/os-services?binary=nova-compute => generated 382 bytes in 524 msecs (HTTP/1.1 200) 9 headers in 357 bytes (1 switches on core 0)
Oct 18 16:00:37.194167 n-d-858383-14 devstack@n-api.service[120571]: DEBUG nova.api.openstack.wsgi [None req-7bf19089-6c41-4157-9ce5-17f0da22006b tempest-AggregatesAdminTestJSON-649805038 tempest-AggregatesAdminTestJSON-649805038-project-admin] Calling method '.version_select at 0x7f5fd3b20c10>' {{(pid=120571) _process_stack /opt/stack/nova/nova/api/openstack/wsgi.py:513}}
Oct 18 16:00:37.197849 n-d-858383-14 devstack@n-api.service[120570]: DEBUG nova.api.openstack.wsgi [None req-e538118c-0c31-485d-887c-f9c4aa973140 tempest-AggregatesAdminTestV241-2053455609 tempest-AggregatesAdminTestV241-2053455609-project-admin] Calling method '>' {{(pid=120570) _process_stack /opt/stack/nova/nova/api/openstack/wsgi.py:513}}
Oct 18 16:00:37.209566 n-d-858383-14 devstack@n-api.service[120570]: INFO nova.api.openstack.requestlog [None req-e538118c-0c31-485d-887c-f9c4aa973140 tempest-AggregatesAdminTestV241-2053455609 tempest-AggregatesAdminTestV241-2053455609-project-admin] 10.222.0.78 "GET /compute/v2.1/os-aggregates/1" status: 200 len: 299 microversion: 2.41 time: 0.016999
Oct 18 16:00:37.210118 n-d-858383-14 devstack@n-api.service[120571]: DEBUG nova.compute.api [None req-7bf19089-6c41-4157-9ce5-17f0da22006b tempest-AggregatesAdminTestJSON-649805038 tempest-AggregatesAdminTestJSON-649805038-project-admin] Found 2 cells: 00000000-0000-0000-0000-000000000000(cell0),7d78fc6f-3bd2-4209-b2d1-7724df142ab0(cell1) {{(pid=120571) load_cells /opt/stack/nova/nova/compute/api.py:319}}
Oct 18 16:00:37.217312 n-d-858383-14 devstack@n-api.service[120570]: [pid: 120570|app: 0|req: 6/7] 10.222.0.78 () {60 vars in 1190 bytes} [Tue Oct 18 16:00:37 2022] GET /compute/v2.1/os-aggregates/1 => generated 299 bytes in 19 msecs (HTTP/1.1 200) 9 headers in 359 bytes (1 switches on core 0)
Oct 18 16:00:37.217496 n-d-858383-14 devstack@n-api.service[120571]: DEBUG oslo_concurrency.lockutils [None req-7bf19089-6c41-4157-9ce5-17f0da22006b tempest-AggregatesAdminTestJSON-649805038 tempest-AggregatesAdminTestJSON-649805038-project-admin] Acquiring lock "7d78fc6f-3bd2-4209-b2d1-7724df142ab0" by "nova.context.set_target_cell..get_or_set_cached_cell_and_set_connections" {{(pid=120571) inner /usr/local/lib/python3.8/dist-packages/oslo_concurrency/lockutils.py:404}}
Oct 18 16:00:37.217496 n-d-858383-14 devstack@n-api.service[120571]: DEBUG oslo_concurrency.lockutils [None req-7bf19089-6c41-4157-9ce5-17f0da22006b tempest-AggregatesAdminTestJSON-649805038 tempest-AggregatesAdminTestJSON-649805038-project-admin] Lock "7d78fc6f-3bd2-4209-b2d1-7724df142ab0" acquired by "nova.context.set_target_cell..get_or_set_cached_cell_and_set_connections" :: waited 0.001s {{(pid=120571) inner /usr/local/lib/python3.8/dist-packages/oslo_concurrency/lockutils.py:409}}
Oct 18 16:00:37.217496 n-d-858383-14 devstack@n-api.service[120571]: DEBUG oslo_concurrency.lockutils [None req-7bf19089-6c41-4157-9ce5-17f0da22006b tempest-AggregatesAdminTestJSON-649805038 tempest-AggregatesAdminTestJSON-649805038-project-admin] Lock "7d78fc6f-3bd2-4209-b2d1-7724df142ab0" "released" by "nova.context.set_target_cell..get_or_set_cached_cell_and_set_connections" :: held 0.000s {{(pid=120571) inner /usr/local/lib/python3.8/dist-packages/oslo_concurrency/lockutils.py:423}}
Oct 18 16:00:37.217679 n-d-858383-14 devstack@n-api.service[120570]: DEBUG nova.api.openstack.wsgi [None req-94e5a275-11a3-4436-98f0-308b34a14aa7 tempest-FlavorsAdminTestJSON-676524813 tempest-FlavorsAdminTestJSON-676524813-project-admin] Calling method '>' {{(pid=120570) _process_stack /opt/stack/nova/nova/api/openstack/wsgi.py:513}}
Oct 18 16:00:37.258643 n-d-858383-14 devstack@n-api.service[120570]: INFO nova.api.openstack.requestlog [None req-94e5a275-11a3-4436-98f0-308b34a14aa7 tempest-FlavorsAdminTestJSON-676524813 tempest-FlavorsAdminTestJSON-676524813-project-admin] 10.222.0.78 "GET /compute/v2.1/flavors/detail" status: 200 len: 4991 microversion: 2.1 time: 0.046305
Oct 18 16:00:37.259958 n-d-858383-14 devstack@n-api.service[120570]: [pid: 120570|app: 0|req: 7/8] 10.222.0.78 () {58 vars in 1146 bytes} [Tue Oct 18 16:00:37 2022] GET /compute/v2.1/flavors/detail => generated 4991 bytes in 48 msecs (HTTP/1.1 200) 9 headers in 358 bytes (1 switches on core 0)
Oct 18 16:00:37.295300 n-d-858383-14 devstack@n-api.service[120571]: DEBUG oslo_concurrency.lockutils [None req-7bf19089-6c41-4157-9ce5-17f0da22006b tempest-AggregatesAdminTestJSON-649805038 tempest-AggregatesAdminTestJSON-649805038-project-admin] Acquiring lock "7d78fc6f-3bd2-4209-b2d1-7724df142ab0" by "nova.context.set_target_cell..get_or_set_cached_cell_and_set_connections" {{(pid=120571) inner /usr/local/lib/python3.8/dist-packages/oslo_concurrency/lockutils.py:404}}
Oct 18 16:00:37.296138 n-d-858383-14 devstack@n-api.service[120571]: DEBUG oslo_concurrency.lockutils [None req-7bf19089-6c41-4157-9ce5-17f0da22006b tempest-AggregatesAdminTestJSON-649805038 tempest-AggregatesAdminTestJSON-649805038-project-admin] Lock "7d78fc6f-3bd2-4209-b2d1-7724df142ab0" acquired by "nova.context.set_target_cell..get_or_set_cached_cell_and_set_connections" :: waited 0.001s {{(pid=120571) inner /usr/local/lib/python3.8/dist-packages/oslo_concurrency/lockutils.py:409}}
Oct 18 16:00:37.296723 n-d-858383-14 devstack@n-api.service[120571]: DEBUG oslo_concurrency.lockutils [None req-7bf19089-6c41-4157-9ce5-17f0da22006b tempest-AggregatesAdminTestJSON-649805038 tempest-AggregatesAdminTestJSON-649805038-project-admin] Lock "7d78fc6f-3bd2-4209-b2d1-7724df142ab0" "released" by "nova.context.set_target_cell..get_or_set_cached_cell_and_set_connections" :: held 0.001s {{(pid=120571) inner /usr/local/lib/python3.8/dist-packages/oslo_concurrency/lockutils.py:423}}
Oct 18 16:00:37.313445 n-d-858383-14 devstack@n-api.service[120571]: DEBUG oslo_concurrency.lockutils [None req-7bf19089-6c41-4157-9ce5-17f0da22006b tempest-AggregatesAdminTestJSON-649805038 tempest-AggregatesAdminTestJSON-649805038-project-admin] Acquiring lock "7d78fc6f-3bd2-4209-b2d1-7724df142ab0" by "nova.context.set_target_cell..get_or_set_cached_cell_and_set_connections" {{(pid=120571) inner /usr/local/lib/python3.8/dist-packages/oslo_concurrency/lockutils.py:404}}
Oct 18 16:00:37.314355 n-d-858383-14 devstack@n-api.service[120571]: DEBUG oslo_concurrency.lockutils [None req-7bf19089-6c41-4157-9ce5-17f0da22006b tempest-AggregatesAdminTestJSON-649805038 tempest-AggregatesAdminTestJSON-649805038-project-admin] Lock "7d78fc6f-3bd2-4209-b2d1-7724df142ab0" acquired by "nova.context.set_target_cell..get_or_set_cached_cell_and_set_connections" :: waited 0.001s {{(pid=120571) inner /usr/local/lib/python3.8/dist-packages/oslo_concurrency/lockutils.py:409}}
Oct 18 16:00:37.314956 n-d-858383-14 devstack@n-api.service[120571]: DEBUG oslo_concurrency.lockutils [None req-7bf19089-6c41-4157-9ce5-17f0da22006b tempest-AggregatesAdminTestJSON-649805038 tempest-AggregatesAdminTestJSON-649805038-project-admin] Lock "7d78fc6f-3bd2-4209-b2d1-7724df142ab0" "released" by "nova.context.set_target_cell..get_or_set_cached_cell_and_set_connections" :: held 0.001s {{(pid=120571) inner /usr/local/lib/python3.8/dist-packages/oslo_concurrency/lockutils.py:423}}
Oct 18 16:00:37.323356 n-d-858383-14 devstack@n-api.service[120571]: INFO nova.api.openstack.requestlog [None req-7bf19089-6c41-4157-9ce5-17f0da22006b tempest-AggregatesAdminTestJSON-649805038 tempest-AggregatesAdminTestJSON-649805038-project-admin] 10.222.0.78 "GET /compute/v2.1/os-hypervisors/detail" status: 200 len: 1507 microversion: 2.1 time: 1.372649
Oct 18 16:00:37.324523 n-d-858383-14 devstack@n-api.service[120571]: [pid: 120571|app: 0|req: 2/9] 10.222.0.78 () {58 vars in 1167 bytes} [Tue Oct 18 16:00:35 2022] GET /compute/v2.1/os-hypervisors/detail => generated 1507 bytes in 1374 msecs (HTTP/1.1 200) 9 headers in 358 bytes (1 switches on core 0)
Oct 18 16:00:37.582428 n-d-858383-14 devstack@n-api.service[120570]: DEBUG nova.api.openstack.wsgi [None req-7255292f-f9df-4184-aa46-591b9c809616 tempest-HypervisorAdminV228Test-279913979 tempest-HypervisorAdminV228Test-279913979-project-admin] Calling method '.version_select at 0x7f5fd3234e50>' {{(pid=120570) _process_stack /opt/stack/nova/nova/api/openstack/wsgi.py:513}}
Oct 18 16:00:37.584866 n-d-858383-14 devstack@n-api.service[120570]: DEBUG oslo_concurrency.lockutils [None req-7255292f-f9df-4184-aa46-591b9c809616 tempest-HypervisorAdminV228Test-279913979 tempest-HypervisorAdminV228Test-279913979-project-admin] Acquiring lock "7d78fc6f-3bd2-4209-b2d1-7724df142ab0" by "nova.context.set_target_cell..get_or_set_cached_cell_and_set_connections" {{(pid=120570) inner /usr/local/lib/python3.8/dist-packages/oslo_concurrency/lockutils.py:404}}
Oct 18 16:00:37.585611 n-d-858383-14 devstack@n-api.service[120570]: DEBUG oslo_concurrency.lockutils [None req-7255292f-f9df-4184-aa46-591b9c809616 tempest-HypervisorAdminV228Test-279913979 tempest-HypervisorAdminV228Test-279913979-project-admin] Lock "7d78fc6f-3bd2-4209-b2d1-7724df142ab0" acquired by "nova.context.set_target_cell..get_or_set_cached_cell_and_set_connections" :: waited 0.001s {{(pid=120570) inner /usr/local/lib/python3.8/dist-packages/oslo_concurrency/lockutils.py:409}}
Oct 18 16:00:37.586300 n-d-858383-14 devstack@n-api.service[120570]: DEBUG oslo_concurrency.lockutils [None req-7255292f-f9df-4184-aa46-591b9c809616 tempest-HypervisorAdminV228Test-279913979 tempest-HypervisorAdminV228Test-279913979-project-admin] Lock "7d78fc6f-3bd2-4209-b2d1-7724df142ab0" "released" by "nova.context.set_target_cell..get_or_set_cached_cell_and_set_connections" :: held 0.001s {{(pid=120570) inner /usr/local/lib/python3.8/dist-packages/oslo_concurrency/lockutils.py:423}}
Oct 18 16:00:37.625132 n-d-858383-14 devstack@n-api.service[120570]: DEBUG oslo_concurrency.lockutils [None req-7255292f-f9df-4184-aa46-591b9c809616 tempest-HypervisorAdminV228Test-279913979 tempest-HypervisorAdminV228Test-279913979-project-admin] Acquiring lock "7d78fc6f-3bd2-4209-b2d1-7724df142ab0" by "nova.context.set_target_cell..get_or_set_cached_cell_and_set_connections" {{(pid=120570) inner /usr/local/lib/python3.8/dist-packages/oslo_concurrency/lockutils.py:404}}
Oct 18 16:00:37.625789 n-d-858383-14 devstack@n-api.service[120570]: DEBUG oslo_concurrency.lockutils [None req-7255292f-f9df-4184-aa46-591b9c809616 tempest-HypervisorAdminV228Test-279913979 tempest-HypervisorAdminV228Test-279913979-project-admin] Lock "7d78fc6f-3bd2-4209-b2d1-7724df142ab0" acquired by "nova.context.set_target_cell..get_or_set_cached_cell_and_set_connections" :: waited 0.001s {{(pid=120570) inner /usr/local/lib/python3.8/dist-packages/oslo_concurrency/lockutils.py:409}}
Oct 18 16:00:37.626370 n-d-858383-14 devstack@n-api.service[120570]: DEBUG oslo_concurrency.lockutils [None req-7255292f-f9df-4184-aa46-591b9c809616 tempest-HypervisorAdminV228Test-279913979 tempest-HypervisorAdminV228Test-279913979-project-admin] Lock "7d78fc6f-3bd2-4209-b2d1-7724df142ab0" "released" by "nova.context.set_target_cell..get_or_set_cached_cell_and_set_connections" :: held 0.001s {{(pid=120570) inner /usr/local/lib/python3.8/dist-packages/oslo_concurrency/lockutils.py:423}}
Oct 18 16:00:37.627589 n-d-858383-14 devstack@n-api.service[120571]: DEBUG nova.api.openstack.wsgi [None req-0ea1003c-b6c7-4b45-8c2f-9447abe027d4 tempest-AZAdminNegativeTestJSON-166966037 tempest-AZAdminNegativeTestJSON-166966037-project] Calling method '>' {{(pid=120571) _process_stack /opt/stack/nova/nova/api/openstack/wsgi.py:513}}
Oct 18 16:00:37.629362 n-d-858383-14 devstack@n-api.service[120571]: DEBUG nova.policy [None req-0ea1003c-b6c7-4b45-8c2f-9447abe027d4 tempest-AZAdminNegativeTestJSON-166966037 tempest-AZAdminNegativeTestJSON-166966037-project] Policy check for os_compute_api:os-availability-zone:detail failed with credentials {'is_admin': False, 'user_id': '83ef7e6d488c48be89cb71ff6858d444', 'user_domain_id': 'default', 'system_scope': None, 'domain_id': None, 'project_id': '0acfb4c9e04743d2a597d1c4ec387266', 'project_domain_id': 'default', 'roles': ['member', 'reader'], 'is_admin_project': True, 'service_user_id': None, 'service_user_domain_id': None, 'service_project_id': None, 'service_project_domain_id': None, 'service_roles': []} {{(pid=120571) authorize /opt/stack/nova/nova/policy.py:199}}
Oct 18 16:00:37.639234 n-d-858383-14 devstack@n-api.service[120571]: DEBUG nova.api.openstack.wsgi [None req-0ea1003c-b6c7-4b45-8c2f-9447abe027d4 tempest-AZAdminNegativeTestJSON-166966037 tempest-AZAdminNegativeTestJSON-166966037-project] Request method failure captured:
Oct 18 16:00:37.639234 n-d-858383-14 devstack@n-api.service[120571]: request: GET /compute/v2.1/os-availability-zone/detail HTTP/1.1
Oct 18 16:00:37.639234 n-d-858383-14 devstack@n-api.service[120571]: Accept: application/json
Oct 18 16:00:37.639234 n-d-858383-14 devstack@n-api.service[120571]: Accept-Encoding: identity
Oct 18 16:00:37.639234 n-d-858383-14 devstack@n-api.service[120571]: Connection: close
Oct 18 16:00:37.639234 n-d-858383-14 devstack@n-api.service[120571]: Content-Length: 0
Oct 18 16:00:37.639234 n-d-858383-14 devstack@n-api.service[120571]: Content-Type: application/json
Oct 18 16:00:37.639234 n-d-858383-14 devstack@n-api.service[120571]: Host: 10.222.0.78
Oct 18 16:00:37.639234 n-d-858383-14 devstack@n-api.service[120571]: Openstack-System-Scope: None
Oct 18 16:00:37.639234 n-d-858383-14 devstack@n-api.service[120571]: User-Agent: python-urllib3/1.26.12
Oct 18 16:00:37.639234 n-d-858383-14 devstack@n-api.service[120571]: X-Auth-Token: gAAAAABjTs2hGPzBz6ds7im6Sj4zXg0K0ugGe-wQSbb3IMdg00qjumM1ocx4Fm86nPjIIzC1pExQhPiXX3nBl5biwOPFSJ3K2P-M6IJNz7R4lw2vxFfPn6h1K1xGqqkLCk9pTQNko1ZcXI35pDELArmaACJ0-02G8FDjXxiPSViPobtnOE2K2jI
Oct 18 16:00:37.639234 n-d-858383-14 devstack@n-api.service[120571]: X-Domain-Id: None
Oct 18 16:00:37.639234 n-d-858383-14 devstack@n-api.service[120571]: X-Domain-Name: None
Oct 18 16:00:37.639234 n-d-858383-14 devstack@n-api.service[120571]: X-Identity-Status: Confirmed
