Oct 12 18:40:11.480309 n-d-858383-11 devstack@n-api.service[132188]: DEBUG nova.policy [None req-9c05f873-2a04-45e3-b71c-40abb40e5cf4 tempest-DeleteServersAdminTestJSON-1540589155 tempest-DeleteServersAdminTestJSON-1540589155-project] Policy check for os_compute_api:os-extended-server-attributes failed with credentials {'is_admin': False, 'user_id': 'e0ede2e9c5c8430695b1571551ef6d65', 'user_domain_id': 'default', 'system_scope': None, 'domain_id': None, 'project_id': '1c1f59384ca7420ba652eb0d6e94c6c5', 'project_domain_id': 'default', 'roles': ['member', 'reader'], 'is_admin_project': True, 'service_user_id': None, 'service_user_domain_id': None, 'service_project_id': None, 'service_project_domain_id': None, 'service_roles': []} {{(pid=132188) authorize /opt/stack/nova/nova/policy.py:199}}
Oct 12 18:40:11.492759 n-d-858383-11 devstack@n-api.service[132188]: INFO nova.api.openstack.requestlog [None req-9c05f873-2a04-45e3-b71c-40abb40e5cf4 tempest-DeleteServersAdminTestJSON-1540589155 tempest-DeleteServersAdminTestJSON-1540589155-project] 10.222.0.40 "GET /compute/v2.1/servers/db7b798c-4766-4f1e-96f4-9d54633a29dd" status: 200 len: 1496 microversion: 2.1 time: 0.388948
Oct 12 18:40:11.494888 n-d-858383-11 devstack@n-api.service[132188]: [pid: 132188|app: 0|req: 105/192] 10.222.0.40 () {58 vars in 1236 bytes} [Wed Oct 12 18:40:11 2022] GET /compute/v2.1/servers/db7b798c-4766-4f1e-96f4-9d54633a29dd => generated 1496 bytes in 392 msecs (HTTP/1.1 200) 9 headers in 358 bytes (1 switches on core 0)
Oct 12 18:40:11.534892 n-d-858383-11 devstack@n-api.service[132188]: DEBUG nova.api.openstack.wsgi [None req-24b6e5bc-1bde-4db6-91e9-4bc0af1c9ee3 tempest-AggregatesAdminTestJSON-502427082 tempest-AggregatesAdminTestJSON-502427082-project] Calling method '>' {{(pid=132188) _process_stack /opt/stack/nova/nova/api/openstack/wsgi.py:513}}
Oct 12 18:40:11.537545 n-d-858383-11 devstack@n-api.service[132188]: DEBUG nova.compute.api [None req-24b6e5bc-1bde-4db6-91e9-4bc0af1c9ee3 tempest-AggregatesAdminTestJSON-502427082 tempest-AggregatesAdminTestJSON-502427082-project] [instance: 315281a8-344d-49b5-aa57-f43af6939d02] Fetching instance by UUID {{(pid=132188) get /opt/stack/nova/nova/compute/api.py:2975}}
Oct 12 18:40:11.558859 n-d-858383-11 devstack@n-api.service[132188]: DEBUG oslo_concurrency.lockutils [None req-24b6e5bc-1bde-4db6-91e9-4bc0af1c9ee3 tempest-AggregatesAdminTestJSON-502427082 tempest-AggregatesAdminTestJSON-502427082-project] Acquiring lock "a2f64c9e-4a6a-468c-86a4-df4e50c99e24" by "nova.context.set_target_cell..get_or_set_cached_cell_and_set_connections" {{(pid=132188) inner /usr/local/lib/python3.8/dist-packages/oslo_concurrency/lockutils.py:404}}
Oct 12 18:40:11.559536 n-d-858383-11 devstack@n-api.service[132188]: DEBUG oslo_concurrency.lockutils [None req-24b6e5bc-1bde-4db6-91e9-4bc0af1c9ee3 tempest-AggregatesAdminTestJSON-502427082 tempest-AggregatesAdminTestJSON-502427082-project] Lock "a2f64c9e-4a6a-468c-86a4-df4e50c99e24" acquired by "nova.context.set_target_cell..get_or_set_cached_cell_and_set_connections" :: waited 0.001s {{(pid=132188) inner /usr/local/lib/python3.8/dist-packages/oslo_concurrency/lockutils.py:409}}
Oct 12 18:40:11.562970 n-d-858383-11 devstack@n-api.service[132188]: DEBUG oslo_concurrency.lockutils [None req-24b6e5bc-1bde-4db6-91e9-4bc0af1c9ee3 tempest-AggregatesAdminTestJSON-502427082 tempest-AggregatesAdminTestJSON-502427082-project] Lock "a2f64c9e-4a6a-468c-86a4-df4e50c99e24" "released" by "nova.context.set_target_cell..get_or_set_cached_cell_and_set_connections" :: held 0.001s {{(pid=132188) inner /usr/local/lib/python3.8/dist-packages/oslo_concurrency/lockutils.py:423}}
Oct 12 18:40:11.564460 n-d-858383-11 devstack@n-api.service[132188]: DEBUG oslo_concurrency.lockutils [None req-24b6e5bc-1bde-4db6-91e9-4bc0af1c9ee3 tempest-AggregatesAdminTestJSON-502427082 tempest-AggregatesAdminTestJSON-502427082-project] Acquiring lock "a2f64c9e-4a6a-468c-86a4-df4e50c99e24" by "nova.context.set_target_cell..get_or_set_cached_cell_and_set_connections" {{(pid=132188) inner /usr/local/lib/python3.8/dist-packages/oslo_concurrency/lockutils.py:404}}
Oct 12 18:40:11.564955 n-d-858383-11 devstack@n-api.service[132188]: DEBUG oslo_concurrency.lockutils [None req-24b6e5bc-1bde-4db6-91e9-4bc0af1c9ee3 tempest-AggregatesAdminTestJSON-502427082 tempest-AggregatesAdminTestJSON-502427082-project] Lock "a2f64c9e-4a6a-468c-86a4-df4e50c99e24" acquired by "nova.context.set_target_cell..get_or_set_cached_cell_and_set_connections" :: waited 0.001s {{(pid=132188) inner /usr/local/lib/python3.8/dist-packages/oslo_concurrency/lockutils.py:409}}
Oct 12 18:40:11.566249 n-d-858383-11 devstack@n-api.service[132188]: DEBUG oslo_concurrency.lockutils [None req-24b6e5bc-1bde-4db6-91e9-4bc0af1c9ee3 tempest-AggregatesAdminTestJSON-502427082 tempest-AggregatesAdminTestJSON-502427082-project] Lock "a2f64c9e-4a6a-468c-86a4-df4e50c99e24" "released" by "nova.context.set_target_cell..get_or_set_cached_cell_and_set_connections" :: held 0.001s {{(pid=132188) inner /usr/local/lib/python3.8/dist-packages/oslo_concurrency/lockutils.py:423}}
Oct 12 18:40:11.773081 n-d-858383-11 devstack@n-api.service[132189]: INFO nova.api.openstack.requestlog [None req-c598bc37-a5f6-47e2-97c9-ec205850c856 tempest-ImagesMetadataTestJSON-794416107 tempest-ImagesMetadataTestJSON-794416107-project] 10.222.0.40 "PUT /compute/v2.1/images/561a6f2b-6e0a-47fd-8830-1e13f185c570/metadata" status: 200 len: 64 microversion: 2.1 time: 0.893398
Oct 12 18:40:11.773848 n-d-858383-11 devstack@n-api.service[132189]: [pid: 132189|app: 0|req: 88/193] 10.222.0.40 () {60 vars in 1280 bytes} [Wed Oct 12 18:40:10 2022] PUT /compute/v2.1/images/561a6f2b-6e0a-47fd-8830-1e13f185c570/metadata => generated 64 bytes in 896 msecs (HTTP/1.1 200) 9 headers in 356 bytes (1 switches on core 0)
Oct 12 18:40:11.785028 n-d-858383-11 devstack@n-api.service[132189]: DEBUG nova.api.openstack.wsgi [None req-7315a2e4-bae3-4a18-a27e-cb0364db967d tempest-ImagesMetadataTestJSON-794416107 tempest-ImagesMetadataTestJSON-794416107-project] Calling method '.version_select at 0x7f961d38baf0>' {{(pid=132189) _process_stack /opt/stack/nova/nova/api/openstack/wsgi.py:513}}
Oct 12 18:40:11.854746 n-d-858383-11 devstack@n-api.service[132189]: INFO nova.api.openstack.requestlog [None req-7315a2e4-bae3-4a18-a27e-cb0364db967d tempest-ImagesMetadataTestJSON-794416107 tempest-ImagesMetadataTestJSON-794416107-project] 10.222.0.40 "GET /compute/v2.1/images/561a6f2b-6e0a-47fd-8830-1e13f185c570/metadata" status: 200 len: 64 microversion: 2.1 time: 0.074415
Oct 12 18:40:11.855767 n-d-858383-11 devstack@n-api.service[132189]: [pid: 132189|app: 0|req: 89/194] 10.222.0.40 () {58 vars in 1260 bytes} [Wed Oct 12 18:40:11 2022] GET /compute/v2.1/images/561a6f2b-6e0a-47fd-8830-1e13f185c570/metadata => generated 64 bytes in 76 msecs (HTTP/1.1 200) 9 headers in 356 bytes (1 switches on core 0)
Oct 12 18:40:11.872147 n-d-858383-11 devstack@n-api.service[132189]: DEBUG nova.api.openstack.wsgi [None req-0ad57ef7-01dc-4db3-b5bc-10d62f5135e5 tempest-ImagesMetadataTestJSON-794416107 tempest-ImagesMetadataTestJSON-794416107-project] Action: 'update_all', calling method: .version_select at 0x7f961d188ee0>, body: {"metadata": {"os_version": "value1", "os_distro": "value2"}} {{(pid=132189) _process_stack /opt/stack/nova/nova/api/openstack/wsgi.py:511}}
Oct 12 18:40:11.918309 n-d-858383-11 devstack@n-api.service[132188]: DEBUG nova.policy [None req-24b6e5bc-1bde-4db6-91e9-4bc0af1c9ee3 tempest-AggregatesAdminTestJSON-502427082 tempest-AggregatesAdminTestJSON-502427082-project] Policy check for os_compute_api:os-extended-server-attributes failed with credentials {'is_admin': False, 'user_id': '6d78ffcf9ee44635a44f9e1fc5f08617', 'user_domain_id': 'default', 'system_scope': None, 'domain_id': None, 'project_id': '01a4417a14244cffbe9fb830cdf18d71', 'project_domain_id': 'default', 'roles': ['member', 'reader'], 'is_admin_project': True, 'service_user_id': None, 'service_user_domain_id': None, 'service_project_id': None, 'service_project_domain_id': None, 'service_roles': []} {{(pid=132188) authorize /opt/stack/nova/nova/policy.py:199}}
Oct 12 18:40:11.928431 n-d-858383-11 devstack@n-api.service[132188]: INFO nova.api.openstack.requestlog [None req-24b6e5bc-1bde-4db6-91e9-4bc0af1c9ee3 tempest-AggregatesAdminTestJSON-502427082 tempest-AggregatesAdminTestJSON-502427082-project] 10.222.0.40 "GET /compute/v2.1/servers/315281a8-344d-49b5-aa57-f43af6939d02" status: 200 len: 1489 microversion: 2.1 time: 0.420774
Oct 12 18:40:11.938611 n-d-858383-11 devstack@n-api.service[132188]: [pid: 132188|app: 0|req: 106/195] 10.222.0.40 () {58 vars in 1236 bytes} [Wed Oct 12 18:40:11 2022] GET /compute/v2.1/servers/315281a8-344d-49b5-aa57-f43af6939d02 => generated 1489 bytes in 443 msecs (HTTP/1.1 200) 9 headers in 358 bytes (1 switches on core 0)
Oct 12 18:40:11.966914 n-d-858383-11 devstack@n-api.service[132188]: DEBUG nova.api.openstack.wsgi [None req-f3bc8160-907e-487e-90ee-838fe6b8bc99 tempest-AggregatesAdminTestJSON-193671527 tempest-AggregatesAdminTestJSON-193671527-project-admin] Calling method '>' {{(pid=132188) _process_stack /opt/stack/nova/nova/api/openstack/wsgi.py:513}}
Oct 12 18:40:11.968983 n-d-858383-11 devstack@n-api.service[132188]: DEBUG nova.compute.api [None req-f3bc8160-907e-487e-90ee-838fe6b8bc99 tempest-AggregatesAdminTestJSON-193671527 tempest-AggregatesAdminTestJSON-193671527-project-admin] [instance: 315281a8-344d-49b5-aa57-f43af6939d02] Fetching instance by UUID {{(pid=132188) get /opt/stack/nova/nova/compute/api.py:2975}}
Oct 12 18:40:11.978947 n-d-858383-11 devstack@n-api.service[132189]: DEBUG nova.quota [None req-0ad57ef7-01dc-4db3-b5bc-10d62f5135e5 tempest-ImagesMetadataTestJSON-794416107 tempest-ImagesMetadataTestJSON-794416107-project] Getting quotas for project e2fe1229a9f64f6e8711455ec87997ea. Resources: dict_keys(['metadata_items']) {{(pid=132189) _get_quotas /opt/stack/nova/nova/quota.py:393}}
Oct 12 18:40:11.980575 n-d-858383-11 devstack@n-api.service[132188]: DEBUG oslo_concurrency.lockutils [None req-f3bc8160-907e-487e-90ee-838fe6b8bc99 tempest-AggregatesAdminTestJSON-193671527 tempest-AggregatesAdminTestJSON-193671527-project-admin] Acquiring lock "a2f64c9e-4a6a-468c-86a4-df4e50c99e24" by "nova.context.set_target_cell..get_or_set_cached_cell_and_set_connections" {{(pid=132188) inner /usr/local/lib/python3.8/dist-packages/oslo_concurrency/lockutils.py:404}}
Oct 12 18:40:11.986148 n-d-858383-11 devstack@n-api.service[132188]: DEBUG oslo_concurrency.lockutils [None req-f3bc8160-907e-487e-90ee-838fe6b8bc99 tempest-AggregatesAdminTestJSON-193671527 tempest-AggregatesAdminTestJSON-193671527-project-admin] Lock "a2f64c9e-4a6a-468c-86a4-df4e50c99e24" acquired by "nova.context.set_target_cell..get_or_set_cached_cell_and_set_connections" :: waited 0.001s {{(pid=132188) inner /usr/local/lib/python3.8/dist-packages/oslo_concurrency/lockutils.py:409}}
Oct 12 18:40:11.986789 n-d-858383-11 devstack@n-api.service[132188]: DEBUG oslo_concurrency.lockutils [None req-f3bc8160-907e-487e-90ee-838fe6b8bc99 tempest-AggregatesAdminTestJSON-193671527 tempest-AggregatesAdminTestJSON-193671527-project-admin] Lock "a2f64c9e-4a6a-468c-86a4-df4e50c99e24" "released" by "nova.context.set_target_cell..get_or_set_cached_cell_and_set_connections" :: held 0.006s {{(pid=132188) inner /usr/local/lib/python3.8/dist-packages/oslo_concurrency/lockutils.py:423}}
Oct 12 18:40:11.988855 n-d-858383-11 devstack@n-api.service[132188]: DEBUG oslo_concurrency.lockutils [None req-f3bc8160-907e-487e-90ee-838fe6b8bc99 tempest-AggregatesAdminTestJSON-193671527 tempest-AggregatesAdminTestJSON-193671527-project-admin] Acquiring lock "a2f64c9e-4a6a-468c-86a4-df4e50c99e24" by "nova.context.set_target_cell..get_or_set_cached_cell_and_set_connections" {{(pid=132188) inner /usr/local/lib/python3.8/dist-packages/oslo_concurrency/lockutils.py:404}}
Oct 12 18:40:11.989838 n-d-858383-11 devstack@n-api.service[132188]: DEBUG oslo_concurrency.lockutils [None req-f3bc8160-907e-487e-90ee-838fe6b8bc99 tempest-AggregatesAdminTestJSON-193671527 tempest-AggregatesAdminTestJSON-193671527-project-admin] Lock "a2f64c9e-4a6a-468c-86a4-df4e50c99e24" acquired by "nova.context.set_target_cell..get_or_set_cached_cell_and_set_connections" :: waited 0.001s {{(pid=132188) inner /usr/local/lib/python3.8/dist-packages/oslo_concurrency/lockutils.py:409}}
Oct 12 18:40:11.990426 n-d-858383-11 devstack@n-api.service[132188]: DEBUG oslo_concurrency.lockutils [None req-f3bc8160-907e-487e-90ee-838fe6b8bc99 tempest-AggregatesAdminTestJSON-193671527 tempest-AggregatesAdminTestJSON-193671527-project-admin] Lock "a2f64c9e-4a6a-468c-86a4-df4e50c99e24" "released" by "nova.context.set_target_cell..get_or_set_cached_cell_and_set_connections" :: held 0.001s {{(pid=132188) inner /usr/local/lib/python3.8/dist-packages/oslo_concurrency/lockutils.py:423}}
Oct 12 18:40:11.991904 n-d-858383-11 devstack@n-api.service[132189]: DEBUG nova.quota [None req-0ad57ef7-01dc-4db3-b5bc-10d62f5135e5 tempest-ImagesMetadataTestJSON-794416107 tempest-ImagesMetadataTestJSON-794416107-project] Getting quotas for user 51f95d049ea946f88c69023c1bbe7670 and project e2fe1229a9f64f6e8711455ec87997ea. Resources: dict_keys(['metadata_items']) {{(pid=132189) _get_quotas /opt/stack/nova/nova/quota.py:383}}
Oct 12 18:40:12.608961 n-d-858383-11 devstack@n-api.service[132189]: INFO nova.api.openstack.requestlog [None req-0ad57ef7-01dc-4db3-b5bc-10d62f5135e5 tempest-ImagesMetadataTestJSON-794416107 tempest-ImagesMetadataTestJSON-794416107-project] 10.222.0.40 "PUT /compute/v2.1/images/561a6f2b-6e0a-47fd-8830-1e13f185c570/metadata" status: 200 len: 61 microversion: 2.1 time: 0.745600
Oct 12 18:40:12.609212 n-d-858383-11 devstack@n-api.service[132188]: INFO nova.api.openstack.requestlog [None req-f3bc8160-907e-487e-90ee-838fe6b8bc99 tempest-AggregatesAdminTestJSON-193671527 tempest-AggregatesAdminTestJSON-193671527-project-admin] 10.222.0.40 "GET /compute/v2.1/servers/315281a8-344d-49b5-aa57-f43af6939d02" status: 200 len: 1642 microversion: 2.1 time: 0.649612
Oct 12 18:40:12.613947 n-d-858383-11 devstack@n-api.service[132189]: [pid: 132189|app: 0|req: 90/196] 10.222.0.40 () {60 vars in 1280 bytes} [Wed Oct 12 18:40:11 2022] PUT /compute/v2.1/images/561a6f2b-6e0a-47fd-8830-1e13f185c570/metadata => generated 61 bytes in 748 msecs (HTTP/1.1 200) 9 headers in 356 bytes (1 switches on core 0)
Oct 12 18:40:12.614084 n-d-858383-11 devstack@n-api.service[132188]: [pid: 132188|app: 0|req: 107/197] 10.222.0.40 () {58 vars in 1236 bytes} [Wed Oct 12 18:40:11 2022] GET /compute/v2.1/servers/315281a8-344d-49b5-aa57-f43af6939d02 => generated 1642 bytes in 659 msecs (HTTP/1.1 200) 9 headers in 358 bytes (1 switches on core 0)
Oct 12 18:40:12.617810 n-d-858383-11 devstack@n-api.service[132189]: DEBUG nova.api.openstack.wsgi [None req-2fbd2632-e7ee-44e7-b37a-30524864b21a tempest-LiveMigrationNegativeTest-1483788466 tempest-LiveMigrationNegativeTest-1483788466-project] Calling method '>' {{(pid=132189) _process_stack /opt/stack/nova/nova/api/openstack/wsgi.py:513}}
Oct 12 18:40:12.618721 n-d-858383-11 devstack@n-api.service[132189]: DEBUG nova.compute.api [None req-2fbd2632-e7ee-44e7-b37a-30524864b21a tempest-LiveMigrationNegativeTest-1483788466 tempest-LiveMigrationNegativeTest-1483788466-project] [instance: 5fc0af95-f0e5-4d23-927e-c0db64ff307f] Fetching instance by UUID {{(pid=132189) get /opt/stack/nova/nova/compute/api.py:2975}}
Oct 12 18:40:12.625158 n-d-858383-11 devstack@n-api.service[132188]: DEBUG nova.api.openstack.wsgi [None req-502ba98a-3897-429c-83e7-67a61aa8458c tempest-DeleteServersAdminTestJSON-1540589155 tempest-DeleteServersAdminTestJSON-1540589155-project] Calling method '>' {{(pid=132188) _process_stack /opt/stack/nova/nova/api/openstack/wsgi.py:513}}
Oct 12 18:40:12.626549 n-d-858383-11 devstack@n-api.service[132188]: DEBUG nova.compute.api [None req-502ba98a-3897-429c-83e7-67a61aa8458c tempest-DeleteServersAdminTestJSON-1540589155 tempest-DeleteServersAdminTestJSON-1540589155-project] [instance: db7b798c-4766-4f1e-96f4-9d54633a29dd] Fetching instance by UUID {{(pid=132188) get /opt/stack/nova/nova/compute/api.py:2975}}
Oct 12 18:40:12.636024 n-d-858383-11 devstack@n-api.service[132188]: DEBUG oslo_concurrency.lockutils [None req-502ba98a-3897-429c-83e7-67a61aa8458c tempest-DeleteServersAdminTestJSON-1540589155 tempest-DeleteServersAdminTestJSON-1540589155-project] Acquiring lock "a2f64c9e-4a6a-468c-86a4-df4e50c99e24" by "nova.context.set_target_cell..get_or_set_cached_cell_and_set_connections" {{(pid=132188) inner /usr/local/lib/python3.8/dist-packages/oslo_concurrency/lockutils.py:404}}
Oct 12 18:40:12.637675 n-d-858383-11 devstack@n-api.service[132188]: DEBUG oslo_concurrency.lockutils [None req-502ba98a-3897-429c-83e7-67a61aa8458c tempest-DeleteServersAdminTestJSON-1540589155 tempest-DeleteServersAdminTestJSON-1540589155-project] Lock "a2f64c9e-4a6a-468c-86a4-df4e50c99e24" acquired by "nova.context.set_target_cell..get_or_set_cached_cell_and_set_connections" :: waited 0.001s {{(pid=132188) inner /usr/local/lib/python3.8/dist-packages/oslo_concurrency/lockutils.py:409}}
Oct 12 18:40:12.639234 n-d-858383-11 devstack@n-api.service[132189]: DEBUG oslo_concurrency.lockutils [None req-2fbd2632-e7ee-44e7-b37a-30524864b21a tempest-LiveMigrationNegativeTest-1483788466 tempest-LiveMigrationNegativeTest-1483788466-project] Acquiring lock "a2f64c9e-4a6a-468c-86a4-df4e50c99e24" by "nova.context.set_target_cell..get_or_set_cached_cell_and_set_connections" {{(pid=132189) inner /usr/local/lib/python3.8/dist-packages/oslo_concurrency/lockutils.py:404}}
Oct 12 18:40:12.639746 n-d-858383-11 devstack@n-api.service[132189]: DEBUG oslo_concurrency.lockutils [None req-2fbd2632-e7ee-44e7-b37a-30524864b21a tempest-LiveMigrationNegativeTest-1483788466 tempest-LiveMigrationNegativeTest-1483788466-project] Lock "a2f64c9e-4a6a-468c-86a4-df4e50c99e24" acquired by "nova.context.set_target_cell..get_or_set_cached_cell_and_set_connections" :: waited 0.001s {{(pid=132189) inner /usr/local/lib/python3.8/dist-packages/oslo_concurrency/lockutils.py:409}}
Oct 12 18:40:12.640185 n-d-858383-11 devstack@n-api.service[132189]: DEBUG oslo_concurrency.lockutils [None req-2fbd2632-e7ee-44e7-b37a-30524864b21a tempest-LiveMigrationNegativeTest-1483788466 tempest-LiveMigrationNegativeTest-1483788466-project] Lock "a2f64c9e-4a6a-468c-86a4-df4e50c99e24" "released" by "nova.context.set_target_cell..get_or_set_cached_cell_and_set_connections" :: held 0.000s {{(pid=132189) inner /usr/local/lib/python3.8/dist-packages/oslo_concurrency/lockutils.py:423}}
Oct 12 18:40:12.640941 n-d-858383-11 devstack@n-api.service[132189]: DEBUG oslo_concurrency.lockutils [None req-2fbd2632-e7ee-44e7-b37a-30524864b21a tempest-LiveMigrationNegativeTest-1483788466 tempest-LiveMigrationNegativeTest-1483788466-project] Acquiring lock "a2f64c9e-4a6a-468c-86a4-df4e50c99e24" by "nova.context.set_target_cell..get_or_set_cached_cell_and_set_connections" {{(pid=132189) inner /usr/local/lib/python3.8/dist-packages/oslo_concurrency/lockutils.py:404}}
Oct 12 18:40:12.641386 n-d-858383-11 devstack@n-api.service[132189]: DEBUG oslo_concurrency.lockutils [None req-2fbd2632-e7ee-44e7-b37a-30524864b21a tempest-LiveMigrationNegativeTest-1483788466 tempest-LiveMigrationNegativeTest-1483788466-project] Lock "a2f64c9e-4a6a-468c-86a4-df4e50c99e24" acquired by "nova.context.set_target_cell..get_or_set_cached_cell_and_set_connections" :: waited 0.000s {{(pid=132189) inner /usr/local/lib/python3.8/dist-packages/oslo_concurrency/lockutils.py:409}}
Oct 12 18:40:12.641837 n-d-858383-11 devstack@n-api.service[132189]: DEBUG oslo_concurrency.lockutils [None req-2fbd2632-e7ee-44e7-b37a-30524864b21a tempest-LiveMigrationNegativeTest-1483788466 tempest-LiveMigrationNegativeTest-1483788466-project] Lock "a2f64c9e-4a6a-468c-86a4-df4e50c99e24" "released" by "nova.context.set_target_cell..get_or_set_cached_cell_and_set_connections" :: held 0.000s {{(pid=132189) inner /usr/local/lib/python3.8/dist-packages/oslo_concurrency/lockutils.py:423}}
Oct 12 18:40:12.647846 n-d-858383-11 devstack@n-api.service[132189]: DEBUG dbcounter [-] [132189] Writing DB stats nova_cell1:SELECT=98,nova_cell1:UPDATE=1,nova_cell1:INSERT=1 {{(pid=132189) stat_writer /usr/local/lib/python3.8/dist-packages/dbcounter.py:114}}
Oct 12 18:40:12.650434 n-d-858383-11 devstack@n-api.service[132188]: DEBUG oslo_concurrency.lockutils [None req-502ba98a-3897-429c-83e7-67a61aa8458c tempest-DeleteServersAdminTestJSON-1540589155 tempest-DeleteServersAdminTestJSON-1540589155-project] Lock "a2f64c9e-4a6a-468c-86a4-df4e50c99e24" "released" by "nova.context.set_target_cell..get_or_set_cached_cell_and_set_connections" :: held 0.002s {{(pid=132188) inner /usr/local/lib/python3.8/dist-packages/oslo_concurrency/lockutils.py:423}}
Oct 12 18:40:12.652336 n-d-858383-11 devstack@n-api.service[132188]: DEBUG oslo_concurrency.lockutils [None req-502ba98a-3897-429c-83e7-67a61aa8458c tempest-DeleteServersAdminTestJSON-1540589155 tempest-DeleteServersAdminTestJSON-1540589155-project] Acquiring lock "a2f64c9e-4a6a-468c-86a4-df4e50c99e24" by "nova.context.set_target_cell..get_or_set_cached_cell_and_set_connections" {{(pid=132188) inner /usr/local/lib/python3.8/dist-packages/oslo_concurrency/lockutils.py:404}}
Oct 12 18:40:12.653772 n-d-858383-11 devstack@n-api.service[132188]: DEBUG oslo_concurrency.lockutils [None req-502ba98a-3897-429c-83e7-67a61aa8458c tempest-DeleteServersAdminTestJSON-1540589155 tempest-DeleteServersAdminTestJSON-1540589155-project] Lock "a2f64c9e-4a6a-468c-86a4-df4e50c99e24" acquired by "nova.context.set_target_cell..get_or_set_cached_cell_and_set_connections" :: waited 0.001s {{(pid=132188) inner /usr/local/lib/python3.8/dist-packages/oslo_concurrency/lockutils.py:409}}
Oct 12 18:40:12.654596 n-d-858383-11 devstack@n-api.service[132188]: DEBUG oslo_concurrency.lockutils [None req-502ba98a-3897-429c-83e7-67a61aa8458c tempest-DeleteServersAdminTestJSON-1540589155 tempest-DeleteServersAdminTestJSON-1540589155-project] Lock "a2f64c9e-4a6a-468c-86a4-df4e50c99e24" "released" by "nova.context.set_target_cell..get_or_set_cached_cell_and_set_connections" :: held 0.002s {{(pid=132188) inner /usr/local/lib/python3.8/dist-packages/oslo_concurrency/lockutils.py:423}}
Oct 12 18:40:13.491725 n-d-858383-11 devstack@n-api.service[132189]: DEBUG nova.policy [None req-2fbd2632-e7ee-44e7-b37a-30524864b21a tempest-LiveMigrationNegativeTest-1483788466 tempest-LiveMigrationNegativeTest-1483788466-project] Policy check for os_compute_api:os-extended-server-attributes failed with credentials {'is_admin': False, 'user_id': '5655bea406aa42a088ca6931f6c50c0b', 'user_domain_id': 'default', 'system_scope': None, 'domain_id': None, 'project_id': '0f0ecaf685ea4240a46e2639e508622e', 'project_domain_id': 'default', 'roles': ['member', 'reader'], 'is_admin_project': True, 'service_user_id': None, 'service_user_domain_id': None, 'service_project_id': None, 'service_project_domain_id': None, 'service_roles': []} {{(pid=132189) authorize /opt/stack/nova/nova/policy.py:199}}
Oct 12 18:40:13.501365 n-d-858383-11 devstack@n-api.service[132189]: INFO nova.api.openstack.requestlog [None req-2fbd2632-e7ee-44e7-b37a-30524864b21a tempest-LiveMigrationNegativeTest-1483788466 tempest-LiveMigrationNegativeTest-1483788466-project] 10.222.0.40 "GET /compute/v2.1/servers/5fc0af95-f0e5-4d23-927e-c0db64ff307f" status: 200 len: 1319 microversion: 2.1 time: 0.890113
Oct 12 18:40:13.506125 n-d-858383-11 devstack@n-api.service[132189]: [pid: 132189|app: 0|req: 91/198] 10.222.0.40 () {58 vars in 1236 bytes} [Wed Oct 12 18:40:12 2022] GET /compute/v2.1/servers/5fc0af95-f0e5-4d23-927e-c0db64ff307f => generated 1319 bytes in 896 msecs (HTTP/1.1 200) 9 headers in 358 bytes (1 switches on core 0)
Oct 12 18:40:13.514981 n-d-858383-11 devstack@n-api.service[132189]: DEBUG nova.api.openstack.wsgi [None req-4181546a-a1f3-4de2-91fc-acbcefa8e3cf tempest-ImagesMetadataTestJSON-794416107 tempest-ImagesMetadataTestJSON-794416107-project] Action: 'update', calling method: .version_select at 0x7f961d188940>, body: {"meta": {"os_version": "alt"}} {{(pid=132189) _process_stack /opt/stack/nova/nova/api/openstack/wsgi.py:511}}
Oct 12 18:40:13.574284 n-d-858383-11 devstack@n-api.service[132188]: DEBUG nova.policy [None req-502ba98a-3897-429c-83e7-67a61aa8458c tempest-DeleteServersAdminTestJSON-1540589155 tempest-DeleteServersAdminTestJSON-1540589155-project] Policy check for os_compute_api:os-extended-server-attributes failed with credentials {'is_admin': False, 'user_id': 'e0ede2e9c5c8430695b1571551ef6d65', 'user_domain_id': 'default', 'system_scope': None, 'domain_id': None, 'project_id': '1c1f59384ca7420ba652eb0d6e94c6c5', 'project_domain_id': 'default', 'roles': ['member', 'reader'], 'is_admin_project': True, 'service_user_id': None, 'service_user_domain_id': None, 'service_project_id': None, 'service_project_domain_id': None, 'service_roles': []} {{(pid=132188) authorize /opt/stack/nova/nova/policy.py:199}}
Oct 12 18:40:13.583744 n-d-858383-11 devstack@n-api.service[132188]: INFO nova.api.openstack.requestlog [None req-502ba98a-3897-429c-83e7-67a61aa8458c tempest-DeleteServersAdminTestJSON-1540589155 tempest-DeleteServersAdminTestJSON-1540589155-project] 10.222.0.40 "GET /compute/v2.1/servers/db7b798c-4766-4f1e-96f4-9d54633a29dd" status: 200 len: 1496 microversion: 2.1 time: 0.969936
Oct 12 18:40:13.593746 n-d-858383-11 devstack@n-api.service[132188]: [pid: 132188|app: 0|req: 108/199] 10.222.0.40 () {58 vars in 1236 bytes} [Wed Oct 12 18:40:12 2022] GET /compute/v2.1/servers/db7b798c-4766-4f1e-96f4-9d54633a29dd => generated 1496 bytes in 971 msecs (HTTP/1.1 200) 9 headers in 358 bytes (1 switches on core 0)
Oct 12 18:40:13.593920 n-d-858383-11 devstack@n-api.service[132189]: DEBUG nova.quota [None req-4181546a-a1f3-4de2-91fc-acbcefa8e3cf tempest-ImagesMetadataTestJSON-794416107 tempest-ImagesMetadataTestJSON-794416107-project] Getting quotas for project e2fe1229a9f64f6e8711455ec87997ea. Resources: dict_keys(['metadata_items']) {{(pid=132189) _get_quotas /opt/stack/nova/nova/quota.py:393}}
Oct 12 18:40:13.601456 n-d-858383-11 devstack@n-api.service[132189]: DEBUG nova.quota [None req-4181546a-a1f3-4de2-91fc-acbcefa8e3cf tempest-ImagesMetadataTestJSON-794416107 tempest-ImagesMetadataTestJSON-794416107-project] Getting quotas for user 51f95d049ea946f88c69023c1bbe7670 and project e2fe1229a9f64f6e8711455ec87997ea. Resources: dict_keys(['metadata_items']) {{(pid=132189) _get_quotas /opt/stack/nova/nova/quota.py:383}}
Oct 12 18:40:13.601854 n-d-858383-11 devstack@n-api.service[132188]: DEBUG nova.api.openstack.wsgi [None req-a79e17e9-e350-414a-8dc9-4c6a1aff89ae tempest-AggregatesAdminTestJSON-502427082 tempest-AggregatesAdminTestJSON-502427082-project] Calling method '>' {{(pid=132188) _process_stack /opt/stack/nova/nova/api/openstack/wsgi.py:513}}
Oct 12 18:40:13.601854 n-d-858383-11 devstack@n-api.service[132188]: DEBUG nova.compute.api [None req-a79e17e9-e350-414a-8dc9-4c6a1aff89ae tempest-AggregatesAdminTestJSON-502427082 tempest-AggregatesAdminTestJSON-502427082-project] [instance: 315281a8-344d-49b5-aa57-f43af6939d02] Fetching instance by UUID {{(pid=132188) get /opt/stack/nova/nova/compute/api.py:2975}}
Oct 12 18:40:13.621332 n-d-858383-11 devstack@n-api.service[132188]: DEBUG oslo_concurrency.lockutils [None req-a79e17e9-e350-414a-8dc9-4c6a1aff89ae tempest-AggregatesAdminTestJSON-502427082 tempest-AggregatesAdminTestJSON-502427082-project] Acquiring lock "a2f64c9e-4a6a-468c-86a4-df4e50c99e24" by "nova.context.set_target_cell..get_or_set_cached_cell_and_set_connections" {{(pid=132188) inner /usr/local/lib/python3.8/dist-packages/oslo_concurrency/lockutils.py:404}}
Oct 12 18:40:13.622157 n-d-858383-11 devstack@n-api.service[132188]: DEBUG oslo_concurrency.lockutils [None req-a79e17e9-e350-414a-8dc9-4c6a1aff89ae tempest-AggregatesAdminTestJSON-502427082 tempest-AggregatesAdminTestJSON-502427082-project] Lock "a2f64c9e-4a6a-468c-86a4-df4e50c99e24" acquired by "nova.context.set_target_cell..get_or_set_cached_cell_and_set_connections" :: waited 0.001s {{(pid=132188) inner /usr/local/lib/python3.8/dist-packages/oslo_concurrency/lockutils.py:409}}
Oct 12 18:40:13.624794 n-d-858383-11 devstack@n-api.service[132188]: DEBUG oslo_concurrency.lockutils [None req-a79e17e9-e350-414a-8dc9-4c6a1aff89ae tempest-AggregatesAdminTestJSON-502427082 tempest-AggregatesAdminTestJSON-502427082-project] Lock "a2f64c9e-4a6a-468c-86a4-df4e50c99e24" "released" by "nova.context.set_target_cell..get_or_set_cached_cell_and_set_connections" :: held 0.000s {{(pid=132188) inner /usr/local/lib/python3.8/dist-packages/oslo_concurrency/lockutils.py:423}}
Oct 12 18:40:13.625557 n-d-858383-11 devstack@n-api.service[132188]: DEBUG oslo_concurrency.lockutils [None req-a79e17e9-e350-414a-8dc9-4c6a1aff89ae tempest-AggregatesAdminTestJSON-502427082 tempest-AggregatesAdminTestJSON-502427082-project] Acquiring lock "a2f64c9e-4a6a-468c-86a4-df4e50c99e24" by "nova.context.set_target_cell..get_or_set_cached_cell_and_set_connections" {{(pid=132188) inner /usr/local/lib/python3.8/dist-packages/oslo_concurrency/lockutils.py:404}}
Oct 12 18:40:13.626066 n-d-858383-11 devstack@n-api.service[132188]: DEBUG oslo_concurrency.lockutils [None req-a79e17e9-e350-414a-8dc9-4c6a1aff89ae tempest-AggregatesAdminTestJSON-502427082 tempest-AggregatesAdminTestJSON-502427082-project] Lock "a2f64c9e-4a6a-468c-86a4-df4e50c99e24" acquired by "nova.context.set_target_cell..get_or_set_cached_cell_and_set_connections" :: waited 0.000s {{(pid=132188) inner /usr/local/lib/python3.8/dist-packages/oslo_concurrency/lockutils.py:409}}
Oct 12 18:40:13.626495 n-d-858383-11 devstack@n-api.service[132188]: DEBUG oslo_concurrency.lockutils [None req-a79e17e9-e350-414a-8dc9-4c6a1aff89ae tempest-AggregatesAdminTestJSON-502427082 tempest-AggregatesAdminTestJSON-502427082-project] Lock "a2f64c9e-4a6a-468c-86a4-df4e50c99e24" "released" by "nova.context.set_target_cell..get_or_set_cached_cell_and_set_connections" :: held 0.000s {{(pid=132188) inner /usr/local/lib/python3.8/dist-packages/oslo_concurrency/lockutils.py:423}}
Oct 12 18:40:13.672749 n-d-858383-11 devstack@n-api.service[132188]: DEBUG nova.compute.api [None req-a79e17e9-e350-414a-8dc9-4c6a1aff89ae tempest-AggregatesAdminTestJSON-502427082 tempest-AggregatesAdminTestJSON-502427082-project] [instance: 315281a8-344d-49b5-aa57-f43af6939d02] Going to try to terminate instance {{(pid=132188) delete /opt/stack/nova/nova/compute/api.py:2719}}
Oct 12 18:40:14.017268 n-d-858383-11 devstack@n-api.service[132189]: INFO nova.api.openstack.requestlog [None req-4181546a-a1f3-4de2-91fc-acbcefa8e3cf tempest-ImagesMetadataTestJSON-794416107 tempest-ImagesMetadataTestJSON-794416107-project] 10.222.0.40 "PUT /compute/v2.1/images/561a6f2b-6e0a-47fd-8830-1e13f185c570/metadata/os_version" status: 200 len: 31 microversion: 2.1 time: 0.509533
Oct 12 18:40:14.018397 n-d-858383-11 devstack@n-api.service[132189]: [pid: 132189|app: 0|req: 92/200] 10.222.0.40 () {60 vars in 1313 bytes} [Wed Oct 12 18:40:13 2022] PUT /compute/v2.1/images/561a6f2b-6e0a-47fd-8830-1e13f185c570/metadata/os_version => generated 31 bytes in 511 msecs (HTTP/1.1 200) 9 headers in 356 bytes (1 switches on core 0)
Oct 12 18:40:14.185248 n-d-858383-11 devstack@n-api.service[132188]: INFO nova.api.openstack.requestlog [None req-a79e17e9-e350-414a-8dc9-4c6a1aff89ae tempest-AggregatesAdminTestJSON-502427082 tempest-AggregatesAdminTestJSON-502427082-project] 10.222.0.40 "DELETE /compute/v2.1/servers/315281a8-344d-49b5-aa57-f43af6939d02" status: 204 len: 0 microversion: 2.1 time: 0.598819
Oct 12 18:40:14.187334 n-d-858383-11 devstack@n-api.service[132188]: [pid: 132188|app: 0|req: 109/201] 10.222.0.40 () {58 vars in 1239 bytes} [Wed Oct 12 18:40:13 2022] DELETE /compute/v2.1/servers/315281a8-344d-49b5-aa57-f43af6939d02 => generated 0 bytes in 602 msecs (HTTP/1.1 204) 9 headers in 363 bytes (1 switches on core 0)
Oct 12 18:40:14.386692 n-d-858383-11 devstack@n-api.service[132189]: DEBUG nova.api.openstack.wsgi [None req-53a74056-83a3-4ad6-8060-9c7fba1987a4 tempest-InstanceUsageAuditLogTestJSON-1043357393 tempest-InstanceUsageAuditLogTestJSON-1043357393-project-admin] Calling method '>' {{(pid=132189) _process_stack /opt/stack/nova/nova/api/openstack/wsgi.py:513}}
Oct 12 18:40:14.409090 n-d-858383-11 devstack@n-api.service[132189]: INFO nova.api.openstack.requestlog [None req-53a74056-83a3-4ad6-8060-9c7fba1987a4 tempest-InstanceUsageAuditLogTestJSON-1043357393 tempest-InstanceUsageAuditLogTestJSON-1043357393-project-admin] 10.222.0.40 "GET /compute/v2.1/os-instance_usage_audit_log/2022-10-12 18:40:13" status: 200 len: 318 microversion: 2.1 time: 0.389081
Oct 12 18:40:14.410060 n-d-858383-11 devstack@n-api.service[132189]: [pid: 132189|app: 0|req: 93/202] 10.222.0.40 () {58 vars in 1251 bytes} [Wed Oct 12 18:40:14 2022] GET /compute/v2.1/os-instance_usage_audit_log/2022-10-12%2018%3A40%3A13 => generated 318 bytes in 391 msecs (HTTP/1.1 200) 9 headers in 357 bytes (1 switches on core 0)
Oct 12 18:40:14.419413 n-d-858383-11 devstack@n-api.service[132189]: DEBUG nova.api.openstack.wsgi [req-5573fab3-408d-458d-a7c5-c81e4c1700bc req-3309fe4c-bb94-4668-a82d-79691caab10d service nova] Action: 'create', calling method: >, body: {"events": [{"server_uuid": "db7b798c-4766-4f1e-96f4-9d54633a29dd", "name": "network-vif-deleted", "tag": "a5843bf5-ae19-4c62-b136-95dc27916ff4"}]} {{(pid=132189) _process_stack /opt/stack/nova/nova/api/openstack/wsgi.py:511}}
Oct 12 18:40:14.427153 n-d-858383-11 devstack@n-api.service[132188]: DEBUG nova.api.openstack.wsgi [None req-b2ea1eca-4632-49d7-a47c-0e51c9bcf5a8 tempest-ServersWithSpecificFlavorTestJSON-1218404695 tempest-ServersWithSpecificFlavorTestJSON-1218404695-project] Calling method '>' {{(pid=132188) _process_stack /opt/stack/nova/nova/api/openstack/wsgi.py:513}}
Oct 12 18:40:14.430117 n-d-858383-11 devstack@n-api.service[132189]: DEBUG oslo_concurrency.lockutils [req-5573fab3-408d-458d-a7c5-c81e4c1700bc req-3309fe4c-bb94-4668-a82d-79691caab10d service nova] Acquiring lock "a2f64c9e-4a6a-468c-86a4-df4e50c99e24" by "nova.context.set_target_cell..get_or_set_cached_cell_and_set_connections" {{(pid=132189) inner /usr/local/lib/python3.8/dist-packages/oslo_concurrency/lockutils.py:404}}
Oct 12 18:40:14.430712 n-d-858383-11 devstack@n-api.service[132189]: DEBUG oslo_concurrency.lockutils [req-5573fab3-408d-458d-a7c5-c81e4c1700bc req-3309fe4c-bb94-4668-a82d-79691caab10d service nova] Lock "a2f64c9e-4a6a-468c-86a4-df4e50c99e24" acquired by "nova.context.set_target_cell..get_or_set_cached_cell_and_set_connections" :: waited 0.001s {{(pid=132189) inner /usr/local/lib/python3.8/dist-packages/oslo_concurrency/lockutils.py:409}}
Oct 12 18:40:14.431274 n-d-858383-11 devstack@n-api.service[132189]: DEBUG oslo_concurrency.lockutils [req-5573fab3-408d-458d-a7c5-c81e4c1700bc req-3309fe4c-bb94-4668-a82d-79691caab10d service nova] Lock "a2f64c9e-4a6a-468c-86a4-df4e50c99e24" "released" by "nova.context.set_target_cell..get_or_set_cached_cell_and_set_connections" :: held 0.001s {{(pid=132189) inner /usr/local/lib/python3.8/dist-packages/oslo_concurrency/lockutils.py:423}}
Oct 12 18:40:14.439294 n-d-858383-11 devstack@n-api.service[132188]: INFO nova.api.openstack.requestlog [None req-b2ea1eca-4632-49d7-a47c-0e51c9bcf5a8 tempest-ServersWithSpecificFlavorTestJSON-1218404695 tempest-ServersWithSpecificFlavorTestJSON-1218404695-project] 10.222.0.40 "GET /compute/v2.1/flavors/452" status: 200 len: 370 microversion: 2.1 time: 0.250008
Oct 12 18:40:14.440011 n-d-858383-11 devstack@n-api.service[132188]: [pid: 132188|app: 0|req: 110/203] 10.222.0.40 () {58 vars in 1137 bytes} [Wed Oct 12 18:40:14 2022] GET /compute/v2.1/flavors/452 => generated 370 bytes in 252 msecs (HTTP/1.1 200) 9 headers in 357 bytes (1 switches on core 0)
Oct 12 18:40:14.446011 n-d-858383-11 devstack@n-api.service[132188]: DEBUG nova.api.openstack.wsgi [None req-61db963e-6042-468d-97b4-ee4287e00e49 tempest-ImagesMetadataTestJSON-794416107 tempest-ImagesMetadataTestJSON-794416107-project] Calling method '.version_select at 0x7f961d11ddc0>' {{(pid=132188) _process_stack /opt/stack/nova/nova/api/openstack/wsgi.py:513}}
Oct 12 18:40:14.446968 n-d-858383-11 devstack@n-api.service[132189]: INFO nova.api.openstack.compute.server_external_events [req-5573fab3-408d-458d-a7c5-c81e4c1700bc req-3309fe4c-bb94-4668-a82d-79691caab10d service nova] Creating event network-vif-deleted:a5843bf5-ae19-4c62-b136-95dc27916ff4 for instance db7b798c-4766-4f1e-96f4-9d54633a29dd on n-h2-858383-11
Oct 12 18:40:14.454500 n-d-858383-11 devstack@n-api.service[132189]: INFO nova.api.openstack.requestlog [req-5573fab3-408d-458d-a7c5-c81e4c1700bc req-3309fe4c-bb94-4668-a82d-79691caab10d service nova] 10.222.0.40 "POST /compute/v2.1/os-server-external-events" status: 200 len: 183 microversion: 2.1 time: 0.041707
Oct 12 18:40:14.455729 n-d-858383-11 devstack@n-api.service[132189]: [pid: 132189|app: 0|req: 94/204] 10.222.0.40 () {64 vars in 1317 bytes} [Wed Oct 12 18:40:14 2022] POST /compute/v2.1/os-server-external-events => generated 183 bytes in 45 msecs (HTTP/1.1 200) 9 headers in 357 bytes (1 switches on core 0)
Oct 12 18:40:14.463904 n-d-858383-11 devstack@n-api.service[132189]: DEBUG nova.api.openstack.wsgi [None req-83b69631-8049-43e8-b2a7-95c2f908fe70 tempest-AggregatesAdminTestJSON-502427082 tempest-AggregatesAdminTestJSON-502427082-project] Calling method '>' {{(pid=132189) _process_stack /opt/stack/nova/nova/api/openstack/wsgi.py:513}}
Oct 12 18:40:14.464615 n-d-858383-11 devstack@n-api.service[132189]: DEBUG nova.compute.api [None req-83b69631-8049-43e8-b2a7-95c2f908fe70 tempest-AggregatesAdminTestJSON-502427082 tempest-AggregatesAdminTestJSON-502427082-project] [instance: 315281a8-344d-49b5-aa57-f43af6939d02] Fetching instance by UUID {{(pid=132189) get /opt/stack/nova/nova/compute/api.py:2975}}
Oct 12 18:40:14.472252 n-d-858383-11 devstack@n-api.service[132189]: DEBUG oslo_concurrency.lockutils [None req-83b69631-8049-43e8-b2a7-95c2f908fe70 tempest-AggregatesAdminTestJSON-502427082 tempest-AggregatesAdminTestJSON-502427082-project] Acquiring lock "a2f64c9e-4a6a-468c-86a4-df4e50c99e24" by "nova.context.set_target_cell..get_or_set_cached_cell_and_set_connections" {{(pid=132189) inner /usr/local/lib/python3.8/dist-packages/oslo_concurrency/lockutils.py:404}}
Oct 12 18:40:14.472901 n-d-858383-11 devstack@n-api.service[132189]: DEBUG oslo_concurrency.lockutils [None req-83b69631-8049-43e8-b2a7-95c2f908fe70 tempest-AggregatesAdminTestJSON-502427082 tempest-AggregatesAdminTestJSON-502427082-project] Lock "a2f64c9e-4a6a-468c-86a4-df4e50c99e24" acquired by "nova.context.set_target_cell..get_or_set_cached_cell_and_set_connections" :: waited 0.001s {{(pid=132189) inner /usr/local/lib/python3.8/dist-packages/oslo_concurrency/lockutils.py:409}}
Oct 12 18:40:14.475014 n-d-858383-11 devstack@n-api.service[132189]: DEBUG oslo_concurrency.lockutils [None req-83b69631-8049-43e8-b2a7-95c2f908fe70 tempest-AggregatesAdminTestJSON-502427082 tempest-AggregatesAdminTestJSON-502427082-project] Lock "a2f64c9e-4a6a-468c-86a4-df4e50c99e24" "released" by "nova.context.set_target_cell..get_or_set_cached_cell_and_set_connections" :: held 0.000s {{(pid=132189) inner /usr/local/lib/python3.8/dist-packages/oslo_concurrency/lockutils.py:423}}
Oct 12 18:40:14.476091 n-d-858383-11 devstack@n-api.service[132189]: DEBUG oslo_concurrency.lockutils [None req-83b69631-8049-43e8-b2a7-95c2f908fe70 tempest-AggregatesAdminTestJSON-502427082 tempest-AggregatesAdminTestJSON-502427082-project] Acquiring lock "a2f64c9e-4a6a-468c-86a4-df4e50c99e24" by "nova.context.set_target_cell..get_or_set_cached_cell_and_set_connections" {{(pid=132189) inner /usr/local/lib/python3.8/dist-packages/oslo_concurrency/lockutils.py:404}}
Oct 12 18:40:14.476711 n-d-858383-11 devstack@n-api.service[132189]: DEBUG oslo_concurrency.lockutils [None req-83b69631-8049-43e8-b2a7-95c2f908fe70 tempest-AggregatesAdminTestJSON-502427082 tempest-AggregatesAdminTestJSON-502427082-project] Lock "a2f64c9e-4a6a-468c-86a4-df4e50c99e24" acquired by "nova.context.set_target_cell..get_or_set_cached_cell_and_set_connections" :: waited 0.001s {{(pid=132189) inner /usr/local/lib/python3.8/dist-packages/oslo_concurrency/lockutils.py:409}}
Oct 12 18:40:14.477284 n-d-858383-11 devstack@n-api.service[132189]: DEBUG oslo_concurrency.lockutils [None req-83b69631-8049-43e8-b2a7-95c2f908fe70 tempest-AggregatesAdminTestJSON-502427082 tempest-AggregatesAdminTestJSON-502427082-project] Lock "a2f64c9e-4a6a-468c-86a4-df4e50c99e24" "released" by "nova.context.set_target_cell..get_or_set_cached_cell_and_set_connections" :: held 0.001s {{(pid=132189) inner /usr/local/lib/python3.8/dist-packages/oslo_concurrency/lockutils.py:423}}
Oct 12 18:40:14.493483 n-d-858383-11 devstack@n-api.service[132188]: INFO nova.api.openstack.requestlog [None req-61db963e-6042-468d-97b4-ee4287e00e49 tempest-ImagesMetadataTestJSON-794416107 tempest-ImagesMetadataTestJSON-794416107-project] 10.222.0.40 "GET /compute/v2.1/images/561a6f2b-6e0a-47fd-8830-1e13f185c570/metadata" status: 200 len: 58 microversion: 2.1 time: 0.051165
Oct 12 18:40:14.494613 n-d-858383-11 devstack@n-api.service[132188]: [pid: 132188|app: 0|req: 111/205] 10.222.0.40 () {58 vars in 1260 bytes} [Wed Oct 12 18:40:14 2022] GET /compute/v2.1/images/561a6f2b-6e0a-47fd-8830-1e13f185c570/metadata => generated 58 bytes in 54 msecs (HTTP/1.1 200) 9 headers in 356 bytes (1 switches on core 0)
Oct 12 18:40:14.499131 n-d-858383-11 devstack@n-api.service[132188]: DEBUG nova.api.openstack.wsgi [None req-cf458f09-f9ef-4e7b-8ded-72bd937942fa tempest-InstanceUsageAuditLogTestJSON-1043357393 tempest-InstanceUsageAuditLogTestJSON-1043357393-project-admin] Calling method '>' {{(pid=132188) _process_stack /opt/stack/nova/nova/api/openstack/wsgi.py:513}}
Oct 12 18:40:14.525378 n-d-858383-11 devstack@n-api.service[132188]: INFO nova.api.openstack.requestlog [None req-cf458f09-f9ef-4e7b-8ded-72bd937942fa tempest-InstanceUsageAuditLogTestJSON-1043357393 tempest-InstanceUsageAuditLogTestJSON-1043357393-project-admin] 10.222.0.40 "GET /compute/v2.1/os-instance_usage_audit_log" status: 200 len: 319 microversion: 2.1 time: 0.029543
Oct 12 18:40:14.526259 n-d-858383-11 devstack@n-api.service[132188]: [pid: 132188|app: 0|req: 112/206] 10.222.0.40 () {58 vars in 1185 bytes} [Wed Oct 12 18:40:14 2022] GET /compute/v2.1/os-instance_usage_audit_log => generated 319 bytes in 31 msecs (HTTP/1.1 200) 9 headers in 357 bytes (1 switches on core 0)
Oct 12 18:40:14.648020 n-d-858383-11 devstack@n-api.service[132189]: DEBUG nova.policy [None req-83b69631-8049-43e8-b2a7-95c2f908fe70 tempest-AggregatesAdminTestJSON-502427082 tempest-AggregatesAdminTestJSON-502427082-project] Policy check for os_compute_api:os-extended-server-attributes failed with credentials {'is_admin': False, 'user_id': '6d78ffcf9ee44635a44f9e1fc5f08617', 'user_domain_id': 'default', 'system_scope': None, 'domain_id': None, 'project_id': '01a4417a14244cffbe9fb830cdf18d71', 'project_domain_id': 'default', 'roles': ['member', 'reader'], 'is_admin_project': True, 'service_user_id': None, 'service_user_domain_id': None, 'service_project_id': None, 'service_project_domain_id': None, 'service_roles': []} {{(pid=132189) authorize /opt/stack/nova/nova/policy.py:199}}
Oct 12 18:40:14.662246 n-d-858383-11 devstack@n-api.service[132189]: INFO nova.api.openstack.requestlog [None req-83b69631-8049-43e8-b2a7-95c2f908fe70 tempest-AggregatesAdminTestJSON-502427082 tempest-AggregatesAdminTestJSON-502427082-project] 10.222.0.40 "GET /compute/v2.1/servers/315281a8-344d-49b5-aa57-f43af6939d02" status: 200 len: 1495 microversion: 2.1 time: 0.199781
Oct 12 18:40:14.663056 n-d-858383-11 devstack@n-api.service[132189]: [pid: 132189|app: 0|req: 95/207] 10.222.0.40 () {58 vars in 1236 bytes} [Wed Oct 12 18:40:14 2022] GET /compute/v2.1/servers/315281a8-344d-49b5-aa57-f43af6939d02 => generated 1495 bytes in 207 msecs (HTTP/1.1 200) 9 headers in 358 bytes (1 switches on core 0)
Oct 12 18:40:14.668639 n-d-858383-11 devstack@n-api.service[132189]: DEBUG nova.api.openstack.wsgi [None req-f5a26fba-c5fa-46a1-bb02-af6b8f26d3d3 tempest-ImagesMetadataTestJSON-794416107 tempest-ImagesMetadataTestJSON-794416107-project] Action: 'update_all', calling method: .version_select at 0x7f961d05b8b0>, body: {"metadata": {"os_version": "value1", "os_distro": "value2"}} {{(pid=132189) _process_stack /opt/stack/nova/nova/api/openstack/wsgi.py:511}}
Oct 12 18:40:14.682621 n-d-858383-11 devstack@n-api.service[132188]: DEBUG nova.api.openstack.wsgi [None req-357f8dd7-7d7f-4e17-9a33-aae3582425b6 tempest-ServersWithSpecificFlavorTestJSON-1437435146 tempest-ServersWithSpecificFlavorTestJSON-1437435146-project-admin] Action: 'create', calling method: >, body: {"flavor": {"ram": 1024, "vcpus": 1, "disk": 1, "name": "tempest-flavor_with_ephemeral_1-613107649", "id": 1491544343, "OS-FLV-EXT-DATA:ephemeral": 1, "os-flavor-access:is_public": "True"}} {{(pid=132188) _process_stack /opt/stack/nova/nova/api/openstack/wsgi.py:511}}
Oct 12 18:40:14.739232 n-d-858383-11 devstack@n-api.service[132188]: INFO nova.api.openstack.requestlog [None req-357f8dd7-7d7f-4e17-9a33-aae3582425b6 tempest-ServersWithSpecificFlavorTestJSON-1437435146 tempest-ServersWithSpecificFlavorTestJSON-1437435146-project-admin] 10.222.0.40 "POST /compute/v2.1/flavors" status: 200 len: 424 microversion: 2.1 time: 0.211207
Oct 12 18:40:14.740255 n-d-858383-11 devstack@n-api.service[132188]: [pid: 132188|app: 0|req: 113/208] 10.222.0.40 () {60 vars in 1147 bytes} [Wed Oct 12 18:40:14 2022] POST /compute/v2.1/flavors => generated 424 bytes in 213 msecs (HTTP/1.1 200) 9 headers in 357 bytes (1 switches on core 0)
Oct 12 18:40:14.745488 n-d-858383-11 devstack@n-api.service[132188]: DEBUG nova.api.openstack.wsgi [None req-297ec1c7-8bc2-4d24-936b-48acd5bdd5bf tempest-LiveMigrationNegativeTest-1483788466 tempest-LiveMigrationNegativeTest-1483788466-project] Calling method '>' {{(pid=132188) _process_stack /opt/stack/nova/nova/api/openstack/wsgi.py:513}}
Oct 12 18:40:14.746276 n-d-858383-11 devstack@n-api.service[132188]: DEBUG nova.compute.api [None req-297ec1c7-8bc2-4d24-936b-48acd5bdd5bf tempest-LiveMigrationNegativeTest-1483788466 tempest-LiveMigrationNegativeTest-1483788466-project] [instance: 5fc0af95-f0e5-4d23-927e-c0db64ff307f] Fetching instance by UUID {{(pid=132188) get /opt/stack/nova/nova/compute/api.py:2975}}
Oct 12 18:40:14.753025 n-d-858383-11 devstack@n-api.service[132188]: DEBUG oslo_concurrency.lockutils [None req-297ec1c7-8bc2-4d24-936b-48acd5bdd5bf tempest-LiveMigrationNegativeTest-1483788466 tempest-LiveMigrationNegativeTest-1483788466-project] Acquiring lock "a2f64c9e-4a6a-468c-86a4-df4e50c99e24" by "nova.context.set_target_cell..get_or_set_cached_cell_and_set_connections" {{(pid=132188) inner /usr/local/lib/python3.8/dist-packages/oslo_concurrency/lockutils.py:404}}
Oct 12 18:40:14.754165 n-d-858383-11 devstack@n-api.service[132188]: DEBUG oslo_concurrency.lockutils [None req-297ec1c7-8bc2-4d24-936b-48acd5bdd5bf tempest-LiveMigrationNegativeTest-1483788466 tempest-LiveMigrationNegativeTest-1483788466-project] Lock "a2f64c9e-4a6a-468c-86a4-df4e50c99e24" acquired by "nova.context.set_target_cell..get_or_set_cached_cell_and_set_connections" :: waited 0.001s {{(pid=132188) inner /usr/local/lib/python3.8/dist-packages/oslo_concurrency/lockutils.py:409}}
Oct 12 18:40:14.754938 n-d-858383-11 devstack@n-api.service[132188]: DEBUG oslo_concurrency.lockutils [None req-297ec1c7-8bc2-4d24-936b-48acd5bdd5bf tempest-LiveMigrationNegativeTest-1483788466 tempest-LiveMigrationNegativeTest-1483788466-project] Lock "a2f64c9e-4a6a-468c-86a4-df4e50c99e24" "released" by "nova.context.set_target_cell..get_or_set_cached_cell_and_set_connections" :: held 0.001s {{(pid=132188) inner /usr/local/lib/python3.8/dist-packages/oslo_concurrency/lockutils.py:423}}
Oct 12 18:40:14.756061 n-d-858383-11 devstack@n-api.service[132188]: DEBUG oslo_concurrency.lockutils [None req-297ec1c7-8bc2-4d24-936b-48acd5bdd5bf tempest-LiveMigrationNegativeTest-1483788466 tempest-LiveMigrationNegativeTest-1483788466-project] Acquiring lock "a2f64c9e-4a6a-468c-86a4-df4e50c99e24" by "nova.context.set_target_cell..get_or_set_cached_cell_and_set_connections" {{(pid=132188) inner /usr/local/lib/python3.8/dist-packages/oslo_concurrency/lockutils.py:404}}
Oct 12 18:40:14.757230 n-d-858383-11 devstack@n-api.service[132188]: DEBUG oslo_concurrency.lockutils [None req-297ec1c7-8bc2-4d24-936b-48acd5bdd5bf tempest-LiveMigrationNegativeTest-1483788466 tempest-LiveMigrationNegativeTest-1483788466-project] Lock "a2f64c9e-4a6a-468c-86a4-df4e50c99e24" acquired by "nova.context.set_target_cell..get_or_set_cached_cell_and_set_connections" :: waited 0.001s {{(pid=132188) inner /usr/local/lib/python3.8/dist-packages/oslo_concurrency/lockutils.py:409}}
Oct 12 18:40:14.757884 n-d-858383-11 devstack@n-api.service[132188]: DEBUG oslo_concurrency.lockutils [None req-297ec1c7-8bc2-4d24-936b-48acd5bdd5bf tempest-LiveMigrationNegativeTest-1483788466 tempest-LiveMigrationNegativeTest-1483788466-project] Lock "a2f64c9e-4a6a-468c-86a4-df4e50c99e24" "released" by "nova.context.set_target_cell..get_or_set_cached_cell_and_set_connections" :: held 0.001s {{(pid=132188) inner /usr/local/lib/python3.8/dist-packages/oslo_concurrency/lockutils.py:423}}
Oct 12 18:40:14.772995 n-d-858383-11 devstack@n-api.service[132189]: DEBUG nova.quota [None req-f5a26fba-c5fa-46a1-bb02-af6b8f26d3d3 tempest-ImagesMetadataTestJSON-794416107 tempest-ImagesMetadataTestJSON-794416107-project] Getting quotas for project e2fe1229a9f64f6e8711455ec87997ea. Resources: dict_keys(['metadata_items']) {{(pid=132189) _get_quotas /opt/stack/nova/nova/quota.py:393}}
