Sep 16 16:36:57.878205 n-d-858094-6 devstack@placement-api.service[107702]: DEBUG placement.requestlog [req-93f6c752-9e41-4787-81e5-753133ec5f2a req-92797dd6-aedd-4ef2-83d2-903b3fd1c720 None None] Starting request: 10.222.0.52 "GET /placement/resource_providers/1f346e2b-b14c-4fa6-92c4-57d33f278e1a/allocations" {{(pid=107702) __call__ /opt/stack/placement/placement/requestlog.py:55}}
Sep 16 16:36:57.910949 n-d-858094-6 devstack@placement-api.service[107702]: INFO placement.requestlog [req-93f6c752-9e41-4787-81e5-753133ec5f2a req-92797dd6-aedd-4ef2-83d2-903b3fd1c720 service placement] 10.222.0.52 "GET /placement/resource_providers/1f346e2b-b14c-4fa6-92c4-57d33f278e1a/allocations" status: 200 len: 659 microversion: 1.0
Sep 16 16:36:57.911768 n-d-858094-6 devstack@placement-api.service[107702]: [pid: 107702|app: 0|req: 184/363] 10.222.0.52 () {58 vars in 1390 bytes} [Fri Sep 16 16:36:57 2022] GET /placement/resource_providers/1f346e2b-b14c-4fa6-92c4-57d33f278e1a/allocations => generated 659 bytes in 34 msecs (HTTP/1.1 200) 6 headers in 224 bytes (1 switches on core 0)
Sep 16 16:36:57.923419 n-d-858094-6 devstack@placement-api.service[107701]: DEBUG placement.requestlog [req-93f6c752-9e41-4787-81e5-753133ec5f2a req-95ea76a0-11eb-45c1-a0a4-f47b617d2744 None None] Starting request: 10.222.0.52 "GET /placement/allocations/007c63de-f136-41a1-8a27-1a085b693d9d" {{(pid=107701) __call__ /opt/stack/placement/placement/requestlog.py:55}}
Sep 16 16:36:57.951092 n-d-858094-6 devstack@placement-api.service[107701]: INFO placement.requestlog [req-93f6c752-9e41-4787-81e5-753133ec5f2a req-95ea76a0-11eb-45c1-a0a4-f47b617d2744 service placement] 10.222.0.52 "GET /placement/allocations/007c63de-f136-41a1-8a27-1a085b693d9d" status: 200 len: 259 microversion: 1.28
Sep 16 16:36:57.951612 n-d-858094-6 devstack@placement-api.service[107701]: [pid: 107701|app: 0|req: 180/364] 10.222.0.52 () {60 vars in 1377 bytes} [Fri Sep 16 16:36:57 2022] GET /placement/allocations/007c63de-f136-41a1-8a27-1a085b693d9d => generated 259 bytes in 29 msecs (HTTP/1.1 200) 8 headers in 296 bytes (1 switches on core 0)
Sep 16 16:36:57.960248 n-d-858094-6 devstack@placement-api.service[107702]: DEBUG placement.requestlog [req-93f6c752-9e41-4787-81e5-753133ec5f2a req-e4752505-a2f2-42fb-a2b6-3fb20da38729 None None] Starting request: 10.222.0.52 "GET /placement/allocations/0518099d-df0a-48d8-af2c-214f8fee7d9c" {{(pid=107702) __call__ /opt/stack/placement/placement/requestlog.py:55}}
Sep 16 16:36:57.978814 n-d-858094-6 devstack@placement-api.service[107702]: INFO placement.requestlog [req-93f6c752-9e41-4787-81e5-753133ec5f2a req-e4752505-a2f2-42fb-a2b6-3fb20da38729 service placement] 10.222.0.52 "GET /placement/allocations/0518099d-df0a-48d8-af2c-214f8fee7d9c" status: 200 len: 259 microversion: 1.28
Sep 16 16:36:57.980150 n-d-858094-6 devstack@placement-api.service[107702]: [pid: 107702|app: 0|req: 185/365] 10.222.0.52 () {60 vars in 1377 bytes} [Fri Sep 16 16:36:57 2022] GET /placement/allocations/0518099d-df0a-48d8-af2c-214f8fee7d9c => generated 259 bytes in 20 msecs (HTTP/1.1 200) 8 headers in 296 bytes (2 switches on core 0)
Sep 16 16:36:57.987245 n-d-858094-6 devstack@placement-api.service[107701]: DEBUG placement.requestlog [req-93f6c752-9e41-4787-81e5-753133ec5f2a req-b5c94a3b-0358-4cad-a2ac-ea6ea2b38e29 None None] Starting request: 10.222.0.52 "GET /placement/allocations/f6bfbab6-18df-45b1-9812-349cf88fa00e" {{(pid=107701) __call__ /opt/stack/placement/placement/requestlog.py:55}}
Sep 16 16:36:58.004638 n-d-858094-6 devstack@placement-api.service[107701]: INFO placement.requestlog [req-93f6c752-9e41-4787-81e5-753133ec5f2a req-b5c94a3b-0358-4cad-a2ac-ea6ea2b38e29 service placement] 10.222.0.52 "GET /placement/allocations/f6bfbab6-18df-45b1-9812-349cf88fa00e" status: 200 len: 259 microversion: 1.28
Sep 16 16:36:58.005106 n-d-858094-6 devstack@placement-api.service[107701]: [pid: 107701|app: 0|req: 181/366] 10.222.0.52 () {60 vars in 1377 bytes} [Fri Sep 16 16:36:57 2022] GET /placement/allocations/f6bfbab6-18df-45b1-9812-349cf88fa00e => generated 259 bytes in 18 msecs (HTTP/1.1 200) 8 headers in 296 bytes (1 switches on core 0)
Sep 16 16:36:58.007579 n-d-858094-6 devstack@placement-api.service[107702]: DEBUG placement.requestlog [req-e354dcd6-d73e-4d79-897d-8f87c34361c7 req-806cac88-00e4-42ec-be8e-eb0e72f983a3 None None] Starting request: 10.222.0.50 "GET /placement/allocations/8fa4eadb-e8cf-45ce-a7b6-353aba9cfbad" {{(pid=107702) __call__ /opt/stack/placement/placement/requestlog.py:55}}
Sep 16 16:36:58.016643 n-d-858094-6 devstack@placement-api.service[107701]: DEBUG placement.requestlog [req-93f6c752-9e41-4787-81e5-753133ec5f2a req-9c6a0305-2cdc-441d-9f1f-27b921619474 None None] Starting request: 10.222.0.52 "GET /placement/allocations/7d0e8c9d-bb5b-47a2-9afd-74e8ee292980" {{(pid=107701) __call__ /opt/stack/placement/placement/requestlog.py:55}}
Sep 16 16:36:58.024975 n-d-858094-6 devstack@placement-api.service[107702]: INFO placement.requestlog [req-e354dcd6-d73e-4d79-897d-8f87c34361c7 req-806cac88-00e4-42ec-be8e-eb0e72f983a3 service placement] 10.222.0.50 "GET /placement/allocations/8fa4eadb-e8cf-45ce-a7b6-353aba9cfbad" status: 200 len: 259 microversion: 1.28
Sep 16 16:36:58.025361 n-d-858094-6 devstack@placement-api.service[107702]: [pid: 107702|app: 0|req: 186/367] 10.222.0.50 () {60 vars in 1377 bytes} [Fri Sep 16 16:36:58 2022] GET /placement/allocations/8fa4eadb-e8cf-45ce-a7b6-353aba9cfbad => generated 259 bytes in 18 msecs (HTTP/1.1 200) 8 headers in 296 bytes (2 switches on core 0)
Sep 16 16:36:58.035617 n-d-858094-6 devstack@placement-api.service[107701]: INFO placement.requestlog [req-93f6c752-9e41-4787-81e5-753133ec5f2a req-9c6a0305-2cdc-441d-9f1f-27b921619474 service placement] 10.222.0.52 "GET /placement/allocations/7d0e8c9d-bb5b-47a2-9afd-74e8ee292980" status: 200 len: 259 microversion: 1.28
Sep 16 16:36:58.036100 n-d-858094-6 devstack@placement-api.service[107701]: [pid: 107701|app: 0|req: 182/368] 10.222.0.52 () {60 vars in 1377 bytes} [Fri Sep 16 16:36:58 2022] GET /placement/allocations/7d0e8c9d-bb5b-47a2-9afd-74e8ee292980 => generated 259 bytes in 20 msecs (HTTP/1.1 200) 8 headers in 296 bytes (2 switches on core 0)
Sep 16 16:36:58.076403 n-d-858094-6 devstack@placement-api.service[107702]: DEBUG placement.requestlog [req-93f6c752-9e41-4787-81e5-753133ec5f2a req-23c587a4-74c3-4eec-9125-94ef9fa8bd74 None None] Starting request: 10.222.0.52 "GET /placement/allocations/10ba7f89-3932-48c2-b053-9fa452dfe648" {{(pid=107702) __call__ /opt/stack/placement/placement/requestlog.py:55}}
Sep 16 16:36:58.098558 n-d-858094-6 devstack@placement-api.service[107702]: INFO placement.requestlog [req-93f6c752-9e41-4787-81e5-753133ec5f2a req-23c587a4-74c3-4eec-9125-94ef9fa8bd74 service placement] 10.222.0.52 "GET /placement/allocations/10ba7f89-3932-48c2-b053-9fa452dfe648" status: 200 len: 259 microversion: 1.28
Sep 16 16:36:58.099158 n-d-858094-6 devstack@placement-api.service[107702]: [pid: 107702|app: 0|req: 187/369] 10.222.0.52 () {60 vars in 1377 bytes} [Fri Sep 16 16:36:58 2022] GET /placement/allocations/10ba7f89-3932-48c2-b053-9fa452dfe648 => generated 259 bytes in 23 msecs (HTTP/1.1 200) 8 headers in 296 bytes (1 switches on core 0)
Sep 16 16:36:58.123576 n-d-858094-6 devstack@placement-api.service[107701]: DEBUG placement.requestlog [req-93f6c752-9e41-4787-81e5-753133ec5f2a req-14c92bff-f19f-4c35-8eed-efe13c777c5b None None] Starting request: 10.222.0.52 "GET /placement/allocations/6a27379c-2316-4cb9-88e2-359dae0d62fa" {{(pid=107701) __call__ /opt/stack/placement/placement/requestlog.py:55}}
Sep 16 16:36:58.150448 n-d-858094-6 devstack@placement-api.service[107701]: INFO placement.requestlog [req-93f6c752-9e41-4787-81e5-753133ec5f2a req-14c92bff-f19f-4c35-8eed-efe13c777c5b service placement] 10.222.0.52 "GET /placement/allocations/6a27379c-2316-4cb9-88e2-359dae0d62fa" status: 200 len: 259 microversion: 1.28
Sep 16 16:36:58.151582 n-d-858094-6 devstack@placement-api.service[107701]: [pid: 107701|app: 0|req: 183/370] 10.222.0.52 () {60 vars in 1377 bytes} [Fri Sep 16 16:36:58 2022] GET /placement/allocations/6a27379c-2316-4cb9-88e2-359dae0d62fa => generated 259 bytes in 28 msecs (HTTP/1.1 200) 8 headers in 296 bytes (2 switches on core 0)
Sep 16 16:36:58.176135 n-d-858094-6 devstack@placement-api.service[107702]: DEBUG placement.requestlog [req-e354dcd6-d73e-4d79-897d-8f87c34361c7 req-c8e384b4-edd0-412e-840e-c6c1776fbb67 None None] Starting request: 10.222.0.50 "GET /placement/resource_providers/79aca774-0f05-4074-a537-908e4ac01dfb/allocations" {{(pid=107702) __call__ /opt/stack/placement/placement/requestlog.py:55}}
Sep 16 16:36:58.206049 n-d-858094-6 devstack@placement-api.service[107702]: INFO placement.requestlog [req-e354dcd6-d73e-4d79-897d-8f87c34361c7 req-c8e384b4-edd0-412e-840e-c6c1776fbb67 service placement] 10.222.0.50 "GET /placement/resource_providers/79aca774-0f05-4074-a537-908e4ac01dfb/allocations" status: 200 len: 861 microversion: 1.0
Sep 16 16:36:58.206662 n-d-858094-6 devstack@placement-api.service[107702]: [pid: 107702|app: 0|req: 188/371] 10.222.0.50 () {58 vars in 1390 bytes} [Fri Sep 16 16:36:58 2022] GET /placement/resource_providers/79aca774-0f05-4074-a537-908e4ac01dfb/allocations => generated 861 bytes in 31 msecs (HTTP/1.1 200) 6 headers in 224 bytes (2 switches on core 0)
Sep 16 16:36:58.215293 n-d-858094-6 devstack@placement-api.service[107701]: DEBUG placement.requestlog [req-e354dcd6-d73e-4d79-897d-8f87c34361c7 req-12b6f240-a05d-4dca-a48b-72087dfaeaf4 None None] Starting request: 10.222.0.50 "GET /placement/allocations/72120977-8b1f-492b-a68a-c61f93c0c279" {{(pid=107701) __call__ /opt/stack/placement/placement/requestlog.py:55}}
Sep 16 16:36:58.234176 n-d-858094-6 devstack@placement-api.service[107701]: INFO placement.requestlog [req-e354dcd6-d73e-4d79-897d-8f87c34361c7 req-12b6f240-a05d-4dca-a48b-72087dfaeaf4 service placement] 10.222.0.50 "GET /placement/allocations/72120977-8b1f-492b-a68a-c61f93c0c279" status: 200 len: 259 microversion: 1.28
Sep 16 16:36:58.234624 n-d-858094-6 devstack@placement-api.service[107701]: [pid: 107701|app: 0|req: 184/372] 10.222.0.50 () {60 vars in 1377 bytes} [Fri Sep 16 16:36:58 2022] GET /placement/allocations/72120977-8b1f-492b-a68a-c61f93c0c279 => generated 259 bytes in 20 msecs (HTTP/1.1 200) 8 headers in 296 bytes (2 switches on core 0)
Sep 16 16:36:58.243926 n-d-858094-6 devstack@placement-api.service[107702]: DEBUG placement.requestlog [req-e354dcd6-d73e-4d79-897d-8f87c34361c7 req-2c73e5a3-9111-4184-b9d6-c5cb253d4239 None None] Starting request: 10.222.0.50 "GET /placement/allocations/651e176f-38d7-4755-9e4b-f1680bcebfa2" {{(pid=107702) __call__ /opt/stack/placement/placement/requestlog.py:55}}
Sep 16 16:36:58.262719 n-d-858094-6 devstack@placement-api.service[107702]: INFO placement.requestlog [req-e354dcd6-d73e-4d79-897d-8f87c34361c7 req-2c73e5a3-9111-4184-b9d6-c5cb253d4239 service placement] 10.222.0.50 "GET /placement/allocations/651e176f-38d7-4755-9e4b-f1680bcebfa2" status: 200 len: 259 microversion: 1.28
Sep 16 16:36:58.263353 n-d-858094-6 devstack@placement-api.service[107702]: [pid: 107702|app: 0|req: 189/373] 10.222.0.50 () {60 vars in 1377 bytes} [Fri Sep 16 16:36:58 2022] GET /placement/allocations/651e176f-38d7-4755-9e4b-f1680bcebfa2 => generated 259 bytes in 20 msecs (HTTP/1.1 200) 8 headers in 296 bytes (1 switches on core 0)
Sep 16 16:36:58.271128 n-d-858094-6 devstack@placement-api.service[107701]: DEBUG placement.requestlog [req-e354dcd6-d73e-4d79-897d-8f87c34361c7 req-20f64e0c-f0c4-47be-9caa-52d64805700d None None] Starting request: 10.222.0.50 "GET /placement/allocations/8fa4eadb-e8cf-45ce-a7b6-353aba9cfbad" {{(pid=107701) __call__ /opt/stack/placement/placement/requestlog.py:55}}
Sep 16 16:36:58.296916 n-d-858094-6 devstack@placement-api.service[107701]: INFO placement.requestlog [req-e354dcd6-d73e-4d79-897d-8f87c34361c7 req-20f64e0c-f0c4-47be-9caa-52d64805700d service placement] 10.222.0.50 "GET /placement/allocations/8fa4eadb-e8cf-45ce-a7b6-353aba9cfbad" status: 200 len: 259 microversion: 1.28
Sep 16 16:36:58.297760 n-d-858094-6 devstack@placement-api.service[107701]: [pid: 107701|app: 0|req: 185/374] 10.222.0.50 () {60 vars in 1377 bytes} [Fri Sep 16 16:36:58 2022] GET /placement/allocations/8fa4eadb-e8cf-45ce-a7b6-353aba9cfbad => generated 259 bytes in 27 msecs (HTTP/1.1 200) 8 headers in 296 bytes (1 switches on core 0)
Sep 16 16:36:58.309386 n-d-858094-6 devstack@placement-api.service[107702]: DEBUG placement.requestlog [req-e354dcd6-d73e-4d79-897d-8f87c34361c7 req-b29ed658-a8c9-4f24-a318-881034f5c9ae None None] Starting request: 10.222.0.50 "GET /placement/allocations/79eb713c-3d28-44da-b3d9-4cdad92d3be0" {{(pid=107702) __call__ /opt/stack/placement/placement/requestlog.py:55}}
Sep 16 16:36:58.327123 n-d-858094-6 devstack@placement-api.service[107702]: INFO placement.requestlog [req-e354dcd6-d73e-4d79-897d-8f87c34361c7 req-b29ed658-a8c9-4f24-a318-881034f5c9ae service placement] 10.222.0.50 "GET /placement/allocations/79eb713c-3d28-44da-b3d9-4cdad92d3be0" status: 200 len: 259 microversion: 1.28
Sep 16 16:36:58.327499 n-d-858094-6 devstack@placement-api.service[107702]: [pid: 107702|app: 0|req: 190/375] 10.222.0.50 () {60 vars in 1377 bytes} [Fri Sep 16 16:36:58 2022] GET /placement/allocations/79eb713c-3d28-44da-b3d9-4cdad92d3be0 => generated 259 bytes in 18 msecs (HTTP/1.1 200) 8 headers in 296 bytes (1 switches on core 0)
Sep 16 16:36:58.335369 n-d-858094-6 devstack@placement-api.service[107701]: DEBUG placement.requestlog [req-e354dcd6-d73e-4d79-897d-8f87c34361c7 req-c644f617-2266-4dc5-8b52-88e58dac1720 None None] Starting request: 10.222.0.50 "GET /placement/allocations/81b3a64c-222a-4208-a105-7ed1063d2c08" {{(pid=107701) __call__ /opt/stack/placement/placement/requestlog.py:55}}
Sep 16 16:36:58.351513 n-d-858094-6 devstack@placement-api.service[107701]: INFO placement.requestlog [req-e354dcd6-d73e-4d79-897d-8f87c34361c7 req-c644f617-2266-4dc5-8b52-88e58dac1720 service placement] 10.222.0.50 "GET /placement/allocations/81b3a64c-222a-4208-a105-7ed1063d2c08" status: 200 len: 259 microversion: 1.28
Sep 16 16:36:58.351868 n-d-858094-6 devstack@placement-api.service[107701]: [pid: 107701|app: 0|req: 186/376] 10.222.0.50 () {60 vars in 1377 bytes} [Fri Sep 16 16:36:58 2022] GET /placement/allocations/81b3a64c-222a-4208-a105-7ed1063d2c08 => generated 259 bytes in 17 msecs (HTTP/1.1 200) 8 headers in 296 bytes (1 switches on core 0)
Sep 16 16:36:58.361158 n-d-858094-6 devstack@placement-api.service[107702]: DEBUG placement.requestlog [req-e354dcd6-d73e-4d79-897d-8f87c34361c7 req-b8a18534-36c1-4902-bfde-a48601b2bf25 None None] Starting request: 10.222.0.50 "GET /placement/allocations/d942469b-8f38-4db6-843d-ea13dfe901cc" {{(pid=107702) __call__ /opt/stack/placement/placement/requestlog.py:55}}
Sep 16 16:36:58.385997 n-d-858094-6 devstack@placement-api.service[107702]: INFO placement.requestlog [req-e354dcd6-d73e-4d79-897d-8f87c34361c7 req-b8a18534-36c1-4902-bfde-a48601b2bf25 service placement] 10.222.0.50 "GET /placement/allocations/d942469b-8f38-4db6-843d-ea13dfe901cc" status: 200 len: 259 microversion: 1.28
Sep 16 16:36:58.386753 n-d-858094-6 devstack@placement-api.service[107702]: [pid: 107702|app: 0|req: 191/377] 10.222.0.50 () {60 vars in 1377 bytes} [Fri Sep 16 16:36:58 2022] GET /placement/allocations/d942469b-8f38-4db6-843d-ea13dfe901cc => generated 259 bytes in 26 msecs (HTTP/1.1 200) 8 headers in 296 bytes (1 switches on core 0)
Sep 16 16:36:58.454499 n-d-858094-6 devstack@placement-api.service[107701]: DEBUG placement.requestlog [req-e354dcd6-d73e-4d79-897d-8f87c34361c7 req-81f9ce80-616c-4d08-bf8a-9424f469d3d2 None None] Starting request: 10.222.0.50 "GET /placement/allocations/0da30526-bb42-4a8b-9c5a-549a3d06f791" {{(pid=107701) __call__ /opt/stack/placement/placement/requestlog.py:55}}
Sep 16 16:36:58.492326 n-d-858094-6 devstack@placement-api.service[107701]: INFO placement.requestlog [req-e354dcd6-d73e-4d79-897d-8f87c34361c7 req-81f9ce80-616c-4d08-bf8a-9424f469d3d2 service placement] 10.222.0.50 "GET /placement/allocations/0da30526-bb42-4a8b-9c5a-549a3d06f791" status: 200 len: 259 microversion: 1.28
Sep 16 16:36:58.492706 n-d-858094-6 devstack@placement-api.service[107701]: [pid: 107701|app: 0|req: 187/378] 10.222.0.50 () {60 vars in 1377 bytes} [Fri Sep 16 16:36:58 2022] GET /placement/allocations/0da30526-bb42-4a8b-9c5a-549a3d06f791 => generated 259 bytes in 39 msecs (HTTP/1.1 200) 8 headers in 296 bytes (1 switches on core 0)
Sep 16 16:36:58.507616 n-d-858094-6 devstack@placement-api.service[107702]: DEBUG placement.requestlog [req-e354dcd6-d73e-4d79-897d-8f87c34361c7 req-0f687acc-5922-443d-b330-84cf9a73fdcf None None] Starting request: 10.222.0.50 "GET /placement/allocations/f1522056-3082-4713-a1fe-313d89398a69" {{(pid=107702) __call__ /opt/stack/placement/placement/requestlog.py:55}}
Sep 16 16:36:58.539028 n-d-858094-6 devstack@placement-api.service[107702]: INFO placement.requestlog [req-e354dcd6-d73e-4d79-897d-8f87c34361c7 req-0f687acc-5922-443d-b330-84cf9a73fdcf service placement] 10.222.0.50 "GET /placement/allocations/f1522056-3082-4713-a1fe-313d89398a69" status: 200 len: 259 microversion: 1.28
Sep 16 16:36:58.539751 n-d-858094-6 devstack@placement-api.service[107702]: [pid: 107702|app: 0|req: 192/379] 10.222.0.50 () {60 vars in 1377 bytes} [Fri Sep 16 16:36:58 2022] GET /placement/allocations/f1522056-3082-4713-a1fe-313d89398a69 => generated 259 bytes in 33 msecs (HTTP/1.1 200) 8 headers in 296 bytes (1 switches on core 0)
Sep 16 16:36:58.559280 n-d-858094-6 devstack@placement-api.service[107701]: DEBUG placement.requestlog [req-93f6c752-9e41-4787-81e5-753133ec5f2a req-c3c8963d-2bf2-4bec-ab17-b38f95ff30df None None] Starting request: 10.222.0.52 "GET /placement/allocations/0518099d-df0a-48d8-af2c-214f8fee7d9c" {{(pid=107701) __call__ /opt/stack/placement/placement/requestlog.py:55}}
Sep 16 16:36:58.582086 n-d-858094-6 devstack@placement-api.service[107701]: INFO placement.requestlog [req-93f6c752-9e41-4787-81e5-753133ec5f2a req-c3c8963d-2bf2-4bec-ab17-b38f95ff30df service placement] 10.222.0.52 "GET /placement/allocations/0518099d-df0a-48d8-af2c-214f8fee7d9c" status: 200 len: 259 microversion: 1.28
Sep 16 16:36:58.583043 n-d-858094-6 devstack@placement-api.service[107701]: [pid: 107701|app: 0|req: 188/380] 10.222.0.52 () {60 vars in 1377 bytes} [Fri Sep 16 16:36:58 2022] GET /placement/allocations/0518099d-df0a-48d8-af2c-214f8fee7d9c => generated 259 bytes in 24 msecs (HTTP/1.1 200) 8 headers in 296 bytes (1 switches on core 0)
Sep 16 16:36:58.591389 n-d-858094-6 devstack@placement-api.service[107702]: DEBUG placement.requestlog [req-93f6c752-9e41-4787-81e5-753133ec5f2a req-fa9f7b1c-d3c3-49f0-ac5e-094993225aa8 None None] Starting request: 10.222.0.52 "PUT /placement/allocations/0518099d-df0a-48d8-af2c-214f8fee7d9c" {{(pid=107702) __call__ /opt/stack/placement/placement/requestlog.py:55}}
Sep 16 16:36:58.657545 n-d-858094-6 devstack@placement-api.service[107702]: DEBUG placement.handlers.allocation [req-93f6c752-9e41-4787-81e5-753133ec5f2a req-fa9f7b1c-d3c3-49f0-ac5e-094993225aa8 service placement] Successfully wrote allocations [, , ] {{(pid=107702) _update_consumers_and_create_allocations /opt/stack/placement/placement/handlers/allocation.py:462}}
Sep 16 16:36:58.662077 n-d-858094-6 devstack@placement-api.service[107702]: INFO placement.requestlog [req-93f6c752-9e41-4787-81e5-753133ec5f2a req-fa9f7b1c-d3c3-49f0-ac5e-094993225aa8 service placement] 10.222.0.52 "PUT /placement/allocations/0518099d-df0a-48d8-af2c-214f8fee7d9c" status: 204 len: 0 microversion: 1.28
Sep 16 16:36:58.662598 n-d-858094-6 devstack@placement-api.service[107702]: [pid: 107702|app: 0|req: 193/381] 10.222.0.52 () {64 vars in 1430 bytes} [Fri Sep 16 16:36:58 2022] PUT /placement/allocations/0518099d-df0a-48d8-af2c-214f8fee7d9c => generated 0 bytes in 72 msecs (HTTP/1.1 204) 5 headers in 199 bytes (2 switches on core 0)
Sep 16 16:37:01.146638 n-d-858094-6 devstack@placement-api.service[107701]: DEBUG placement.requestlog [req-50e7dd50-3854-4868-9072-29df4ddf7ff6 req-6426aa01-3bed-4e02-a0f0-2e3079053b11 None None] Starting request: 10.222.0.15 "GET /placement/allocation_candidates?limit=1000&resources=DISK_GB%3A1%2CMEMORY_MB%3A1024%2CVCPU%3A1&root_required=%21COMPUTE_STATUS_DISABLED" {{(pid=107701) __call__ /opt/stack/placement/placement/requestlog.py:55}}
Sep 16 16:37:01.199891 n-d-858094-6 devstack@placement-api.service[107701]: DEBUG placement.objects.research_context [req-50e7dd50-3854-4868-9072-29df4ddf7ff6 req-6426aa01-3bed-4e02-a0f0-2e3079053b11 service placement] getting providers with 1 DISK_GB {{(pid=107701) __init__ /opt/stack/placement/placement/objects/research_context.py:136}}
Sep 16 16:37:01.199891 n-d-858094-6 devstack@placement-api.service[107701]: DEBUG placement.objects.research_context [req-50e7dd50-3854-4868-9072-29df4ddf7ff6 req-6426aa01-3bed-4e02-a0f0-2e3079053b11 service placement] getting providers with 1024 MEMORY_MB {{(pid=107701) __init__ /opt/stack/placement/placement/objects/research_context.py:136}}
Sep 16 16:37:01.205106 n-d-858094-6 devstack@placement-api.service[107701]: DEBUG placement.objects.research_context [req-50e7dd50-3854-4868-9072-29df4ddf7ff6 req-6426aa01-3bed-4e02-a0f0-2e3079053b11 service placement] getting providers with 1 VCPU {{(pid=107701) __init__ /opt/stack/placement/placement/objects/research_context.py:136}}
Sep 16 16:37:01.211503 n-d-858094-6 devstack@placement-api.service[107701]: DEBUG placement.objects.research_context [req-50e7dd50-3854-4868-9072-29df4ddf7ff6 req-6426aa01-3bed-4e02-a0f0-2e3079053b11 service placement] found 2 providers with available 1 DISK_GB {{(pid=107701) get_provider_ids_matching /opt/stack/placement/placement/objects/research_context.py:563}}
Sep 16 16:37:01.211829 n-d-858094-6 devstack@placement-api.service[107701]: DEBUG placement.objects.research_context [req-50e7dd50-3854-4868-9072-29df4ddf7ff6 req-6426aa01-3bed-4e02-a0f0-2e3079053b11 service placement] found 2 providers with available 1024 MEMORY_MB {{(pid=107701) get_provider_ids_matching /opt/stack/placement/placement/objects/research_context.py:563}}
Sep 16 16:37:01.212094 n-d-858094-6 devstack@placement-api.service[107701]: DEBUG placement.objects.research_context [req-50e7dd50-3854-4868-9072-29df4ddf7ff6 req-6426aa01-3bed-4e02-a0f0-2e3079053b11 service placement] found 2 providers after filtering by previous result {{(pid=107701) get_provider_ids_matching /opt/stack/placement/placement/objects/research_context.py:594}}
Sep 16 16:37:01.212407 n-d-858094-6 devstack@placement-api.service[107701]: DEBUG placement.objects.research_context [req-50e7dd50-3854-4868-9072-29df4ddf7ff6 req-6426aa01-3bed-4e02-a0f0-2e3079053b11 service placement] found 2 providers with available 1 VCPU {{(pid=107701) get_provider_ids_matching /opt/stack/placement/placement/objects/research_context.py:563}}
Sep 16 16:37:01.212677 n-d-858094-6 devstack@placement-api.service[107701]: DEBUG placement.objects.research_context [req-50e7dd50-3854-4868-9072-29df4ddf7ff6 req-6426aa01-3bed-4e02-a0f0-2e3079053b11 service placement] found 2 providers after filtering by previous result {{(pid=107701) get_provider_ids_matching /opt/stack/placement/placement/objects/research_context.py:594}}
Sep 16 16:37:01.226275 n-d-858094-6 devstack@placement-api.service[107701]: DEBUG placement.objects.allocation_candidate [req-50e7dd50-3854-4868-9072-29df4ddf7ff6 req-6426aa01-3bed-4e02-a0f0-2e3079053b11 service placement] RequestGroup(use_same_provider=False, resources={DISK_GB:1, MEMORY_MB:1024, VCPU:1}, traits=(), aggregates=[]) (suffix '') returned 2 matches {{(pid=107701) _get_by_requests /opt/stack/placement/placement/objects/allocation_candidate.py:156}}
Sep 16 16:37:01.226649 n-d-858094-6 devstack@placement-api.service[107701]: DEBUG placement.objects.allocation_candidate [req-50e7dd50-3854-4868-9072-29df4ddf7ff6 req-6426aa01-3bed-4e02-a0f0-2e3079053b11 service placement] Merging candidates yields 2 allocation requests and 2 provider summaries {{(pid=107701) _merge_candidates /opt/stack/placement/placement/objects/allocation_candidate.py:809}}
Sep 16 16:37:01.228271 n-d-858094-6 devstack@placement-api.service[107701]: INFO placement.requestlog [req-50e7dd50-3854-4868-9072-29df4ddf7ff6 req-6426aa01-3bed-4e02-a0f0-2e3079053b11 service placement] 10.222.0.15 "GET /placement/allocation_candidates?limit=1000&resources=DISK_GB%3A1%2CMEMORY_MB%3A1024%2CVCPU%3A1&root_required=%21COMPUTE_STATUS_DISABLED" status: 200 len: 1309 microversion: 1.36
Sep 16 16:37:01.229920 n-d-858094-6 devstack@placement-api.service[107701]: [pid: 107701|app: 0|req: 189/382] 10.222.0.15 () {60 vars in 1506 bytes} [Fri Sep 16 16:37:01 2022] GET /placement/allocation_candidates?limit=1000&resources=DISK_GB%3A1%2CMEMORY_MB%3A1024%2CVCPU%3A1&root_required=%21COMPUTE_STATUS_DISABLED => generated 1309 bytes in 84 msecs (HTTP/1.1 200) 8 headers in 297 bytes (1 switches on core 0)
Sep 16 16:37:01.300917 n-d-858094-6 devstack@placement-api.service[107702]: DEBUG placement.requestlog [req-50e7dd50-3854-4868-9072-29df4ddf7ff6 req-0f65212e-3020-4571-a644-d5e9dcbb8536 None None] Starting request: 10.222.0.15 "GET /placement/allocations/1f1769e1-6247-437f-ae9b-722f5cf3cc3a" {{(pid=107702) __call__ /opt/stack/placement/placement/requestlog.py:55}}
Sep 16 16:37:01.314482 n-d-858094-6 devstack@placement-api.service[107702]: INFO placement.requestlog [req-50e7dd50-3854-4868-9072-29df4ddf7ff6 req-0f65212e-3020-4571-a644-d5e9dcbb8536 service placement] 10.222.0.15 "GET /placement/allocations/1f1769e1-6247-437f-ae9b-722f5cf3cc3a" status: 200 len: 19 microversion: 1.28
Sep 16 16:37:01.314868 n-d-858094-6 devstack@placement-api.service[107702]: [pid: 107702|app: 0|req: 194/383] 10.222.0.15 () {60 vars in 1380 bytes} [Fri Sep 16 16:37:01 2022] GET /placement/allocations/1f1769e1-6247-437f-ae9b-722f5cf3cc3a => generated 19 bytes in 14 msecs (HTTP/1.1 200) 8 headers in 295 bytes (1 switches on core 0)
Sep 16 16:37:01.321045 n-d-858094-6 devstack@placement-api.service[107701]: DEBUG placement.requestlog [req-50e7dd50-3854-4868-9072-29df4ddf7ff6 req-a26a41bf-17da-458d-9952-4d97705f080a None None] Starting request: 10.222.0.15 "PUT /placement/allocations/1f1769e1-6247-437f-ae9b-722f5cf3cc3a" {{(pid=107701) __call__ /opt/stack/placement/placement/requestlog.py:55}}
Sep 16 16:37:01.389250 n-d-858094-6 devstack@placement-api.service[107701]: DEBUG placement.handlers.allocation [req-50e7dd50-3854-4868-9072-29df4ddf7ff6 req-a26a41bf-17da-458d-9952-4d97705f080a service placement] Successfully wrote allocations [, , ] {{(pid=107701) _update_consumers_and_create_allocations /opt/stack/placement/placement/handlers/allocation.py:462}}
Sep 16 16:37:01.392843 n-d-858094-6 devstack@placement-api.service[107701]: INFO placement.requestlog [req-50e7dd50-3854-4868-9072-29df4ddf7ff6 req-a26a41bf-17da-458d-9952-4d97705f080a service placement] 10.222.0.15 "PUT /placement/allocations/1f1769e1-6247-437f-ae9b-722f5cf3cc3a" status: 204 len: 0 microversion: 1.36
Sep 16 16:37:01.393341 n-d-858094-6 devstack@placement-api.service[107701]: [pid: 107701|app: 0|req: 190/384] 10.222.0.15 () {64 vars in 1433 bytes} [Fri Sep 16 16:37:01 2022] PUT /placement/allocations/1f1769e1-6247-437f-ae9b-722f5cf3cc3a => generated 0 bytes in 73 msecs (HTTP/1.1 204) 5 headers in 199 bytes (1 switches on core 0)
Sep 16 16:37:02.845723 n-d-858094-6 devstack@placement-api.service[107702]: DEBUG placement.requestlog [req-50e7dd50-3854-4868-9072-29df4ddf7ff6 req-c24d392a-64b6-4f0b-8fbb-88c153c8b9b2 None None] Starting request: 10.222.0.50 "GET /placement/allocations/1f1769e1-6247-437f-ae9b-722f5cf3cc3a" {{(pid=107702) __call__ /opt/stack/placement/placement/requestlog.py:55}}
Sep 16 16:37:02.864712 n-d-858094-6 devstack@placement-api.service[107702]: INFO placement.requestlog [req-50e7dd50-3854-4868-9072-29df4ddf7ff6 req-c24d392a-64b6-4f0b-8fbb-88c153c8b9b2 service placement] 10.222.0.50 "GET /placement/allocations/1f1769e1-6247-437f-ae9b-722f5cf3cc3a" status: 200 len: 259 microversion: 1.28
Sep 16 16:37:02.865693 n-d-858094-6 devstack@placement-api.service[107702]: [pid: 107702|app: 0|req: 195/385] 10.222.0.50 () {60 vars in 1377 bytes} [Fri Sep 16 16:37:02 2022] GET /placement/allocations/1f1769e1-6247-437f-ae9b-722f5cf3cc3a => generated 259 bytes in 20 msecs (HTTP/1.1 200) 8 headers in 296 bytes (1 switches on core 0)
Sep 16 16:37:03.033607 n-d-858094-6 devstack@placement-api.service[107701]: DEBUG placement.requestlog [req-affad442-05d2-48d4-861e-aca43a7a1ed8 req-270aa85d-d4a4-4fb1-a177-80a380e88e36 None None] Starting request: 10.222.0.52 "GET /placement/resource_providers/1f346e2b-b14c-4fa6-92c4-57d33f278e1a/allocations" {{(pid=107701) __call__ /opt/stack/placement/placement/requestlog.py:55}}
Sep 16 16:37:03.053017 n-d-858094-6 devstack@placement-api.service[107702]: DEBUG placement.requestlog [req-50e7dd50-3854-4868-9072-29df4ddf7ff6 req-3a593d09-97f7-4d5e-a4ff-164ce03a5766 None None] Starting request: 10.222.0.50 "GET /placement/resource_providers/79aca774-0f05-4074-a537-908e4ac01dfb/allocations" {{(pid=107702) __call__ /opt/stack/placement/placement/requestlog.py:55}}
Sep 16 16:37:03.056720 n-d-858094-6 devstack@placement-api.service[107701]: INFO placement.requestlog [req-affad442-05d2-48d4-861e-aca43a7a1ed8 req-270aa85d-d4a4-4fb1-a177-80a380e88e36 service placement] 10.222.0.52 "GET /placement/resource_providers/1f346e2b-b14c-4fa6-92c4-57d33f278e1a/allocations" status: 200 len: 558 microversion: 1.0
Sep 16 16:37:03.057343 n-d-858094-6 devstack@placement-api.service[107701]: [pid: 107701|app: 0|req: 191/386] 10.222.0.52 () {58 vars in 1390 bytes} [Fri Sep 16 16:37:03 2022] GET /placement/resource_providers/1f346e2b-b14c-4fa6-92c4-57d33f278e1a/allocations => generated 558 bytes in 24 msecs (HTTP/1.1 200) 6 headers in 224 bytes (1 switches on core 0)
Sep 16 16:37:03.065102 n-d-858094-6 devstack@placement-api.service[107701]: DEBUG placement.requestlog [req-affad442-05d2-48d4-861e-aca43a7a1ed8 req-26d995d5-c11a-44b9-a06a-f35f8730041b None None] Starting request: 10.222.0.52 "GET /placement/allocations/007c63de-f136-41a1-8a27-1a085b693d9d" {{(pid=107701) __call__ /opt/stack/placement/placement/requestlog.py:55}}
Sep 16 16:37:03.078531 n-d-858094-6 devstack@placement-api.service[107702]: INFO placement.requestlog [req-50e7dd50-3854-4868-9072-29df4ddf7ff6 req-3a593d09-97f7-4d5e-a4ff-164ce03a5766 service placement] 10.222.0.50 "GET /placement/resource_providers/79aca774-0f05-4074-a537-908e4ac01dfb/allocations" status: 200 len: 962 microversion: 1.0
Sep 16 16:37:03.079042 n-d-858094-6 devstack@placement-api.service[107702]: [pid: 107702|app: 0|req: 196/387] 10.222.0.50 () {58 vars in 1390 bytes} [Fri Sep 16 16:37:03 2022] GET /placement/resource_providers/79aca774-0f05-4074-a537-908e4ac01dfb/allocations => generated 962 bytes in 27 msecs (HTTP/1.1 200) 6 headers in 224 bytes (2 switches on core 0)
Sep 16 16:37:03.082329 n-d-858094-6 devstack@placement-api.service[107701]: INFO placement.requestlog [req-affad442-05d2-48d4-861e-aca43a7a1ed8 req-26d995d5-c11a-44b9-a06a-f35f8730041b service placement] 10.222.0.52 "GET /placement/allocations/007c63de-f136-41a1-8a27-1a085b693d9d" status: 200 len: 259 microversion: 1.28
Sep 16 16:37:03.082697 n-d-858094-6 devstack@placement-api.service[107701]: [pid: 107701|app: 0|req: 192/388] 10.222.0.52 () {60 vars in 1377 bytes} [Fri Sep 16 16:37:03 2022] GET /placement/allocations/007c63de-f136-41a1-8a27-1a085b693d9d => generated 259 bytes in 18 msecs (HTTP/1.1 200) 8 headers in 296 bytes (2 switches on core 0)
Sep 16 16:37:03.086279 n-d-858094-6 devstack@placement-api.service[107702]: DEBUG placement.requestlog [req-50e7dd50-3854-4868-9072-29df4ddf7ff6 req-c5926a8a-eb06-44c5-b065-b9201276917f None None] Starting request: 10.222.0.50 "GET /placement/allocations/72120977-8b1f-492b-a68a-c61f93c0c279" {{(pid=107702) __call__ /opt/stack/placement/placement/requestlog.py:55}}
Sep 16 16:37:03.093934 n-d-858094-6 devstack@placement-api.service[107702]: DEBUG dbcounter [-] [107702] Writing DB stats placement:SELECT=96,placement:DELETE=2,placement:UPDATE=2 {{(pid=107702) stat_writer /usr/local/lib/python3.8/dist-packages/dbcounter.py:114}}
Sep 16 16:37:03.096354 n-d-858094-6 devstack@placement-api.service[107701]: DEBUG placement.requestlog [req-affad442-05d2-48d4-861e-aca43a7a1ed8 req-7de3083a-44dd-400f-bbf4-2e0171b80367 None None] Starting request: 10.222.0.52 "GET /placement/allocations/f6bfbab6-18df-45b1-9812-349cf88fa00e" {{(pid=107701) __call__ /opt/stack/placement/placement/requestlog.py:55}}
Sep 16 16:37:03.102712 n-d-858094-6 devstack@placement-api.service[107702]: INFO placement.requestlog [req-50e7dd50-3854-4868-9072-29df4ddf7ff6 req-c5926a8a-eb06-44c5-b065-b9201276917f service placement] 10.222.0.50 "GET /placement/allocations/72120977-8b1f-492b-a68a-c61f93c0c279" status: 200 len: 259 microversion: 1.28
Sep 16 16:37:03.103033 n-d-858094-6 devstack@placement-api.service[107702]: [pid: 107702|app: 0|req: 197/389] 10.222.0.50 () {60 vars in 1377 bytes} [Fri Sep 16 16:37:03 2022] GET /placement/allocations/72120977-8b1f-492b-a68a-c61f93c0c279 => generated 259 bytes in 17 msecs (HTTP/1.1 200) 8 headers in 296 bytes (2 switches on core 0)
Sep 16 16:37:03.109054 n-d-858094-6 devstack@placement-api.service[107701]: DEBUG dbcounter [-] [107701] Writing DB stats placement:SELECT=84,placement:INSERT=8,placement:DELETE=4,placement:UPDATE=4 {{(pid=107701) stat_writer /usr/local/lib/python3.8/dist-packages/dbcounter.py:114}}
Sep 16 16:37:03.113397 n-d-858094-6 devstack@placement-api.service[107702]: DEBUG placement.requestlog [req-50e7dd50-3854-4868-9072-29df4ddf7ff6 req-92de136c-8c53-447c-8954-6ead17ebd2df None None] Starting request: 10.222.0.50 "GET /placement/allocations/651e176f-38d7-4755-9e4b-f1680bcebfa2" {{(pid=107702) __call__ /opt/stack/placement/placement/requestlog.py:55}}
Sep 16 16:37:03.114571 n-d-858094-6 devstack@placement-api.service[107701]: INFO placement.requestlog [req-affad442-05d2-48d4-861e-aca43a7a1ed8 req-7de3083a-44dd-400f-bbf4-2e0171b80367 service placement] 10.222.0.52 "GET /placement/allocations/f6bfbab6-18df-45b1-9812-349cf88fa00e" status: 200 len: 259 microversion: 1.28
Sep 16 16:37:03.115419 n-d-858094-6 devstack@placement-api.service[107701]: [pid: 107701|app: 0|req: 193/390] 10.222.0.52 () {60 vars in 1377 bytes} [Fri Sep 16 16:37:03 2022] GET /placement/allocations/f6bfbab6-18df-45b1-9812-349cf88fa00e => generated 259 bytes in 20 msecs (HTTP/1.1 200) 8 headers in 296 bytes (1 switches on core 0)
Sep 16 16:37:03.123658 n-d-858094-6 devstack@placement-api.service[107701]: DEBUG placement.requestlog [req-affad442-05d2-48d4-861e-aca43a7a1ed8 req-61e80ea8-0897-40c4-a170-2219c4292c91 None None] Starting request: 10.222.0.52 "GET /placement/allocations/7d0e8c9d-bb5b-47a2-9afd-74e8ee292980" {{(pid=107701) __call__ /opt/stack/placement/placement/requestlog.py:55}}
Sep 16 16:37:03.130859 n-d-858094-6 devstack@placement-api.service[107702]: INFO placement.requestlog [req-50e7dd50-3854-4868-9072-29df4ddf7ff6 req-92de136c-8c53-447c-8954-6ead17ebd2df service placement] 10.222.0.50 "GET /placement/allocations/651e176f-38d7-4755-9e4b-f1680bcebfa2" status: 200 len: 259 microversion: 1.28
Sep 16 16:37:03.131431 n-d-858094-6 devstack@placement-api.service[107702]: [pid: 107702|app: 0|req: 198/391] 10.222.0.50 () {60 vars in 1377 bytes} [Fri Sep 16 16:37:03 2022] GET /placement/allocations/651e176f-38d7-4755-9e4b-f1680bcebfa2 => generated 259 bytes in 18 msecs (HTTP/1.1 200) 8 headers in 296 bytes (2 switches on core 0)
Sep 16 16:37:03.141091 n-d-858094-6 devstack@placement-api.service[107702]: DEBUG placement.requestlog [req-50e7dd50-3854-4868-9072-29df4ddf7ff6 req-211bca31-9faa-4e77-a0a4-5c96d1566871 None None] Starting request: 10.222.0.50 "GET /placement/allocations/8fa4eadb-e8cf-45ce-a7b6-353aba9cfbad" {{(pid=107702) __call__ /opt/stack/placement/placement/requestlog.py:55}}
Sep 16 16:37:03.141995 n-d-858094-6 devstack@placement-api.service[107701]: INFO placement.requestlog [req-affad442-05d2-48d4-861e-aca43a7a1ed8 req-61e80ea8-0897-40c4-a170-2219c4292c91 service placement] 10.222.0.52 "GET /placement/allocations/7d0e8c9d-bb5b-47a2-9afd-74e8ee292980" status: 200 len: 259 microversion: 1.28
Sep 16 16:37:03.142583 n-d-858094-6 devstack@placement-api.service[107701]: [pid: 107701|app: 0|req: 194/392] 10.222.0.52 () {60 vars in 1377 bytes} [Fri Sep 16 16:37:03 2022] GET /placement/allocations/7d0e8c9d-bb5b-47a2-9afd-74e8ee292980 => generated 259 bytes in 19 msecs (HTTP/1.1 200) 8 headers in 296 bytes (1 switches on core 0)
Sep 16 16:37:03.156693 n-d-858094-6 devstack@placement-api.service[107702]: INFO placement.requestlog [req-50e7dd50-3854-4868-9072-29df4ddf7ff6 req-211bca31-9faa-4e77-a0a4-5c96d1566871 service placement] 10.222.0.50 "GET /placement/allocations/8fa4eadb-e8cf-45ce-a7b6-353aba9cfbad" status: 200 len: 259 microversion: 1.28
Sep 16 16:37:03.157287 n-d-858094-6 devstack@placement-api.service[107702]: [pid: 107702|app: 0|req: 199/393] 10.222.0.50 () {60 vars in 1377 bytes} [Fri Sep 16 16:37:03 2022] GET /placement/allocations/8fa4eadb-e8cf-45ce-a7b6-353aba9cfbad => generated 259 bytes in 17 msecs (HTTP/1.1 200) 8 headers in 296 bytes (1 switches on core 0)
Sep 16 16:37:03.159017 n-d-858094-6 devstack@placement-api.service[107701]: DEBUG placement.requestlog [req-affad442-05d2-48d4-861e-aca43a7a1ed8 req-1a44e45a-1f3c-4550-9e46-1d5a0d1d63b2 None None] Starting request: 10.222.0.52 "GET /placement/allocations/10ba7f89-3932-48c2-b053-9fa452dfe648" {{(pid=107701) __call__ /opt/stack/placement/placement/requestlog.py:55}}
Sep 16 16:37:03.172237 n-d-858094-6 devstack@placement-api.service[107702]: DEBUG placement.requestlog [req-50e7dd50-3854-4868-9072-29df4ddf7ff6 req-b2bf3536-e612-4ddb-8bc9-ecc271e53d08 None None] Starting request: 10.222.0.50 "GET /placement/allocations/79eb713c-3d28-44da-b3d9-4cdad92d3be0" {{(pid=107702) __call__ /opt/stack/placement/placement/requestlog.py:55}}
Sep 16 16:37:03.194643 n-d-858094-6 devstack@placement-api.service[107702]: INFO placement.requestlog [req-50e7dd50-3854-4868-9072-29df4ddf7ff6 req-b2bf3536-e612-4ddb-8bc9-ecc271e53d08 service placement] 10.222.0.50 "GET /placement/allocations/79eb713c-3d28-44da-b3d9-4cdad92d3be0" status: 200 len: 259 microversion: 1.28
Sep 16 16:37:03.195155 n-d-858094-6 devstack@placement-api.service[107702]: [pid: 107702|app: 0|req: 200/394] 10.222.0.50 () {60 vars in 1377 bytes} [Fri Sep 16 16:37:03 2022] GET /placement/allocations/79eb713c-3d28-44da-b3d9-4cdad92d3be0 => generated 259 bytes in 23 msecs (HTTP/1.1 200) 8 headers in 296 bytes (1 switches on core 0)
Sep 16 16:37:03.198141 n-d-858094-6 devstack@placement-api.service[107701]: INFO placement.requestlog [req-affad442-05d2-48d4-861e-aca43a7a1ed8 req-1a44e45a-1f3c-4550-9e46-1d5a0d1d63b2 service placement] 10.222.0.52 "GET /placement/allocations/10ba7f89-3932-48c2-b053-9fa452dfe648" status: 200 len: 259 microversion: 1.28
Sep 16 16:37:03.198523 n-d-858094-6 devstack@placement-api.service[107701]: [pid: 107701|app: 0|req: 195/395] 10.222.0.52 () {60 vars in 1377 bytes} [Fri Sep 16 16:37:03 2022] GET /placement/allocations/10ba7f89-3932-48c2-b053-9fa452dfe648 => generated 259 bytes in 41 msecs (HTTP/1.1 200) 8 headers in 296 bytes (2 switches on core 0)
Sep 16 16:37:03.220551 n-d-858094-6 devstack@placement-api.service[107702]: DEBUG placement.requestlog [req-affad442-05d2-48d4-861e-aca43a7a1ed8 req-9f7bd187-cbc5-43ed-82b0-82800c74c0a7 None None] Starting request: 10.222.0.52 "GET /placement/allocations/6a27379c-2316-4cb9-88e2-359dae0d62fa" {{(pid=107702) __call__ /opt/stack/placement/placement/requestlog.py:55}}
Sep 16 16:37:03.222701 n-d-858094-6 devstack@placement-api.service[107701]: DEBUG placement.requestlog [req-50e7dd50-3854-4868-9072-29df4ddf7ff6 req-70a136b8-ee3d-4cc4-8a87-62734628565e None None] Starting request: 10.222.0.50 "GET /placement/allocations/81b3a64c-222a-4208-a105-7ed1063d2c08" {{(pid=107701) __call__ /opt/stack/placement/placement/requestlog.py:55}}
Sep 16 16:37:03.245423 n-d-858094-6 devstack@placement-api.service[107701]: INFO placement.requestlog [req-50e7dd50-3854-4868-9072-29df4ddf7ff6 req-70a136b8-ee3d-4cc4-8a87-62734628565e service placement] 10.222.0.50 "GET /placement/allocations/81b3a64c-222a-4208-a105-7ed1063d2c08" status: 200 len: 259 microversion: 1.28
Sep 16 16:37:03.246098 n-d-858094-6 devstack@placement-api.service[107701]: [pid: 107701|app: 0|req: 196/396] 10.222.0.50 () {60 vars in 1377 bytes} [Fri Sep 16 16:37:03 2022] GET /placement/allocations/81b3a64c-222a-4208-a105-7ed1063d2c08 => generated 259 bytes in 24 msecs (HTTP/1.1 200) 8 headers in 296 bytes (2 switches on core 0)
Sep 16 16:37:03.263459 n-d-858094-6 devstack@placement-api.service[107702]: INFO placement.requestlog [req-affad442-05d2-48d4-861e-aca43a7a1ed8 req-9f7bd187-cbc5-43ed-82b0-82800c74c0a7 service placement] 10.222.0.52 "GET /placement/allocations/6a27379c-2316-4cb9-88e2-359dae0d62fa" status: 200 len: 259 microversion: 1.28
Sep 16 16:37:03.264349 n-d-858094-6 devstack@placement-api.service[107702]: [pid: 107702|app: 0|req: 201/397] 10.222.0.52 () {60 vars in 1377 bytes} [Fri Sep 16 16:37:03 2022] GET /placement/allocations/6a27379c-2316-4cb9-88e2-359dae0d62fa => generated 259 bytes in 44 msecs (HTTP/1.1 200) 8 headers in 296 bytes (1 switches on core 0)
Sep 16 16:37:03.265325 n-d-858094-6 devstack@placement-api.service[107701]: DEBUG placement.requestlog [req-50e7dd50-3854-4868-9072-29df4ddf7ff6 req-59c5f386-51cb-4df7-b1df-7b0f2fe808eb None None] Starting request: 10.222.0.50 "GET /placement/allocations/1f1769e1-6247-437f-ae9b-722f5cf3cc3a" {{(pid=107701) __call__ /opt/stack/placement/placement/requestlog.py:55}}
Sep 16 16:37:03.285057 n-d-858094-6 devstack@placement-api.service[107701]: INFO placement.requestlog [req-50e7dd50-3854-4868-9072-29df4ddf7ff6 req-59c5f386-51cb-4df7-b1df-7b0f2fe808eb service placement] 10.222.0.50 "GET /placement/allocations/1f1769e1-6247-437f-ae9b-722f5cf3cc3a" status: 200 len: 259 microversion: 1.28
Sep 16 16:37:03.285460 n-d-858094-6 devstack@placement-api.service[107701]: [pid: 107701|app: 0|req: 197/398] 10.222.0.50 () {60 vars in 1377 bytes} [Fri Sep 16 16:37:03 2022] GET /placement/allocations/1f1769e1-6247-437f-ae9b-722f5cf3cc3a => generated 259 bytes in 26 msecs (HTTP/1.1 200) 8 headers in 296 bytes (2 switches on core 0)
Sep 16 16:37:03.323988 n-d-858094-6 devstack@placement-api.service[107702]: DEBUG placement.requestlog [req-50e7dd50-3854-4868-9072-29df4ddf7ff6 req-8bf4ef10-5087-40f6-82f3-709412ee858a None None] Starting request: 10.222.0.50 "GET /placement/allocations/d942469b-8f38-4db6-843d-ea13dfe901cc" {{(pid=107702) __call__ /opt/stack/placement/placement/requestlog.py:55}}
Sep 16 16:37:03.356004 n-d-858094-6 devstack@placement-api.service[107702]: INFO placement.requestlog [req-50e7dd50-3854-4868-9072-29df4ddf7ff6 req-8bf4ef10-5087-40f6-82f3-709412ee858a service placement] 10.222.0.50 "GET /placement/allocations/d942469b-8f38-4db6-843d-ea13dfe901cc" status: 200 len: 259 microversion: 1.28
Sep 16 16:37:03.357556 n-d-858094-6 devstack@placement-api.service[107702]: [pid: 107702|app: 0|req: 202/399] 10.222.0.50 () {60 vars in 1377 bytes} [Fri Sep 16 16:37:03 2022] GET /placement/allocations/d942469b-8f38-4db6-843d-ea13dfe901cc => generated 259 bytes in 36 msecs (HTTP/1.1 200) 8 headers in 296 bytes (1 switches on core 0)
Sep 16 16:37:03.368184 n-d-858094-6 devstack@placement-api.service[107701]: DEBUG placement.requestlog [req-50e7dd50-3854-4868-9072-29df4ddf7ff6 req-29afb87b-49b7-4207-b7dc-7329387d561c None None] Starting request: 10.222.0.50 "GET /placement/allocations/0da30526-bb42-4a8b-9c5a-549a3d06f791" {{(pid=107701) __call__ /opt/stack/placement/placement/requestlog.py:55}}
Sep 16 16:37:03.384311 n-d-858094-6 devstack@placement-api.service[107701]: INFO placement.requestlog [req-50e7dd50-3854-4868-9072-29df4ddf7ff6 req-29afb87b-49b7-4207-b7dc-7329387d561c service placement] 10.222.0.50 "GET /placement/allocations/0da30526-bb42-4a8b-9c5a-549a3d06f791" status: 200 len: 259 microversion: 1.28
Sep 16 16:37:03.385652 n-d-858094-6 devstack@placement-api.service[107701]: [pid: 107701|app: 0|req: 198/400] 10.222.0.50 () {60 vars in 1377 bytes} [Fri Sep 16 16:37:03 2022] GET /placement/allocations/0da30526-bb42-4a8b-9c5a-549a3d06f791 => generated 259 bytes in 17 msecs (HTTP/1.1 200) 8 headers in 296 bytes (1 switches on core 0)
Sep 16 16:37:03.400700 n-d-858094-6 devstack@placement-api.service[107702]: DEBUG placement.requestlog [req-50e7dd50-3854-4868-9072-29df4ddf7ff6 req-4d84879b-3a3b-4c59-beab-f0b8c0e881c8 None None] Starting request: 10.222.0.50 "GET /placement/allocations/f1522056-3082-4713-a1fe-313d89398a69" {{(pid=107702) __call__ /opt/stack/placement/placement/requestlog.py:55}}
Sep 16 16:37:03.420302 n-d-858094-6 devstack@placement-api.service[107702]: INFO placement.requestlog [req-50e7dd50-3854-4868-9072-29df4ddf7ff6 req-4d84879b-3a3b-4c59-beab-f0b8c0e881c8 service placement] 10.222.0.50 "GET /placement/allocations/f1522056-3082-4713-a1fe-313d89398a69" status: 200 len: 259 microversion: 1.28
Sep 16 16:37:03.421094 n-d-858094-6 devstack@placement-api.service[107702]: [pid: 107702|app: 0|req: 203/401] 10.222.0.50 () {60 vars in 1377 bytes} [Fri Sep 16 16:37:03 2022] GET /placement/allocations/f1522056-3082-4713-a1fe-313d89398a69 => generated 259 bytes in 21 msecs (HTTP/1.1 200) 8 headers in 296 bytes (1 switches on core 0)
Sep 16 16:37:03.512610 n-d-858094-6 devstack@placement-api.service[107701]: DEBUG placement.requestlog [req-affad442-05d2-48d4-861e-aca43a7a1ed8 req-fbebf6ee-0281-44f1-89a6-905c62a68a6a None None] Starting request: 10.222.0.52 "DELETE /placement/allocations/007c63de-f136-41a1-8a27-1a085b693d9d" {{(pid=107701) __call__ /opt/stack/placement/placement/requestlog.py:55}}
Sep 16 16:37:03.545758 n-d-858094-6 devstack@placement-api.service[107701]: DEBUG placement.handlers.allocation [req-affad442-05d2-48d4-861e-aca43a7a1ed8 req-fbebf6ee-0281-44f1-89a6-905c62a68a6a service placement] Successfully deleted allocations [, , ] {{(pid=107701) delete_allocations /opt/stack/placement/placement/handlers/allocation.py:627}}
Sep 16 16:37:03.546352 n-d-858094-6 devstack@placement-api.service[107701]: INFO placement.requestlog [req-affad442-05d2-48d4-861e-aca43a7a1ed8 req-fbebf6ee-0281-44f1-89a6-905c62a68a6a service placement] 10.222.0.52 "DELETE /placement/allocations/007c63de-f136-41a1-8a27-1a085b693d9d" status: 204 len: 0 microversion: 1.0
Sep 16 16:37:03.547127 n-d-858094-6 devstack@placement-api.service[107701]: [pid: 107701|app: 0|req: 199/402] 10.222.0.52 () {60 vars in 1355 bytes} [Fri Sep 16 16:37:03 2022] DELETE /placement/allocations/007c63de-f136-41a1-8a27-1a085b693d9d => generated 0 bytes in 35 msecs (HTTP/1.1 204) 5 headers in 198 bytes (1 switches on core 0)
Sep 16 16:37:13.417973 n-d-858094-6 devstack@placement-api.service[107702]: DEBUG dbcounter [-] [107702] Writing DB stats placement:SELECT=27 {{(pid=107702) stat_writer /usr/local/lib/python3.8/dist-packages/dbcounter.py:114}}
Sep 16 16:37:13.541389 n-d-858094-6 devstack@placement-api.service[107701]: DEBUG dbcounter [-] [107701] Writing DB stats placement:SELECT=28,placement:DELETE=2 {{(pid=107701) stat_writer /usr/local/lib/python3.8/dist-packages/dbcounter.py:114}}
Sep 16 16:37:18.165745 n-d-858094-6 devstack@placement-api.service[107702]: DEBUG placement.requestlog [req-cf560e50-9dc4-4b32-9e8d-0a5cb2e63b70 req-14d6d2ef-669b-461d-961f-bdc0d6d8c1e5 None None] Starting request: 10.222.0.15 "GET /placement/allocation_candidates?limit=1000&resources=DISK_GB%3A1%2CMEMORY_MB%3A1024%2CVCPU%3A1&root_required=%21COMPUTE_STATUS_DISABLED" {{(pid=107702) __call__ /opt/stack/placement/placement/requestlog.py:55}}
Sep 16 16:37:18.222265 n-d-858094-6 devstack@placement-api.service[107702]: DEBUG placement.objects.research_context [req-cf560e50-9dc4-4b32-9e8d-0a5cb2e63b70 req-14d6d2ef-669b-461d-961f-bdc0d6d8c1e5 service placement] getting providers with 1 DISK_GB {{(pid=107702) __init__ /opt/stack/placement/placement/objects/research_context.py:136}}
Sep 16 16:37:18.232984 n-d-858094-6 devstack@placement-api.service[107702]: DEBUG placement.objects.research_context [req-cf560e50-9dc4-4b32-9e8d-0a5cb2e63b70 req-14d6d2ef-669b-461d-961f-bdc0d6d8c1e5 service placement] getting providers with 1024 MEMORY_MB {{(pid=107702) __init__ /opt/stack/placement/placement/objects/research_context.py:136}}
Sep 16 16:37:18.240194 n-d-858094-6 devstack@placement-api.service[107702]: DEBUG placement.objects.research_context [req-cf560e50-9dc4-4b32-9e8d-0a5cb2e63b70 req-14d6d2ef-669b-461d-961f-bdc0d6d8c1e5 service placement] getting providers with 1 VCPU {{(pid=107702) __init__ /opt/stack/placement/placement/objects/research_context.py:136}}
Sep 16 16:37:18.248191 n-d-858094-6 devstack@placement-api.service[107702]: DEBUG placement.objects.research_context [req-cf560e50-9dc4-4b32-9e8d-0a5cb2e63b70 req-14d6d2ef-669b-461d-961f-bdc0d6d8c1e5 service placement] found 2 providers with available 1 DISK_GB {{(pid=107702) get_provider_ids_matching /opt/stack/placement/placement/objects/research_context.py:563}}
Sep 16 16:37:18.248506 n-d-858094-6 devstack@placement-api.service[107702]: DEBUG placement.objects.research_context [req-cf560e50-9dc4-4b32-9e8d-0a5cb2e63b70 req-14d6d2ef-669b-461d-961f-bdc0d6d8c1e5 service placement] found 2 providers with available 1024 MEMORY_MB {{(pid=107702) get_provider_ids_matching /opt/stack/placement/placement/objects/research_context.py:563}}
Sep 16 16:37:18.249000 n-d-858094-6 devstack@placement-api.service[107702]: DEBUG placement.objects.research_context [req-cf560e50-9dc4-4b32-9e8d-0a5cb2e63b70 req-14d6d2ef-669b-461d-961f-bdc0d6d8c1e5 service placement] found 2 providers after filtering by previous result {{(pid=107702) get_provider_ids_matching /opt/stack/placement/placement/objects/research_context.py:594}}
