Sep 16 16:42:50.114744 n-d-858094-6 devstack@placement-api.service[107701]: [pid: 107701|app: 0|req: 743/1473] 10.222.0.15 () {60 vars in 1380 bytes} [Fri Sep 16 16:42:50 2022] GET /placement/allocations/6b1c992d-7f48-4125-ad2f-a7a580265426 => generated 19 bytes in 22 msecs (HTTP/1.1 200) 8 headers in 295 bytes (1 switches on core 0)
Sep 16 16:42:50.131439 n-d-858094-6 devstack@placement-api.service[107702]: DEBUG placement.requestlog [req-567d91a2-38aa-40b0-9a10-101cac534353 req-5f44963c-bd56-4a93-b016-770bbcb608d6 None None] Starting request: 10.222.0.15 "PUT /placement/allocations/6b1c992d-7f48-4125-ad2f-a7a580265426" {{(pid=107702) __call__ /opt/stack/placement/placement/requestlog.py:55}}
Sep 16 16:42:50.268520 n-d-858094-6 devstack@placement-api.service[107702]: DEBUG dbcounter [-] [107702] Writing DB stats placement:SELECT=97,placement:INSERT=2,placement:DELETE=1 {{(pid=107702) stat_writer /usr/local/lib/python3.8/dist-packages/dbcounter.py:114}}
Sep 16 16:42:50.293493 n-d-858094-6 devstack@placement-api.service[107702]: DEBUG placement.handlers.allocation [req-567d91a2-38aa-40b0-9a10-101cac534353 req-5f44963c-bd56-4a93-b016-770bbcb608d6 service placement] Successfully wrote allocations [, , ] {{(pid=107702) _update_consumers_and_create_allocations /opt/stack/placement/placement/handlers/allocation.py:462}}
Sep 16 16:42:50.299693 n-d-858094-6 devstack@placement-api.service[107702]: INFO placement.requestlog [req-567d91a2-38aa-40b0-9a10-101cac534353 req-5f44963c-bd56-4a93-b016-770bbcb608d6 service placement] 10.222.0.15 "PUT /placement/allocations/6b1c992d-7f48-4125-ad2f-a7a580265426" status: 204 len: 0 microversion: 1.36
Sep 16 16:42:50.300283 n-d-858094-6 devstack@placement-api.service[107702]: [pid: 107702|app: 0|req: 731/1474] 10.222.0.15 () {64 vars in 1433 bytes} [Fri Sep 16 16:42:50 2022] PUT /placement/allocations/6b1c992d-7f48-4125-ad2f-a7a580265426 => generated 0 bytes in 169 msecs (HTTP/1.1 204) 5 headers in 199 bytes (1 switches on core 0)
Sep 16 16:42:50.302944 n-d-858094-6 devstack@placement-api.service[107701]: DEBUG placement.requestlog [req-da1d8d1b-bdee-4a8f-ac19-758e92c2229c req-ea7fa694-63cf-4da4-ad5e-9678bd25c254 None None] Starting request: 10.222.0.52 "GET /placement/resource_providers/1f346e2b-b14c-4fa6-92c4-57d33f278e1a/allocations" {{(pid=107701) __call__ /opt/stack/placement/placement/requestlog.py:55}}
Sep 16 16:42:50.361636 n-d-858094-6 devstack@placement-api.service[107701]: INFO placement.requestlog [req-da1d8d1b-bdee-4a8f-ac19-758e92c2229c req-ea7fa694-63cf-4da4-ad5e-9678bd25c254 service placement] 10.222.0.52 "GET /placement/resource_providers/1f346e2b-b14c-4fa6-92c4-57d33f278e1a/allocations" status: 200 len: 760 microversion: 1.0
Sep 16 16:42:50.362526 n-d-858094-6 devstack@placement-api.service[107701]: [pid: 107701|app: 0|req: 744/1475] 10.222.0.52 () {58 vars in 1390 bytes} [Fri Sep 16 16:42:50 2022] GET /placement/resource_providers/1f346e2b-b14c-4fa6-92c4-57d33f278e1a/allocations => generated 760 bytes in 60 msecs (HTTP/1.1 200) 6 headers in 224 bytes (1 switches on core 0)
Sep 16 16:42:50.381335 n-d-858094-6 devstack@placement-api.service[107702]: DEBUG placement.requestlog [req-da1d8d1b-bdee-4a8f-ac19-758e92c2229c req-1592fbf5-0f57-449d-abf8-3764a0e71adb None None] Starting request: 10.222.0.52 "GET /placement/allocations/d135ef3c-b4e0-40dd-b7ed-9244139e0769" {{(pid=107702) __call__ /opt/stack/placement/placement/requestlog.py:55}}
Sep 16 16:42:50.397556 n-d-858094-6 devstack@placement-api.service[107702]: INFO placement.requestlog [req-da1d8d1b-bdee-4a8f-ac19-758e92c2229c req-1592fbf5-0f57-449d-abf8-3764a0e71adb service placement] 10.222.0.52 "GET /placement/allocations/d135ef3c-b4e0-40dd-b7ed-9244139e0769" status: 200 len: 259 microversion: 1.28
Sep 16 16:42:50.398574 n-d-858094-6 devstack@placement-api.service[107702]: [pid: 107702|app: 0|req: 732/1476] 10.222.0.52 () {60 vars in 1377 bytes} [Fri Sep 16 16:42:50 2022] GET /placement/allocations/d135ef3c-b4e0-40dd-b7ed-9244139e0769 => generated 259 bytes in 17 msecs (HTTP/1.1 200) 8 headers in 296 bytes (1 switches on core 0)
Sep 16 16:42:50.405589 n-d-858094-6 devstack@placement-api.service[107701]: DEBUG placement.requestlog [req-da1d8d1b-bdee-4a8f-ac19-758e92c2229c req-a0b4a940-b292-4bcd-861f-5497f6145dc2 None None] Starting request: 10.222.0.52 "GET /placement/allocations/f14cd21f-b2b6-42a5-b8d3-8a4f1c8af508" {{(pid=107701) __call__ /opt/stack/placement/placement/requestlog.py:55}}
Sep 16 16:42:50.438181 n-d-858094-6 devstack@placement-api.service[107701]: INFO placement.requestlog [req-da1d8d1b-bdee-4a8f-ac19-758e92c2229c req-a0b4a940-b292-4bcd-861f-5497f6145dc2 service placement] 10.222.0.52 "GET /placement/allocations/f14cd21f-b2b6-42a5-b8d3-8a4f1c8af508" status: 200 len: 259 microversion: 1.28
Sep 16 16:42:50.439156 n-d-858094-6 devstack@placement-api.service[107701]: [pid: 107701|app: 0|req: 745/1477] 10.222.0.52 () {60 vars in 1377 bytes} [Fri Sep 16 16:42:50 2022] GET /placement/allocations/f14cd21f-b2b6-42a5-b8d3-8a4f1c8af508 => generated 259 bytes in 34 msecs (HTTP/1.1 200) 8 headers in 296 bytes (1 switches on core 0)
Sep 16 16:42:50.448586 n-d-858094-6 devstack@placement-api.service[107702]: DEBUG placement.requestlog [req-da1d8d1b-bdee-4a8f-ac19-758e92c2229c req-bfbb5731-572a-4f18-b312-450e73f004f0 None None] Starting request: 10.222.0.52 "GET /placement/allocations/cbececfc-4ecd-4300-9b1c-2c11f1cd8583" {{(pid=107702) __call__ /opt/stack/placement/placement/requestlog.py:55}}
Sep 16 16:42:50.484692 n-d-858094-6 devstack@placement-api.service[107702]: INFO placement.requestlog [req-da1d8d1b-bdee-4a8f-ac19-758e92c2229c req-bfbb5731-572a-4f18-b312-450e73f004f0 service placement] 10.222.0.52 "GET /placement/allocations/cbececfc-4ecd-4300-9b1c-2c11f1cd8583" status: 200 len: 259 microversion: 1.28
Sep 16 16:42:50.487231 n-d-858094-6 devstack@placement-api.service[107702]: [pid: 107702|app: 0|req: 733/1478] 10.222.0.52 () {60 vars in 1377 bytes} [Fri Sep 16 16:42:50 2022] GET /placement/allocations/cbececfc-4ecd-4300-9b1c-2c11f1cd8583 => generated 259 bytes in 39 msecs (HTTP/1.1 200) 8 headers in 296 bytes (1 switches on core 0)
Sep 16 16:42:50.518261 n-d-858094-6 devstack@placement-api.service[107701]: DEBUG placement.requestlog [req-da1d8d1b-bdee-4a8f-ac19-758e92c2229c req-bc94ab38-6550-4813-a1f0-fef71f162227 None None] Starting request: 10.222.0.52 "GET /placement/allocations/5e857b3c-378f-43d1-8ff7-75d3aebc2212" {{(pid=107701) __call__ /opt/stack/placement/placement/requestlog.py:55}}
Sep 16 16:42:50.550964 n-d-858094-6 devstack@placement-api.service[107701]: INFO placement.requestlog [req-da1d8d1b-bdee-4a8f-ac19-758e92c2229c req-bc94ab38-6550-4813-a1f0-fef71f162227 service placement] 10.222.0.52 "GET /placement/allocations/5e857b3c-378f-43d1-8ff7-75d3aebc2212" status: 200 len: 259 microversion: 1.28
Sep 16 16:42:50.552290 n-d-858094-6 devstack@placement-api.service[107701]: [pid: 107701|app: 0|req: 746/1479] 10.222.0.52 () {60 vars in 1377 bytes} [Fri Sep 16 16:42:50 2022] GET /placement/allocations/5e857b3c-378f-43d1-8ff7-75d3aebc2212 => generated 259 bytes in 34 msecs (HTTP/1.1 200) 8 headers in 296 bytes (1 switches on core 0)
Sep 16 16:42:50.568475 n-d-858094-6 devstack@placement-api.service[107702]: DEBUG placement.requestlog [req-da1d8d1b-bdee-4a8f-ac19-758e92c2229c req-e380d9eb-27b6-4cd9-90d4-d48826c4806d None None] Starting request: 10.222.0.52 "GET /placement/allocations/9a017546-fff6-4aa5-b025-45527fa5ee9a" {{(pid=107702) __call__ /opt/stack/placement/placement/requestlog.py:55}}
Sep 16 16:42:50.596731 n-d-858094-6 devstack@placement-api.service[107702]: INFO placement.requestlog [req-da1d8d1b-bdee-4a8f-ac19-758e92c2229c req-e380d9eb-27b6-4cd9-90d4-d48826c4806d service placement] 10.222.0.52 "GET /placement/allocations/9a017546-fff6-4aa5-b025-45527fa5ee9a" status: 200 len: 259 microversion: 1.28
Sep 16 16:42:50.597494 n-d-858094-6 devstack@placement-api.service[107702]: [pid: 107702|app: 0|req: 734/1480] 10.222.0.52 () {60 vars in 1377 bytes} [Fri Sep 16 16:42:50 2022] GET /placement/allocations/9a017546-fff6-4aa5-b025-45527fa5ee9a => generated 259 bytes in 29 msecs (HTTP/1.1 200) 8 headers in 296 bytes (1 switches on core 0)
Sep 16 16:42:50.628184 n-d-858094-6 devstack@placement-api.service[107701]: DEBUG placement.requestlog [req-da1d8d1b-bdee-4a8f-ac19-758e92c2229c req-f3285642-f353-48ac-ad6e-646b1748303c None None] Starting request: 10.222.0.52 "GET /placement/allocations/1811499d-8b0c-41f0-bb06-895cc2322048" {{(pid=107701) __call__ /opt/stack/placement/placement/requestlog.py:55}}
Sep 16 16:42:50.676788 n-d-858094-6 devstack@placement-api.service[107701]: INFO placement.requestlog [req-da1d8d1b-bdee-4a8f-ac19-758e92c2229c req-f3285642-f353-48ac-ad6e-646b1748303c service placement] 10.222.0.52 "GET /placement/allocations/1811499d-8b0c-41f0-bb06-895cc2322048" status: 200 len: 259 microversion: 1.28
Sep 16 16:42:50.677514 n-d-858094-6 devstack@placement-api.service[107701]: [pid: 107701|app: 0|req: 747/1481] 10.222.0.52 () {60 vars in 1377 bytes} [Fri Sep 16 16:42:50 2022] GET /placement/allocations/1811499d-8b0c-41f0-bb06-895cc2322048 => generated 259 bytes in 49 msecs (HTTP/1.1 200) 8 headers in 296 bytes (1 switches on core 0)
Sep 16 16:42:50.684184 n-d-858094-6 devstack@placement-api.service[107702]: DEBUG placement.requestlog [req-da1d8d1b-bdee-4a8f-ac19-758e92c2229c req-1f8a3561-e325-458f-a026-3f331d5213fb None None] Starting request: 10.222.0.52 "GET /placement/allocations/6b1c992d-7f48-4125-ad2f-a7a580265426" {{(pid=107702) __call__ /opt/stack/placement/placement/requestlog.py:55}}
Sep 16 16:42:50.715117 n-d-858094-6 devstack@placement-api.service[107702]: INFO placement.requestlog [req-da1d8d1b-bdee-4a8f-ac19-758e92c2229c req-1f8a3561-e325-458f-a026-3f331d5213fb service placement] 10.222.0.52 "GET /placement/allocations/6b1c992d-7f48-4125-ad2f-a7a580265426" status: 200 len: 259 microversion: 1.28
Sep 16 16:42:50.720467 n-d-858094-6 devstack@placement-api.service[107702]: [pid: 107702|app: 0|req: 735/1482] 10.222.0.52 () {60 vars in 1377 bytes} [Fri Sep 16 16:42:50 2022] GET /placement/allocations/6b1c992d-7f48-4125-ad2f-a7a580265426 => generated 259 bytes in 36 msecs (HTTP/1.1 200) 8 headers in 296 bytes (1 switches on core 0)
Sep 16 16:42:50.964691 n-d-858094-6 devstack@placement-api.service[107701]: DEBUG placement.requestlog [req-567d91a2-38aa-40b0-9a10-101cac534353 req-1340293e-c1c3-433a-9c84-150626ca91c8 None None] Starting request: 10.222.0.52 "GET /placement/allocations/6b1c992d-7f48-4125-ad2f-a7a580265426" {{(pid=107701) __call__ /opt/stack/placement/placement/requestlog.py:55}}
Sep 16 16:42:50.991051 n-d-858094-6 devstack@placement-api.service[107701]: INFO placement.requestlog [req-567d91a2-38aa-40b0-9a10-101cac534353 req-1340293e-c1c3-433a-9c84-150626ca91c8 service placement] 10.222.0.52 "GET /placement/allocations/6b1c992d-7f48-4125-ad2f-a7a580265426" status: 200 len: 259 microversion: 1.28
Sep 16 16:42:50.992108 n-d-858094-6 devstack@placement-api.service[107701]: [pid: 107701|app: 0|req: 748/1483] 10.222.0.52 () {60 vars in 1377 bytes} [Fri Sep 16 16:42:50 2022] GET /placement/allocations/6b1c992d-7f48-4125-ad2f-a7a580265426 => generated 259 bytes in 28 msecs (HTTP/1.1 200) 8 headers in 296 bytes (1 switches on core 0)
Sep 16 16:42:51.223797 n-d-858094-6 devstack@placement-api.service[107702]: DEBUG placement.requestlog [req-e6e6c829-0b2e-4285-b218-0ce87cf0635d req-6d0b7593-7be1-41ba-b6bb-be291c62654a None None] Starting request: 10.222.0.50 "GET /placement/resource_providers/79aca774-0f05-4074-a537-908e4ac01dfb/allocations" {{(pid=107702) __call__ /opt/stack/placement/placement/requestlog.py:55}}
Sep 16 16:42:51.272937 n-d-858094-6 devstack@placement-api.service[107702]: INFO placement.requestlog [req-e6e6c829-0b2e-4285-b218-0ce87cf0635d req-6d0b7593-7be1-41ba-b6bb-be291c62654a service placement] 10.222.0.50 "GET /placement/resource_providers/79aca774-0f05-4074-a537-908e4ac01dfb/allocations" status: 200 len: 659 microversion: 1.0
Sep 16 16:42:51.275086 n-d-858094-6 devstack@placement-api.service[107702]: [pid: 107702|app: 0|req: 736/1484] 10.222.0.50 () {58 vars in 1390 bytes} [Fri Sep 16 16:42:51 2022] GET /placement/resource_providers/79aca774-0f05-4074-a537-908e4ac01dfb/allocations => generated 659 bytes in 52 msecs (HTTP/1.1 200) 6 headers in 224 bytes (2 switches on core 0)
Sep 16 16:42:51.298030 n-d-858094-6 devstack@placement-api.service[107701]: DEBUG placement.requestlog [req-da1d8d1b-bdee-4a8f-ac19-758e92c2229c req-6a0bc1ee-f801-4fa9-92c3-bb1d5f9549ad None None] Starting request: 10.222.0.52 "GET /placement/resource_providers/1f346e2b-b14c-4fa6-92c4-57d33f278e1a/allocations" {{(pid=107701) __call__ /opt/stack/placement/placement/requestlog.py:55}}
Sep 16 16:42:51.358327 n-d-858094-6 devstack@placement-api.service[107701]: INFO placement.requestlog [req-da1d8d1b-bdee-4a8f-ac19-758e92c2229c req-6a0bc1ee-f801-4fa9-92c3-bb1d5f9549ad service placement] 10.222.0.52 "GET /placement/resource_providers/1f346e2b-b14c-4fa6-92c4-57d33f278e1a/allocations" status: 200 len: 760 microversion: 1.0
Sep 16 16:42:51.360270 n-d-858094-6 devstack@placement-api.service[107701]: [pid: 107701|app: 0|req: 749/1485] 10.222.0.52 () {58 vars in 1390 bytes} [Fri Sep 16 16:42:51 2022] GET /placement/resource_providers/1f346e2b-b14c-4fa6-92c4-57d33f278e1a/allocations => generated 760 bytes in 63 msecs (HTTP/1.1 200) 6 headers in 224 bytes (1 switches on core 0)
Sep 16 16:42:51.369332 n-d-858094-6 devstack@placement-api.service[107702]: DEBUG placement.requestlog [req-da1d8d1b-bdee-4a8f-ac19-758e92c2229c req-fc842cb3-9f7a-4722-963b-d355f69b055e None None] Starting request: 10.222.0.52 "GET /placement/allocations/d135ef3c-b4e0-40dd-b7ed-9244139e0769" {{(pid=107702) __call__ /opt/stack/placement/placement/requestlog.py:55}}
Sep 16 16:42:51.398161 n-d-858094-6 devstack@placement-api.service[107702]: INFO placement.requestlog [req-da1d8d1b-bdee-4a8f-ac19-758e92c2229c req-fc842cb3-9f7a-4722-963b-d355f69b055e service placement] 10.222.0.52 "GET /placement/allocations/d135ef3c-b4e0-40dd-b7ed-9244139e0769" status: 200 len: 259 microversion: 1.28
Sep 16 16:42:51.401019 n-d-858094-6 devstack@placement-api.service[107702]: [pid: 107702|app: 0|req: 737/1486] 10.222.0.52 () {60 vars in 1377 bytes} [Fri Sep 16 16:42:51 2022] GET /placement/allocations/d135ef3c-b4e0-40dd-b7ed-9244139e0769 => generated 259 bytes in 32 msecs (HTTP/1.1 200) 8 headers in 296 bytes (1 switches on core 0)
Sep 16 16:42:51.424444 n-d-858094-6 devstack@placement-api.service[107701]: DEBUG placement.requestlog [req-da1d8d1b-bdee-4a8f-ac19-758e92c2229c req-7066bd90-3c6c-427f-a3bc-dac513a032eb None None] Starting request: 10.222.0.52 "GET /placement/allocations/f14cd21f-b2b6-42a5-b8d3-8a4f1c8af508" {{(pid=107701) __call__ /opt/stack/placement/placement/requestlog.py:55}}
Sep 16 16:42:51.457305 n-d-858094-6 devstack@placement-api.service[107702]: DEBUG placement.requestlog [req-e6e6c829-0b2e-4285-b218-0ce87cf0635d req-da3a8531-9325-4666-855a-970ea663887c None None] Starting request: 10.222.0.50 "GET /placement/resource_providers/79aca774-0f05-4074-a537-908e4ac01dfb/allocations" {{(pid=107702) __call__ /opt/stack/placement/placement/requestlog.py:55}}
Sep 16 16:42:51.464235 n-d-858094-6 devstack@placement-api.service[107701]: INFO placement.requestlog [req-da1d8d1b-bdee-4a8f-ac19-758e92c2229c req-7066bd90-3c6c-427f-a3bc-dac513a032eb service placement] 10.222.0.52 "GET /placement/allocations/f14cd21f-b2b6-42a5-b8d3-8a4f1c8af508" status: 200 len: 259 microversion: 1.28
Sep 16 16:42:51.467572 n-d-858094-6 devstack@placement-api.service[107701]: [pid: 107701|app: 0|req: 750/1487] 10.222.0.52 () {60 vars in 1377 bytes} [Fri Sep 16 16:42:51 2022] GET /placement/allocations/f14cd21f-b2b6-42a5-b8d3-8a4f1c8af508 => generated 259 bytes in 43 msecs (HTTP/1.1 200) 8 headers in 296 bytes (1 switches on core 0)
Sep 16 16:42:51.475517 n-d-858094-6 devstack@placement-api.service[107701]: DEBUG placement.requestlog [req-da1d8d1b-bdee-4a8f-ac19-758e92c2229c req-c0e14f9c-aaf2-4cbd-a5f8-ef3f5e6ab484 None None] Starting request: 10.222.0.52 "GET /placement/allocations/cbececfc-4ecd-4300-9b1c-2c11f1cd8583" {{(pid=107701) __call__ /opt/stack/placement/placement/requestlog.py:55}}
Sep 16 16:42:51.518766 n-d-858094-6 devstack@placement-api.service[107702]: INFO placement.requestlog [req-e6e6c829-0b2e-4285-b218-0ce87cf0635d req-da3a8531-9325-4666-855a-970ea663887c service placement] 10.222.0.50 "GET /placement/resource_providers/79aca774-0f05-4074-a537-908e4ac01dfb/allocations" status: 200 len: 659 microversion: 1.0
Sep 16 16:42:51.519444 n-d-858094-6 devstack@placement-api.service[107702]: [pid: 107702|app: 0|req: 738/1488] 10.222.0.50 () {58 vars in 1390 bytes} [Fri Sep 16 16:42:51 2022] GET /placement/resource_providers/79aca774-0f05-4074-a537-908e4ac01dfb/allocations => generated 659 bytes in 63 msecs (HTTP/1.1 200) 6 headers in 224 bytes (1 switches on core 0)
Sep 16 16:42:51.523384 n-d-858094-6 devstack@placement-api.service[107701]: INFO placement.requestlog [req-da1d8d1b-bdee-4a8f-ac19-758e92c2229c req-c0e14f9c-aaf2-4cbd-a5f8-ef3f5e6ab484 service placement] 10.222.0.52 "GET /placement/allocations/cbececfc-4ecd-4300-9b1c-2c11f1cd8583" status: 200 len: 259 microversion: 1.28
Sep 16 16:42:51.523384 n-d-858094-6 devstack@placement-api.service[107701]: [pid: 107701|app: 0|req: 751/1489] 10.222.0.52 () {60 vars in 1377 bytes} [Fri Sep 16 16:42:51 2022] GET /placement/allocations/cbececfc-4ecd-4300-9b1c-2c11f1cd8583 => generated 259 bytes in 47 msecs (HTTP/1.1 200) 8 headers in 296 bytes (1 switches on core 0)
Sep 16 16:42:51.525754 n-d-858094-6 devstack@placement-api.service[107702]: DEBUG placement.requestlog [req-e6e6c829-0b2e-4285-b218-0ce87cf0635d req-ebef1fab-f1ca-42d8-a3d1-57cfd53aea3f None None] Starting request: 10.222.0.50 "GET /placement/allocations/f5a07818-4aec-472e-ac5c-46ceca166ca0" {{(pid=107702) __call__ /opt/stack/placement/placement/requestlog.py:55}}
Sep 16 16:42:51.531336 n-d-858094-6 devstack@placement-api.service[107701]: DEBUG placement.requestlog [req-da1d8d1b-bdee-4a8f-ac19-758e92c2229c req-89a9b2a9-98b4-41a8-ae6e-ba6c35317da9 None None] Starting request: 10.222.0.52 "GET /placement/allocations/5e857b3c-378f-43d1-8ff7-75d3aebc2212" {{(pid=107701) __call__ /opt/stack/placement/placement/requestlog.py:55}}
Sep 16 16:42:51.564259 n-d-858094-6 devstack@placement-api.service[107701]: INFO placement.requestlog [req-da1d8d1b-bdee-4a8f-ac19-758e92c2229c req-89a9b2a9-98b4-41a8-ae6e-ba6c35317da9 service placement] 10.222.0.52 "GET /placement/allocations/5e857b3c-378f-43d1-8ff7-75d3aebc2212" status: 200 len: 259 microversion: 1.28
Sep 16 16:42:51.565451 n-d-858094-6 devstack@placement-api.service[107701]: [pid: 107701|app: 0|req: 752/1490] 10.222.0.52 () {60 vars in 1377 bytes} [Fri Sep 16 16:42:51 2022] GET /placement/allocations/5e857b3c-378f-43d1-8ff7-75d3aebc2212 => generated 259 bytes in 35 msecs (HTTP/1.1 200) 8 headers in 296 bytes (1 switches on core 0)
Sep 16 16:42:51.568260 n-d-858094-6 devstack@placement-api.service[107702]: INFO placement.requestlog [req-e6e6c829-0b2e-4285-b218-0ce87cf0635d req-ebef1fab-f1ca-42d8-a3d1-57cfd53aea3f service placement] 10.222.0.50 "GET /placement/allocations/f5a07818-4aec-472e-ac5c-46ceca166ca0" status: 200 len: 259 microversion: 1.28
Sep 16 16:42:51.569447 n-d-858094-6 devstack@placement-api.service[107702]: [pid: 107702|app: 0|req: 739/1491] 10.222.0.50 () {60 vars in 1377 bytes} [Fri Sep 16 16:42:51 2022] GET /placement/allocations/f5a07818-4aec-472e-ac5c-46ceca166ca0 => generated 259 bytes in 44 msecs (HTTP/1.1 200) 8 headers in 296 bytes (1 switches on core 0)
Sep 16 16:42:51.573959 n-d-858094-6 devstack@placement-api.service[107701]: DEBUG placement.requestlog [req-da1d8d1b-bdee-4a8f-ac19-758e92c2229c req-84806692-5e5b-4bb7-8c93-1c47589ca28c None None] Starting request: 10.222.0.52 "GET /placement/allocations/9a017546-fff6-4aa5-b025-45527fa5ee9a" {{(pid=107701) __call__ /opt/stack/placement/placement/requestlog.py:55}}
Sep 16 16:42:51.588882 n-d-858094-6 devstack@placement-api.service[107702]: DEBUG placement.requestlog [req-e6e6c829-0b2e-4285-b218-0ce87cf0635d req-66498c89-cd0e-45e2-90c9-b644d920262e None None] Starting request: 10.222.0.50 "GET /placement/allocations/bbcd21f8-f214-49a5-b4ee-19e1e41f249b" {{(pid=107702) __call__ /opt/stack/placement/placement/requestlog.py:55}}
Sep 16 16:42:51.610276 n-d-858094-6 devstack@placement-api.service[107701]: INFO placement.requestlog [req-da1d8d1b-bdee-4a8f-ac19-758e92c2229c req-84806692-5e5b-4bb7-8c93-1c47589ca28c service placement] 10.222.0.52 "GET /placement/allocations/9a017546-fff6-4aa5-b025-45527fa5ee9a" status: 200 len: 259 microversion: 1.28
Sep 16 16:42:51.611067 n-d-858094-6 devstack@placement-api.service[107701]: [pid: 107701|app: 0|req: 753/1492] 10.222.0.52 () {60 vars in 1377 bytes} [Fri Sep 16 16:42:51 2022] GET /placement/allocations/9a017546-fff6-4aa5-b025-45527fa5ee9a => generated 259 bytes in 37 msecs (HTTP/1.1 200) 8 headers in 296 bytes (1 switches on core 0)
Sep 16 16:42:51.614513 n-d-858094-6 devstack@placement-api.service[107701]: DEBUG placement.requestlog [None req-00f2a3e6-d7a9-4c61-98de-82029f5dfac9 None None] Starting request: 10.222.0.15 "GET /placement/resource_providers/0c6af8af-10a6-464b-9bdc-4f65f1468497/aggregates" {{(pid=107701) __call__ /opt/stack/placement/placement/requestlog.py:55}}
Sep 16 16:42:51.615691 n-d-858094-6 devstack@placement-api.service[107702]: INFO placement.requestlog [req-e6e6c829-0b2e-4285-b218-0ce87cf0635d req-66498c89-cd0e-45e2-90c9-b644d920262e service placement] 10.222.0.50 "GET /placement/allocations/bbcd21f8-f214-49a5-b4ee-19e1e41f249b" status: 200 len: 259 microversion: 1.28
Sep 16 16:42:51.616340 n-d-858094-6 devstack@placement-api.service[107702]: [pid: 107702|app: 0|req: 740/1493] 10.222.0.50 () {60 vars in 1377 bytes} [Fri Sep 16 16:42:51 2022] GET /placement/allocations/bbcd21f8-f214-49a5-b4ee-19e1e41f249b => generated 259 bytes in 28 msecs (HTTP/1.1 200) 8 headers in 296 bytes (1 switches on core 0)
Sep 16 16:42:51.619107 n-d-858094-6 devstack@placement-api.service[107702]: DEBUG placement.requestlog [req-da1d8d1b-bdee-4a8f-ac19-758e92c2229c req-c23b67c6-55dc-499c-be2a-5328eb9802f0 None None] Starting request: 10.222.0.52 "GET /placement/allocations/1811499d-8b0c-41f0-bb06-895cc2322048" {{(pid=107702) __call__ /opt/stack/placement/placement/requestlog.py:55}}
Sep 16 16:42:51.635040 n-d-858094-6 devstack@placement-api.service[107701]: INFO placement.requestlog [None req-00f2a3e6-d7a9-4c61-98de-82029f5dfac9 service placement] 10.222.0.15 "GET /placement/resource_providers/0c6af8af-10a6-464b-9bdc-4f65f1468497/aggregates" status: 404 len: 235 microversion: 1.1
Sep 16 16:42:51.635997 n-d-858094-6 devstack@placement-api.service[107701]: [pid: 107701|app: 0|req: 754/1494] 10.222.0.15 () {58 vars in 1362 bytes} [Fri Sep 16 16:42:51 2022] GET /placement/resource_providers/0c6af8af-10a6-464b-9bdc-4f65f1468497/aggregates => generated 235 bytes in 22 msecs (HTTP/1.1 404) 5 headers in 202 bytes (1 switches on core 0)
Sep 16 16:42:51.637362 n-d-858094-6 devstack@placement-api.service[107701]: DEBUG placement.requestlog [req-e6e6c829-0b2e-4285-b218-0ce87cf0635d req-4541e9d6-8bc0-4bb0-ad02-81f414c97a36 None None] Starting request: 10.222.0.50 "GET /placement/allocations/ed7927e8-b739-40e3-87bb-a6c1b79bce16" {{(pid=107701) __call__ /opt/stack/placement/placement/requestlog.py:55}}
Sep 16 16:42:51.656682 n-d-858094-6 devstack@placement-api.service[107702]: INFO placement.requestlog [req-da1d8d1b-bdee-4a8f-ac19-758e92c2229c req-c23b67c6-55dc-499c-be2a-5328eb9802f0 service placement] 10.222.0.52 "GET /placement/allocations/1811499d-8b0c-41f0-bb06-895cc2322048" status: 200 len: 259 microversion: 1.28
Sep 16 16:42:51.657336 n-d-858094-6 devstack@placement-api.service[107702]: [pid: 107702|app: 0|req: 741/1495] 10.222.0.52 () {60 vars in 1377 bytes} [Fri Sep 16 16:42:51 2022] GET /placement/allocations/1811499d-8b0c-41f0-bb06-895cc2322048 => generated 259 bytes in 39 msecs (HTTP/1.1 200) 8 headers in 296 bytes (2 switches on core 0)
Sep 16 16:42:51.664972 n-d-858094-6 devstack@placement-api.service[107702]: DEBUG placement.requestlog [req-da1d8d1b-bdee-4a8f-ac19-758e92c2229c req-09e94f4c-b53a-45bc-a249-3b1909286fdd None None] Starting request: 10.222.0.52 "GET /placement/allocations/6b1c992d-7f48-4125-ad2f-a7a580265426" {{(pid=107702) __call__ /opt/stack/placement/placement/requestlog.py:55}}
Sep 16 16:42:51.669237 n-d-858094-6 devstack@placement-api.service[107701]: INFO placement.requestlog [req-e6e6c829-0b2e-4285-b218-0ce87cf0635d req-4541e9d6-8bc0-4bb0-ad02-81f414c97a36 service placement] 10.222.0.50 "GET /placement/allocations/ed7927e8-b739-40e3-87bb-a6c1b79bce16" status: 200 len: 259 microversion: 1.28
Sep 16 16:42:51.670515 n-d-858094-6 devstack@placement-api.service[107701]: [pid: 107701|app: 0|req: 755/1496] 10.222.0.50 () {60 vars in 1377 bytes} [Fri Sep 16 16:42:51 2022] GET /placement/allocations/ed7927e8-b739-40e3-87bb-a6c1b79bce16 => generated 259 bytes in 34 msecs (HTTP/1.1 200) 8 headers in 296 bytes (1 switches on core 0)
Sep 16 16:42:51.679571 n-d-858094-6 devstack@placement-api.service[107701]: DEBUG placement.requestlog [None req-c37c04c1-648d-4896-ae3e-f1d304d61a1c None None] Starting request: 10.222.0.15 "DELETE /placement/resource_providers/0c6af8af-10a6-464b-9bdc-4f65f1468497" {{(pid=107701) __call__ /opt/stack/placement/placement/requestlog.py:55}}
Sep 16 16:42:51.695528 n-d-858094-6 devstack@placement-api.service[107701]: DEBUG placement.wsgi_wrapper [None req-c37c04c1-648d-4896-ae3e-f1d304d61a1c service placement] Placement API returning an error response: No resource provider with uuid 0c6af8af-10a6-464b-9bdc-4f65f1468497 found for delete {{(pid=107701) call_func /opt/stack/placement/placement/wsgi_wrapper.py:31}}
Sep 16 16:42:51.696920 n-d-858094-6 devstack@placement-api.service[107701]: INFO placement.requestlog [None req-c37c04c1-648d-4896-ae3e-f1d304d61a1c service placement] 10.222.0.15 "DELETE /placement/resource_providers/0c6af8af-10a6-464b-9bdc-4f65f1468497" status: 404 len: 246 microversion: 1.1
Sep 16 16:42:51.698745 n-d-858094-6 devstack@placement-api.service[107701]: [pid: 107701|app: 0|req: 756/1497] 10.222.0.15 () {60 vars in 1351 bytes} [Fri Sep 16 16:42:51 2022] DELETE /placement/resource_providers/0c6af8af-10a6-464b-9bdc-4f65f1468497 => generated 246 bytes in 19 msecs (HTTP/1.1 404) 6 headers in 231 bytes (1 switches on core 0)
Sep 16 16:42:51.700176 n-d-858094-6 devstack@placement-api.service[107701]: DEBUG placement.requestlog [req-e6e6c829-0b2e-4285-b218-0ce87cf0635d req-1175461a-f0fb-4ca7-b852-49c3f6685775 None None] Starting request: 10.222.0.50 "GET /placement/allocations/e03ef56d-554c-4387-b934-126f5e882744" {{(pid=107701) __call__ /opt/stack/placement/placement/requestlog.py:55}}
Sep 16 16:42:51.702280 n-d-858094-6 devstack@placement-api.service[107702]: INFO placement.requestlog [req-da1d8d1b-bdee-4a8f-ac19-758e92c2229c req-09e94f4c-b53a-45bc-a249-3b1909286fdd service placement] 10.222.0.52 "GET /placement/allocations/6b1c992d-7f48-4125-ad2f-a7a580265426" status: 200 len: 259 microversion: 1.28
Sep 16 16:42:51.703437 n-d-858094-6 devstack@placement-api.service[107702]: [pid: 107702|app: 0|req: 742/1498] 10.222.0.52 () {60 vars in 1377 bytes} [Fri Sep 16 16:42:51 2022] GET /placement/allocations/6b1c992d-7f48-4125-ad2f-a7a580265426 => generated 259 bytes in 39 msecs (HTTP/1.1 200) 8 headers in 296 bytes (2 switches on core 0)
Sep 16 16:42:51.734429 n-d-858094-6 devstack@placement-api.service[107701]: INFO placement.requestlog [req-e6e6c829-0b2e-4285-b218-0ce87cf0635d req-1175461a-f0fb-4ca7-b852-49c3f6685775 service placement] 10.222.0.50 "GET /placement/allocations/e03ef56d-554c-4387-b934-126f5e882744" status: 200 len: 259 microversion: 1.28
Sep 16 16:42:51.735288 n-d-858094-6 devstack@placement-api.service[107701]: [pid: 107701|app: 0|req: 757/1499] 10.222.0.50 () {60 vars in 1377 bytes} [Fri Sep 16 16:42:51 2022] GET /placement/allocations/e03ef56d-554c-4387-b934-126f5e882744 => generated 259 bytes in 35 msecs (HTTP/1.1 200) 8 headers in 296 bytes (1 switches on core 0)
Sep 16 16:42:51.747544 n-d-858094-6 devstack@placement-api.service[107702]: DEBUG placement.requestlog [req-e6e6c829-0b2e-4285-b218-0ce87cf0635d req-de7ee7a0-a011-45f6-b8fc-4a7a94d2735a None None] Starting request: 10.222.0.50 "GET /placement/allocations/5622baab-3270-4314-a2b6-04ed38446206" {{(pid=107702) __call__ /opt/stack/placement/placement/requestlog.py:55}}
Sep 16 16:42:51.791887 n-d-858094-6 devstack@placement-api.service[107702]: INFO placement.requestlog [req-e6e6c829-0b2e-4285-b218-0ce87cf0635d req-de7ee7a0-a011-45f6-b8fc-4a7a94d2735a service placement] 10.222.0.50 "GET /placement/allocations/5622baab-3270-4314-a2b6-04ed38446206" status: 200 len: 259 microversion: 1.28
Sep 16 16:42:51.792281 n-d-858094-6 devstack@placement-api.service[107702]: [pid: 107702|app: 0|req: 743/1500] 10.222.0.50 () {60 vars in 1377 bytes} [Fri Sep 16 16:42:51 2022] GET /placement/allocations/5622baab-3270-4314-a2b6-04ed38446206 => generated 259 bytes in 45 msecs (HTTP/1.1 200) 8 headers in 296 bytes (1 switches on core 0)
Sep 16 16:42:51.803292 n-d-858094-6 devstack@placement-api.service[107701]: DEBUG placement.requestlog [req-e6e6c829-0b2e-4285-b218-0ce87cf0635d req-97139cb5-4840-4dca-90eb-85d790e91c77 None None] Starting request: 10.222.0.50 "GET /placement/allocations/4f387771-f92b-40bf-9e0c-eb1f70af86ad" {{(pid=107701) __call__ /opt/stack/placement/placement/requestlog.py:55}}
Sep 16 16:42:51.837693 n-d-858094-6 devstack@placement-api.service[107701]: INFO placement.requestlog [req-e6e6c829-0b2e-4285-b218-0ce87cf0635d req-97139cb5-4840-4dca-90eb-85d790e91c77 service placement] 10.222.0.50 "GET /placement/allocations/4f387771-f92b-40bf-9e0c-eb1f70af86ad" status: 200 len: 259 microversion: 1.28
Sep 16 16:42:51.840672 n-d-858094-6 devstack@placement-api.service[107701]: [pid: 107701|app: 0|req: 758/1501] 10.222.0.50 () {60 vars in 1377 bytes} [Fri Sep 16 16:42:51 2022] GET /placement/allocations/4f387771-f92b-40bf-9e0c-eb1f70af86ad => generated 259 bytes in 38 msecs (HTTP/1.1 200) 8 headers in 296 bytes (1 switches on core 0)
Sep 16 16:42:52.221267 n-d-858094-6 devstack@placement-api.service[107702]: DEBUG placement.requestlog [req-567d91a2-38aa-40b0-9a10-101cac534353 req-af826fee-ac9b-41f3-a786-aee61cd05410 None None] Starting request: 10.222.0.52 "GET /placement/resource_providers/1f346e2b-b14c-4fa6-92c4-57d33f278e1a/allocations" {{(pid=107702) __call__ /opt/stack/placement/placement/requestlog.py:55}}
Sep 16 16:42:52.259098 n-d-858094-6 devstack@placement-api.service[107702]: INFO placement.requestlog [req-567d91a2-38aa-40b0-9a10-101cac534353 req-af826fee-ac9b-41f3-a786-aee61cd05410 service placement] 10.222.0.52 "GET /placement/resource_providers/1f346e2b-b14c-4fa6-92c4-57d33f278e1a/allocations" status: 200 len: 760 microversion: 1.0
Sep 16 16:42:52.260027 n-d-858094-6 devstack@placement-api.service[107702]: [pid: 107702|app: 0|req: 744/1502] 10.222.0.52 () {58 vars in 1390 bytes} [Fri Sep 16 16:42:52 2022] GET /placement/resource_providers/1f346e2b-b14c-4fa6-92c4-57d33f278e1a/allocations => generated 760 bytes in 39 msecs (HTTP/1.1 200) 6 headers in 224 bytes (1 switches on core 0)
Sep 16 16:42:52.276294 n-d-858094-6 devstack@placement-api.service[107701]: DEBUG placement.requestlog [req-567d91a2-38aa-40b0-9a10-101cac534353 req-db9fa073-7938-4c3c-871f-8911da9cdf74 None None] Starting request: 10.222.0.52 "GET /placement/allocations/d135ef3c-b4e0-40dd-b7ed-9244139e0769" {{(pid=107701) __call__ /opt/stack/placement/placement/requestlog.py:55}}
Sep 16 16:42:52.323449 n-d-858094-6 devstack@placement-api.service[107701]: INFO placement.requestlog [req-567d91a2-38aa-40b0-9a10-101cac534353 req-db9fa073-7938-4c3c-871f-8911da9cdf74 service placement] 10.222.0.52 "GET /placement/allocations/d135ef3c-b4e0-40dd-b7ed-9244139e0769" status: 200 len: 259 microversion: 1.28
Sep 16 16:42:52.324182 n-d-858094-6 devstack@placement-api.service[107701]: [pid: 107701|app: 0|req: 759/1503] 10.222.0.52 () {60 vars in 1377 bytes} [Fri Sep 16 16:42:52 2022] GET /placement/allocations/d135ef3c-b4e0-40dd-b7ed-9244139e0769 => generated 259 bytes in 50 msecs (HTTP/1.1 200) 8 headers in 296 bytes (1 switches on core 0)
Sep 16 16:42:52.333698 n-d-858094-6 devstack@placement-api.service[107702]: DEBUG placement.requestlog [req-567d91a2-38aa-40b0-9a10-101cac534353 req-3e9751dd-39d9-4db0-9c09-b9e89f7149c5 None None] Starting request: 10.222.0.52 "GET /placement/allocations/f14cd21f-b2b6-42a5-b8d3-8a4f1c8af508" {{(pid=107702) __call__ /opt/stack/placement/placement/requestlog.py:55}}
Sep 16 16:42:52.365600 n-d-858094-6 devstack@placement-api.service[107702]: INFO placement.requestlog [req-567d91a2-38aa-40b0-9a10-101cac534353 req-3e9751dd-39d9-4db0-9c09-b9e89f7149c5 service placement] 10.222.0.52 "GET /placement/allocations/f14cd21f-b2b6-42a5-b8d3-8a4f1c8af508" status: 200 len: 259 microversion: 1.28
Sep 16 16:42:52.369540 n-d-858094-6 devstack@placement-api.service[107702]: [pid: 107702|app: 0|req: 745/1504] 10.222.0.52 () {60 vars in 1377 bytes} [Fri Sep 16 16:42:52 2022] GET /placement/allocations/f14cd21f-b2b6-42a5-b8d3-8a4f1c8af508 => generated 259 bytes in 37 msecs (HTTP/1.1 200) 8 headers in 296 bytes (1 switches on core 0)
Sep 16 16:42:52.409175 n-d-858094-6 devstack@placement-api.service[107701]: DEBUG placement.requestlog [req-567d91a2-38aa-40b0-9a10-101cac534353 req-5fe439e5-3294-4164-873c-63ab4d03c319 None None] Starting request: 10.222.0.52 "GET /placement/allocations/cbececfc-4ecd-4300-9b1c-2c11f1cd8583" {{(pid=107701) __call__ /opt/stack/placement/placement/requestlog.py:55}}
Sep 16 16:42:52.432011 n-d-858094-6 devstack@placement-api.service[107701]: INFO placement.requestlog [req-567d91a2-38aa-40b0-9a10-101cac534353 req-5fe439e5-3294-4164-873c-63ab4d03c319 service placement] 10.222.0.52 "GET /placement/allocations/cbececfc-4ecd-4300-9b1c-2c11f1cd8583" status: 200 len: 259 microversion: 1.28
Sep 16 16:42:52.432843 n-d-858094-6 devstack@placement-api.service[107701]: [pid: 107701|app: 0|req: 760/1505] 10.222.0.52 () {60 vars in 1377 bytes} [Fri Sep 16 16:42:52 2022] GET /placement/allocations/cbececfc-4ecd-4300-9b1c-2c11f1cd8583 => generated 259 bytes in 27 msecs (HTTP/1.1 200) 8 headers in 296 bytes (2 switches on core 0)
Sep 16 16:42:52.440500 n-d-858094-6 devstack@placement-api.service[107702]: DEBUG placement.requestlog [req-567d91a2-38aa-40b0-9a10-101cac534353 req-1ca385e7-bdc9-4c22-af32-b18885bd1393 None None] Starting request: 10.222.0.52 "GET /placement/allocations/5e857b3c-378f-43d1-8ff7-75d3aebc2212" {{(pid=107702) __call__ /opt/stack/placement/placement/requestlog.py:55}}
Sep 16 16:42:52.479089 n-d-858094-6 devstack@placement-api.service[107702]: INFO placement.requestlog [req-567d91a2-38aa-40b0-9a10-101cac534353 req-1ca385e7-bdc9-4c22-af32-b18885bd1393 service placement] 10.222.0.52 "GET /placement/allocations/5e857b3c-378f-43d1-8ff7-75d3aebc2212" status: 200 len: 259 microversion: 1.28
Sep 16 16:42:52.481643 n-d-858094-6 devstack@placement-api.service[107702]: [pid: 107702|app: 0|req: 746/1506] 10.222.0.52 () {60 vars in 1377 bytes} [Fri Sep 16 16:42:52 2022] GET /placement/allocations/5e857b3c-378f-43d1-8ff7-75d3aebc2212 => generated 259 bytes in 41 msecs (HTTP/1.1 200) 8 headers in 296 bytes (1 switches on core 0)
Sep 16 16:42:52.489449 n-d-858094-6 devstack@placement-api.service[107701]: DEBUG placement.requestlog [req-567d91a2-38aa-40b0-9a10-101cac534353 req-f2279513-a506-4f01-89ef-dcd270c1900a None None] Starting request: 10.222.0.52 "GET /placement/allocations/9a017546-fff6-4aa5-b025-45527fa5ee9a" {{(pid=107701) __call__ /opt/stack/placement/placement/requestlog.py:55}}
Sep 16 16:42:52.502136 n-d-858094-6 devstack@placement-api.service[107701]: DEBUG dbcounter [-] [107701] Writing DB stats placement:SELECT=96,placement:DELETE=4 {{(pid=107701) stat_writer /usr/local/lib/python3.8/dist-packages/dbcounter.py:114}}
Sep 16 16:42:52.529448 n-d-858094-6 devstack@placement-api.service[107701]: INFO placement.requestlog [req-567d91a2-38aa-40b0-9a10-101cac534353 req-f2279513-a506-4f01-89ef-dcd270c1900a service placement] 10.222.0.52 "GET /placement/allocations/9a017546-fff6-4aa5-b025-45527fa5ee9a" status: 200 len: 259 microversion: 1.28
Sep 16 16:42:52.533565 n-d-858094-6 devstack@placement-api.service[107701]: [pid: 107701|app: 0|req: 761/1507] 10.222.0.52 () {60 vars in 1377 bytes} [Fri Sep 16 16:42:52 2022] GET /placement/allocations/9a017546-fff6-4aa5-b025-45527fa5ee9a => generated 259 bytes in 44 msecs (HTTP/1.1 200) 8 headers in 296 bytes (1 switches on core 0)
Sep 16 16:42:52.541442 n-d-858094-6 devstack@placement-api.service[107702]: DEBUG placement.requestlog [req-567d91a2-38aa-40b0-9a10-101cac534353 req-c3c2548b-e301-4497-8333-70a7ebed5e38 None None] Starting request: 10.222.0.52 "GET /placement/allocations/1811499d-8b0c-41f0-bb06-895cc2322048" {{(pid=107702) __call__ /opt/stack/placement/placement/requestlog.py:55}}
Sep 16 16:42:52.569531 n-d-858094-6 devstack@placement-api.service[107702]: INFO placement.requestlog [req-567d91a2-38aa-40b0-9a10-101cac534353 req-c3c2548b-e301-4497-8333-70a7ebed5e38 service placement] 10.222.0.52 "GET /placement/allocations/1811499d-8b0c-41f0-bb06-895cc2322048" status: 200 len: 259 microversion: 1.28
Sep 16 16:42:52.569924 n-d-858094-6 devstack@placement-api.service[107702]: [pid: 107702|app: 0|req: 747/1508] 10.222.0.52 () {60 vars in 1377 bytes} [Fri Sep 16 16:42:52 2022] GET /placement/allocations/1811499d-8b0c-41f0-bb06-895cc2322048 => generated 259 bytes in 29 msecs (HTTP/1.1 200) 8 headers in 296 bytes (2 switches on core 0)
Sep 16 16:42:52.578959 n-d-858094-6 devstack@placement-api.service[107701]: DEBUG placement.requestlog [req-567d91a2-38aa-40b0-9a10-101cac534353 req-d21522ec-40f2-41e0-b1de-ebb6707bf301 None None] Starting request: 10.222.0.52 "GET /placement/allocations/6b1c992d-7f48-4125-ad2f-a7a580265426" {{(pid=107701) __call__ /opt/stack/placement/placement/requestlog.py:55}}
Sep 16 16:42:52.611914 n-d-858094-6 devstack@placement-api.service[107701]: INFO placement.requestlog [req-567d91a2-38aa-40b0-9a10-101cac534353 req-d21522ec-40f2-41e0-b1de-ebb6707bf301 service placement] 10.222.0.52 "GET /placement/allocations/6b1c992d-7f48-4125-ad2f-a7a580265426" status: 200 len: 259 microversion: 1.28
Sep 16 16:42:52.614115 n-d-858094-6 devstack@placement-api.service[107701]: [pid: 107701|app: 0|req: 762/1509] 10.222.0.52 () {60 vars in 1377 bytes} [Fri Sep 16 16:42:52 2022] GET /placement/allocations/6b1c992d-7f48-4125-ad2f-a7a580265426 => generated 259 bytes in 35 msecs (HTTP/1.1 200) 8 headers in 296 bytes (1 switches on core 0)
Sep 16 16:42:53.306066 n-d-858094-6 devstack@placement-api.service[107702]: DEBUG placement.requestlog [None req-922b4261-f52d-4dc7-a86e-7fd998c7272a None None] Starting request: 10.222.0.15 "GET /placement/resource_providers/c4294ddb-445b-4582-9814-892563b5625f/aggregates" {{(pid=107702) __call__ /opt/stack/placement/placement/requestlog.py:55}}
Sep 16 16:42:53.317956 n-d-858094-6 devstack@placement-api.service[107702]: INFO placement.requestlog [None req-922b4261-f52d-4dc7-a86e-7fd998c7272a service placement] 10.222.0.15 "GET /placement/resource_providers/c4294ddb-445b-4582-9814-892563b5625f/aggregates" status: 404 len: 235 microversion: 1.1
Sep 16 16:42:53.319073 n-d-858094-6 devstack@placement-api.service[107702]: [pid: 107702|app: 0|req: 748/1510] 10.222.0.15 () {58 vars in 1362 bytes} [Fri Sep 16 16:42:53 2022] GET /placement/resource_providers/c4294ddb-445b-4582-9814-892563b5625f/aggregates => generated 235 bytes in 13 msecs (HTTP/1.1 404) 5 headers in 202 bytes (1 switches on core 0)
Sep 16 16:42:53.396344 n-d-858094-6 devstack@placement-api.service[107701]: DEBUG placement.requestlog [None req-d5c332e3-5fe8-4834-945c-db86bb19823d None None] Starting request: 10.222.0.15 "DELETE /placement/resource_providers/c4294ddb-445b-4582-9814-892563b5625f" {{(pid=107701) __call__ /opt/stack/placement/placement/requestlog.py:55}}
Sep 16 16:42:53.410317 n-d-858094-6 devstack@placement-api.service[107701]: DEBUG placement.wsgi_wrapper [None req-d5c332e3-5fe8-4834-945c-db86bb19823d service placement] Placement API returning an error response: No resource provider with uuid c4294ddb-445b-4582-9814-892563b5625f found for delete {{(pid=107701) call_func /opt/stack/placement/placement/wsgi_wrapper.py:31}}
Sep 16 16:42:53.411265 n-d-858094-6 devstack@placement-api.service[107701]: INFO placement.requestlog [None req-d5c332e3-5fe8-4834-945c-db86bb19823d service placement] 10.222.0.15 "DELETE /placement/resource_providers/c4294ddb-445b-4582-9814-892563b5625f" status: 404 len: 246 microversion: 1.1
Sep 16 16:42:53.411850 n-d-858094-6 devstack@placement-api.service[107701]: [pid: 107701|app: 0|req: 763/1511] 10.222.0.15 () {60 vars in 1351 bytes} [Fri Sep 16 16:42:53 2022] DELETE /placement/resource_providers/c4294ddb-445b-4582-9814-892563b5625f => generated 246 bytes in 16 msecs (HTTP/1.1 404) 6 headers in 231 bytes (2 switches on core 0)
Sep 16 16:42:54.239692 n-d-858094-6 devstack@placement-api.service[107702]: DEBUG placement.requestlog [req-9804245e-4840-49b7-96ca-fa04ec1d5f2f req-7353aac8-ec65-4eb8-a32e-3ce61728a4a2 None None] Starting request: 10.222.0.52 "GET /placement/resource_providers/1f346e2b-b14c-4fa6-92c4-57d33f278e1a/allocations" {{(pid=107702) __call__ /opt/stack/placement/placement/requestlog.py:55}}
Sep 16 16:42:54.268833 n-d-858094-6 devstack@placement-api.service[107702]: INFO placement.requestlog [req-9804245e-4840-49b7-96ca-fa04ec1d5f2f req-7353aac8-ec65-4eb8-a32e-3ce61728a4a2 service placement] 10.222.0.52 "GET /placement/resource_providers/1f346e2b-b14c-4fa6-92c4-57d33f278e1a/allocations" status: 200 len: 760 microversion: 1.0
Sep 16 16:42:54.269920 n-d-858094-6 devstack@placement-api.service[107702]: [pid: 107702|app: 0|req: 749/1512] 10.222.0.52 () {58 vars in 1390 bytes} [Fri Sep 16 16:42:54 2022] GET /placement/resource_providers/1f346e2b-b14c-4fa6-92c4-57d33f278e1a/allocations => generated 760 bytes in 38 msecs (HTTP/1.1 200) 6 headers in 224 bytes (1 switches on core 0)
Sep 16 16:42:54.321472 n-d-858094-6 devstack@placement-api.service[107701]: DEBUG placement.requestlog [req-9804245e-4840-49b7-96ca-fa04ec1d5f2f req-9fe5e06d-21a2-4576-bc6f-1a2ca70d3dba None None] Starting request: 10.222.0.52 "GET /placement/resource_providers/1f346e2b-b14c-4fa6-92c4-57d33f278e1a/allocations" {{(pid=107701) __call__ /opt/stack/placement/placement/requestlog.py:55}}
Sep 16 16:42:54.356182 n-d-858094-6 devstack@placement-api.service[107701]: INFO placement.requestlog [req-9804245e-4840-49b7-96ca-fa04ec1d5f2f req-9fe5e06d-21a2-4576-bc6f-1a2ca70d3dba service placement] 10.222.0.52 "GET /placement/resource_providers/1f346e2b-b14c-4fa6-92c4-57d33f278e1a/allocations" status: 200 len: 760 microversion: 1.0
Sep 16 16:42:54.356718 n-d-858094-6 devstack@placement-api.service[107701]: [pid: 107701|app: 0|req: 764/1513] 10.222.0.52 () {58 vars in 1390 bytes} [Fri Sep 16 16:42:54 2022] GET /placement/resource_providers/1f346e2b-b14c-4fa6-92c4-57d33f278e1a/allocations => generated 760 bytes in 35 msecs (HTTP/1.1 200) 6 headers in 224 bytes (1 switches on core 0)
Sep 16 16:42:54.363471 n-d-858094-6 devstack@placement-api.service[107702]: DEBUG placement.requestlog [req-9804245e-4840-49b7-96ca-fa04ec1d5f2f req-810e7437-2528-4dc3-8047-112cb3105ee5 None None] Starting request: 10.222.0.52 "GET /placement/allocations/d135ef3c-b4e0-40dd-b7ed-9244139e0769" {{(pid=107702) __call__ /opt/stack/placement/placement/requestlog.py:55}}
Sep 16 16:42:54.388245 n-d-858094-6 devstack@placement-api.service[107702]: INFO placement.requestlog [req-9804245e-4840-49b7-96ca-fa04ec1d5f2f req-810e7437-2528-4dc3-8047-112cb3105ee5 service placement] 10.222.0.52 "GET /placement/allocations/d135ef3c-b4e0-40dd-b7ed-9244139e0769" status: 200 len: 259 microversion: 1.28
Sep 16 16:42:54.390718 n-d-858094-6 devstack@placement-api.service[107702]: [pid: 107702|app: 0|req: 750/1514] 10.222.0.52 () {60 vars in 1377 bytes} [Fri Sep 16 16:42:54 2022] GET /placement/allocations/d135ef3c-b4e0-40dd-b7ed-9244139e0769 => generated 259 bytes in 27 msecs (HTTP/1.1 200) 8 headers in 296 bytes (1 switches on core 0)
Sep 16 16:42:54.397694 n-d-858094-6 devstack@placement-api.service[107701]: DEBUG placement.requestlog [req-9804245e-4840-49b7-96ca-fa04ec1d5f2f req-7b0226f1-b2aa-4bfe-a466-30270807daf2 None None] Starting request: 10.222.0.52 "GET /placement/allocations/f14cd21f-b2b6-42a5-b8d3-8a4f1c8af508" {{(pid=107701) __call__ /opt/stack/placement/placement/requestlog.py:55}}
Sep 16 16:42:54.433528 n-d-858094-6 devstack@placement-api.service[107701]: INFO placement.requestlog [req-9804245e-4840-49b7-96ca-fa04ec1d5f2f req-7b0226f1-b2aa-4bfe-a466-30270807daf2 service placement] 10.222.0.52 "GET /placement/allocations/f14cd21f-b2b6-42a5-b8d3-8a4f1c8af508" status: 200 len: 259 microversion: 1.28
Sep 16 16:42:54.435712 n-d-858094-6 devstack@placement-api.service[107701]: [pid: 107701|app: 0|req: 765/1515] 10.222.0.52 () {60 vars in 1377 bytes} [Fri Sep 16 16:42:54 2022] GET /placement/allocations/f14cd21f-b2b6-42a5-b8d3-8a4f1c8af508 => generated 259 bytes in 39 msecs (HTTP/1.1 200) 8 headers in 296 bytes (2 switches on core 0)
Sep 16 16:42:54.447300 n-d-858094-6 devstack@placement-api.service[107702]: DEBUG placement.requestlog [req-9804245e-4840-49b7-96ca-fa04ec1d5f2f req-ba9c533a-cdf7-4f9a-b26f-5e0a39b77c40 None None] Starting request: 10.222.0.52 "GET /placement/allocations/cbececfc-4ecd-4300-9b1c-2c11f1cd8583" {{(pid=107702) __call__ /opt/stack/placement/placement/requestlog.py:55}}
Sep 16 16:42:54.502471 n-d-858094-6 devstack@placement-api.service[107702]: INFO placement.requestlog [req-9804245e-4840-49b7-96ca-fa04ec1d5f2f req-ba9c533a-cdf7-4f9a-b26f-5e0a39b77c40 service placement] 10.222.0.52 "GET /placement/allocations/cbececfc-4ecd-4300-9b1c-2c11f1cd8583" status: 200 len: 259 microversion: 1.28
Sep 16 16:42:54.503037 n-d-858094-6 devstack@placement-api.service[107702]: [pid: 107702|app: 0|req: 751/1516] 10.222.0.52 () {60 vars in 1377 bytes} [Fri Sep 16 16:42:54 2022] GET /placement/allocations/cbececfc-4ecd-4300-9b1c-2c11f1cd8583 => generated 259 bytes in 56 msecs (HTTP/1.1 200) 8 headers in 296 bytes (2 switches on core 0)
Sep 16 16:42:54.515806 n-d-858094-6 devstack@placement-api.service[107701]: DEBUG placement.requestlog [req-9804245e-4840-49b7-96ca-fa04ec1d5f2f req-a74b07fa-0271-4c64-b6ec-260e39439182 None None] Starting request: 10.222.0.52 "GET /placement/allocations/5e857b3c-378f-43d1-8ff7-75d3aebc2212" {{(pid=107701) __call__ /opt/stack/placement/placement/requestlog.py:55}}
Sep 16 16:42:54.531755 n-d-858094-6 devstack@placement-api.service[107701]: INFO placement.requestlog [req-9804245e-4840-49b7-96ca-fa04ec1d5f2f req-a74b07fa-0271-4c64-b6ec-260e39439182 service placement] 10.222.0.52 "GET /placement/allocations/5e857b3c-378f-43d1-8ff7-75d3aebc2212" status: 200 len: 259 microversion: 1.28
Sep 16 16:42:54.532478 n-d-858094-6 devstack@placement-api.service[107701]: [pid: 107701|app: 0|req: 766/1517] 10.222.0.52 () {60 vars in 1377 bytes} [Fri Sep 16 16:42:54 2022] GET /placement/allocations/5e857b3c-378f-43d1-8ff7-75d3aebc2212 => generated 259 bytes in 17 msecs (HTTP/1.1 200) 8 headers in 296 bytes (1 switches on core 0)
Sep 16 16:42:54.539638 n-d-858094-6 devstack@placement-api.service[107702]: DEBUG placement.requestlog [req-9804245e-4840-49b7-96ca-fa04ec1d5f2f req-d0e1ab7b-1d3a-4eec-88d7-3143d66928a9 None None] Starting request: 10.222.0.52 "GET /placement/allocations/9a017546-fff6-4aa5-b025-45527fa5ee9a" {{(pid=107702) __call__ /opt/stack/placement/placement/requestlog.py:55}}
Sep 16 16:42:54.557844 n-d-858094-6 devstack@placement-api.service[107702]: INFO placement.requestlog [req-9804245e-4840-49b7-96ca-fa04ec1d5f2f req-d0e1ab7b-1d3a-4eec-88d7-3143d66928a9 service placement] 10.222.0.52 "GET /placement/allocations/9a017546-fff6-4aa5-b025-45527fa5ee9a" status: 200 len: 259 microversion: 1.28
Sep 16 16:42:54.558884 n-d-858094-6 devstack@placement-api.service[107702]: [pid: 107702|app: 0|req: 752/1518] 10.222.0.52 () {60 vars in 1377 bytes} [Fri Sep 16 16:42:54 2022] GET /placement/allocations/9a017546-fff6-4aa5-b025-45527fa5ee9a => generated 259 bytes in 19 msecs (HTTP/1.1 200) 8 headers in 296 bytes (1 switches on core 0)
Sep 16 16:42:54.571319 n-d-858094-6 devstack@placement-api.service[107701]: DEBUG placement.requestlog [req-9804245e-4840-49b7-96ca-fa04ec1d5f2f req-48c28476-6c48-4182-8e44-4d7b3d817da2 None None] Starting request: 10.222.0.52 "GET /placement/allocations/1811499d-8b0c-41f0-bb06-895cc2322048" {{(pid=107701) __call__ /opt/stack/placement/placement/requestlog.py:55}}
Sep 16 16:42:54.621524 n-d-858094-6 devstack@placement-api.service[107701]: INFO placement.requestlog [req-9804245e-4840-49b7-96ca-fa04ec1d5f2f req-48c28476-6c48-4182-8e44-4d7b3d817da2 service placement] 10.222.0.52 "GET /placement/allocations/1811499d-8b0c-41f0-bb06-895cc2322048" status: 200 len: 259 microversion: 1.28
Sep 16 16:42:54.629019 n-d-858094-6 devstack@placement-api.service[107701]: [pid: 107701|app: 0|req: 767/1519] 10.222.0.52 () {60 vars in 1377 bytes} [Fri Sep 16 16:42:54 2022] GET /placement/allocations/1811499d-8b0c-41f0-bb06-895cc2322048 => generated 259 bytes in 58 msecs (HTTP/1.1 200) 8 headers in 296 bytes (1 switches on core 0)
Sep 16 16:42:54.637777 n-d-858094-6 devstack@placement-api.service[107702]: DEBUG placement.requestlog [req-9804245e-4840-49b7-96ca-fa04ec1d5f2f req-ebfefc52-d50c-4856-a6f6-c600aed0af1f None None] Starting request: 10.222.0.52 "GET /placement/allocations/6b1c992d-7f48-4125-ad2f-a7a580265426" {{(pid=107702) __call__ /opt/stack/placement/placement/requestlog.py:55}}
