Sep 16 16:45:57.619216 n-d-858094-6 devstack@c-api.service[114217]: DEBUG cinder.api.openstack.wsgi [None req-a67473e3-496b-4b55-a084-6afb0edf79e8 tempest-UserMessagesTest-1645107573 tempest-UserMessagesTest-1645107573-project] Calling method 'show' {{(pid=114217) _process_stack /opt/stack/cinder/cinder/api/openstack/wsgi.py:868}}
Sep 16 16:45:57.643424 n-d-858094-6 devstack@c-api.service[114217]: /usr/local/lib/python3.8/dist-packages/oslo_context/context.py:100: DeprecationWarning: Policy enforcement is depending on the value of is_admin. This key is deprecated. Please update your policy file to use the standard policy values.
Sep 16 16:45:57.643424 n-d-858094-6 devstack@c-api.service[114217]: warnings.warn('Policy enforcement is depending on the value of '
Sep 16 16:45:57.654748 n-d-858094-6 devstack@c-api.service[114217]: INFO cinder.volume.api [None req-a67473e3-496b-4b55-a084-6afb0edf79e8 tempest-UserMessagesTest-1645107573 tempest-UserMessagesTest-1645107573-project] Volume info retrieved successfully.
Sep 16 16:45:57.669083 n-d-858094-6 devstack@c-api.service[114217]: INFO cinder.api.openstack.wsgi [None req-a67473e3-496b-4b55-a084-6afb0edf79e8 tempest-UserMessagesTest-1645107573 tempest-UserMessagesTest-1645107573-project] http://10.222.0.15/volume/v3/afcbc47e9a154400babe13c2ba74927a/volumes/fbe4610e-e3bb-4c85-97bb-08c3b91a3d0e returned with HTTP 200
Sep 16 16:45:57.669935 n-d-858094-6 devstack@c-api.service[114217]: [pid: 114217|app: 0|req: 175/375] 10.222.0.15 () {60 vars in 1365 bytes} [Fri Sep 16 16:45:57 2022] GET /volume/v3/afcbc47e9a154400babe13c2ba74927a/volumes/fbe4610e-e3bb-4c85-97bb-08c3b91a3d0e => generated 939 bytes in 64 msecs (HTTP/1.1 200) 7 headers in 285 bytes (1 switches on core 0)
Sep 16 16:45:57.686907 n-d-858094-6 devstack@c-api.service[114218]: DEBUG cinder.api.middleware.request_id [None req-3d88c653-77bc-4397-9307-393c0e9a5ad5 None None] RequestId filter calling following filter/app {{(pid=114218) _context_setter /opt/stack/cinder/cinder/api/middleware/request_id.py:62}}
Sep 16 16:45:57.690835 n-d-858094-6 devstack@c-api.service[114218]: INFO cinder.api.openstack.wsgi [None req-3d88c653-77bc-4397-9307-393c0e9a5ad5 tempest-UserMessagesTest-1645107573 tempest-UserMessagesTest-1645107573-project] GET http://10.222.0.15/volume/v3/afcbc47e9a154400babe13c2ba74927a/messages
Sep 16 16:45:57.691553 n-d-858094-6 devstack@c-api.service[114218]: DEBUG cinder.api.openstack.wsgi [None req-3d88c653-77bc-4397-9307-393c0e9a5ad5 tempest-UserMessagesTest-1645107573 tempest-UserMessagesTest-1645107573-project] Empty body provided in request {{(pid=114218) get_body /opt/stack/cinder/cinder/api/openstack/wsgi.py:715}}
Sep 16 16:45:57.692047 n-d-858094-6 devstack@c-api.service[114218]: DEBUG cinder.api.openstack.wsgi [None req-3d88c653-77bc-4397-9307-393c0e9a5ad5 tempest-UserMessagesTest-1645107573 tempest-UserMessagesTest-1645107573-project] Calling method 'version_select' {{(pid=114218) _process_stack /opt/stack/cinder/cinder/api/openstack/wsgi.py:868}}
Sep 16 16:45:57.701153 n-d-858094-6 devstack@c-api.service[114218]: INFO cinder.api.openstack.wsgi [None req-3d88c653-77bc-4397-9307-393c0e9a5ad5 tempest-UserMessagesTest-1645107573 tempest-UserMessagesTest-1645107573-project] http://10.222.0.15/volume/v3/afcbc47e9a154400babe13c2ba74927a/messages returned with HTTP 200
Sep 16 16:45:57.702475 n-d-858094-6 devstack@c-api.service[114218]: [pid: 114218|app: 0|req: 201/376] 10.222.0.15 () {60 vars in 1257 bytes} [Fri Sep 16 16:45:57 2022] GET /volume/v3/afcbc47e9a154400babe13c2ba74927a/messages => generated 736 bytes in 17 msecs (HTTP/1.1 200) 7 headers in 285 bytes (1 switches on core 0)
Sep 16 16:45:57.713059 n-d-858094-6 devstack@c-api.service[114217]: DEBUG cinder.api.middleware.request_id [None req-ef139fa4-b1f5-4326-998f-e15db4b9ff79 None None] RequestId filter calling following filter/app {{(pid=114217) _context_setter /opt/stack/cinder/cinder/api/middleware/request_id.py:62}}
Sep 16 16:45:57.716698 n-d-858094-6 devstack@c-api.service[114217]: INFO cinder.api.openstack.wsgi [None req-ef139fa4-b1f5-4326-998f-e15db4b9ff79 tempest-UserMessagesTest-1645107573 tempest-UserMessagesTest-1645107573-project] GET http://10.222.0.15/volume/v3/afcbc47e9a154400babe13c2ba74927a/messages/0037d3ce-7513-4b54-909c-05956e6fc113
Sep 16 16:45:57.717235 n-d-858094-6 devstack@c-api.service[114217]: DEBUG cinder.api.openstack.wsgi [None req-ef139fa4-b1f5-4326-998f-e15db4b9ff79 tempest-UserMessagesTest-1645107573 tempest-UserMessagesTest-1645107573-project] Empty body provided in request {{(pid=114217) get_body /opt/stack/cinder/cinder/api/openstack/wsgi.py:715}}
Sep 16 16:45:57.717687 n-d-858094-6 devstack@c-api.service[114217]: DEBUG cinder.api.openstack.wsgi [None req-ef139fa4-b1f5-4326-998f-e15db4b9ff79 tempest-UserMessagesTest-1645107573 tempest-UserMessagesTest-1645107573-project] Calling method 'version_select' {{(pid=114217) _process_stack /opt/stack/cinder/cinder/api/openstack/wsgi.py:868}}
Sep 16 16:45:57.724767 n-d-858094-6 devstack@c-api.service[114217]: INFO cinder.api.openstack.wsgi [None req-ef139fa4-b1f5-4326-998f-e15db4b9ff79 tempest-UserMessagesTest-1645107573 tempest-UserMessagesTest-1645107573-project] http://10.222.0.15/volume/v3/afcbc47e9a154400babe13c2ba74927a/messages/0037d3ce-7513-4b54-909c-05956e6fc113 returned with HTTP 200
Sep 16 16:45:57.725470 n-d-858094-6 devstack@c-api.service[114217]: [pid: 114217|app: 0|req: 176/377] 10.222.0.15 () {60 vars in 1368 bytes} [Fri Sep 16 16:45:57 2022] GET /volume/v3/afcbc47e9a154400babe13c2ba74927a/messages/0037d3ce-7513-4b54-909c-05956e6fc113 => generated 733 bytes in 14 msecs (HTTP/1.1 200) 7 headers in 285 bytes (1 switches on core 0)
Sep 16 16:45:57.734869 n-d-858094-6 devstack@c-api.service[114218]: DEBUG cinder.api.middleware.request_id [None req-f43fdc43-165b-4c20-b1f6-00714391fcd7 None None] RequestId filter calling following filter/app {{(pid=114218) _context_setter /opt/stack/cinder/cinder/api/middleware/request_id.py:62}}
Sep 16 16:45:57.738842 n-d-858094-6 devstack@c-api.service[114218]: INFO cinder.api.openstack.wsgi [None req-f43fdc43-165b-4c20-b1f6-00714391fcd7 tempest-UserMessagesTest-1645107573 tempest-UserMessagesTest-1645107573-project] GET http://10.222.0.15/volume/v3/afcbc47e9a154400babe13c2ba74927a/messages
Sep 16 16:45:57.739365 n-d-858094-6 devstack@c-api.service[114218]: DEBUG cinder.api.openstack.wsgi [None req-f43fdc43-165b-4c20-b1f6-00714391fcd7 tempest-UserMessagesTest-1645107573 tempest-UserMessagesTest-1645107573-project] Empty body provided in request {{(pid=114218) get_body /opt/stack/cinder/cinder/api/openstack/wsgi.py:715}}
Sep 16 16:45:57.740033 n-d-858094-6 devstack@c-api.service[114218]: DEBUG cinder.api.openstack.wsgi [None req-f43fdc43-165b-4c20-b1f6-00714391fcd7 tempest-UserMessagesTest-1645107573 tempest-UserMessagesTest-1645107573-project] Calling method 'version_select' {{(pid=114218) _process_stack /opt/stack/cinder/cinder/api/openstack/wsgi.py:868}}
Sep 16 16:45:57.748367 n-d-858094-6 devstack@c-api.service[114218]: INFO cinder.api.openstack.wsgi [None req-f43fdc43-165b-4c20-b1f6-00714391fcd7 tempest-UserMessagesTest-1645107573 tempest-UserMessagesTest-1645107573-project] http://10.222.0.15/volume/v3/afcbc47e9a154400babe13c2ba74927a/messages returned with HTTP 200
Sep 16 16:45:57.756136 n-d-858094-6 devstack@c-api.service[114218]: [pid: 114218|app: 0|req: 202/378] 10.222.0.15 () {60 vars in 1257 bytes} [Fri Sep 16 16:45:57 2022] GET /volume/v3/afcbc47e9a154400babe13c2ba74927a/messages => generated 736 bytes in 15 msecs (HTTP/1.1 200) 7 headers in 285 bytes (1 switches on core 0)
Sep 16 16:45:57.758216 n-d-858094-6 devstack@c-api.service[114217]: DEBUG cinder.api.middleware.request_id [None req-b835d629-c8b5-4fa0-8caf-f287244c2b04 None None] RequestId filter calling following filter/app {{(pid=114217) _context_setter /opt/stack/cinder/cinder/api/middleware/request_id.py:62}}
Sep 16 16:45:57.763124 n-d-858094-6 devstack@c-api.service[114217]: INFO cinder.api.openstack.wsgi [None req-b835d629-c8b5-4fa0-8caf-f287244c2b04 tempest-UserMessagesTest-1645107573 tempest-UserMessagesTest-1645107573-project] DELETE http://10.222.0.15/volume/v3/afcbc47e9a154400babe13c2ba74927a/messages/0037d3ce-7513-4b54-909c-05956e6fc113
Sep 16 16:45:57.763741 n-d-858094-6 devstack@c-api.service[114217]: DEBUG cinder.api.openstack.wsgi [None req-b835d629-c8b5-4fa0-8caf-f287244c2b04 tempest-UserMessagesTest-1645107573 tempest-UserMessagesTest-1645107573-project] Empty body provided in request {{(pid=114217) get_body /opt/stack/cinder/cinder/api/openstack/wsgi.py:715}}
Sep 16 16:45:57.764336 n-d-858094-6 devstack@c-api.service[114217]: DEBUG cinder.api.openstack.wsgi [None req-b835d629-c8b5-4fa0-8caf-f287244c2b04 tempest-UserMessagesTest-1645107573 tempest-UserMessagesTest-1645107573-project] Calling method 'version_select' {{(pid=114217) _process_stack /opt/stack/cinder/cinder/api/openstack/wsgi.py:868}}
Sep 16 16:45:57.782959 n-d-858094-6 devstack@c-api.service[114217]: INFO cinder.api.openstack.wsgi [None req-b835d629-c8b5-4fa0-8caf-f287244c2b04 tempest-UserMessagesTest-1645107573 tempest-UserMessagesTest-1645107573-project] http://10.222.0.15/volume/v3/afcbc47e9a154400babe13c2ba74927a/messages/0037d3ce-7513-4b54-909c-05956e6fc113 returned with HTTP 204
Sep 16 16:45:57.784343 n-d-858094-6 devstack@c-api.service[114217]: [pid: 114217|app: 0|req: 177/379] 10.222.0.15 () {60 vars in 1371 bytes} [Fri Sep 16 16:45:57 2022] DELETE /volume/v3/afcbc47e9a154400babe13c2ba74927a/messages/0037d3ce-7513-4b54-909c-05956e6fc113 => generated 0 bytes in 27 msecs (HTTP/1.1 204) 6 headers in 235 bytes (2 switches on core 0)
Sep 16 16:45:57.791144 n-d-858094-6 devstack@c-api.service[114218]: DEBUG cinder.api.middleware.request_id [None req-895f940e-6399-4555-956c-c716140c1944 None None] RequestId filter calling following filter/app {{(pid=114218) _context_setter /opt/stack/cinder/cinder/api/middleware/request_id.py:62}}
Sep 16 16:45:57.795161 n-d-858094-6 devstack@c-api.service[114218]: INFO cinder.api.openstack.wsgi [None req-895f940e-6399-4555-956c-c716140c1944 tempest-UserMessagesTest-1645107573 tempest-UserMessagesTest-1645107573-project] DELETE http://10.222.0.15/volume/v3/afcbc47e9a154400babe13c2ba74927a/volumes/fbe4610e-e3bb-4c85-97bb-08c3b91a3d0e
Sep 16 16:45:57.795715 n-d-858094-6 devstack@c-api.service[114218]: DEBUG cinder.api.openstack.wsgi [None req-895f940e-6399-4555-956c-c716140c1944 tempest-UserMessagesTest-1645107573 tempest-UserMessagesTest-1645107573-project] Empty body provided in request {{(pid=114218) get_body /opt/stack/cinder/cinder/api/openstack/wsgi.py:715}}
Sep 16 16:45:57.796248 n-d-858094-6 devstack@c-api.service[114218]: DEBUG cinder.api.openstack.wsgi [None req-895f940e-6399-4555-956c-c716140c1944 tempest-UserMessagesTest-1645107573 tempest-UserMessagesTest-1645107573-project] Calling method 'delete' {{(pid=114218) _process_stack /opt/stack/cinder/cinder/api/openstack/wsgi.py:868}}
Sep 16 16:45:57.797532 n-d-858094-6 devstack@c-api.service[114218]: INFO cinder.api.v3.volumes [None req-895f940e-6399-4555-956c-c716140c1944 tempest-UserMessagesTest-1645107573 tempest-UserMessagesTest-1645107573-project] Delete volume with id: fbe4610e-e3bb-4c85-97bb-08c3b91a3d0e
Sep 16 16:45:57.815589 n-d-858094-6 devstack@c-api.service[114218]: /usr/local/lib/python3.8/dist-packages/oslo_context/context.py:100: DeprecationWarning: Policy enforcement is depending on the value of is_admin. This key is deprecated. Please update your policy file to use the standard policy values.
Sep 16 16:45:57.815589 n-d-858094-6 devstack@c-api.service[114218]: warnings.warn('Policy enforcement is depending on the value of '
Sep 16 16:45:57.816811 n-d-858094-6 devstack@c-api.service[114218]: INFO cinder.volume.api [None req-895f940e-6399-4555-956c-c716140c1944 tempest-UserMessagesTest-1645107573 tempest-UserMessagesTest-1645107573-project] Volume info retrieved successfully.
Sep 16 16:45:57.819630 n-d-858094-6 devstack@c-api.service[114218]: DEBUG cinder.volume.api [None req-895f940e-6399-4555-956c-c716140c1944 tempest-UserMessagesTest-1645107573 tempest-UserMessagesTest-1645107573-project] Decrease volume quotas for non temporary volume in non error_managing status. {{(pid=114218) delete /opt/stack/cinder/cinder/volume/api.py:434}}
Sep 16 16:45:57.844004 n-d-858094-6 devstack@c-api.service[114218]: WARNING cinder.quota [None req-895f940e-6399-4555-956c-c716140c1944 tempest-UserMessagesTest-1645107573 tempest-UserMessagesTest-1645107573-project] Deprecated: Default quota for resource: volumes_tempest-UserMessagesTest-volume-type-365029259 is set by the default quota flag: quota_volumes_tempest-UserMessagesTest-volume-type-365029259, it is now deprecated. Please use the default quota class for default quota.
Sep 16 16:45:57.845193 n-d-858094-6 devstack@c-api.service[114218]: WARNING cinder.quota [None req-895f940e-6399-4555-956c-c716140c1944 tempest-UserMessagesTest-1645107573 tempest-UserMessagesTest-1645107573-project] Deprecated: Default quota for resource: gigabytes_tempest-UserMessagesTest-volume-type-365029259 is set by the default quota flag: quota_gigabytes_tempest-UserMessagesTest-volume-type-365029259, it is now deprecated. Please use the default quota class for default quota.
Sep 16 16:45:57.863232 n-d-858094-6 devstack@c-api.service[114218]: DEBUG cinder.quota [None req-895f940e-6399-4555-956c-c716140c1944 tempest-UserMessagesTest-1645107573 tempest-UserMessagesTest-1645107573-project] Created reservations ['3acd4cde-a7ae-4a36-bb76-5c1c615f60d1', '8d7383dc-d413-4ca6-92fa-780d415b0a80', '7518c37a-f2d2-451c-b0f8-d148a80e877d', '08684534-8322-4d6f-8f7a-fcf2212158be'] {{(pid=114218) reserve /opt/stack/cinder/cinder/quota.py:755}}
Sep 16 16:45:57.907522 n-d-858094-6 devstack@c-api.service[114218]: DEBUG dbcounter [-] [114218] Writing DB stats cinder:SELECT=63,cinder:INSERT=17,cinder:UPDATE=20 {{(pid=114218) stat_writer /usr/local/lib/python3.8/dist-packages/dbcounter.py:114}}
Sep 16 16:45:57.949490 n-d-858094-6 devstack@c-api.service[114218]: INFO cinder.volume.api [None req-895f940e-6399-4555-956c-c716140c1944 tempest-UserMessagesTest-1645107573 tempest-UserMessagesTest-1645107573-project] Delete volume request issued successfully.
Sep 16 16:45:57.950071 n-d-858094-6 devstack@c-api.service[114218]: INFO cinder.api.openstack.wsgi [None req-895f940e-6399-4555-956c-c716140c1944 tempest-UserMessagesTest-1645107573 tempest-UserMessagesTest-1645107573-project] http://10.222.0.15/volume/v3/afcbc47e9a154400babe13c2ba74927a/volumes/fbe4610e-e3bb-4c85-97bb-08c3b91a3d0e returned with HTTP 202
Sep 16 16:45:57.956439 n-d-858094-6 devstack@c-api.service[114217]: DEBUG cinder.api.middleware.request_id [None req-2b20242b-7445-48d2-998e-8c676edb992a None None] RequestId filter calling following filter/app {{(pid=114217) _context_setter /opt/stack/cinder/cinder/api/middleware/request_id.py:62}}
Sep 16 16:45:57.963163 n-d-858094-6 devstack@c-api.service[114217]: INFO cinder.api.openstack.wsgi [None req-2b20242b-7445-48d2-998e-8c676edb992a tempest-UserMessagesTest-1645107573 tempest-UserMessagesTest-1645107573-project] GET http://10.222.0.15/volume/v3/afcbc47e9a154400babe13c2ba74927a/volumes/fbe4610e-e3bb-4c85-97bb-08c3b91a3d0e
Sep 16 16:45:57.963746 n-d-858094-6 devstack@c-api.service[114217]: DEBUG cinder.api.openstack.wsgi [None req-2b20242b-7445-48d2-998e-8c676edb992a tempest-UserMessagesTest-1645107573 tempest-UserMessagesTest-1645107573-project] Empty body provided in request {{(pid=114217) get_body /opt/stack/cinder/cinder/api/openstack/wsgi.py:715}}
Sep 16 16:45:57.964210 n-d-858094-6 devstack@c-api.service[114217]: DEBUG cinder.api.openstack.wsgi [None req-2b20242b-7445-48d2-998e-8c676edb992a tempest-UserMessagesTest-1645107573 tempest-UserMessagesTest-1645107573-project] Calling method 'show' {{(pid=114217) _process_stack /opt/stack/cinder/cinder/api/openstack/wsgi.py:868}}
Sep 16 16:45:57.966989 n-d-858094-6 devstack@c-api.service[114218]: [pid: 114218|app: 0|req: 203/380] 10.222.0.15 () {60 vars in 1368 bytes} [Fri Sep 16 16:45:57 2022] DELETE /volume/v3/afcbc47e9a154400babe13c2ba74927a/volumes/fbe4610e-e3bb-4c85-97bb-08c3b91a3d0e => generated 0 bytes in 162 msecs (HTTP/1.1 202) 6 headers in 233 bytes (1 switches on core 0)
Sep 16 16:45:57.978953 n-d-858094-6 devstack@c-api.service[114217]: INFO cinder.api.openstack.wsgi [None req-2b20242b-7445-48d2-998e-8c676edb992a tempest-UserMessagesTest-1645107573 tempest-UserMessagesTest-1645107573-project] http://10.222.0.15/volume/v3/afcbc47e9a154400babe13c2ba74927a/volumes/fbe4610e-e3bb-4c85-97bb-08c3b91a3d0e returned with HTTP 404
Sep 16 16:45:57.984922 n-d-858094-6 devstack@c-api.service[114218]: DEBUG cinder.api.middleware.request_id [None req-545568db-18f4-4e70-aa25-28238d2aaa65 None None] RequestId filter calling following filter/app {{(pid=114218) _context_setter /opt/stack/cinder/cinder/api/middleware/request_id.py:62}}
Sep 16 16:45:57.989922 n-d-858094-6 devstack@c-api.service[114218]: INFO cinder.api.openstack.wsgi [None req-545568db-18f4-4e70-aa25-28238d2aaa65 tempest-UserMessagesTest-2074360171 tempest-UserMessagesTest-2074360171-project-admin] DELETE http://10.222.0.15/volume/v3/6e9f8ea10ef54b9ab0e6190bc9d2124a/types/89fc50d8-5fab-480b-8928-2ea725523439
Sep 16 16:45:57.990379 n-d-858094-6 devstack@c-api.service[114218]: DEBUG cinder.api.openstack.wsgi [None req-545568db-18f4-4e70-aa25-28238d2aaa65 tempest-UserMessagesTest-2074360171 tempest-UserMessagesTest-2074360171-project-admin] Empty body provided in request {{(pid=114218) get_body /opt/stack/cinder/cinder/api/openstack/wsgi.py:715}}
Sep 16 16:45:57.990870 n-d-858094-6 devstack@c-api.service[114218]: DEBUG cinder.api.openstack.wsgi [None req-545568db-18f4-4e70-aa25-28238d2aaa65 tempest-UserMessagesTest-2074360171 tempest-UserMessagesTest-2074360171-project-admin] Calling method '_delete' {{(pid=114218) _process_stack /opt/stack/cinder/cinder/api/openstack/wsgi.py:868}}
Sep 16 16:45:57.993450 n-d-858094-6 devstack@c-api.service[114217]: [pid: 114217|app: 0|req: 178/381] 10.222.0.15 () {60 vars in 1365 bytes} [Fri Sep 16 16:45:57 2022] GET /volume/v3/afcbc47e9a154400babe13c2ba74927a/volumes/fbe4610e-e3bb-4c85-97bb-08c3b91a3d0e => generated 109 bytes in 28 msecs (HTTP/1.1 404) 7 headers in 292 bytes (1 switches on core 0)
Sep 16 16:45:58.089565 n-d-858094-6 devstack@c-api.service[114218]: INFO cinder.api.openstack.wsgi [None req-545568db-18f4-4e70-aa25-28238d2aaa65 tempest-UserMessagesTest-2074360171 tempest-UserMessagesTest-2074360171-project-admin] http://10.222.0.15/volume/v3/6e9f8ea10ef54b9ab0e6190bc9d2124a/types/89fc50d8-5fab-480b-8928-2ea725523439 returned with HTTP 202
Sep 16 16:45:58.095577 n-d-858094-6 devstack@c-api.service[114217]: DEBUG cinder.api.middleware.request_id [None req-fb1991c5-be1e-4076-b7c7-7e293467d0a0 None None] RequestId filter calling following filter/app {{(pid=114217) _context_setter /opt/stack/cinder/cinder/api/middleware/request_id.py:62}}
Sep 16 16:45:58.100090 n-d-858094-6 devstack@c-api.service[114217]: INFO cinder.api.openstack.wsgi [None req-fb1991c5-be1e-4076-b7c7-7e293467d0a0 tempest-UserMessagesTest-2074360171 tempest-UserMessagesTest-2074360171-project-admin] GET http://10.222.0.15/volume/v3/6e9f8ea10ef54b9ab0e6190bc9d2124a/types/89fc50d8-5fab-480b-8928-2ea725523439
Sep 16 16:45:58.100641 n-d-858094-6 devstack@c-api.service[114218]: [pid: 114218|app: 0|req: 204/382] 10.222.0.15 () {58 vars in 1322 bytes} [Fri Sep 16 16:45:57 2022] DELETE /volume/v3/6e9f8ea10ef54b9ab0e6190bc9d2124a/types/89fc50d8-5fab-480b-8928-2ea725523439 => generated 0 bytes in 117 msecs (HTTP/1.1 202) 6 headers in 233 bytes (1 switches on core 0)
Sep 16 16:45:58.101095 n-d-858094-6 devstack@c-api.service[114217]: DEBUG cinder.api.openstack.wsgi [None req-fb1991c5-be1e-4076-b7c7-7e293467d0a0 tempest-UserMessagesTest-2074360171 tempest-UserMessagesTest-2074360171-project-admin] Empty body provided in request {{(pid=114217) get_body /opt/stack/cinder/cinder/api/openstack/wsgi.py:715}}
Sep 16 16:45:58.101575 n-d-858094-6 devstack@c-api.service[114217]: DEBUG cinder.api.openstack.wsgi [None req-fb1991c5-be1e-4076-b7c7-7e293467d0a0 tempest-UserMessagesTest-2074360171 tempest-UserMessagesTest-2074360171-project-admin] Calling method 'show' {{(pid=114217) _process_stack /opt/stack/cinder/cinder/api/openstack/wsgi.py:868}}
Sep 16 16:45:58.115177 n-d-858094-6 devstack@c-api.service[114217]: INFO cinder.api.openstack.wsgi [None req-fb1991c5-be1e-4076-b7c7-7e293467d0a0 tempest-UserMessagesTest-2074360171 tempest-UserMessagesTest-2074360171-project-admin] http://10.222.0.15/volume/v3/6e9f8ea10ef54b9ab0e6190bc9d2124a/types/89fc50d8-5fab-480b-8928-2ea725523439 returned with HTTP 404
Sep 16 16:45:58.116399 n-d-858094-6 devstack@c-api.service[114217]: [pid: 114217|app: 0|req: 179/383] 10.222.0.15 () {58 vars in 1319 bytes} [Fri Sep 16 16:45:58 2022] GET /volume/v3/6e9f8ea10ef54b9ab0e6190bc9d2124a/types/89fc50d8-5fab-480b-8928-2ea725523439 => generated 114 bytes in 22 msecs (HTTP/1.1 404) 7 headers in 292 bytes (1 switches on core 0)
Sep 16 16:45:58.122030 n-d-858094-6 devstack@c-api.service[114218]: DEBUG cinder.api.middleware.request_id [None req-f57b050c-3e2a-4db2-85eb-cfa5562919e4 None None] RequestId filter calling following filter/app {{(pid=114218) _context_setter /opt/stack/cinder/cinder/api/middleware/request_id.py:62}}
Sep 16 16:45:58.126383 n-d-858094-6 devstack@c-api.service[114218]: INFO cinder.api.openstack.wsgi [None req-f57b050c-3e2a-4db2-85eb-cfa5562919e4 tempest-UserMessagesTest-1645107573 tempest-UserMessagesTest-1645107573-project] DELETE http://10.222.0.15/volume/v3/afcbc47e9a154400babe13c2ba74927a/volumes/34ae91a2-2ccf-48ef-b7a7-a75592229989
Sep 16 16:45:58.126869 n-d-858094-6 devstack@c-api.service[114218]: DEBUG cinder.api.openstack.wsgi [None req-f57b050c-3e2a-4db2-85eb-cfa5562919e4 tempest-UserMessagesTest-1645107573 tempest-UserMessagesTest-1645107573-project] Empty body provided in request {{(pid=114218) get_body /opt/stack/cinder/cinder/api/openstack/wsgi.py:715}}
Sep 16 16:45:58.127335 n-d-858094-6 devstack@c-api.service[114218]: DEBUG cinder.api.openstack.wsgi [None req-f57b050c-3e2a-4db2-85eb-cfa5562919e4 tempest-UserMessagesTest-1645107573 tempest-UserMessagesTest-1645107573-project] Calling method 'delete' {{(pid=114218) _process_stack /opt/stack/cinder/cinder/api/openstack/wsgi.py:868}}
Sep 16 16:45:58.127890 n-d-858094-6 devstack@c-api.service[114218]: INFO cinder.api.v3.volumes [None req-f57b050c-3e2a-4db2-85eb-cfa5562919e4 tempest-UserMessagesTest-1645107573 tempest-UserMessagesTest-1645107573-project] Delete volume with id: 34ae91a2-2ccf-48ef-b7a7-a75592229989
Sep 16 16:45:58.157017 n-d-858094-6 devstack@c-api.service[114218]: /usr/local/lib/python3.8/dist-packages/oslo_context/context.py:100: DeprecationWarning: Policy enforcement is depending on the value of is_admin. This key is deprecated. Please update your policy file to use the standard policy values.
Sep 16 16:45:58.157017 n-d-858094-6 devstack@c-api.service[114218]: warnings.warn('Policy enforcement is depending on the value of '
Sep 16 16:45:58.160950 n-d-858094-6 devstack@c-api.service[114218]: INFO cinder.volume.api [None req-f57b050c-3e2a-4db2-85eb-cfa5562919e4 tempest-UserMessagesTest-1645107573 tempest-UserMessagesTest-1645107573-project] Volume info retrieved successfully.
Sep 16 16:45:58.170514 n-d-858094-6 devstack@c-api.service[114218]: DEBUG cinder.volume.api [None req-f57b050c-3e2a-4db2-85eb-cfa5562919e4 tempest-UserMessagesTest-1645107573 tempest-UserMessagesTest-1645107573-project] Decrease volume quotas for non temporary volume in non error_managing status. {{(pid=114218) delete /opt/stack/cinder/cinder/volume/api.py:434}}
Sep 16 16:45:58.224258 n-d-858094-6 devstack@c-api.service[114218]: DEBUG cinder.quota [None req-f57b050c-3e2a-4db2-85eb-cfa5562919e4 tempest-UserMessagesTest-1645107573 tempest-UserMessagesTest-1645107573-project] Created reservations ['acc37945-706a-44e4-a49f-48ea80d1be16', '68bb2924-f461-4d56-8d3e-15c605957b7d', 'c983be8d-8fb5-42e6-b617-d0993201dfe6', 'f001f51e-9878-454c-a354-2fac48b92741'] {{(pid=114218) reserve /opt/stack/cinder/cinder/quota.py:755}}
Sep 16 16:45:58.296399 n-d-858094-6 devstack@c-api.service[114218]: INFO cinder.volume.api [None req-f57b050c-3e2a-4db2-85eb-cfa5562919e4 tempest-UserMessagesTest-1645107573 tempest-UserMessagesTest-1645107573-project] Delete volume request issued successfully.
Sep 16 16:45:58.296835 n-d-858094-6 devstack@c-api.service[114218]: INFO cinder.api.openstack.wsgi [None req-f57b050c-3e2a-4db2-85eb-cfa5562919e4 tempest-UserMessagesTest-1645107573 tempest-UserMessagesTest-1645107573-project] http://10.222.0.15/volume/v3/afcbc47e9a154400babe13c2ba74927a/volumes/34ae91a2-2ccf-48ef-b7a7-a75592229989 returned with HTTP 202
Sep 16 16:45:58.300659 n-d-858094-6 devstack@c-api.service[114218]: [pid: 114218|app: 0|req: 205/384] 10.222.0.15 () {60 vars in 1368 bytes} [Fri Sep 16 16:45:58 2022] DELETE /volume/v3/afcbc47e9a154400babe13c2ba74927a/volumes/34ae91a2-2ccf-48ef-b7a7-a75592229989 => generated 0 bytes in 177 msecs (HTTP/1.1 202) 6 headers in 233 bytes (1 switches on core 0)
Sep 16 16:45:58.302521 n-d-858094-6 devstack@c-api.service[114217]: DEBUG cinder.api.middleware.request_id [None req-e76aefd6-a2ea-43da-89db-39e1413879c3 None None] RequestId filter calling following filter/app {{(pid=114217) _context_setter /opt/stack/cinder/cinder/api/middleware/request_id.py:62}}
Sep 16 16:45:58.307466 n-d-858094-6 devstack@c-api.service[114217]: INFO cinder.api.openstack.wsgi [None req-e76aefd6-a2ea-43da-89db-39e1413879c3 tempest-UserMessagesTest-1645107573 tempest-UserMessagesTest-1645107573-project] GET http://10.222.0.15/volume/v3/afcbc47e9a154400babe13c2ba74927a/volumes/34ae91a2-2ccf-48ef-b7a7-a75592229989
Sep 16 16:45:58.308115 n-d-858094-6 devstack@c-api.service[114217]: DEBUG cinder.api.openstack.wsgi [None req-e76aefd6-a2ea-43da-89db-39e1413879c3 tempest-UserMessagesTest-1645107573 tempest-UserMessagesTest-1645107573-project] Empty body provided in request {{(pid=114217) get_body /opt/stack/cinder/cinder/api/openstack/wsgi.py:715}}
Sep 16 16:45:58.308676 n-d-858094-6 devstack@c-api.service[114217]: DEBUG cinder.api.openstack.wsgi [None req-e76aefd6-a2ea-43da-89db-39e1413879c3 tempest-UserMessagesTest-1645107573 tempest-UserMessagesTest-1645107573-project] Calling method 'show' {{(pid=114217) _process_stack /opt/stack/cinder/cinder/api/openstack/wsgi.py:868}}
Sep 16 16:45:58.330374 n-d-858094-6 devstack@c-api.service[114217]: INFO cinder.api.openstack.wsgi [None req-e76aefd6-a2ea-43da-89db-39e1413879c3 tempest-UserMessagesTest-1645107573 tempest-UserMessagesTest-1645107573-project] http://10.222.0.15/volume/v3/afcbc47e9a154400babe13c2ba74927a/volumes/34ae91a2-2ccf-48ef-b7a7-a75592229989 returned with HTTP 404
Sep 16 16:45:58.337503 n-d-858094-6 devstack@c-api.service[114218]: DEBUG cinder.api.middleware.request_id [None req-535958c8-0294-4948-af78-989cc8035b53 None None] RequestId filter calling following filter/app {{(pid=114218) _context_setter /opt/stack/cinder/cinder/api/middleware/request_id.py:62}}
Sep 16 16:45:58.342254 n-d-858094-6 devstack@c-api.service[114218]: INFO cinder.api.openstack.wsgi [None req-535958c8-0294-4948-af78-989cc8035b53 tempest-UserMessagesTest-2074360171 tempest-UserMessagesTest-2074360171-project-admin] DELETE http://10.222.0.15/volume/v3/6e9f8ea10ef54b9ab0e6190bc9d2124a/types/23293e28-ede7-441f-92df-869e07767f40
Sep 16 16:45:58.342968 n-d-858094-6 devstack@c-api.service[114218]: DEBUG cinder.api.openstack.wsgi [None req-535958c8-0294-4948-af78-989cc8035b53 tempest-UserMessagesTest-2074360171 tempest-UserMessagesTest-2074360171-project-admin] Empty body provided in request {{(pid=114218) get_body /opt/stack/cinder/cinder/api/openstack/wsgi.py:715}}
Sep 16 16:45:58.343637 n-d-858094-6 devstack@c-api.service[114218]: DEBUG cinder.api.openstack.wsgi [None req-535958c8-0294-4948-af78-989cc8035b53 tempest-UserMessagesTest-2074360171 tempest-UserMessagesTest-2074360171-project-admin] Calling method '_delete' {{(pid=114218) _process_stack /opt/stack/cinder/cinder/api/openstack/wsgi.py:868}}
Sep 16 16:45:58.355215 n-d-858094-6 devstack@c-api.service[114217]: [pid: 114217|app: 0|req: 180/385] 10.222.0.15 () {60 vars in 1365 bytes} [Fri Sep 16 16:45:58 2022] GET /volume/v3/afcbc47e9a154400babe13c2ba74927a/volumes/34ae91a2-2ccf-48ef-b7a7-a75592229989 => generated 109 bytes in 53 msecs (HTTP/1.1 404) 7 headers in 292 bytes (1 switches on core 0)
Sep 16 16:45:58.593161 n-d-858094-6 devstack@c-api.service[114218]: INFO cinder.api.openstack.wsgi [None req-535958c8-0294-4948-af78-989cc8035b53 tempest-UserMessagesTest-2074360171 tempest-UserMessagesTest-2074360171-project-admin] http://10.222.0.15/volume/v3/6e9f8ea10ef54b9ab0e6190bc9d2124a/types/23293e28-ede7-441f-92df-869e07767f40 returned with HTTP 202
Sep 16 16:45:58.599035 n-d-858094-6 devstack@c-api.service[114218]: [pid: 114218|app: 0|req: 206/386] 10.222.0.15 () {58 vars in 1322 bytes} [Fri Sep 16 16:45:58 2022] DELETE /volume/v3/6e9f8ea10ef54b9ab0e6190bc9d2124a/types/23293e28-ede7-441f-92df-869e07767f40 => generated 0 bytes in 263 msecs (HTTP/1.1 202) 6 headers in 233 bytes (2 switches on core 0)
Sep 16 16:45:58.605179 n-d-858094-6 devstack@c-api.service[114217]: DEBUG cinder.api.middleware.request_id [None req-2a1a787a-9cc8-4112-9a06-369f7a7ff3bf None None] RequestId filter calling following filter/app {{(pid=114217) _context_setter /opt/stack/cinder/cinder/api/middleware/request_id.py:62}}
Sep 16 16:45:58.611829 n-d-858094-6 devstack@c-api.service[114217]: INFO cinder.api.openstack.wsgi [None req-2a1a787a-9cc8-4112-9a06-369f7a7ff3bf tempest-UserMessagesTest-2074360171 tempest-UserMessagesTest-2074360171-project-admin] GET http://10.222.0.15/volume/v3/6e9f8ea10ef54b9ab0e6190bc9d2124a/types/23293e28-ede7-441f-92df-869e07767f40
Sep 16 16:45:58.612457 n-d-858094-6 devstack@c-api.service[114217]: DEBUG cinder.api.openstack.wsgi [None req-2a1a787a-9cc8-4112-9a06-369f7a7ff3bf tempest-UserMessagesTest-2074360171 tempest-UserMessagesTest-2074360171-project-admin] Empty body provided in request {{(pid=114217) get_body /opt/stack/cinder/cinder/api/openstack/wsgi.py:715}}
Sep 16 16:45:58.616051 n-d-858094-6 devstack@c-api.service[114217]: DEBUG cinder.api.openstack.wsgi [None req-2a1a787a-9cc8-4112-9a06-369f7a7ff3bf tempest-UserMessagesTest-2074360171 tempest-UserMessagesTest-2074360171-project-admin] Calling method 'show' {{(pid=114217) _process_stack /opt/stack/cinder/cinder/api/openstack/wsgi.py:868}}
Sep 16 16:45:58.639842 n-d-858094-6 devstack@c-api.service[114217]: INFO cinder.api.openstack.wsgi [None req-2a1a787a-9cc8-4112-9a06-369f7a7ff3bf tempest-UserMessagesTest-2074360171 tempest-UserMessagesTest-2074360171-project-admin] http://10.222.0.15/volume/v3/6e9f8ea10ef54b9ab0e6190bc9d2124a/types/23293e28-ede7-441f-92df-869e07767f40 returned with HTTP 404
Sep 16 16:45:58.641291 n-d-858094-6 devstack@c-api.service[114217]: [pid: 114217|app: 0|req: 181/387] 10.222.0.15 () {58 vars in 1319 bytes} [Fri Sep 16 16:45:58 2022] GET /volume/v3/6e9f8ea10ef54b9ab0e6190bc9d2124a/types/23293e28-ede7-441f-92df-869e07767f40 => generated 114 bytes in 39 msecs (HTTP/1.1 404) 7 headers in 292 bytes (2 switches on core 0)
Sep 16 16:46:03.150574 n-d-858094-6 devstack@c-api.service[114218]: DEBUG cinder.api.middleware.request_id [None req-7a947635-2455-441b-9eed-d872300003b0 None None] RequestId filter calling following filter/app {{(pid=114218) _context_setter /opt/stack/cinder/cinder/api/middleware/request_id.py:62}}
Sep 16 16:46:03.397597 n-d-858094-6 devstack@c-api.service[114217]: DEBUG cinder.api.middleware.request_id [None req-72eed907-912f-49f8-a92d-48267feddb6b None None] RequestId filter calling following filter/app {{(pid=114217) _context_setter /opt/stack/cinder/cinder/api/middleware/request_id.py:62}}
Sep 16 16:46:03.413062 n-d-858094-6 devstack@c-api.service[114218]: INFO cinder.api.openstack.wsgi [None req-7a947635-2455-441b-9eed-d872300003b0 tempest-VolumeManageAdminTest-1594810307 tempest-VolumeManageAdminTest-1594810307-project] POST http://10.222.0.15/volume/v3/c3872b13bb89438d8e21887d021e4bf2/volumes
Sep 16 16:46:03.414243 n-d-858094-6 devstack@c-api.service[114218]: DEBUG cinder.api.openstack.wsgi [None req-7a947635-2455-441b-9eed-d872300003b0 tempest-VolumeManageAdminTest-1594810307 tempest-VolumeManageAdminTest-1594810307-project] Action: 'create', calling method: create, body: {"volume": {"size": 1, "name": "tempest-VolumeManageAdminTest-Volume-1104509980"}} {{(pid=114218) _process_stack /opt/stack/cinder/cinder/api/openstack/wsgi.py:866}}
Sep 16 16:46:03.415944 n-d-858094-6 devstack@c-api.service[114217]: INFO cinder.api.openstack.wsgi [None req-72eed907-912f-49f8-a92d-48267feddb6b tempest-AttachVolumeShelveTestJSON-1797818178 tempest-AttachVolumeShelveTestJSON-1797818178-project] GET http://10.222.0.15/volume/v3/59a4e5b017114c15b7d6456d1d7cf1d4/volumes/aa8ccd6c-5995-400c-9eb0-d1391f962e12
Sep 16 16:46:03.416711 n-d-858094-6 devstack@c-api.service[114217]: DEBUG cinder.api.openstack.wsgi [None req-72eed907-912f-49f8-a92d-48267feddb6b tempest-AttachVolumeShelveTestJSON-1797818178 tempest-AttachVolumeShelveTestJSON-1797818178-project] Empty body provided in request {{(pid=114217) get_body /opt/stack/cinder/cinder/api/openstack/wsgi.py:715}}
Sep 16 16:46:03.417365 n-d-858094-6 devstack@c-api.service[114217]: DEBUG cinder.api.openstack.wsgi [None req-72eed907-912f-49f8-a92d-48267feddb6b tempest-AttachVolumeShelveTestJSON-1797818178 tempest-AttachVolumeShelveTestJSON-1797818178-project] Calling method 'show' {{(pid=114217) _process_stack /opt/stack/cinder/cinder/api/openstack/wsgi.py:868}}
Sep 16 16:46:03.421674 n-d-858094-6 devstack@c-api.service[114218]: DEBUG cinder.api.v3.volumes [None req-7a947635-2455-441b-9eed-d872300003b0 tempest-VolumeManageAdminTest-1594810307 tempest-VolumeManageAdminTest-1594810307-project] Create volume request body: {'volume': {'size': 1, 'name': 'tempest-VolumeManageAdminTest-Volume-1104509980'}} {{(pid=114218) create /opt/stack/cinder/cinder/api/v3/volumes.py:298}}
Sep 16 16:46:03.422189 n-d-858094-6 devstack@c-api.service[114218]: INFO cinder.api.v3.volumes [None req-7a947635-2455-441b-9eed-d872300003b0 tempest-VolumeManageAdminTest-1594810307 tempest-VolumeManageAdminTest-1594810307-project] Create volume of 1 GB
Sep 16 16:46:03.460986 n-d-858094-6 devstack@c-api.service[114218]: INFO cinder.volume.api [None req-7a947635-2455-441b-9eed-d872300003b0 tempest-VolumeManageAdminTest-1594810307 tempest-VolumeManageAdminTest-1594810307-project] Availability Zones retrieved successfully.
Sep 16 16:46:03.498866 n-d-858094-6 devstack@c-api.service[114217]: /usr/local/lib/python3.8/dist-packages/oslo_context/context.py:100: DeprecationWarning: Policy enforcement is depending on the value of is_admin. This key is deprecated. Please update your policy file to use the standard policy values.
Sep 16 16:46:03.498866 n-d-858094-6 devstack@c-api.service[114217]: warnings.warn('Policy enforcement is depending on the value of '
Sep 16 16:46:03.518552 n-d-858094-6 devstack@c-api.service[114218]: DEBUG cinder.volume.api [None req-7a947635-2455-441b-9eed-d872300003b0 tempest-VolumeManageAdminTest-1594810307 tempest-VolumeManageAdminTest-1594810307-project] Flow 'volume_create_api' (90b66526-8c41-40fc-b89f-bcdb4591862b) transitioned into state 'RUNNING' from state 'PENDING' {{(pid=114218) _flow_receiver /usr/local/lib/python3.8/dist-packages/taskflow/listeners/logging.py:141}}
Sep 16 16:46:03.524623 n-d-858094-6 devstack@c-api.service[114217]: INFO cinder.volume.api [None req-72eed907-912f-49f8-a92d-48267feddb6b tempest-AttachVolumeShelveTestJSON-1797818178 tempest-AttachVolumeShelveTestJSON-1797818178-project] Volume info retrieved successfully.
Sep 16 16:46:03.532190 n-d-858094-6 devstack@c-api.service[114218]: DEBUG cinder.volume.api [None req-7a947635-2455-441b-9eed-d872300003b0 tempest-VolumeManageAdminTest-1594810307 tempest-VolumeManageAdminTest-1594810307-project] Task 'cinder.volume.flows.api.create_volume.ExtractVolumeRequestTask;volume:create' (276b7c0f-bd94-4fd6-b244-cd3e49f97dd4) transitioned into state 'RUNNING' from state 'PENDING' {{(pid=114218) _task_receiver /usr/local/lib/python3.8/dist-packages/taskflow/listeners/logging.py:190}}
Sep 16 16:46:03.547240 n-d-858094-6 devstack@c-api.service[114218]: DEBUG cinder.volume.flows.api.create_volume [None req-7a947635-2455-441b-9eed-d872300003b0 tempest-VolumeManageAdminTest-1594810307 tempest-VolumeManageAdminTest-1594810307-project] Validating volume size '1' using validate_int {{(pid=114218) _extract_size /opt/stack/cinder/cinder/volume/flows/api/create_volume.py:228}}
Sep 16 16:46:03.568184 n-d-858094-6 devstack@c-api.service[114217]: INFO cinder.api.openstack.wsgi [None req-72eed907-912f-49f8-a92d-48267feddb6b tempest-AttachVolumeShelveTestJSON-1797818178 tempest-AttachVolumeShelveTestJSON-1797818178-project] http://10.222.0.15/volume/v3/59a4e5b017114c15b7d6456d1d7cf1d4/volumes/aa8ccd6c-5995-400c-9eb0-d1391f962e12 returned with HTTP 200
Sep 16 16:46:03.571449 n-d-858094-6 devstack@c-api.service[114217]: [pid: 114217|app: 0|req: 182/388] 10.222.0.15 () {58 vars in 1325 bytes} [Fri Sep 16 16:46:03 2022] GET /volume/v3/59a4e5b017114c15b7d6456d1d7cf1d4/volumes/aa8ccd6c-5995-400c-9eb0-d1391f962e12 => generated 1211 bytes in 174 msecs (HTTP/1.1 200) 7 headers in 286 bytes (1 switches on core 0)
Sep 16 16:46:03.606361 n-d-858094-6 devstack@c-api.service[114218]: DEBUG cinder.volume.api [None req-7a947635-2455-441b-9eed-d872300003b0 tempest-VolumeManageAdminTest-1594810307 tempest-VolumeManageAdminTest-1594810307-project] Task 'cinder.volume.flows.api.create_volume.ExtractVolumeRequestTask;volume:create' (276b7c0f-bd94-4fd6-b244-cd3e49f97dd4) transitioned into state 'SUCCESS' from state 'RUNNING' with result '{'size': 1, 'snapshot_id': None, 'source_volid': None, 'volume_type': VolumeType(created_at=2022-09-16T16:25:03Z,deleted=False,deleted_at=None,description=None,extra_specs={volume_backend_name='lvmdriver-1'},id=64475f41-958b-4cf0-a74a-07290f3d5a14,is_public=True,name='lvmdriver-1',projects=[],qos_specs=,qos_specs_id=None,updated_at=None), 'volume_type_id': '64475f41-958b-4cf0-a74a-07290f3d5a14', 'encryption_key_id': None, 'qos_specs': None, 'consistencygroup_id': None, 'cgsnapshot_id': None, 'group_id': None, 'replication_status': 'disabled', 'refresh_az': False, 'backup_id': None, 'multiattach': False, 'availability_zones': ['nova']}' {{(pid=114218) _task_receiver /usr/local/lib/python3.8/dist-packages/taskflow/listeners/logging.py:178}}
Sep 16 16:46:03.608555 n-d-858094-6 devstack@c-api.service[114218]: DEBUG cinder.volume.api [None req-7a947635-2455-441b-9eed-d872300003b0 tempest-VolumeManageAdminTest-1594810307 tempest-VolumeManageAdminTest-1594810307-project] Task 'cinder.volume.flows.api.create_volume.QuotaReserveTask;volume:create' (7d0c81aa-65b1-4f69-ba91-87c14bab2980) transitioned into state 'RUNNING' from state 'PENDING' {{(pid=114218) _task_receiver /usr/local/lib/python3.8/dist-packages/taskflow/listeners/logging.py:190}}
Sep 16 16:46:03.621345 n-d-858094-6 devstack@c-api.service[114218]: DEBUG dbcounter [-] [114218] Writing DB stats cinder:SELECT=65,cinder:UPDATE=31,cinder:INSERT=4 {{(pid=114218) stat_writer /usr/local/lib/python3.8/dist-packages/dbcounter.py:114}}
Sep 16 16:46:03.754125 n-d-858094-6 devstack@c-api.service[114218]: DEBUG cinder.quota [None req-7a947635-2455-441b-9eed-d872300003b0 tempest-VolumeManageAdminTest-1594810307 tempest-VolumeManageAdminTest-1594810307-project] Created reservations ['9e00ea19-5dce-4a98-8a53-07517e96ba88', '98e6e186-cd97-445e-8f82-55caa8eb7865', '122acd21-e923-4093-9a76-3b8515dbedb1', '2eebe38a-2eae-485a-9820-16dcd078f76a'] {{(pid=114218) reserve /opt/stack/cinder/cinder/quota.py:755}}
Sep 16 16:46:03.757746 n-d-858094-6 devstack@c-api.service[114218]: DEBUG cinder.volume.api [None req-7a947635-2455-441b-9eed-d872300003b0 tempest-VolumeManageAdminTest-1594810307 tempest-VolumeManageAdminTest-1594810307-project] Task 'cinder.volume.flows.api.create_volume.QuotaReserveTask;volume:create' (7d0c81aa-65b1-4f69-ba91-87c14bab2980) transitioned into state 'SUCCESS' from state 'RUNNING' with result '{'reservations': ['9e00ea19-5dce-4a98-8a53-07517e96ba88', '98e6e186-cd97-445e-8f82-55caa8eb7865', '122acd21-e923-4093-9a76-3b8515dbedb1', '2eebe38a-2eae-485a-9820-16dcd078f76a']}' {{(pid=114218) _task_receiver /usr/local/lib/python3.8/dist-packages/taskflow/listeners/logging.py:178}}
Sep 16 16:46:03.763833 n-d-858094-6 devstack@c-api.service[114218]: DEBUG cinder.volume.api [None req-7a947635-2455-441b-9eed-d872300003b0 tempest-VolumeManageAdminTest-1594810307 tempest-VolumeManageAdminTest-1594810307-project] Task 'cinder.volume.flows.api.create_volume.EntryCreateTask;volume:create' (1889dd07-3dea-4517-bae6-d91e4f4b5304) transitioned into state 'RUNNING' from state 'PENDING' {{(pid=114218) _task_receiver /usr/local/lib/python3.8/dist-packages/taskflow/listeners/logging.py:190}}
Sep 16 16:46:03.801543 n-d-858094-6 devstack@c-api.service[114218]: DEBUG cinder.volume.api [None req-7a947635-2455-441b-9eed-d872300003b0 tempest-VolumeManageAdminTest-1594810307 tempest-VolumeManageAdminTest-1594810307-project] Task 'cinder.volume.flows.api.create_volume.EntryCreateTask;volume:create' (1889dd07-3dea-4517-bae6-d91e4f4b5304) transitioned into state 'SUCCESS' from state 'RUNNING' with result '{'volume_id': 'a6585957-888a-4e06-9c77-95ef489b12f0', 'volume_properties': VolumeProperties(attach_status='detached',availability_zone='nova',cgsnapshot_id=None,consistencygroup_id=None,display_description=None,display_name='tempest-VolumeManageAdminTest-Volume-1104509980',encryption_key_id=None,group_id=None,group_type_id=,metadata={},multiattach=False,project_id='c3872b13bb89438d8e21887d021e4bf2',qos_specs=None,replication_status=,reservations=['9e00ea19-5dce-4a98-8a53-07517e96ba88','98e6e186-cd97-445e-8f82-55caa8eb7865','122acd21-e923-4093-9a76-3b8515dbedb1','2eebe38a-2eae-485a-9820-16dcd078f76a'],size=1,snapshot_id=None,source_replicaid=,source_volid=None,status='creating',user_id='10ded22f747e49068c913ca4066028d6',volume_type_id=64475f41-958b-4cf0-a74a-07290f3d5a14), 'volume': Volume(_name_id=None,admin_metadata=,attach_status='detached',availability_zone='nova',bootable=False,cluster=,cluster_name=None,consistencygroup=,consistencygroup_id=None,created_at=2022-09-16T16:46:03Z,deleted=False,deleted_at=None,display_description=None,display_name='tempest-VolumeManageAdminTest-Volume-1104509980',ec2_id=None,encryption_key_id=None,glance_metadata=,group=,group_id=None,host=None,id=a6585957-888a-4e06-9c77-95ef489b12f0,launched_at=None,metadata={},migration_status=None,multiattach=False,previous_status=None,project_id='c3872b13bb89438d8e21887d021e4bf2',provider_auth=None,provider_geometry=None,provider_id=None,provider_location=None,replication_driver_data=None,replication_extended_status=None,replication_status=None,scheduled_at=None,service_uuid=None,shared_targets=True,size=1,snapshot_id=None,snapshots=,source_volid=None,status='creating',terminated_at=None,updated_at=None,use_quota=True,user_id='10ded22f747e49068c913ca4066028d6',volume_attachment=VolumeAttachmentList,volume_type=VolumeType(64475f41-958b-4cf0-a74a-07290f3d5a14),volume_type_id=64475f41-958b-4cf0-a74a-07290f3d5a14)}' {{(pid=114218) _task_receiver /usr/local/lib/python3.8/dist-packages/taskflow/listeners/logging.py:178}}
Sep 16 16:46:03.804006 n-d-858094-6 devstack@c-api.service[114218]: DEBUG cinder.volume.api [None req-7a947635-2455-441b-9eed-d872300003b0 tempest-VolumeManageAdminTest-1594810307 tempest-VolumeManageAdminTest-1594810307-project] Task 'cinder.volume.flows.api.create_volume.QuotaCommitTask;volume:create' (34bdfcf8-477d-48e2-bf9f-75c6983bee97) transitioned into state 'RUNNING' from state 'PENDING' {{(pid=114218) _task_receiver /usr/local/lib/python3.8/dist-packages/taskflow/listeners/logging.py:190}}
Sep 16 16:46:03.810879 n-d-858094-6 devstack@c-api.service[114217]: DEBUG cinder.api.middleware.request_id [req-ff3263f7-685d-40cd-8f92-744cfd586848 req-41393057-ee91-4386-a6f4-15745381da81 None None] RequestId filter calling following filter/app {{(pid=114217) _context_setter /opt/stack/cinder/cinder/api/middleware/request_id.py:62}}
Sep 16 16:46:03.815636 n-d-858094-6 devstack@c-api.service[114217]: INFO cinder.api.openstack.wsgi [req-ff3263f7-685d-40cd-8f92-744cfd586848 req-41393057-ee91-4386-a6f4-15745381da81 tempest-AttachVolumeShelveTestJSON-1797818178 tempest-AttachVolumeShelveTestJSON-1797818178-project] GET http://10.222.0.15/volume/v3/59a4e5b017114c15b7d6456d1d7cf1d4/volumes/aa8ccd6c-5995-400c-9eb0-d1391f962e12
Sep 16 16:46:03.818402 n-d-858094-6 devstack@c-api.service[114217]: DEBUG cinder.api.openstack.wsgi [req-ff3263f7-685d-40cd-8f92-744cfd586848 req-41393057-ee91-4386-a6f4-15745381da81 tempest-AttachVolumeShelveTestJSON-1797818178 tempest-AttachVolumeShelveTestJSON-1797818178-project] Empty body provided in request {{(pid=114217) get_body /opt/stack/cinder/cinder/api/openstack/wsgi.py:715}}
Sep 16 16:46:03.819119 n-d-858094-6 devstack@c-api.service[114217]: DEBUG cinder.api.openstack.wsgi [req-ff3263f7-685d-40cd-8f92-744cfd586848 req-41393057-ee91-4386-a6f4-15745381da81 tempest-AttachVolumeShelveTestJSON-1797818178 tempest-AttachVolumeShelveTestJSON-1797818178-project] Calling method 'show' {{(pid=114217) _process_stack /opt/stack/cinder/cinder/api/openstack/wsgi.py:868}}
Sep 16 16:46:03.864301 n-d-858094-6 devstack@c-api.service[114218]: DEBUG cinder.volume.api [None req-7a947635-2455-441b-9eed-d872300003b0 tempest-VolumeManageAdminTest-1594810307 tempest-VolumeManageAdminTest-1594810307-project] Task 'cinder.volume.flows.api.create_volume.QuotaCommitTask;volume:create' (34bdfcf8-477d-48e2-bf9f-75c6983bee97) transitioned into state 'SUCCESS' from state 'RUNNING' with result '{'volume_properties': VolumeProperties(attach_status='detached',availability_zone='nova',cgsnapshot_id=None,consistencygroup_id=None,display_description=None,display_name='tempest-VolumeManageAdminTest-Volume-1104509980',encryption_key_id=None,group_id=None,group_type_id=,metadata={},multiattach=False,project_id='c3872b13bb89438d8e21887d021e4bf2',qos_specs=None,replication_status=,reservations=['9e00ea19-5dce-4a98-8a53-07517e96ba88','98e6e186-cd97-445e-8f82-55caa8eb7865','122acd21-e923-4093-9a76-3b8515dbedb1','2eebe38a-2eae-485a-9820-16dcd078f76a'],size=1,snapshot_id=None,source_replicaid=,source_volid=None,status='creating',user_id='10ded22f747e49068c913ca4066028d6',volume_type_id=64475f41-958b-4cf0-a74a-07290f3d5a14)}' {{(pid=114218) _task_receiver /usr/local/lib/python3.8/dist-packages/taskflow/listeners/logging.py:178}}
Sep 16 16:46:03.864621 n-d-858094-6 devstack@c-api.service[114217]: /usr/local/lib/python3.8/dist-packages/oslo_context/context.py:100: DeprecationWarning: Policy enforcement is depending on the value of is_admin. This key is deprecated. Please update your policy file to use the standard policy values.
Sep 16 16:46:03.864621 n-d-858094-6 devstack@c-api.service[114217]: warnings.warn('Policy enforcement is depending on the value of '
Sep 16 16:46:03.867446 n-d-858094-6 devstack@c-api.service[114218]: DEBUG cinder.volume.api [None req-7a947635-2455-441b-9eed-d872300003b0 tempest-VolumeManageAdminTest-1594810307 tempest-VolumeManageAdminTest-1594810307-project] Task 'cinder.volume.flows.api.create_volume.VolumeCastTask;volume:create' (10bcba7d-ceaa-4e37-9887-2d0273054f6e) transitioned into state 'RUNNING' from state 'PENDING' {{(pid=114218) _task_receiver /usr/local/lib/python3.8/dist-packages/taskflow/listeners/logging.py:190}}
Sep 16 16:46:03.892947 n-d-858094-6 devstack@c-api.service[114218]: DEBUG cinder.volume.api [None req-7a947635-2455-441b-9eed-d872300003b0 tempest-VolumeManageAdminTest-1594810307 tempest-VolumeManageAdminTest-1594810307-project] Task 'cinder.volume.flows.api.create_volume.VolumeCastTask;volume:create' (10bcba7d-ceaa-4e37-9887-2d0273054f6e) transitioned into state 'SUCCESS' from state 'RUNNING' with result 'None' {{(pid=114218) _task_receiver /usr/local/lib/python3.8/dist-packages/taskflow/listeners/logging.py:178}}
Sep 16 16:46:03.899700 n-d-858094-6 devstack@c-api.service[114218]: DEBUG cinder.volume.api [None req-7a947635-2455-441b-9eed-d872300003b0 tempest-VolumeManageAdminTest-1594810307 tempest-VolumeManageAdminTest-1594810307-project] Flow 'volume_create_api' (90b66526-8c41-40fc-b89f-bcdb4591862b) transitioned into state 'SUCCESS' from state 'RUNNING' {{(pid=114218) _flow_receiver /usr/local/lib/python3.8/dist-packages/taskflow/listeners/logging.py:141}}
Sep 16 16:46:03.900474 n-d-858094-6 devstack@c-api.service[114218]: INFO cinder.volume.api [None req-7a947635-2455-441b-9eed-d872300003b0 tempest-VolumeManageAdminTest-1594810307 tempest-VolumeManageAdminTest-1594810307-project] Create volume request issued successfully.
Sep 16 16:46:03.901333 n-d-858094-6 devstack@c-api.service[114217]: INFO cinder.volume.api [req-ff3263f7-685d-40cd-8f92-744cfd586848 req-41393057-ee91-4386-a6f4-15745381da81 tempest-AttachVolumeShelveTestJSON-1797818178 tempest-AttachVolumeShelveTestJSON-1797818178-project] Volume info retrieved successfully.
Sep 16 16:46:03.902452 n-d-858094-6 devstack@c-api.service[114218]: INFO cinder.api.openstack.wsgi [None req-7a947635-2455-441b-9eed-d872300003b0 tempest-VolumeManageAdminTest-1594810307 tempest-VolumeManageAdminTest-1594810307-project] http://10.222.0.15/volume/v3/c3872b13bb89438d8e21887d021e4bf2/volumes returned with HTTP 202
