Sep 20 05:59:39.958342 n-d-858087-1 devstack@keystone.service[82091]: DEBUG keystone.common.rbac_enforcer.enforcer [None req-078a69e5-5360-427b-a7ad-2059bba30c91 None admin] RBAC: Authorizing `identity:get_project(project_id=215b6988ea7c48a2937c12b485c0343b)` {{(pid=82091) enforce_call /opt/stack/keystone/keystone/common/rbac_enforcer/enforcer.py:449}}
Sep 20 05:59:39.960151 n-d-858087-1 devstack@keystone.service[82091]: DEBUG keystone.common.rbac_enforcer.enforcer [None req-078a69e5-5360-427b-a7ad-2059bba30c91 None admin] RBAC: Authorization granted {{(pid=82091) enforce_call /opt/stack/keystone/keystone/common/rbac_enforcer/enforcer.py:457}}
Sep 20 05:59:39.962336 n-d-858087-1 devstack@keystone.service[82091]: [pid: 82091|app: 0|req: 142/285] 10.222.0.27 () {56 vars in 1186 bytes} [Tue Sep 20 05:59:39 2022] GET /identity/v3/projects/215b6988ea7c48a2937c12b485c0343b => generated 302 bytes in 208 msecs (HTTP/1.1 200) 5 headers in 177 bytes (1 switches on core 0)
Sep 20 05:59:39.968603 n-d-858087-1 devstack@keystone.service[82092]: DEBUG keystone.server.flask.request_processing.middleware.auth_context [None req-8687ac2a-8318-4400-9cd3-5ba15956e0cd None admin] Authenticating user token {{(pid=82092) process_request /usr/local/lib/python3.8/dist-packages/keystonemiddleware/auth_token/__init__.py:407}}
Sep 20 05:59:40.106081 n-d-858087-1 devstack@keystone.service[82092]: DEBUG keystone.server.flask.request_processing.middleware.auth_context [None req-8687ac2a-8318-4400-9cd3-5ba15956e0cd None admin] Validating token access rules against request {{(pid=82092) validate_allowed_request /usr/local/lib/python3.8/dist-packages/keystonemiddleware/auth_token/__init__.py:545}}
Sep 20 05:59:40.143336 n-d-858087-1 devstack@keystone.service[82092]: DEBUG keystone.server.flask.request_processing.middleware.auth_context [None req-3347d51c-f53f-4938-a039-7a3a5c2afa60 None admin] RBAC: auth_context: {'token': , 'domain_id': None, 'trust_id': None, 'trustor_id': None, 'trustee_id': None, 'domain_name': None, 'group_ids': [], 'user_id': 'c62c32abbd794116b876e55c34147516', 'user_domain_id': 'default', 'system_scope': 'all', 'project_id': None, 'project_domain_id': None, 'roles': ['admin', 'member', 'reader'], 'is_admin_project': True, 'service_user_id': None, 'service_user_domain_id': None, 'service_project_id': None, 'service_project_domain_id': None, 'service_roles': []} {{(pid=82092) fill_context /opt/stack/keystone/keystone/server/flask/request_processing/middleware/auth_context.py:478}}
Sep 20 05:59:40.144398 n-d-858087-1 devstack@keystone.service[82092]: DEBUG keystone.server.flask.request_processing.req_logging [None req-3347d51c-f53f-4938-a039-7a3a5c2afa60 None admin] REQUEST_METHOD: `PUT` {{(pid=82092) log_request_info /opt/stack/keystone/keystone/server/flask/request_processing/req_logging.py:27}}
Sep 20 05:59:40.144880 n-d-858087-1 devstack@keystone.service[82092]: DEBUG keystone.server.flask.request_processing.req_logging [None req-3347d51c-f53f-4938-a039-7a3a5c2afa60 None admin] SCRIPT_NAME: `/identity` {{(pid=82092) log_request_info /opt/stack/keystone/keystone/server/flask/request_processing/req_logging.py:28}}
Sep 20 05:59:40.145348 n-d-858087-1 devstack@keystone.service[82092]: DEBUG keystone.server.flask.request_processing.req_logging [None req-3347d51c-f53f-4938-a039-7a3a5c2afa60 None admin] PATH_INFO: `/v3/projects/215b6988ea7c48a2937c12b485c0343b/users/1cf9f7dc4c8543559e057d34e453151c/roles/91718b641b34451482e5cb1d27f9316f` {{(pid=82092) log_request_info /opt/stack/keystone/keystone/server/flask/request_processing/req_logging.py:29}}
Sep 20 05:59:40.147560 n-d-858087-1 devstack@keystone.service[82092]: DEBUG keystone.common.rbac_enforcer.enforcer [None req-3347d51c-f53f-4938-a039-7a3a5c2afa60 None admin] RBAC: Authorizing `identity:create_grant(project_id=215b6988ea7c48a2937c12b485c0343b, user_id=1cf9f7dc4c8543559e057d34e453151c, role_id=91718b641b34451482e5cb1d27f9316f)` {{(pid=82092) enforce_call /opt/stack/keystone/keystone/common/rbac_enforcer/enforcer.py:449}}
Sep 20 05:59:40.149218 n-d-858087-1 devstack@keystone.service[82092]: DEBUG keystone.common.rbac_enforcer.enforcer [None req-3347d51c-f53f-4938-a039-7a3a5c2afa60 None admin] RBAC: Authorization granted {{(pid=82092) enforce_call /opt/stack/keystone/keystone/common/rbac_enforcer/enforcer.py:457}}
Sep 20 05:59:40.224554 n-d-858087-1 devstack@keystone.service[82092]: [pid: 82092|app: 0|req: 144/286] 10.222.0.27 () {58 vars in 1439 bytes} [Tue Sep 20 05:59:39 2022] PUT /identity/v3/projects/215b6988ea7c48a2937c12b485c0343b/users/1cf9f7dc4c8543559e057d34e453151c/roles/91718b641b34451482e5cb1d27f9316f => generated 0 bytes in 256 msecs (HTTP/1.1 204) 3 headers in 132 bytes (0 switches on core 0)
Sep 20 05:59:40.707018 n-d-858087-1 devstack@keystone.service[82091]: DEBUG keystone.server.flask.request_processing.req_logging [None req-28428a9a-a0fc-44d6-a3e4-9851012ca760 None None] REQUEST_METHOD: `GET` {{(pid=82091) log_request_info /opt/stack/keystone/keystone/server/flask/request_processing/req_logging.py:27}}
Sep 20 05:59:40.708486 n-d-858087-1 devstack@keystone.service[82091]: DEBUG keystone.server.flask.request_processing.req_logging [None req-28428a9a-a0fc-44d6-a3e4-9851012ca760 None None] SCRIPT_NAME: `/identity` {{(pid=82091) log_request_info /opt/stack/keystone/keystone/server/flask/request_processing/req_logging.py:28}}
Sep 20 05:59:40.709249 n-d-858087-1 devstack@keystone.service[82091]: DEBUG keystone.server.flask.request_processing.req_logging [None req-28428a9a-a0fc-44d6-a3e4-9851012ca760 None None] PATH_INFO: `/` {{(pid=82091) log_request_info /opt/stack/keystone/keystone/server/flask/request_processing/req_logging.py:29}}
Sep 20 05:59:40.712283 n-d-858087-1 devstack@keystone.service[82091]: [pid: 82091|app: 0|req: 143/287] 10.222.0.27 () {54 vars in 927 bytes} [Tue Sep 20 05:59:40 2022] GET /identity => generated 270 bytes in 7 msecs (HTTP/1.1 300) 6 headers in 234 bytes (1 switches on core 0)
Sep 20 05:59:40.717713 n-d-858087-1 devstack@keystone.service[82092]: DEBUG keystone.server.flask.request_processing.req_logging [None req-df27a2f9-8498-423f-b99c-89cd51f6b94e None None] REQUEST_METHOD: `POST` {{(pid=82092) log_request_info /opt/stack/keystone/keystone/server/flask/request_processing/req_logging.py:27}}
Sep 20 05:59:40.718057 n-d-858087-1 devstack@keystone.service[82092]: DEBUG keystone.server.flask.request_processing.req_logging [None req-df27a2f9-8498-423f-b99c-89cd51f6b94e None None] SCRIPT_NAME: `/identity` {{(pid=82092) log_request_info /opt/stack/keystone/keystone/server/flask/request_processing/req_logging.py:28}}
Sep 20 05:59:40.718320 n-d-858087-1 devstack@keystone.service[82092]: DEBUG keystone.server.flask.request_processing.req_logging [None req-df27a2f9-8498-423f-b99c-89cd51f6b94e None None] PATH_INFO: `/v3/auth/tokens` {{(pid=82092) log_request_info /opt/stack/keystone/keystone/server/flask/request_processing/req_logging.py:29}}
Sep 20 05:59:40.755590 n-d-858087-1 devstack@keystone.service[82092]: DEBUG keystone.auth.core [None req-df27a2f9-8498-423f-b99c-89cd51f6b94e None None] MFA Rules not processed for user `c62c32abbd794116b876e55c34147516`. Rule list: `[]` (Enabled: `True`). {{(pid=82092) check_auth_methods_against_rules /opt/stack/keystone/keystone/auth/core.py:438}}
Sep 20 05:59:40.756882 n-d-858087-1 devstack@keystone.service[82092]: DEBUG keystone.common.fernet_utils [None req-df27a2f9-8498-423f-b99c-89cd51f6b94e None None] Loaded 2 Fernet keys from /etc/keystone/fernet-keys/, but `[fernet_tokens] max_active_keys = 3`; perhaps there have not been enough key rotations to reach `max_active_keys` yet? {{(pid=82092) load_keys /opt/stack/keystone/keystone/common/fernet_utils.py:286}}
Sep 20 05:59:40.843646 n-d-858087-1 devstack@keystone.service[82092]: DEBUG dbcounter [-] [82092] Writing DB stats keystone:SELECT=99,keystone:INSERT=1 {{(pid=82092) stat_writer /usr/local/lib/python3.8/dist-packages/dbcounter.py:114}}
Sep 20 05:59:40.859671 n-d-858087-1 devstack@keystone.service[82092]: [pid: 82092|app: 0|req: 145/288] 10.222.0.27 () {58 vars in 1024 bytes} [Tue Sep 20 05:59:40 2022] POST /identity/v3/auth/tokens => generated 799 bytes in 143 msecs (HTTP/1.1 201) 6 headers in 363 bytes (2 switches on core 0)
Sep 20 05:59:41.298112 n-d-858087-1 devstack@keystone.service[82091]: DEBUG keystone.server.flask.request_processing.middleware.auth_context [None req-28428a9a-a0fc-44d6-a3e4-9851012ca760 None None] Authenticating user token {{(pid=82091) process_request /usr/local/lib/python3.8/dist-packages/keystonemiddleware/auth_token/__init__.py:407}}
Sep 20 05:59:41.432499 n-d-858087-1 devstack@keystone.service[82091]: DEBUG dbcounter [-] [82091] Writing DB stats keystone:SELECT=100 {{(pid=82091) stat_writer /usr/local/lib/python3.8/dist-packages/dbcounter.py:114}}
Sep 20 05:59:41.471760 n-d-858087-1 devstack@keystone.service[82091]: DEBUG keystone.server.flask.request_processing.middleware.auth_context [None req-28428a9a-a0fc-44d6-a3e4-9851012ca760 None None] Validating token access rules against request {{(pid=82091) validate_allowed_request /usr/local/lib/python3.8/dist-packages/keystonemiddleware/auth_token/__init__.py:545}}
Sep 20 05:59:41.525192 n-d-858087-1 devstack@keystone.service[82091]: DEBUG keystone.server.flask.request_processing.middleware.auth_context [None req-205223a8-2577-4588-bb8e-19487ac8bbbe None admin] RBAC: auth_context: {'token': , 'domain_id': None, 'trust_id': None, 'trustor_id': None, 'trustee_id': None, 'domain_name': None, 'group_ids': [], 'user_id': 'c62c32abbd794116b876e55c34147516', 'user_domain_id': 'default', 'system_scope': 'all', 'project_id': None, 'project_domain_id': None, 'roles': ['admin', 'member', 'reader'], 'is_admin_project': True, 'service_user_id': None, 'service_user_domain_id': None, 'service_project_id': None, 'service_project_domain_id': None, 'service_roles': []} {{(pid=82091) fill_context /opt/stack/keystone/keystone/server/flask/request_processing/middleware/auth_context.py:478}}
Sep 20 05:59:41.526249 n-d-858087-1 devstack@keystone.service[82091]: DEBUG keystone.server.flask.request_processing.req_logging [None req-205223a8-2577-4588-bb8e-19487ac8bbbe None admin] REQUEST_METHOD: `GET` {{(pid=82091) log_request_info /opt/stack/keystone/keystone/server/flask/request_processing/req_logging.py:27}}
Sep 20 05:59:41.526752 n-d-858087-1 devstack@keystone.service[82091]: DEBUG keystone.server.flask.request_processing.req_logging [None req-205223a8-2577-4588-bb8e-19487ac8bbbe None admin] SCRIPT_NAME: `/identity` {{(pid=82091) log_request_info /opt/stack/keystone/keystone/server/flask/request_processing/req_logging.py:28}}
Sep 20 05:59:41.527217 n-d-858087-1 devstack@keystone.service[82091]: DEBUG keystone.server.flask.request_processing.req_logging [None req-205223a8-2577-4588-bb8e-19487ac8bbbe None admin] PATH_INFO: `/v3/roles/member` {{(pid=82091) log_request_info /opt/stack/keystone/keystone/server/flask/request_processing/req_logging.py:29}}
Sep 20 05:59:41.545079 n-d-858087-1 devstack@keystone.service[82091]: DEBUG keystone.common.rbac_enforcer.enforcer [None req-205223a8-2577-4588-bb8e-19487ac8bbbe None admin] Extracting inferred target data resulted in "NOT FOUND (404)". {{(pid=82091) enforce_call /opt/stack/keystone/keystone/common/rbac_enforcer/enforcer.py:409}}
Sep 20 05:59:41.550727 n-d-858087-1 devstack@keystone.service[82091]: ERROR keystone.server.flask.application [None req-205223a8-2577-4588-bb8e-19487ac8bbbe None admin] Could not find role: member.: keystone.exception.RoleNotFound: Could not find role: member.
Sep 20 05:59:41.550727 n-d-858087-1 devstack@keystone.service[82091]: ERROR keystone.server.flask.application
Traceback (most recent call last):
Sep 20 05:59:41.550727 n-d-858087-1 devstack@keystone.service[82091]: ERROR keystone.server.flask.application
File "/usr/local/lib/python3.8/dist-packages/flask/app.py", line 1820, in full_dispatch_request
Sep 20 05:59:41.550727 n-d-858087-1 devstack@keystone.service[82091]: ERROR keystone.server.flask.application rv = self.dispatch_request()
Sep 20 05:59:41.550727 n-d-858087-1 devstack@keystone.service[82091]: ERROR keystone.server.flask.application
File "/usr/local/lib/python3.8/dist-packages/flask/app.py", line 1796, in dispatch_request
Sep 20 05:59:41.550727 n-d-858087-1 devstack@keystone.service[82091]: ERROR keystone.server.flask.application return self.ensure_sync(self.view_functions[rule.endpoint])(**view_args)
Sep 20 05:59:41.550727 n-d-858087-1 devstack@keystone.service[82091]: ERROR keystone.server.flask.application
File "/usr/local/lib/python3.8/dist-packages/flask_restful/__init__.py", line 467, in wrapper
Sep 20 05:59:41.550727 n-d-858087-1 devstack@keystone.service[82091]: ERROR keystone.server.flask.application resp = resource(*args, **kwargs)
Sep 20 05:59:41.550727 n-d-858087-1 devstack@keystone.service[82091]: ERROR keystone.server.flask.application
File "/usr/local/lib/python3.8/dist-packages/flask/views.py", line 107, in view
Sep 20 05:59:41.550727 n-d-858087-1 devstack@keystone.service[82091]: ERROR keystone.server.flask.application return current_app.ensure_sync(self.dispatch_request)(**kwargs)
Sep 20 05:59:41.550727 n-d-858087-1 devstack@keystone.service[82091]: ERROR keystone.server.flask.application
File "/usr/local/lib/python3.8/dist-packages/flask_restful/__init__.py", line 582, in dispatch_request
Sep 20 05:59:41.550727 n-d-858087-1 devstack@keystone.service[82091]: ERROR keystone.server.flask.application resp = meth(*args, **kwargs)
Sep 20 05:59:41.550727 n-d-858087-1 devstack@keystone.service[82091]: ERROR keystone.server.flask.application
File "/opt/stack/keystone/keystone/api/roles.py", line 50, in get
Sep 20 05:59:41.550727 n-d-858087-1 devstack@keystone.service[82091]: ERROR keystone.server.flask.application return self._get_role(role_id)
Sep 20 05:59:41.550727 n-d-858087-1 devstack@keystone.service[82091]: ERROR keystone.server.flask.application
File "/opt/stack/keystone/keystone/api/roles.py", line 70, in _get_role
Sep 20 05:59:41.550727 n-d-858087-1 devstack@keystone.service[82091]: ERROR keystone.server.flask.application ENFORCER.enforce_call(action='identity:get_role')
Sep 20 05:59:41.551591 n-d-858087-1 devstack@keystone.service[82091]: ERROR keystone.server.flask.application
File "/opt/stack/keystone/keystone/common/rbac_enforcer/enforcer.py", line 402, in enforce_call
Sep 20 05:59:41.551591 n-d-858087-1 devstack@keystone.service[82091]: ERROR keystone.server.flask.application policy_dict.update(cls._extract_member_target_data(
Sep 20 05:59:41.551591 n-d-858087-1 devstack@keystone.service[82091]: ERROR keystone.server.flask.application
File "/opt/stack/keystone/keystone/common/rbac_enforcer/enforcer.py", line 234, in _extract_member_target_data
Sep 20 05:59:41.551591 n-d-858087-1 devstack@keystone.service[82091]: ERROR keystone.server.flask.application member_name: func(flask.request.view_args[key])
Sep 20 05:59:41.551591 n-d-858087-1 devstack@keystone.service[82091]: ERROR keystone.server.flask.application
File "/opt/stack/keystone/keystone/common/manager.py", line 115, in wrapped
Sep 20 05:59:41.551591 n-d-858087-1 devstack@keystone.service[82091]: ERROR keystone.server.flask.application __ret_val = __f(*args, **kwargs)
Sep 20 05:59:41.551591 n-d-858087-1 devstack@keystone.service[82091]: ERROR keystone.server.flask.application
File "/usr/local/lib/python3.8/dist-packages/decorator.py", line 232, in fun
Sep 20 05:59:41.551591 n-d-858087-1 devstack@keystone.service[82091]: ERROR keystone.server.flask.application return caller(func, *(extras + args), **kw)
Sep 20 05:59:41.551591 n-d-858087-1 devstack@keystone.service[82091]: ERROR keystone.server.flask.application
File "/usr/local/lib/python3.8/dist-packages/dogpile/cache/region.py", line 1577, in get_or_create_for_user_func
Sep 20 05:59:41.551591 n-d-858087-1 devstack@keystone.service[82091]: ERROR keystone.server.flask.application return self.get_or_create(
Sep 20 05:59:41.551591 n-d-858087-1 devstack@keystone.service[82091]: ERROR keystone.server.flask.application
File "/usr/local/lib/python3.8/dist-packages/dogpile/cache/region.py", line 1042, in get_or_create
Sep 20 05:59:41.551591 n-d-858087-1 devstack@keystone.service[82091]: ERROR keystone.server.flask.application with Lock(
Sep 20 05:59:41.551591 n-d-858087-1 devstack@keystone.service[82091]: ERROR keystone.server.flask.application
File "/usr/local/lib/python3.8/dist-packages/dogpile/lock.py", line 185, in __enter__
Sep 20 05:59:41.551591 n-d-858087-1 devstack@keystone.service[82091]: ERROR keystone.server.flask.application return self._enter()
Sep 20 05:59:41.551591 n-d-858087-1 devstack@keystone.service[82091]: ERROR keystone.server.flask.application
File "/usr/local/lib/python3.8/dist-packages/dogpile/lock.py", line 94, in _enter
Sep 20 05:59:41.551591 n-d-858087-1 devstack@keystone.service[82091]: ERROR keystone.server.flask.application generated = self._enter_create(value, createdtime)
Sep 20 05:59:41.552367 n-d-858087-1 devstack@keystone.service[82091]: ERROR keystone.server.flask.application
File "/usr/local/lib/python3.8/dist-packages/dogpile/lock.py", line 178, in _enter_create
Sep 20 05:59:41.552367 n-d-858087-1 devstack@keystone.service[82091]: ERROR keystone.server.flask.application return self.creator()
Sep 20 05:59:41.552367 n-d-858087-1 devstack@keystone.service[82091]: ERROR keystone.server.flask.application
File "/usr/local/lib/python3.8/dist-packages/dogpile/cache/region.py", line 995, in gen_value
Sep 20 05:59:41.552367 n-d-858087-1 devstack@keystone.service[82091]: ERROR keystone.server.flask.application created_value = creator(
Sep 20 05:59:41.552367 n-d-858087-1 devstack@keystone.service[82091]: ERROR keystone.server.flask.application
File "/opt/stack/keystone/keystone/assignment/core.py", line 1276, in get_role
Sep 20 05:59:41.552367 n-d-858087-1 devstack@keystone.service[82091]: ERROR keystone.server.flask.application return self.driver.get_role(role_id)
Sep 20 05:59:41.552367 n-d-858087-1 devstack@keystone.service[82091]: ERROR keystone.server.flask.application
File "/opt/stack/keystone/keystone/assignment/role_backends/sql.py", line 70, in get_role
Sep 20 05:59:41.552367 n-d-858087-1 devstack@keystone.service[82091]: ERROR keystone.server.flask.application return self._get_role(session, role_id).to_dict()
Sep 20 05:59:41.552367 n-d-858087-1 devstack@keystone.service[82091]: ERROR keystone.server.flask.application
File "/opt/stack/keystone/keystone/assignment/role_backends/sql.py", line 65, in _get_role
Sep 20 05:59:41.552367 n-d-858087-1 devstack@keystone.service[82091]: ERROR keystone.server.flask.application raise exception.RoleNotFound(role_id=role_id)
Sep 20 05:59:41.552367 n-d-858087-1 devstack@keystone.service[82091]: ERROR keystone.server.flask.application keystone.exception.RoleNotFound: Could not find role: member.
Sep 20 05:59:41.552367 n-d-858087-1 devstack@keystone.service[82091]: ERROR keystone.server.flask.application
Sep 20 05:59:41.554650 n-d-858087-1 devstack@keystone.service[82091]: [pid: 82091|app: 0|req: 144/289] 10.222.0.27 () {56 vars in 1099 bytes} [Tue Sep 20 05:59:41 2022] GET /identity/v3/roles/member => generated 84 bytes in 258 msecs (HTTP/1.1 404) 5 headers in 183 bytes (1 switches on core 0)
Sep 20 05:59:41.562870 n-d-858087-1 devstack@keystone.service[82092]: DEBUG keystone.server.flask.request_processing.middleware.auth_context [None req-df27a2f9-8498-423f-b99c-89cd51f6b94e None None] Authenticating user token {{(pid=82092) process_request /usr/local/lib/python3.8/dist-packages/keystonemiddleware/auth_token/__init__.py:407}}
Sep 20 05:59:41.754351 n-d-858087-1 devstack@keystone.service[82092]: DEBUG keystone.server.flask.request_processing.middleware.auth_context [None req-df27a2f9-8498-423f-b99c-89cd51f6b94e None None] Validating token access rules against request {{(pid=82092) validate_allowed_request /usr/local/lib/python3.8/dist-packages/keystonemiddleware/auth_token/__init__.py:545}}
Sep 20 05:59:41.799633 n-d-858087-1 devstack@keystone.service[82092]: DEBUG keystone.server.flask.request_processing.middleware.auth_context [None req-028bfbac-8755-4a6e-b5d1-1ab5c7e9cbed None admin] RBAC: auth_context: {'token': , 'domain_id': None, 'trust_id': None, 'trustor_id': None, 'trustee_id': None, 'domain_name': None, 'group_ids': [], 'user_id': 'c62c32abbd794116b876e55c34147516', 'user_domain_id': 'default', 'system_scope': 'all', 'project_id': None, 'project_domain_id': None, 'roles': ['admin', 'member', 'reader'], 'is_admin_project': True, 'service_user_id': None, 'service_user_domain_id': None, 'service_project_id': None, 'service_project_domain_id': None, 'service_roles': []} {{(pid=82092) fill_context /opt/stack/keystone/keystone/server/flask/request_processing/middleware/auth_context.py:478}}
Sep 20 05:59:41.800251 n-d-858087-1 devstack@keystone.service[82092]: DEBUG keystone.server.flask.request_processing.req_logging [None req-028bfbac-8755-4a6e-b5d1-1ab5c7e9cbed None admin] REQUEST_METHOD: `GET` {{(pid=82092) log_request_info /opt/stack/keystone/keystone/server/flask/request_processing/req_logging.py:27}}
Sep 20 05:59:41.800530 n-d-858087-1 devstack@keystone.service[82092]: DEBUG keystone.server.flask.request_processing.req_logging [None req-028bfbac-8755-4a6e-b5d1-1ab5c7e9cbed None admin] SCRIPT_NAME: `/identity` {{(pid=82092) log_request_info /opt/stack/keystone/keystone/server/flask/request_processing/req_logging.py:28}}
Sep 20 05:59:41.800869 n-d-858087-1 devstack@keystone.service[82092]: DEBUG keystone.server.flask.request_processing.req_logging [None req-028bfbac-8755-4a6e-b5d1-1ab5c7e9cbed None admin] PATH_INFO: `/v3/roles` {{(pid=82092) log_request_info /opt/stack/keystone/keystone/server/flask/request_processing/req_logging.py:29}}
Sep 20 05:59:41.801469 n-d-858087-1 devstack@keystone.service[82092]: DEBUG keystone.common.rbac_enforcer.enforcer [None req-028bfbac-8755-4a6e-b5d1-1ab5c7e9cbed None admin] RBAC: Adding query filter params (name=member) {{(pid=82092) _extract_filter_values /opt/stack/keystone/keystone/common/rbac_enforcer/enforcer.py:167}}
Sep 20 05:59:41.801799 n-d-858087-1 devstack@keystone.service[82092]: DEBUG keystone.common.rbac_enforcer.enforcer [None req-028bfbac-8755-4a6e-b5d1-1ab5c7e9cbed None admin] RBAC: Authorizing `identity:list_roles()` {{(pid=82092) enforce_call /opt/stack/keystone/keystone/common/rbac_enforcer/enforcer.py:449}}
Sep 20 05:59:41.803193 n-d-858087-1 devstack@keystone.service[82092]: DEBUG keystone.common.rbac_enforcer.enforcer [None req-028bfbac-8755-4a6e-b5d1-1ab5c7e9cbed None admin] RBAC: Authorization granted {{(pid=82092) enforce_call /opt/stack/keystone/keystone/common/rbac_enforcer/enforcer.py:457}}
Sep 20 05:59:41.816321 n-d-858087-1 devstack@keystone.service[82092]: [pid: 82092|app: 0|req: 146/290] 10.222.0.27 () {56 vars in 1101 bytes} [Tue Sep 20 05:59:41 2022] GET /identity/v3/roles?name=member => generated 341 bytes in 254 msecs (HTTP/1.1 200) 5 headers in 177 bytes (1 switches on core 0)
Sep 20 05:59:41.822681 n-d-858087-1 devstack@keystone.service[82091]: DEBUG keystone.server.flask.request_processing.middleware.auth_context [None req-205223a8-2577-4588-bb8e-19487ac8bbbe None admin] Authenticating user token {{(pid=82091) process_request /usr/local/lib/python3.8/dist-packages/keystonemiddleware/auth_token/__init__.py:407}}
Sep 20 05:59:41.983136 n-d-858087-1 devstack@keystone.service[82091]: DEBUG keystone.server.flask.request_processing.middleware.auth_context [None req-205223a8-2577-4588-bb8e-19487ac8bbbe None admin] Validating token access rules against request {{(pid=82091) validate_allowed_request /usr/local/lib/python3.8/dist-packages/keystonemiddleware/auth_token/__init__.py:545}}
Sep 20 05:59:42.032392 n-d-858087-1 devstack@keystone.service[82091]: DEBUG keystone.server.flask.request_processing.middleware.auth_context [None req-699c3999-de9c-4bd0-9ff7-bbb977975c4b None admin] RBAC: auth_context: {'token': , 'domain_id': None, 'trust_id': None, 'trustor_id': None, 'trustee_id': None, 'domain_name': None, 'group_ids': [], 'user_id': 'c62c32abbd794116b876e55c34147516', 'user_domain_id': 'default', 'system_scope': 'all', 'project_id': None, 'project_domain_id': None, 'roles': ['admin', 'member', 'reader'], 'is_admin_project': True, 'service_user_id': None, 'service_user_domain_id': None, 'service_project_id': None, 'service_project_domain_id': None, 'service_roles': []} {{(pid=82091) fill_context /opt/stack/keystone/keystone/server/flask/request_processing/middleware/auth_context.py:478}}
Sep 20 05:59:42.033034 n-d-858087-1 devstack@keystone.service[82091]: DEBUG keystone.server.flask.request_processing.req_logging [None req-699c3999-de9c-4bd0-9ff7-bbb977975c4b None admin] REQUEST_METHOD: `GET` {{(pid=82091) log_request_info /opt/stack/keystone/keystone/server/flask/request_processing/req_logging.py:27}}
Sep 20 05:59:42.033309 n-d-858087-1 devstack@keystone.service[82091]: DEBUG keystone.server.flask.request_processing.req_logging [None req-699c3999-de9c-4bd0-9ff7-bbb977975c4b None admin] SCRIPT_NAME: `/identity` {{(pid=82091) log_request_info /opt/stack/keystone/keystone/server/flask/request_processing/req_logging.py:28}}
Sep 20 05:59:42.033579 n-d-858087-1 devstack@keystone.service[82091]: DEBUG keystone.server.flask.request_processing.req_logging [None req-699c3999-de9c-4bd0-9ff7-bbb977975c4b None admin] PATH_INFO: `/v3/users/a4098f3e2e794d8791637a4813060f9f` {{(pid=82091) log_request_info /opt/stack/keystone/keystone/server/flask/request_processing/req_logging.py:29}}
Sep 20 05:59:42.037844 n-d-858087-1 devstack@keystone.service[82091]: DEBUG keystone.common.rbac_enforcer.enforcer [None req-699c3999-de9c-4bd0-9ff7-bbb977975c4b None admin] RBAC: Authorizing `identity:get_user(user_id=a4098f3e2e794d8791637a4813060f9f)` {{(pid=82091) enforce_call /opt/stack/keystone/keystone/common/rbac_enforcer/enforcer.py:449}}
Sep 20 05:59:42.039293 n-d-858087-1 devstack@keystone.service[82091]: DEBUG keystone.common.rbac_enforcer.enforcer [None req-699c3999-de9c-4bd0-9ff7-bbb977975c4b None admin] RBAC: Authorization granted {{(pid=82091) enforce_call /opt/stack/keystone/keystone/common/rbac_enforcer/enforcer.py:457}}
Sep 20 05:59:42.041217 n-d-858087-1 devstack@keystone.service[82091]: [pid: 82091|app: 0|req: 145/291] 10.222.0.27 () {56 vars in 1177 bytes} [Tue Sep 20 05:59:41 2022] GET /identity/v3/users/a4098f3e2e794d8791637a4813060f9f => generated 297 bytes in 219 msecs (HTTP/1.1 200) 5 headers in 177 bytes (1 switches on core 0)
Sep 20 05:59:42.047494 n-d-858087-1 devstack@keystone.service[82092]: DEBUG keystone.server.flask.request_processing.middleware.auth_context [None req-028bfbac-8755-4a6e-b5d1-1ab5c7e9cbed None admin] Authenticating user token {{(pid=82092) process_request /usr/local/lib/python3.8/dist-packages/keystonemiddleware/auth_token/__init__.py:407}}
Sep 20 05:59:42.135600 n-d-858087-1 devstack@keystone.service[82092]: DEBUG dbcounter [-] [82092] Writing DB stats keystone:SELECT=100 {{(pid=82092) stat_writer /usr/local/lib/python3.8/dist-packages/dbcounter.py:114}}
Sep 20 05:59:42.191392 n-d-858087-1 devstack@keystone.service[82092]: DEBUG keystone.server.flask.request_processing.middleware.auth_context [None req-028bfbac-8755-4a6e-b5d1-1ab5c7e9cbed None admin] Validating token access rules against request {{(pid=82092) validate_allowed_request /usr/local/lib/python3.8/dist-packages/keystonemiddleware/auth_token/__init__.py:545}}
Sep 20 05:59:42.235984 n-d-858087-1 devstack@keystone.service[82092]: DEBUG keystone.server.flask.request_processing.middleware.auth_context [None req-2f530daf-3589-409f-b9b2-d43b73bc5633 None admin] RBAC: auth_context: {'token': , 'domain_id': None, 'trust_id': None, 'trustor_id': None, 'trustee_id': None, 'domain_name': None, 'group_ids': [], 'user_id': 'c62c32abbd794116b876e55c34147516', 'user_domain_id': 'default', 'system_scope': 'all', 'project_id': None, 'project_domain_id': None, 'roles': ['admin', 'member', 'reader'], 'is_admin_project': True, 'service_user_id': None, 'service_user_domain_id': None, 'service_project_id': None, 'service_project_domain_id': None, 'service_roles': []} {{(pid=82092) fill_context /opt/stack/keystone/keystone/server/flask/request_processing/middleware/auth_context.py:478}}
Sep 20 05:59:42.236599 n-d-858087-1 devstack@keystone.service[82092]: DEBUG keystone.server.flask.request_processing.req_logging [None req-2f530daf-3589-409f-b9b2-d43b73bc5633 None admin] REQUEST_METHOD: `GET` {{(pid=82092) log_request_info /opt/stack/keystone/keystone/server/flask/request_processing/req_logging.py:27}}
Sep 20 05:59:42.236876 n-d-858087-1 devstack@keystone.service[82092]: DEBUG keystone.server.flask.request_processing.req_logging [None req-2f530daf-3589-409f-b9b2-d43b73bc5633 None admin] SCRIPT_NAME: `/identity` {{(pid=82092) log_request_info /opt/stack/keystone/keystone/server/flask/request_processing/req_logging.py:28}}
Sep 20 05:59:42.237145 n-d-858087-1 devstack@keystone.service[82092]: DEBUG keystone.server.flask.request_processing.req_logging [None req-2f530daf-3589-409f-b9b2-d43b73bc5633 None admin] PATH_INFO: `/v3/auth/tokens` {{(pid=82092) log_request_info /opt/stack/keystone/keystone/server/flask/request_processing/req_logging.py:29}}
Sep 20 05:59:42.252111 n-d-858087-1 devstack@keystone.service[82091]: DEBUG keystone.server.flask.request_processing.req_logging [None req-6d12ad27-a724-4169-aaaf-ca6d28262cf4 None None] REQUEST_METHOD: `GET` {{(pid=82091) log_request_info /opt/stack/keystone/keystone/server/flask/request_processing/req_logging.py:27}}
Sep 20 05:59:42.252432 n-d-858087-1 devstack@keystone.service[82091]: DEBUG keystone.server.flask.request_processing.req_logging [None req-6d12ad27-a724-4169-aaaf-ca6d28262cf4 None None] SCRIPT_NAME: `/identity` {{(pid=82091) log_request_info /opt/stack/keystone/keystone/server/flask/request_processing/req_logging.py:28}}
Sep 20 05:59:42.252646 n-d-858087-1 devstack@keystone.service[82091]: DEBUG keystone.server.flask.request_processing.req_logging [None req-6d12ad27-a724-4169-aaaf-ca6d28262cf4 None None] PATH_INFO: `/` {{(pid=82091) log_request_info /opt/stack/keystone/keystone/server/flask/request_processing/req_logging.py:29}}
Sep 20 05:59:42.254141 n-d-858087-1 devstack@keystone.service[82091]: [pid: 82091|app: 0|req: 146/292] 10.222.0.27 () {54 vars in 927 bytes} [Tue Sep 20 05:59:42 2022] GET /identity => generated 270 bytes in 3 msecs (HTTP/1.1 300) 6 headers in 234 bytes (2 switches on core 0)
Sep 20 05:59:42.260950 n-d-858087-1 devstack@keystone.service[82091]: DEBUG keystone.server.flask.request_processing.req_logging [None req-5e78f177-42d0-485f-b862-9f43a5520749 None None] REQUEST_METHOD: `POST` {{(pid=82091) log_request_info /opt/stack/keystone/keystone/server/flask/request_processing/req_logging.py:27}}
Sep 20 05:59:42.261231 n-d-858087-1 devstack@keystone.service[82091]: DEBUG keystone.server.flask.request_processing.req_logging [None req-5e78f177-42d0-485f-b862-9f43a5520749 None None] SCRIPT_NAME: `/identity` {{(pid=82091) log_request_info /opt/stack/keystone/keystone/server/flask/request_processing/req_logging.py:28}}
Sep 20 05:59:42.261498 n-d-858087-1 devstack@keystone.service[82091]: DEBUG keystone.server.flask.request_processing.req_logging [None req-5e78f177-42d0-485f-b862-9f43a5520749 None None] PATH_INFO: `/v3/auth/tokens` {{(pid=82091) log_request_info /opt/stack/keystone/keystone/server/flask/request_processing/req_logging.py:29}}
Sep 20 05:59:42.290179 n-d-858087-1 devstack@keystone.service[82091]: DEBUG keystone.auth.core [None req-5e78f177-42d0-485f-b862-9f43a5520749 None None] MFA Rules not processed for user `c62c32abbd794116b876e55c34147516`. Rule list: `[]` (Enabled: `True`). {{(pid=82091) check_auth_methods_against_rules /opt/stack/keystone/keystone/auth/core.py:438}}
Sep 20 05:59:42.291435 n-d-858087-1 devstack@keystone.service[82091]: DEBUG keystone.common.fernet_utils [None req-5e78f177-42d0-485f-b862-9f43a5520749 None None] Loaded 2 Fernet keys from /etc/keystone/fernet-keys/, but `[fernet_tokens] max_active_keys = 3`; perhaps there have not been enough key rotations to reach `max_active_keys` yet? {{(pid=82091) load_keys /opt/stack/keystone/keystone/common/fernet_utils.py:286}}
Sep 20 05:59:42.294143 n-d-858087-1 devstack@keystone.service[82091]: DEBUG dbcounter [-] [82091] Writing DB stats keystone:SELECT=100 {{(pid=82091) stat_writer /usr/local/lib/python3.8/dist-packages/dbcounter.py:114}}
Sep 20 05:59:42.381246 n-d-858087-1 devstack@keystone.service[82092]: DEBUG keystone.common.rbac_enforcer.enforcer [None req-2f530daf-3589-409f-b9b2-d43b73bc5633 None admin] RBAC: Authorizing `identity:validate_token()` {{(pid=82092) enforce_call /opt/stack/keystone/keystone/common/rbac_enforcer/enforcer.py:449}}
Sep 20 05:59:42.382783 n-d-858087-1 devstack@keystone.service[82092]: DEBUG keystone.common.rbac_enforcer.enforcer [None req-2f530daf-3589-409f-b9b2-d43b73bc5633 None admin] RBAC: Authorization granted {{(pid=82092) enforce_call /opt/stack/keystone/keystone/common/rbac_enforcer/enforcer.py:457}}
Sep 20 05:59:42.429336 n-d-858087-1 devstack@keystone.service[82091]: [pid: 82091|app: 0|req: 147/293] 10.222.0.27 () {58 vars in 1024 bytes} [Tue Sep 20 05:59:42 2022] POST /identity/v3/auth/tokens => generated 799 bytes in 169 msecs (HTTP/1.1 201) 6 headers in 363 bytes (2 switches on core 0)
Sep 20 05:59:42.432505 n-d-858087-1 devstack@keystone.service[82091]: DEBUG keystone.server.flask.request_processing.req_logging [None req-0cd843d8-95ec-4fbe-8dd4-c524c19b1a4b None None] REQUEST_METHOD: `GET` {{(pid=82091) log_request_info /opt/stack/keystone/keystone/server/flask/request_processing/req_logging.py:27}}
Sep 20 05:59:42.432984 n-d-858087-1 devstack@keystone.service[82091]: DEBUG keystone.server.flask.request_processing.req_logging [None req-0cd843d8-95ec-4fbe-8dd4-c524c19b1a4b None None] SCRIPT_NAME: `/identity` {{(pid=82091) log_request_info /opt/stack/keystone/keystone/server/flask/request_processing/req_logging.py:28}}
Sep 20 05:59:42.433382 n-d-858087-1 devstack@keystone.service[82091]: DEBUG keystone.server.flask.request_processing.req_logging [None req-0cd843d8-95ec-4fbe-8dd4-c524c19b1a4b None None] PATH_INFO: `/` {{(pid=82091) log_request_info /opt/stack/keystone/keystone/server/flask/request_processing/req_logging.py:29}}
Sep 20 05:59:42.434956 n-d-858087-1 devstack@keystone.service[82091]: [pid: 82091|app: 0|req: 148/294] 10.222.0.27 () {54 vars in 927 bytes} [Tue Sep 20 05:59:42 2022] GET /identity => generated 270 bytes in 3 msecs (HTTP/1.1 300) 6 headers in 234 bytes (1 switches on core 0)
Sep 20 05:59:42.442608 n-d-858087-1 devstack@keystone.service[82091]: DEBUG keystone.server.flask.request_processing.req_logging [None req-68bb14cc-37ce-4062-b7d8-900004e50694 None None] REQUEST_METHOD: `POST` {{(pid=82091) log_request_info /opt/stack/keystone/keystone/server/flask/request_processing/req_logging.py:27}}
Sep 20 05:59:42.443822 n-d-858087-1 devstack@keystone.service[82091]: DEBUG keystone.server.flask.request_processing.req_logging [None req-68bb14cc-37ce-4062-b7d8-900004e50694 None None] SCRIPT_NAME: `/identity` {{(pid=82091) log_request_info /opt/stack/keystone/keystone/server/flask/request_processing/req_logging.py:28}}
Sep 20 05:59:42.444395 n-d-858087-1 devstack@keystone.service[82091]: DEBUG keystone.server.flask.request_processing.req_logging [None req-68bb14cc-37ce-4062-b7d8-900004e50694 None None] PATH_INFO: `/v3/auth/tokens` {{(pid=82091) log_request_info /opt/stack/keystone/keystone/server/flask/request_processing/req_logging.py:29}}
Sep 20 05:59:42.455536 n-d-858087-1 devstack@keystone.service[82092]: DEBUG dbcounter [-] [82092] Writing DB stats keystone:SELECT=100 {{(pid=82092) stat_writer /usr/local/lib/python3.8/dist-packages/dbcounter.py:114}}
Sep 20 05:59:42.478316 n-d-858087-1 devstack@keystone.service[82091]: DEBUG keystone.auth.core [None req-68bb14cc-37ce-4062-b7d8-900004e50694 None None] MFA Rules not processed for user `c62c32abbd794116b876e55c34147516`. Rule list: `[]` (Enabled: `True`). {{(pid=82091) check_auth_methods_against_rules /opt/stack/keystone/keystone/auth/core.py:438}}
Sep 20 05:59:42.479845 n-d-858087-1 devstack@keystone.service[82091]: DEBUG keystone.common.fernet_utils [None req-68bb14cc-37ce-4062-b7d8-900004e50694 None None] Loaded 2 Fernet keys from /etc/keystone/fernet-keys/, but `[fernet_tokens] max_active_keys = 3`; perhaps there have not been enough key rotations to reach `max_active_keys` yet? {{(pid=82091) load_keys /opt/stack/keystone/keystone/common/fernet_utils.py:286}}
Sep 20 05:59:42.529584 n-d-858087-1 devstack@keystone.service[82092]: [pid: 82092|app: 0|req: 147/295] 10.222.0.27 () {58 vars in 1282 bytes} [Tue Sep 20 05:59:42 2022] GET /identity/v3/auth/tokens => generated 799 bytes in 482 msecs (HTTP/1.1 200) 6 headers in 358 bytes (1 switches on core 0)
Sep 20 05:59:42.535557 n-d-858087-1 devstack@keystone.service[82092]: DEBUG keystone.server.flask.request_processing.req_logging [None req-151725e8-49ae-4259-90fb-cdf182eae581 None None] REQUEST_METHOD: `GET` {{(pid=82092) log_request_info /opt/stack/keystone/keystone/server/flask/request_processing/req_logging.py:27}}
Sep 20 05:59:42.536138 n-d-858087-1 devstack@keystone.service[82092]: DEBUG keystone.server.flask.request_processing.req_logging [None req-151725e8-49ae-4259-90fb-cdf182eae581 None None] SCRIPT_NAME: `/identity` {{(pid=82092) log_request_info /opt/stack/keystone/keystone/server/flask/request_processing/req_logging.py:28}}
Sep 20 05:59:42.536612 n-d-858087-1 devstack@keystone.service[82092]: DEBUG keystone.server.flask.request_processing.req_logging [None req-151725e8-49ae-4259-90fb-cdf182eae581 None None] PATH_INFO: `/` {{(pid=82092) log_request_info /opt/stack/keystone/keystone/server/flask/request_processing/req_logging.py:29}}
Sep 20 05:59:42.538234 n-d-858087-1 devstack@keystone.service[82092]: [pid: 82092|app: 0|req: 148/296] 10.222.0.27 () {54 vars in 927 bytes} [Tue Sep 20 05:59:42 2022] GET /identity => generated 270 bytes in 8 msecs (HTTP/1.1 300) 6 headers in 234 bytes (1 switches on core 0)
Sep 20 05:59:42.539128 n-d-858087-1 devstack@keystone.service[82092]: DEBUG keystone.server.flask.request_processing.middleware.auth_context [None req-151725e8-49ae-4259-90fb-cdf182eae581 None None] Authenticating user token {{(pid=82092) process_request /usr/local/lib/python3.8/dist-packages/keystonemiddleware/auth_token/__init__.py:407}}
Sep 20 05:59:42.579872 n-d-858087-1 devstack@keystone.service[82091]: [pid: 82091|app: 0|req: 149/297] 10.222.0.27 () {58 vars in 1024 bytes} [Tue Sep 20 05:59:42 2022] POST /identity/v3/auth/tokens => generated 799 bytes in 138 msecs (HTTP/1.1 201) 6 headers in 363 bytes (2 switches on core 0)
Sep 20 05:59:42.581235 n-d-858087-1 devstack@keystone.service[82091]: DEBUG keystone.server.flask.request_processing.req_logging [None req-33fa8eca-af89-4874-8537-31e3573cd0de None None] REQUEST_METHOD: `POST` {{(pid=82091) log_request_info /opt/stack/keystone/keystone/server/flask/request_processing/req_logging.py:27}}
Sep 20 05:59:42.581527 n-d-858087-1 devstack@keystone.service[82091]: DEBUG keystone.server.flask.request_processing.req_logging [None req-33fa8eca-af89-4874-8537-31e3573cd0de None None] SCRIPT_NAME: `/identity` {{(pid=82091) log_request_info /opt/stack/keystone/keystone/server/flask/request_processing/req_logging.py:28}}
Sep 20 05:59:42.581828 n-d-858087-1 devstack@keystone.service[82091]: DEBUG keystone.server.flask.request_processing.req_logging [None req-33fa8eca-af89-4874-8537-31e3573cd0de None None] PATH_INFO: `/v3/auth/tokens` {{(pid=82091) log_request_info /opt/stack/keystone/keystone/server/flask/request_processing/req_logging.py:29}}
Sep 20 05:59:42.605210 n-d-858087-1 devstack@keystone.service[82091]: DEBUG keystone.auth.core [None req-33fa8eca-af89-4874-8537-31e3573cd0de None None] MFA Rules not processed for user `c62c32abbd794116b876e55c34147516`. Rule list: `[]` (Enabled: `True`). {{(pid=82091) check_auth_methods_against_rules /opt/stack/keystone/keystone/auth/core.py:438}}
Sep 20 05:59:42.608276 n-d-858087-1 devstack@keystone.service[82091]: DEBUG keystone.common.fernet_utils [None req-33fa8eca-af89-4874-8537-31e3573cd0de None None] Loaded 2 Fernet keys from /etc/keystone/fernet-keys/, but `[fernet_tokens] max_active_keys = 3`; perhaps there have not been enough key rotations to reach `max_active_keys` yet? {{(pid=82091) load_keys /opt/stack/keystone/keystone/common/fernet_utils.py:286}}
Sep 20 05:59:42.700041 n-d-858087-1 devstack@keystone.service[82091]: DEBUG dbcounter [-] [82091] Writing DB stats keystone:SELECT=100 {{(pid=82091) stat_writer /usr/local/lib/python3.8/dist-packages/dbcounter.py:114}}
Sep 20 05:59:42.714560 n-d-858087-1 devstack@keystone.service[82092]: DEBUG keystone.server.flask.request_processing.middleware.auth_context [None req-151725e8-49ae-4259-90fb-cdf182eae581 None None] Validating token access rules against request {{(pid=82092) validate_allowed_request /usr/local/lib/python3.8/dist-packages/keystonemiddleware/auth_token/__init__.py:545}}
Sep 20 05:59:42.715855 n-d-858087-1 devstack@keystone.service[82091]: [pid: 82091|app: 0|req: 150/298] 10.222.0.27 () {58 vars in 1024 bytes} [Tue Sep 20 05:59:42 2022] POST /identity/v3/auth/tokens => generated 799 bytes in 135 msecs (HTTP/1.1 201) 6 headers in 363 bytes (1 switches on core 0)
Sep 20 05:59:42.769390 n-d-858087-1 devstack@keystone.service[82092]: DEBUG keystone.server.flask.request_processing.middleware.auth_context [None req-e0e24c07-73df-4c81-a37c-947d586930cd None admin] RBAC: auth_context: {'token': , 'domain_id': None, 'trust_id': None, 'trustor_id': None, 'trustee_id': None, 'domain_name': None, 'group_ids': [], 'user_id': 'c62c32abbd794116b876e55c34147516', 'user_domain_id': 'default', 'system_scope': 'all', 'project_id': None, 'project_domain_id': None, 'roles': ['admin', 'member', 'reader'], 'is_admin_project': True, 'service_user_id': None, 'service_user_domain_id': None, 'service_project_id': None, 'service_project_domain_id': None, 'service_roles': []} {{(pid=82092) fill_context /opt/stack/keystone/keystone/server/flask/request_processing/middleware/auth_context.py:478}}
Sep 20 05:59:42.770053 n-d-858087-1 devstack@keystone.service[82092]: DEBUG keystone.server.flask.request_processing.req_logging [None req-e0e24c07-73df-4c81-a37c-947d586930cd None admin] REQUEST_METHOD: `GET` {{(pid=82092) log_request_info /opt/stack/keystone/keystone/server/flask/request_processing/req_logging.py:27}}
Sep 20 05:59:42.770334 n-d-858087-1 devstack@keystone.service[82092]: DEBUG keystone.server.flask.request_processing.req_logging [None req-e0e24c07-73df-4c81-a37c-947d586930cd None admin] SCRIPT_NAME: `/identity` {{(pid=82092) log_request_info /opt/stack/keystone/keystone/server/flask/request_processing/req_logging.py:28}}
Sep 20 05:59:42.770608 n-d-858087-1 devstack@keystone.service[82092]: DEBUG keystone.server.flask.request_processing.req_logging [None req-e0e24c07-73df-4c81-a37c-947d586930cd None admin] PATH_INFO: `/v3/projects/215b6988ea7c48a2937c12b485c0343b` {{(pid=82092) log_request_info /opt/stack/keystone/keystone/server/flask/request_processing/req_logging.py:29}}
Sep 20 05:59:42.771748 n-d-858087-1 devstack@keystone.service[82092]: DEBUG keystone.common.rbac_enforcer.enforcer [None req-e0e24c07-73df-4c81-a37c-947d586930cd None admin] RBAC: Authorizing `identity:get_project(project_id=215b6988ea7c48a2937c12b485c0343b)` {{(pid=82092) enforce_call /opt/stack/keystone/keystone/common/rbac_enforcer/enforcer.py:449}}
Sep 20 05:59:42.773192 n-d-858087-1 devstack@keystone.service[82092]: DEBUG keystone.common.rbac_enforcer.enforcer [None req-e0e24c07-73df-4c81-a37c-947d586930cd None admin] RBAC: Authorization granted {{(pid=82092) enforce_call /opt/stack/keystone/keystone/common/rbac_enforcer/enforcer.py:457}}
Sep 20 05:59:42.774861 n-d-858087-1 devstack@keystone.service[82092]: [pid: 82092|app: 0|req: 149/299] 10.222.0.27 () {56 vars in 1186 bytes} [Tue Sep 20 05:59:42 2022] GET /identity/v3/projects/215b6988ea7c48a2937c12b485c0343b => generated 302 bytes in 236 msecs (HTTP/1.1 200) 5 headers in 177 bytes (1 switches on core 0)
Sep 20 05:59:42.782261 n-d-858087-1 devstack@keystone.service[82091]: DEBUG keystone.server.flask.request_processing.middleware.auth_context [None req-33fa8eca-af89-4874-8537-31e3573cd0de None None] Authenticating user token {{(pid=82091) process_request /usr/local/lib/python3.8/dist-packages/keystonemiddleware/auth_token/__init__.py:407}}
Sep 20 05:59:42.790183 n-d-858087-1 devstack@keystone.service[82092]: DEBUG keystone.server.flask.request_processing.middleware.auth_context [None req-e0e24c07-73df-4c81-a37c-947d586930cd None admin] Authenticating user token {{(pid=82092) process_request /usr/local/lib/python3.8/dist-packages/keystonemiddleware/auth_token/__init__.py:407}}
Sep 20 05:59:42.817161 n-d-858087-1 devstack@keystone.service[82092]: DEBUG dbcounter [-] [82092] Writing DB stats keystone:SELECT=100 {{(pid=82092) stat_writer /usr/local/lib/python3.8/dist-packages/dbcounter.py:114}}
Sep 20 05:59:42.938147 n-d-858087-1 devstack@keystone.service[82091]: DEBUG keystone.server.flask.request_processing.middleware.auth_context [None req-33fa8eca-af89-4874-8537-31e3573cd0de None None] Validating token access rules against request {{(pid=82091) validate_allowed_request /usr/local/lib/python3.8/dist-packages/keystonemiddleware/auth_token/__init__.py:545}}
Sep 20 05:59:42.941107 n-d-858087-1 devstack@keystone.service[82092]: DEBUG keystone.server.flask.request_processing.middleware.auth_context [None req-e0e24c07-73df-4c81-a37c-947d586930cd None admin] Validating token access rules against request {{(pid=82092) validate_allowed_request /usr/local/lib/python3.8/dist-packages/keystonemiddleware/auth_token/__init__.py:545}}
Sep 20 05:59:42.978455 n-d-858087-1 devstack@keystone.service[82091]: DEBUG keystone.server.flask.request_processing.middleware.auth_context [None req-357fd079-1f43-40ca-b5b8-bc710477fefb None admin] RBAC: auth_context: {'token': , 'domain_id': None, 'trust_id': None, 'trustor_id': None, 'trustee_id': None, 'domain_name': None, 'group_ids': [], 'user_id': 'c62c32abbd794116b876e55c34147516', 'user_domain_id': 'default', 'system_scope': 'all', 'project_id': None, 'project_domain_id': None, 'roles': ['admin', 'member', 'reader'], 'is_admin_project': True, 'service_user_id': None, 'service_user_domain_id': None, 'service_project_id': None, 'service_project_domain_id': None, 'service_roles': []} {{(pid=82091) fill_context /opt/stack/keystone/keystone/server/flask/request_processing/middleware/auth_context.py:478}}
Sep 20 05:59:42.978707 n-d-858087-1 devstack@keystone.service[82092]: DEBUG keystone.server.flask.request_processing.middleware.auth_context [None req-c9a869f2-26c9-493f-8856-6b2acf4db145 None admin] RBAC: auth_context: {'token': , 'domain_id': None, 'trust_id': None, 'trustor_id': None, 'trustee_id': None, 'domain_name': None, 'group_ids': [], 'user_id': 'c62c32abbd794116b876e55c34147516', 'user_domain_id': 'default', 'system_scope': 'all', 'project_id': None, 'project_domain_id': None, 'roles': ['admin', 'member', 'reader'], 'is_admin_project': True, 'service_user_id': None, 'service_user_domain_id': None, 'service_project_id': None, 'service_project_domain_id': None, 'service_roles': []} {{(pid=82092) fill_context /opt/stack/keystone/keystone/server/flask/request_processing/middleware/auth_context.py:478}}
Sep 20 05:59:42.979426 n-d-858087-1 devstack@keystone.service[82091]: DEBUG keystone.server.flask.request_processing.req_logging [None req-357fd079-1f43-40ca-b5b8-bc710477fefb None admin] REQUEST_METHOD: `GET` {{(pid=82091) log_request_info /opt/stack/keystone/keystone/server/flask/request_processing/req_logging.py:27}}
Sep 20 05:59:42.979694 n-d-858087-1 devstack@keystone.service[82092]: DEBUG keystone.server.flask.request_processing.req_logging [None req-c9a869f2-26c9-493f-8856-6b2acf4db145 None admin] REQUEST_METHOD: `GET` {{(pid=82092) log_request_info /opt/stack/keystone/keystone/server/flask/request_processing/req_logging.py:27}}
Sep 20 05:59:42.979806 n-d-858087-1 devstack@keystone.service[82091]: DEBUG keystone.server.flask.request_processing.req_logging [None req-357fd079-1f43-40ca-b5b8-bc710477fefb None admin] SCRIPT_NAME: `/identity` {{(pid=82091) log_request_info /opt/stack/keystone/keystone/server/flask/request_processing/req_logging.py:28}}
Sep 20 05:59:42.980117 n-d-858087-1 devstack@keystone.service[82091]: DEBUG keystone.server.flask.request_processing.req_logging [None req-357fd079-1f43-40ca-b5b8-bc710477fefb None admin] PATH_INFO: `/v3/role_assignments` {{(pid=82091) log_request_info /opt/stack/keystone/keystone/server/flask/request_processing/req_logging.py:29}}
Sep 20 05:59:42.980347 n-d-858087-1 devstack@keystone.service[82092]: DEBUG keystone.server.flask.request_processing.req_logging [None req-c9a869f2-26c9-493f-8856-6b2acf4db145 None admin] SCRIPT_NAME: `/identity` {{(pid=82092) log_request_info /opt/stack/keystone/keystone/server/flask/request_processing/req_logging.py:28}}
Sep 20 05:59:42.980766 n-d-858087-1 devstack@keystone.service[82092]: DEBUG keystone.server.flask.request_processing.req_logging [None req-c9a869f2-26c9-493f-8856-6b2acf4db145 None admin] PATH_INFO: `/v3/roles/reader` {{(pid=82092) log_request_info /opt/stack/keystone/keystone/server/flask/request_processing/req_logging.py:29}}
Sep 20 05:59:42.981061 n-d-858087-1 devstack@keystone.service[82091]: DEBUG keystone.common.rbac_enforcer.enforcer [None req-357fd079-1f43-40ca-b5b8-bc710477fefb None admin] RBAC: Adding query filter params (role.id=b2252d4936da4db0b6805c47812cfb1b, scope.project.id=215b6988ea7c48a2937c12b485c0343b, user.id=a4098f3e2e794d8791637a4813060f9f) {{(pid=82091) _extract_filter_values /opt/stack/keystone/keystone/common/rbac_enforcer/enforcer.py:167}}
