Sep 16 10:23:32.236693 n-d-858050-1 devstack@placement-api.service[89651]: DEBUG placement.handlers.allocation [req-4cc47525-777f-4c2e-b75c-76525b71093a req-a7762596-712d-4023-9506-f364fe431af1 service placement] Successfully wrote allocations [, , ] {{(pid=89651) _create_allocations /opt/stack/placement/placement/handlers/allocation.py:435}}
Sep 16 10:23:32.237762 n-d-858050-1 devstack@placement-api.service[89651]: INFO placement.requestlog [req-4cc47525-777f-4c2e-b75c-76525b71093a req-a7762596-712d-4023-9506-f364fe431af1 service placement] 10.222.0.83 "PUT /placement/allocations/c1e3d10c-0514-4411-8255-c51808c64ecc" status: 204 len: 0 microversion: 1.28
Sep 16 10:23:32.238654 n-d-858050-1 devstack@placement-api.service[89651]: [pid: 89651|app: 0|req: 164/325] 10.222.0.83 () {64 vars in 1433 bytes} [Fri Sep 16 10:23:32 2022] PUT /placement/allocations/c1e3d10c-0514-4411-8255-c51808c64ecc => generated 0 bytes in 105 msecs (HTTP/1.1 204) 5 headers in 199 bytes (1 switches on core 0)
Sep 16 10:23:32.426929 n-d-858050-1 devstack@placement-api.service[89650]: DEBUG placement.requestlog [req-4cc47525-777f-4c2e-b75c-76525b71093a req-41ecb854-61e0-4456-b6de-ea35ca71390f None None] Starting request: 10.222.0.71 "GET /placement/allocations/c1e3d10c-0514-4411-8255-c51808c64ecc" {{(pid=89650) __call__ /opt/stack/placement/placement/requestlog.py:55}}
Sep 16 10:23:32.453586 n-d-858050-1 devstack@placement-api.service[89650]: INFO placement.requestlog [req-4cc47525-777f-4c2e-b75c-76525b71093a req-41ecb854-61e0-4456-b6de-ea35ca71390f service placement] 10.222.0.71 "GET /placement/allocations/c1e3d10c-0514-4411-8255-c51808c64ecc" status: 200 len: 259 microversion: 1.28
Sep 16 10:23:32.453808 n-d-858050-1 devstack@placement-api.service[89650]: [pid: 89650|app: 0|req: 162/326] 10.222.0.71 () {60 vars in 1377 bytes} [Fri Sep 16 10:23:32 2022] GET /placement/allocations/c1e3d10c-0514-4411-8255-c51808c64ecc => generated 259 bytes in 28 msecs (HTTP/1.1 200) 8 headers in 296 bytes (1 switches on core 0)
Sep 16 10:23:33.423649 n-d-858050-1 devstack@placement-api.service[89651]: DEBUG placement.requestlog [None req-ddba3b54-1751-44b4-9468-be2a945b4a3b None None] Starting request: 10.222.0.83 "GET /placement/resource_providers/9e7294f7-3858-480e-82a8-93aaaf5445f0/aggregates" {{(pid=89651) __call__ /opt/stack/placement/placement/requestlog.py:55}}
Sep 16 10:23:33.439240 n-d-858050-1 devstack@placement-api.service[89651]: INFO placement.requestlog [None req-ddba3b54-1751-44b4-9468-be2a945b4a3b service placement] 10.222.0.83 "GET /placement/resource_providers/9e7294f7-3858-480e-82a8-93aaaf5445f0/aggregates" status: 404 len: 235 microversion: 1.1
Sep 16 10:23:33.439656 n-d-858050-1 devstack@placement-api.service[89651]: [pid: 89651|app: 0|req: 165/327] 10.222.0.83 () {58 vars in 1362 bytes} [Fri Sep 16 10:23:33 2022] GET /placement/resource_providers/9e7294f7-3858-480e-82a8-93aaaf5445f0/aggregates => generated 235 bytes in 16 msecs (HTTP/1.1 404) 5 headers in 202 bytes (1 switches on core 0)
Sep 16 10:23:33.548564 n-d-858050-1 devstack@placement-api.service[89650]: DEBUG placement.requestlog [None req-4b57c5d0-f374-4155-b1c0-1dabc52fc09d None None] Starting request: 10.222.0.83 "DELETE /placement/resource_providers/9e7294f7-3858-480e-82a8-93aaaf5445f0" {{(pid=89650) __call__ /opt/stack/placement/placement/requestlog.py:55}}
Sep 16 10:23:33.569744 n-d-858050-1 devstack@placement-api.service[89650]: DEBUG placement.wsgi_wrapper [None req-4b57c5d0-f374-4155-b1c0-1dabc52fc09d service placement] Placement API returning an error response: No resource provider with uuid 9e7294f7-3858-480e-82a8-93aaaf5445f0 found for delete {{(pid=89650) call_func /opt/stack/placement/placement/wsgi_wrapper.py:31}}
Sep 16 10:23:33.570509 n-d-858050-1 devstack@placement-api.service[89650]: INFO placement.requestlog [None req-4b57c5d0-f374-4155-b1c0-1dabc52fc09d service placement] 10.222.0.83 "DELETE /placement/resource_providers/9e7294f7-3858-480e-82a8-93aaaf5445f0" status: 404 len: 246 microversion: 1.1
Sep 16 10:23:33.571091 n-d-858050-1 devstack@placement-api.service[89650]: [pid: 89650|app: 0|req: 163/328] 10.222.0.83 () {60 vars in 1351 bytes} [Fri Sep 16 10:23:33 2022] DELETE /placement/resource_providers/9e7294f7-3858-480e-82a8-93aaaf5445f0 => generated 246 bytes in 23 msecs (HTTP/1.1 404) 6 headers in 231 bytes (1 switches on core 0)
Sep 16 10:23:48.116438 n-d-858050-1 devstack@placement-api.service[89651]: DEBUG placement.requestlog [req-723547c9-5b47-44bb-8e8f-8e1ea3d5149e req-8e489f92-53c5-4f21-9ec2-3146f6338351 None None] Starting request: 10.222.0.71 "GET /placement/resource_providers/2cbfbb3b-13af-4784-99ab-35f0602965b6/allocations" {{(pid=89651) __call__ /opt/stack/placement/placement/requestlog.py:55}}
Sep 16 10:23:48.152441 n-d-858050-1 devstack@placement-api.service[89651]: INFO placement.requestlog [req-723547c9-5b47-44bb-8e8f-8e1ea3d5149e req-8e489f92-53c5-4f21-9ec2-3146f6338351 service placement] 10.222.0.71 "GET /placement/resource_providers/2cbfbb3b-13af-4784-99ab-35f0602965b6/allocations" status: 200 len: 1062 microversion: 1.0
Sep 16 10:23:48.153240 n-d-858050-1 devstack@placement-api.service[89651]: [pid: 89651|app: 0|req: 166/329] 10.222.0.71 () {58 vars in 1390 bytes} [Fri Sep 16 10:23:48 2022] GET /placement/resource_providers/2cbfbb3b-13af-4784-99ab-35f0602965b6/allocations => generated 1062 bytes in 37 msecs (HTTP/1.1 200) 6 headers in 225 bytes (1 switches on core 0)
Sep 16 10:23:48.619069 n-d-858050-1 devstack@placement-api.service[89650]: DEBUG placement.requestlog [req-723547c9-5b47-44bb-8e8f-8e1ea3d5149e req-742dabcc-fcc1-4aa6-8073-104cfc0c18a7 None None] Starting request: 10.222.0.71 "GET /placement/allocations/dfd5cb1e-7c18-4898-b26a-d263bbdf44c4" {{(pid=89650) __call__ /opt/stack/placement/placement/requestlog.py:55}}
Sep 16 10:23:48.668931 n-d-858050-1 devstack@placement-api.service[89650]: INFO placement.requestlog [req-723547c9-5b47-44bb-8e8f-8e1ea3d5149e req-742dabcc-fcc1-4aa6-8073-104cfc0c18a7 service placement] 10.222.0.71 "GET /placement/allocations/dfd5cb1e-7c18-4898-b26a-d263bbdf44c4" status: 200 len: 259 microversion: 1.28
Sep 16 10:23:48.670302 n-d-858050-1 devstack@placement-api.service[89650]: [pid: 89650|app: 0|req: 164/330] 10.222.0.71 () {60 vars in 1377 bytes} [Fri Sep 16 10:23:48 2022] GET /placement/allocations/dfd5cb1e-7c18-4898-b26a-d263bbdf44c4 => generated 259 bytes in 51 msecs (HTTP/1.1 200) 8 headers in 296 bytes (1 switches on core 0)
Sep 16 10:23:48.679772 n-d-858050-1 devstack@placement-api.service[89651]: DEBUG placement.requestlog [req-723547c9-5b47-44bb-8e8f-8e1ea3d5149e req-ed47746d-a780-4fc3-b427-9e98e17a1811 None None] Starting request: 10.222.0.71 "PUT /placement/allocations/dfd5cb1e-7c18-4898-b26a-d263bbdf44c4" {{(pid=89651) __call__ /opt/stack/placement/placement/requestlog.py:55}}
Sep 16 10:23:48.800356 n-d-858050-1 devstack@placement-api.service[89651]: DEBUG placement.handlers.allocation [req-723547c9-5b47-44bb-8e8f-8e1ea3d5149e req-ed47746d-a780-4fc3-b427-9e98e17a1811 service placement] Successfully wrote allocations [, , ] {{(pid=89651) _create_allocations /opt/stack/placement/placement/handlers/allocation.py:435}}
Sep 16 10:23:48.801252 n-d-858050-1 devstack@placement-api.service[89651]: INFO placement.requestlog [req-723547c9-5b47-44bb-8e8f-8e1ea3d5149e req-ed47746d-a780-4fc3-b427-9e98e17a1811 service placement] 10.222.0.71 "PUT /placement/allocations/dfd5cb1e-7c18-4898-b26a-d263bbdf44c4" status: 204 len: 0 microversion: 1.28
Sep 16 10:23:48.802207 n-d-858050-1 devstack@placement-api.service[89651]: [pid: 89651|app: 0|req: 167/331] 10.222.0.71 () {64 vars in 1430 bytes} [Fri Sep 16 10:23:48 2022] PUT /placement/allocations/dfd5cb1e-7c18-4898-b26a-d263bbdf44c4 => generated 0 bytes in 123 msecs (HTTP/1.1 204) 5 headers in 199 bytes (1 switches on core 0)
Sep 16 10:23:52.382355 n-d-858050-1 devstack@placement-api.service[89650]: DEBUG placement.requestlog [req-7579b780-b0db-4fc2-8518-13e0f8898a14 req-1e89d008-eb80-4fa9-8122-e6e92840f09a None None] Starting request: 10.222.0.83 "GET /placement/resource_providers/2cbfbb3b-13af-4784-99ab-35f0602965b6/traits" {{(pid=89650) __call__ /opt/stack/placement/placement/requestlog.py:55}}
Sep 16 10:23:52.422488 n-d-858050-1 devstack@placement-api.service[89650]: INFO placement.requestlog [req-7579b780-b0db-4fc2-8518-13e0f8898a14 req-1e89d008-eb80-4fa9-8122-e6e92840f09a service placement] 10.222.0.83 "GET /placement/resource_providers/2cbfbb3b-13af-4784-99ab-35f0602965b6/traits" status: 200 len: 212 microversion: 1.6
Sep 16 10:23:52.423629 n-d-858050-1 devstack@placement-api.service[89650]: [pid: 89650|app: 0|req: 165/332] 10.222.0.83 () {60 vars in 1412 bytes} [Fri Sep 16 10:23:52 2022] GET /placement/resource_providers/2cbfbb3b-13af-4784-99ab-35f0602965b6/traits => generated 212 bytes in 41 msecs (HTTP/1.1 200) 6 headers in 224 bytes (1 switches on core 0)
Sep 16 10:23:53.720572 n-d-858050-1 devstack@placement-api.service[89651]: DEBUG placement.requestlog [None req-af173968-9c03-4040-852c-69ab129e2263 None None] Starting request: 10.222.0.83 "GET /placement/" {{(pid=89651) __call__ /opt/stack/placement/placement/requestlog.py:55}}
Sep 16 10:23:53.723395 n-d-858050-1 devstack@placement-api.service[89651]: INFO placement.requestlog [None req-af173968-9c03-4040-852c-69ab129e2263 None None] 10.222.0.83 "GET /placement/" status: 200 len: 136 microversion: 1.0
Sep 16 10:23:53.724235 n-d-858050-1 devstack@placement-api.service[89651]: [pid: 89651|app: 0|req: 168/333] 10.222.0.83 () {54 vars in 916 bytes} [Fri Sep 16 10:23:53 2022] GET /placement => generated 136 bytes in 4 msecs (HTTP/1.1 200) 6 headers in 224 bytes (1 switches on core 0)
Sep 16 10:23:53.739783 n-d-858050-1 devstack@placement-api.service[89650]: DEBUG placement.requestlog [req-7579b780-b0db-4fc2-8518-13e0f8898a14 req-3447e14b-8957-4b09-bc0f-e5eb68d2d4ff None None] Starting request: 10.222.0.83 "GET /placement/allocations/c83eba0e-23e5-43cc-a25b-603b183a3d1b" {{(pid=89650) __call__ /opt/stack/placement/placement/requestlog.py:55}}
Sep 16 10:23:53.853154 n-d-858050-1 devstack@placement-api.service[89650]: INFO placement.requestlog [req-7579b780-b0db-4fc2-8518-13e0f8898a14 req-3447e14b-8957-4b09-bc0f-e5eb68d2d4ff service placement] 10.222.0.83 "GET /placement/allocations/c83eba0e-23e5-43cc-a25b-603b183a3d1b" status: 200 len: 259 microversion: 1.28
Sep 16 10:23:53.853940 n-d-858050-1 devstack@placement-api.service[89650]: [pid: 89650|app: 0|req: 166/334] 10.222.0.83 () {60 vars in 1380 bytes} [Fri Sep 16 10:23:53 2022] GET /placement/allocations/c83eba0e-23e5-43cc-a25b-603b183a3d1b => generated 259 bytes in 115 msecs (HTTP/1.1 200) 8 headers in 296 bytes (1 switches on core 0)
Sep 16 10:23:53.861297 n-d-858050-1 devstack@placement-api.service[89651]: DEBUG placement.requestlog [req-7579b780-b0db-4fc2-8518-13e0f8898a14 req-b154a646-7230-461d-ad92-6b3b39bb90a0 None None] Starting request: 10.222.0.83 "GET /placement/allocations/c83eba0e-23e5-43cc-a25b-603b183a3d1b" {{(pid=89651) __call__ /opt/stack/placement/placement/requestlog.py:55}}
Sep 16 10:23:53.889908 n-d-858050-1 devstack@placement-api.service[89651]: INFO placement.requestlog [req-7579b780-b0db-4fc2-8518-13e0f8898a14 req-b154a646-7230-461d-ad92-6b3b39bb90a0 service placement] 10.222.0.83 "GET /placement/allocations/c83eba0e-23e5-43cc-a25b-603b183a3d1b" status: 200 len: 259 microversion: 1.28
Sep 16 10:23:53.890238 n-d-858050-1 devstack@placement-api.service[89651]: [pid: 89651|app: 0|req: 169/335] 10.222.0.83 () {60 vars in 1380 bytes} [Fri Sep 16 10:23:53 2022] GET /placement/allocations/c83eba0e-23e5-43cc-a25b-603b183a3d1b => generated 259 bytes in 30 msecs (HTTP/1.1 200) 8 headers in 296 bytes (2 switches on core 0)
Sep 16 10:23:53.897433 n-d-858050-1 devstack@placement-api.service[89650]: DEBUG placement.requestlog [req-7579b780-b0db-4fc2-8518-13e0f8898a14 req-d7f47130-5dd4-425b-a893-2fa93d2df06c None None] Starting request: 10.222.0.83 "GET /placement/allocations/c22be6e4-6db3-4625-8219-0ebd0839c367" {{(pid=89650) __call__ /opt/stack/placement/placement/requestlog.py:55}}
Sep 16 10:23:53.937018 n-d-858050-1 devstack@placement-api.service[89650]: INFO placement.requestlog [req-7579b780-b0db-4fc2-8518-13e0f8898a14 req-d7f47130-5dd4-425b-a893-2fa93d2df06c service placement] 10.222.0.83 "GET /placement/allocations/c22be6e4-6db3-4625-8219-0ebd0839c367" status: 200 len: 19 microversion: 1.28
Sep 16 10:23:53.937672 n-d-858050-1 devstack@placement-api.service[89650]: [pid: 89650|app: 0|req: 167/336] 10.222.0.83 () {60 vars in 1380 bytes} [Fri Sep 16 10:23:53 2022] GET /placement/allocations/c22be6e4-6db3-4625-8219-0ebd0839c367 => generated 19 bytes in 41 msecs (HTTP/1.1 200) 8 headers in 295 bytes (2 switches on core 0)
Sep 16 10:23:53.943793 n-d-858050-1 devstack@placement-api.service[89651]: DEBUG placement.requestlog [req-7579b780-b0db-4fc2-8518-13e0f8898a14 req-20f7f5f4-b7e7-43ed-ac80-c6f2bf1ffab7 None None] Starting request: 10.222.0.83 "POST /placement/allocations" {{(pid=89651) __call__ /opt/stack/placement/placement/requestlog.py:55}}
Sep 16 10:23:54.136803 n-d-858050-1 devstack@placement-api.service[89651]: DEBUG placement.handlers.allocation [req-7579b780-b0db-4fc2-8518-13e0f8898a14 req-20f7f5f4-b7e7-43ed-ac80-c6f2bf1ffab7 service placement] Successfully wrote allocations [, , , , , ] {{(pid=89651) _create_allocations /opt/stack/placement/placement/handlers/allocation.py:524}}
Sep 16 10:23:54.138361 n-d-858050-1 devstack@placement-api.service[89651]: INFO placement.requestlog [req-7579b780-b0db-4fc2-8518-13e0f8898a14 req-20f7f5f4-b7e7-43ed-ac80-c6f2bf1ffab7 service placement] 10.222.0.83 "POST /placement/allocations" status: 204 len: 0 microversion: 1.28
Sep 16 10:23:54.139410 n-d-858050-1 devstack@placement-api.service[89651]: [pid: 89651|app: 0|req: 170/337] 10.222.0.83 () {64 vars in 1323 bytes} [Fri Sep 16 10:23:53 2022] POST /placement/allocations => generated 0 bytes in 196 msecs (HTTP/1.1 204) 5 headers in 199 bytes (1 switches on core 0)
Sep 16 10:23:54.170496 n-d-858050-1 devstack@placement-api.service[89650]: DEBUG placement.requestlog [req-7579b780-b0db-4fc2-8518-13e0f8898a14 req-09352f1d-63c4-452b-b2c2-52a73a54b4d8 None None] Starting request: 10.222.0.83 "GET /placement/allocation_candidates?limit=1000&resources=DISK_GB%3A1%2CMEMORY_MB%3A1024%2CVCPU%3A1&root_required=%21COMPUTE_STATUS_DISABLED" {{(pid=89650) __call__ /opt/stack/placement/placement/requestlog.py:55}}
Sep 16 10:23:54.228491 n-d-858050-1 devstack@placement-api.service[89650]: DEBUG placement.objects.research_context [req-7579b780-b0db-4fc2-8518-13e0f8898a14 req-09352f1d-63c4-452b-b2c2-52a73a54b4d8 service placement] getting providers with 1 DISK_GB {{(pid=89650) __init__ /opt/stack/placement/placement/objects/research_context.py:126}}
Sep 16 10:23:54.236902 n-d-858050-1 devstack@placement-api.service[89650]: DEBUG placement.objects.research_context [req-7579b780-b0db-4fc2-8518-13e0f8898a14 req-09352f1d-63c4-452b-b2c2-52a73a54b4d8 service placement] getting providers with 1024 MEMORY_MB {{(pid=89650) __init__ /opt/stack/placement/placement/objects/research_context.py:126}}
Sep 16 10:23:54.244070 n-d-858050-1 devstack@placement-api.service[89650]: DEBUG placement.objects.research_context [req-7579b780-b0db-4fc2-8518-13e0f8898a14 req-09352f1d-63c4-452b-b2c2-52a73a54b4d8 service placement] getting providers with 1 VCPU {{(pid=89650) __init__ /opt/stack/placement/placement/objects/research_context.py:126}}
Sep 16 10:23:54.251854 n-d-858050-1 devstack@placement-api.service[89650]: DEBUG placement.objects.research_context [req-7579b780-b0db-4fc2-8518-13e0f8898a14 req-09352f1d-63c4-452b-b2c2-52a73a54b4d8 service placement] found 2 providers with available 1 DISK_GB {{(pid=89650) get_provider_ids_matching /opt/stack/placement/placement/objects/research_context.py:549}}
Sep 16 10:23:54.252123 n-d-858050-1 devstack@placement-api.service[89650]: DEBUG placement.objects.research_context [req-7579b780-b0db-4fc2-8518-13e0f8898a14 req-09352f1d-63c4-452b-b2c2-52a73a54b4d8 service placement] found 2 providers with available 1024 MEMORY_MB {{(pid=89650) get_provider_ids_matching /opt/stack/placement/placement/objects/research_context.py:549}}
Sep 16 10:23:54.252395 n-d-858050-1 devstack@placement-api.service[89650]: DEBUG placement.objects.research_context [req-7579b780-b0db-4fc2-8518-13e0f8898a14 req-09352f1d-63c4-452b-b2c2-52a73a54b4d8 service placement] found 2 providers after filtering by previous result {{(pid=89650) get_provider_ids_matching /opt/stack/placement/placement/objects/research_context.py:580}}
Sep 16 10:23:54.252830 n-d-858050-1 devstack@placement-api.service[89650]: DEBUG placement.objects.research_context [req-7579b780-b0db-4fc2-8518-13e0f8898a14 req-09352f1d-63c4-452b-b2c2-52a73a54b4d8 service placement] found 2 providers with available 1 VCPU {{(pid=89650) get_provider_ids_matching /opt/stack/placement/placement/objects/research_context.py:549}}
Sep 16 10:23:54.253297 n-d-858050-1 devstack@placement-api.service[89650]: DEBUG placement.objects.research_context [req-7579b780-b0db-4fc2-8518-13e0f8898a14 req-09352f1d-63c4-452b-b2c2-52a73a54b4d8 service placement] found 2 providers after filtering by previous result {{(pid=89650) get_provider_ids_matching /opt/stack/placement/placement/objects/research_context.py:580}}
Sep 16 10:23:54.266381 n-d-858050-1 devstack@placement-api.service[89650]: DEBUG placement.objects.allocation_candidate [req-7579b780-b0db-4fc2-8518-13e0f8898a14 req-09352f1d-63c4-452b-b2c2-52a73a54b4d8 service placement] RequestGroup(use_same_provider=False, resources={DISK_GB:1, MEMORY_MB:1024, VCPU:1}, traits=[], aggregates=[]) (suffix '') returned 2 matches {{(pid=89650) _get_by_requests /opt/stack/placement/placement/objects/allocation_candidate.py:145}}
Sep 16 10:23:54.267219 n-d-858050-1 devstack@placement-api.service[89650]: DEBUG placement.objects.allocation_candidate [req-7579b780-b0db-4fc2-8518-13e0f8898a14 req-09352f1d-63c4-452b-b2c2-52a73a54b4d8 service placement] Merging candidates yields 2 allocation requests and 2 provider summaries {{(pid=89650) _merge_candidates /opt/stack/placement/placement/objects/allocation_candidate.py:783}}
Sep 16 10:23:54.268782 n-d-858050-1 devstack@placement-api.service[89650]: INFO placement.requestlog [req-7579b780-b0db-4fc2-8518-13e0f8898a14 req-09352f1d-63c4-452b-b2c2-52a73a54b4d8 service placement] 10.222.0.83 "GET /placement/allocation_candidates?limit=1000&resources=DISK_GB%3A1%2CMEMORY_MB%3A1024%2CVCPU%3A1&root_required=%21COMPUTE_STATUS_DISABLED" status: 200 len: 1309 microversion: 1.35
Sep 16 10:23:54.269221 n-d-858050-1 devstack@placement-api.service[89650]: [pid: 89650|app: 0|req: 168/338] 10.222.0.83 () {60 vars in 1506 bytes} [Fri Sep 16 10:23:54 2022] GET /placement/allocation_candidates?limit=1000&resources=DISK_GB%3A1%2CMEMORY_MB%3A1024%2CVCPU%3A1&root_required=%21COMPUTE_STATUS_DISABLED => generated 1309 bytes in 99 msecs (HTTP/1.1 200) 8 headers in 297 bytes (1 switches on core 0)
Sep 16 10:23:54.332861 n-d-858050-1 devstack@placement-api.service[89651]: DEBUG placement.requestlog [req-619bbe5b-78a4-4e24-a959-90d7da41cca5 req-aef8ff4c-4676-441e-9b67-29a867511650 None None] Starting request: 10.222.0.83 "GET /placement/allocation_candidates?limit=1000&resources=DISK_GB%3A1%2CMEMORY_MB%3A1024%2CVCPU%3A1&root_required=%21COMPUTE_STATUS_DISABLED" {{(pid=89651) __call__ /opt/stack/placement/placement/requestlog.py:55}}
Sep 16 10:23:54.349691 n-d-858050-1 devstack@placement-api.service[89650]: DEBUG placement.requestlog [req-7579b780-b0db-4fc2-8518-13e0f8898a14 req-1f948419-ce3c-48c4-b5ed-a8d3826bae51 None None] Starting request: 10.222.0.83 "GET /placement/allocations/c83eba0e-23e5-43cc-a25b-603b183a3d1b" {{(pid=89650) __call__ /opt/stack/placement/placement/requestlog.py:55}}
Sep 16 10:23:54.367513 n-d-858050-1 devstack@placement-api.service[89650]: INFO placement.requestlog [req-7579b780-b0db-4fc2-8518-13e0f8898a14 req-1f948419-ce3c-48c4-b5ed-a8d3826bae51 service placement] 10.222.0.83 "GET /placement/allocations/c83eba0e-23e5-43cc-a25b-603b183a3d1b" status: 200 len: 19 microversion: 1.28
Sep 16 10:23:54.373444 n-d-858050-1 devstack@placement-api.service[89650]: [pid: 89650|app: 0|req: 169/339] 10.222.0.83 () {60 vars in 1380 bytes} [Fri Sep 16 10:23:54 2022] GET /placement/allocations/c83eba0e-23e5-43cc-a25b-603b183a3d1b => generated 19 bytes in 24 msecs (HTTP/1.1 200) 8 headers in 295 bytes (1 switches on core 0)
Sep 16 10:23:54.374379 n-d-858050-1 devstack@placement-api.service[89650]: DEBUG placement.requestlog [req-7579b780-b0db-4fc2-8518-13e0f8898a14 req-720a6408-b5fd-469a-9529-5834f6c75d08 None None] Starting request: 10.222.0.83 "PUT /placement/allocations/c83eba0e-23e5-43cc-a25b-603b183a3d1b" {{(pid=89650) __call__ /opt/stack/placement/placement/requestlog.py:55}}
Sep 16 10:23:54.408718 n-d-858050-1 devstack@placement-api.service[89651]: DEBUG placement.objects.research_context [req-619bbe5b-78a4-4e24-a959-90d7da41cca5 req-aef8ff4c-4676-441e-9b67-29a867511650 service placement] getting providers with 1 DISK_GB {{(pid=89651) __init__ /opt/stack/placement/placement/objects/research_context.py:126}}
Sep 16 10:23:54.423370 n-d-858050-1 devstack@placement-api.service[89651]: DEBUG placement.objects.research_context [req-619bbe5b-78a4-4e24-a959-90d7da41cca5 req-aef8ff4c-4676-441e-9b67-29a867511650 service placement] getting providers with 1024 MEMORY_MB {{(pid=89651) __init__ /opt/stack/placement/placement/objects/research_context.py:126}}
Sep 16 10:23:54.435859 n-d-858050-1 devstack@placement-api.service[89651]: DEBUG placement.objects.research_context [req-619bbe5b-78a4-4e24-a959-90d7da41cca5 req-aef8ff4c-4676-441e-9b67-29a867511650 service placement] getting providers with 1 VCPU {{(pid=89651) __init__ /opt/stack/placement/placement/objects/research_context.py:126}}
Sep 16 10:23:54.445767 n-d-858050-1 devstack@placement-api.service[89650]: DEBUG placement.handlers.allocation [req-7579b780-b0db-4fc2-8518-13e0f8898a14 req-720a6408-b5fd-469a-9529-5834f6c75d08 service placement] Successfully wrote allocations [, , ] {{(pid=89650) _create_allocations /opt/stack/placement/placement/handlers/allocation.py:435}}
Sep 16 10:23:54.446367 n-d-858050-1 devstack@placement-api.service[89650]: INFO placement.requestlog [req-7579b780-b0db-4fc2-8518-13e0f8898a14 req-720a6408-b5fd-469a-9529-5834f6c75d08 service placement] 10.222.0.83 "PUT /placement/allocations/c83eba0e-23e5-43cc-a25b-603b183a3d1b" status: 204 len: 0 microversion: 1.35
Sep 16 10:23:54.446599 n-d-858050-1 devstack@placement-api.service[89650]: [pid: 89650|app: 0|req: 170/340] 10.222.0.83 () {64 vars in 1433 bytes} [Fri Sep 16 10:23:54 2022] PUT /placement/allocations/c83eba0e-23e5-43cc-a25b-603b183a3d1b => generated 0 bytes in 72 msecs (HTTP/1.1 204) 5 headers in 199 bytes (1 switches on core 0)
Sep 16 10:23:54.447031 n-d-858050-1 devstack@placement-api.service[89651]: DEBUG placement.objects.research_context [req-619bbe5b-78a4-4e24-a959-90d7da41cca5 req-aef8ff4c-4676-441e-9b67-29a867511650 service placement] found 2 providers with available 1 DISK_GB {{(pid=89651) get_provider_ids_matching /opt/stack/placement/placement/objects/research_context.py:549}}
Sep 16 10:23:54.447561 n-d-858050-1 devstack@placement-api.service[89651]: DEBUG placement.objects.research_context [req-619bbe5b-78a4-4e24-a959-90d7da41cca5 req-aef8ff4c-4676-441e-9b67-29a867511650 service placement] found 2 providers with available 1024 MEMORY_MB {{(pid=89651) get_provider_ids_matching /opt/stack/placement/placement/objects/research_context.py:549}}
Sep 16 10:23:54.448639 n-d-858050-1 devstack@placement-api.service[89651]: DEBUG placement.objects.research_context [req-619bbe5b-78a4-4e24-a959-90d7da41cca5 req-aef8ff4c-4676-441e-9b67-29a867511650 service placement] found 2 providers after filtering by previous result {{(pid=89651) get_provider_ids_matching /opt/stack/placement/placement/objects/research_context.py:580}}
Sep 16 10:23:54.450906 n-d-858050-1 devstack@placement-api.service[89651]: DEBUG placement.objects.research_context [req-619bbe5b-78a4-4e24-a959-90d7da41cca5 req-aef8ff4c-4676-441e-9b67-29a867511650 service placement] found 2 providers with available 1 VCPU {{(pid=89651) get_provider_ids_matching /opt/stack/placement/placement/objects/research_context.py:549}}
Sep 16 10:23:54.451508 n-d-858050-1 devstack@placement-api.service[89651]: DEBUG placement.objects.research_context [req-619bbe5b-78a4-4e24-a959-90d7da41cca5 req-aef8ff4c-4676-441e-9b67-29a867511650 service placement] found 2 providers after filtering by previous result {{(pid=89651) get_provider_ids_matching /opt/stack/placement/placement/objects/research_context.py:580}}
Sep 16 10:23:54.468404 n-d-858050-1 devstack@placement-api.service[89651]: DEBUG placement.objects.allocation_candidate [req-619bbe5b-78a4-4e24-a959-90d7da41cca5 req-aef8ff4c-4676-441e-9b67-29a867511650 service placement] RequestGroup(use_same_provider=False, resources={DISK_GB:1, MEMORY_MB:1024, VCPU:1}, traits=[], aggregates=[]) (suffix '') returned 2 matches {{(pid=89651) _get_by_requests /opt/stack/placement/placement/objects/allocation_candidate.py:145}}
Sep 16 10:23:54.469515 n-d-858050-1 devstack@placement-api.service[89651]: DEBUG placement.objects.allocation_candidate [req-619bbe5b-78a4-4e24-a959-90d7da41cca5 req-aef8ff4c-4676-441e-9b67-29a867511650 service placement] Merging candidates yields 2 allocation requests and 2 provider summaries {{(pid=89651) _merge_candidates /opt/stack/placement/placement/objects/allocation_candidate.py:783}}
Sep 16 10:23:54.472403 n-d-858050-1 devstack@placement-api.service[89651]: INFO placement.requestlog [req-619bbe5b-78a4-4e24-a959-90d7da41cca5 req-aef8ff4c-4676-441e-9b67-29a867511650 service placement] 10.222.0.83 "GET /placement/allocation_candidates?limit=1000&resources=DISK_GB%3A1%2CMEMORY_MB%3A1024%2CVCPU%3A1&root_required=%21COMPUTE_STATUS_DISABLED" status: 200 len: 1309 microversion: 1.35
Sep 16 10:23:54.473210 n-d-858050-1 devstack@placement-api.service[89651]: [pid: 89651|app: 0|req: 171/341] 10.222.0.83 () {60 vars in 1506 bytes} [Fri Sep 16 10:23:54 2022] GET /placement/allocation_candidates?limit=1000&resources=DISK_GB%3A1%2CMEMORY_MB%3A1024%2CVCPU%3A1&root_required=%21COMPUTE_STATUS_DISABLED => generated 1309 bytes in 142 msecs (HTTP/1.1 200) 8 headers in 297 bytes (1 switches on core 0)
Sep 16 10:23:54.567720 n-d-858050-1 devstack@placement-api.service[89650]: DEBUG placement.requestlog [req-619bbe5b-78a4-4e24-a959-90d7da41cca5 req-635a99d0-82ba-47bd-bac7-609f6144f792 None None] Starting request: 10.222.0.83 "GET /placement/allocations/00dbe138-5af8-41a6-a38f-f89c8ca73c8c" {{(pid=89650) __call__ /opt/stack/placement/placement/requestlog.py:55}}
Sep 16 10:23:54.593379 n-d-858050-1 devstack@placement-api.service[89650]: INFO placement.requestlog [req-619bbe5b-78a4-4e24-a959-90d7da41cca5 req-635a99d0-82ba-47bd-bac7-609f6144f792 service placement] 10.222.0.83 "GET /placement/allocations/00dbe138-5af8-41a6-a38f-f89c8ca73c8c" status: 200 len: 19 microversion: 1.28
Sep 16 10:23:54.594472 n-d-858050-1 devstack@placement-api.service[89650]: [pid: 89650|app: 0|req: 171/342] 10.222.0.83 () {60 vars in 1380 bytes} [Fri Sep 16 10:23:54 2022] GET /placement/allocations/00dbe138-5af8-41a6-a38f-f89c8ca73c8c => generated 19 bytes in 27 msecs (HTTP/1.1 200) 8 headers in 295 bytes (1 switches on core 0)
Sep 16 10:23:54.601681 n-d-858050-1 devstack@placement-api.service[89651]: DEBUG placement.requestlog [req-619bbe5b-78a4-4e24-a959-90d7da41cca5 req-98c96b76-539f-437b-bb31-72cebf0b6e51 None None] Starting request: 10.222.0.83 "PUT /placement/allocations/00dbe138-5af8-41a6-a38f-f89c8ca73c8c" {{(pid=89651) __call__ /opt/stack/placement/placement/requestlog.py:55}}
Sep 16 10:23:54.731590 n-d-858050-1 devstack@placement-api.service[89651]: DEBUG placement.handlers.allocation [req-619bbe5b-78a4-4e24-a959-90d7da41cca5 req-98c96b76-539f-437b-bb31-72cebf0b6e51 service placement] Successfully wrote allocations [, , ] {{(pid=89651) _create_allocations /opt/stack/placement/placement/handlers/allocation.py:435}}
Sep 16 10:23:54.734105 n-d-858050-1 devstack@placement-api.service[89651]: INFO placement.requestlog [req-619bbe5b-78a4-4e24-a959-90d7da41cca5 req-98c96b76-539f-437b-bb31-72cebf0b6e51 service placement] 10.222.0.83 "PUT /placement/allocations/00dbe138-5af8-41a6-a38f-f89c8ca73c8c" status: 204 len: 0 microversion: 1.35
Sep 16 10:23:54.745707 n-d-858050-1 devstack@placement-api.service[89651]: [pid: 89651|app: 0|req: 172/343] 10.222.0.83 () {64 vars in 1433 bytes} [Fri Sep 16 10:23:54 2022] PUT /placement/allocations/00dbe138-5af8-41a6-a38f-f89c8ca73c8c => generated 0 bytes in 133 msecs (HTTP/1.1 204) 5 headers in 199 bytes (1 switches on core 0)
Sep 16 10:23:54.755238 n-d-858050-1 devstack@placement-api.service[89650]: DEBUG placement.requestlog [req-7579b780-b0db-4fc2-8518-13e0f8898a14 req-ecc63097-4d65-4542-b545-2d82c2085f24 None None] Starting request: 10.222.0.89 "GET /placement/allocations/c83eba0e-23e5-43cc-a25b-603b183a3d1b" {{(pid=89650) __call__ /opt/stack/placement/placement/requestlog.py:55}}
Sep 16 10:23:54.771920 n-d-858050-1 devstack@placement-api.service[89650]: INFO placement.requestlog [req-7579b780-b0db-4fc2-8518-13e0f8898a14 req-ecc63097-4d65-4542-b545-2d82c2085f24 service placement] 10.222.0.89 "GET /placement/allocations/c83eba0e-23e5-43cc-a25b-603b183a3d1b" status: 200 len: 259 microversion: 1.28
Sep 16 10:23:54.772507 n-d-858050-1 devstack@placement-api.service[89650]: [pid: 89650|app: 0|req: 172/344] 10.222.0.89 () {60 vars in 1377 bytes} [Fri Sep 16 10:23:54 2022] GET /placement/allocations/c83eba0e-23e5-43cc-a25b-603b183a3d1b => generated 259 bytes in 18 msecs (HTTP/1.1 200) 8 headers in 296 bytes (1 switches on core 0)
Sep 16 10:23:55.513845 n-d-858050-1 devstack@placement-api.service[89651]: DEBUG placement.requestlog [req-619bbe5b-78a4-4e24-a959-90d7da41cca5 req-9d1d0f0d-de30-4c91-94d9-c863a2a8a620 None None] Starting request: 10.222.0.71 "GET /placement/allocations/00dbe138-5af8-41a6-a38f-f89c8ca73c8c" {{(pid=89651) __call__ /opt/stack/placement/placement/requestlog.py:55}}
Sep 16 10:23:55.543476 n-d-858050-1 devstack@placement-api.service[89651]: INFO placement.requestlog [req-619bbe5b-78a4-4e24-a959-90d7da41cca5 req-9d1d0f0d-de30-4c91-94d9-c863a2a8a620 service placement] 10.222.0.71 "GET /placement/allocations/00dbe138-5af8-41a6-a38f-f89c8ca73c8c" status: 200 len: 259 microversion: 1.28
Sep 16 10:23:55.544800 n-d-858050-1 devstack@placement-api.service[89651]: [pid: 89651|app: 0|req: 173/345] 10.222.0.71 () {60 vars in 1377 bytes} [Fri Sep 16 10:23:55 2022] GET /placement/allocations/00dbe138-5af8-41a6-a38f-f89c8ca73c8c => generated 259 bytes in 31 msecs (HTTP/1.1 200) 8 headers in 296 bytes (2 switches on core 0)
Sep 16 10:23:56.702620 n-d-858050-1 devstack@placement-api.service[89650]: DEBUG placement.requestlog [req-4cc47525-777f-4c2e-b75c-76525b71093a req-608bf123-ddfd-4923-a18b-9d70929d9a0e None None] Starting request: 10.222.0.89 "GET /placement/resource_providers/5c630da5-c135-424b-b374-c78cb6f3cd59/allocations" {{(pid=89650) __call__ /opt/stack/placement/placement/requestlog.py:55}}
Sep 16 10:23:56.782014 n-d-858050-1 devstack@placement-api.service[89650]: INFO placement.requestlog [req-4cc47525-777f-4c2e-b75c-76525b71093a req-608bf123-ddfd-4923-a18b-9d70929d9a0e service placement] 10.222.0.89 "GET /placement/resource_providers/5c630da5-c135-424b-b374-c78cb6f3cd59/allocations" status: 200 len: 1063 microversion: 1.0
Sep 16 10:23:56.783405 n-d-858050-1 devstack@placement-api.service[89650]: [pid: 89650|app: 0|req: 173/346] 10.222.0.89 () {58 vars in 1390 bytes} [Fri Sep 16 10:23:56 2022] GET /placement/resource_providers/5c630da5-c135-424b-b374-c78cb6f3cd59/allocations => generated 1063 bytes in 81 msecs (HTTP/1.1 200) 6 headers in 225 bytes (1 switches on core 0)
Sep 16 10:23:57.499645 n-d-858050-1 devstack@placement-api.service[89651]: DEBUG placement.requestlog [req-4cc47525-777f-4c2e-b75c-76525b71093a req-ed851e1e-5c3f-4aab-9032-6aaecf457d58 None None] Starting request: 10.222.0.89 "GET /placement/allocations/307d3807-4281-4dec-a6ca-6da77d9f8de9" {{(pid=89651) __call__ /opt/stack/placement/placement/requestlog.py:55}}
Sep 16 10:23:57.535844 n-d-858050-1 devstack@placement-api.service[89651]: INFO placement.requestlog [req-4cc47525-777f-4c2e-b75c-76525b71093a req-ed851e1e-5c3f-4aab-9032-6aaecf457d58 service placement] 10.222.0.89 "GET /placement/allocations/307d3807-4281-4dec-a6ca-6da77d9f8de9" status: 200 len: 259 microversion: 1.28
Sep 16 10:23:57.536627 n-d-858050-1 devstack@placement-api.service[89651]: [pid: 89651|app: 0|req: 174/347] 10.222.0.89 () {60 vars in 1377 bytes} [Fri Sep 16 10:23:57 2022] GET /placement/allocations/307d3807-4281-4dec-a6ca-6da77d9f8de9 => generated 259 bytes in 40 msecs (HTTP/1.1 200) 8 headers in 296 bytes (1 switches on core 0)
Sep 16 10:23:57.543178 n-d-858050-1 devstack@placement-api.service[89650]: DEBUG placement.requestlog [req-4cc47525-777f-4c2e-b75c-76525b71093a req-6867ca94-bd56-477a-8f7c-9d619a3df6ea None None] Starting request: 10.222.0.89 "PUT /placement/allocations/307d3807-4281-4dec-a6ca-6da77d9f8de9" {{(pid=89650) __call__ /opt/stack/placement/placement/requestlog.py:55}}
Sep 16 10:23:57.627866 n-d-858050-1 devstack@placement-api.service[89650]: DEBUG placement.handlers.allocation [req-4cc47525-777f-4c2e-b75c-76525b71093a req-6867ca94-bd56-477a-8f7c-9d619a3df6ea service placement] Successfully wrote allocations [, , ] {{(pid=89650) _create_allocations /opt/stack/placement/placement/handlers/allocation.py:435}}
Sep 16 10:23:57.673610 n-d-858050-1 devstack@placement-api.service[89650]: INFO placement.requestlog [req-4cc47525-777f-4c2e-b75c-76525b71093a req-6867ca94-bd56-477a-8f7c-9d619a3df6ea service placement] 10.222.0.89 "PUT /placement/allocations/307d3807-4281-4dec-a6ca-6da77d9f8de9" status: 204 len: 0 microversion: 1.28
Sep 16 10:23:57.675093 n-d-858050-1 devstack@placement-api.service[89650]: [pid: 89650|app: 0|req: 174/348] 10.222.0.89 () {64 vars in 1430 bytes} [Fri Sep 16 10:23:57 2022] PUT /placement/allocations/307d3807-4281-4dec-a6ca-6da77d9f8de9 => generated 0 bytes in 132 msecs (HTTP/1.1 204) 5 headers in 199 bytes (1 switches on core 0)
Sep 16 10:24:01.901163 n-d-858050-1 devstack@placement-api.service[89651]: DEBUG placement.requestlog [req-29e24779-f1ea-4a9c-833b-aad5533203a7 req-a5f3a981-d68a-4fed-9c28-67f4d32badf7 None None] Starting request: 10.222.0.89 "GET /placement/allocations/521e6760-1ed1-4e16-b9ca-a8c231d2637e" {{(pid=89651) __call__ /opt/stack/placement/placement/requestlog.py:55}}
Sep 16 10:24:01.929200 n-d-858050-1 devstack@placement-api.service[89651]: INFO placement.requestlog [req-29e24779-f1ea-4a9c-833b-aad5533203a7 req-a5f3a981-d68a-4fed-9c28-67f4d32badf7 service placement] 10.222.0.89 "GET /placement/allocations/521e6760-1ed1-4e16-b9ca-a8c231d2637e" status: 200 len: 259 microversion: 1.28
Sep 16 10:24:01.929702 n-d-858050-1 devstack@placement-api.service[89651]: [pid: 89651|app: 0|req: 175/349] 10.222.0.89 () {60 vars in 1377 bytes} [Fri Sep 16 10:24:01 2022] GET /placement/allocations/521e6760-1ed1-4e16-b9ca-a8c231d2637e => generated 259 bytes in 29 msecs (HTTP/1.1 200) 8 headers in 296 bytes (1 switches on core 0)
Sep 16 10:24:01.936546 n-d-858050-1 devstack@placement-api.service[89650]: DEBUG placement.requestlog [req-29e24779-f1ea-4a9c-833b-aad5533203a7 req-8952126f-d256-4946-a24f-cd58235fafcc None None] Starting request: 10.222.0.89 "PUT /placement/allocations/521e6760-1ed1-4e16-b9ca-a8c231d2637e" {{(pid=89650) __call__ /opt/stack/placement/placement/requestlog.py:55}}
Sep 16 10:24:02.021987 n-d-858050-1 devstack@placement-api.service[89650]: DEBUG placement.handlers.allocation [req-29e24779-f1ea-4a9c-833b-aad5533203a7 req-8952126f-d256-4946-a24f-cd58235fafcc service placement] Successfully wrote allocations [, , ] {{(pid=89650) _create_allocations /opt/stack/placement/placement/handlers/allocation.py:435}}
Sep 16 10:24:02.024037 n-d-858050-1 devstack@placement-api.service[89650]: INFO placement.requestlog [req-29e24779-f1ea-4a9c-833b-aad5533203a7 req-8952126f-d256-4946-a24f-cd58235fafcc service placement] 10.222.0.89 "PUT /placement/allocations/521e6760-1ed1-4e16-b9ca-a8c231d2637e" status: 204 len: 0 microversion: 1.28
Sep 16 10:24:02.025106 n-d-858050-1 devstack@placement-api.service[89650]: [pid: 89650|app: 0|req: 175/350] 10.222.0.89 () {64 vars in 1430 bytes} [Fri Sep 16 10:24:01 2022] PUT /placement/allocations/521e6760-1ed1-4e16-b9ca-a8c231d2637e => generated 0 bytes in 88 msecs (HTTP/1.1 204) 5 headers in 199 bytes (1 switches on core 0)
Sep 16 10:24:04.214267 n-d-858050-1 devstack@placement-api.service[89651]: DEBUG placement.requestlog [req-bfd07bfd-8950-4b6b-9368-9192c214c5c8 req-29c948a3-9c0a-419e-b7f3-5099a1096672 None None] Starting request: 10.222.0.83 "GET /placement/allocation_candidates?limit=1000&resources=DISK_GB%3A1%2CMEMORY_MB%3A1024%2CVCPU%3A1&root_required=%21COMPUTE_STATUS_DISABLED" {{(pid=89651) __call__ /opt/stack/placement/placement/requestlog.py:55}}
Sep 16 10:24:04.242354 n-d-858050-1 devstack@placement-api.service[89651]: DEBUG placement.objects.research_context [req-bfd07bfd-8950-4b6b-9368-9192c214c5c8 req-29c948a3-9c0a-419e-b7f3-5099a1096672 service placement] getting providers with 1 DISK_GB {{(pid=89651) __init__ /opt/stack/placement/placement/objects/research_context.py:126}}
Sep 16 10:24:04.249759 n-d-858050-1 devstack@placement-api.service[89651]: DEBUG placement.objects.research_context [req-bfd07bfd-8950-4b6b-9368-9192c214c5c8 req-29c948a3-9c0a-419e-b7f3-5099a1096672 service placement] getting providers with 1024 MEMORY_MB {{(pid=89651) __init__ /opt/stack/placement/placement/objects/research_context.py:126}}
Sep 16 10:24:04.256497 n-d-858050-1 devstack@placement-api.service[89651]: DEBUG placement.objects.research_context [req-bfd07bfd-8950-4b6b-9368-9192c214c5c8 req-29c948a3-9c0a-419e-b7f3-5099a1096672 service placement] getting providers with 1 VCPU {{(pid=89651) __init__ /opt/stack/placement/placement/objects/research_context.py:126}}
Sep 16 10:24:04.263905 n-d-858050-1 devstack@placement-api.service[89651]: DEBUG placement.objects.research_context [req-bfd07bfd-8950-4b6b-9368-9192c214c5c8 req-29c948a3-9c0a-419e-b7f3-5099a1096672 service placement] found 2 providers with available 1 DISK_GB {{(pid=89651) get_provider_ids_matching /opt/stack/placement/placement/objects/research_context.py:549}}
Sep 16 10:24:04.264688 n-d-858050-1 devstack@placement-api.service[89651]: DEBUG placement.objects.research_context [req-bfd07bfd-8950-4b6b-9368-9192c214c5c8 req-29c948a3-9c0a-419e-b7f3-5099a1096672 service placement] found 2 providers with available 1024 MEMORY_MB {{(pid=89651) get_provider_ids_matching /opt/stack/placement/placement/objects/research_context.py:549}}
Sep 16 10:24:04.265195 n-d-858050-1 devstack@placement-api.service[89651]: DEBUG placement.objects.research_context [req-bfd07bfd-8950-4b6b-9368-9192c214c5c8 req-29c948a3-9c0a-419e-b7f3-5099a1096672 service placement] found 2 providers after filtering by previous result {{(pid=89651) get_provider_ids_matching /opt/stack/placement/placement/objects/research_context.py:580}}
Sep 16 10:24:04.265669 n-d-858050-1 devstack@placement-api.service[89651]: DEBUG placement.objects.research_context [req-bfd07bfd-8950-4b6b-9368-9192c214c5c8 req-29c948a3-9c0a-419e-b7f3-5099a1096672 service placement] found 2 providers with available 1 VCPU {{(pid=89651) get_provider_ids_matching /opt/stack/placement/placement/objects/research_context.py:549}}
Sep 16 10:24:04.266162 n-d-858050-1 devstack@placement-api.service[89651]: DEBUG placement.objects.research_context [req-bfd07bfd-8950-4b6b-9368-9192c214c5c8 req-29c948a3-9c0a-419e-b7f3-5099a1096672 service placement] found 2 providers after filtering by previous result {{(pid=89651) get_provider_ids_matching /opt/stack/placement/placement/objects/research_context.py:580}}
Sep 16 10:24:04.291996 n-d-858050-1 devstack@placement-api.service[89651]: DEBUG placement.objects.allocation_candidate [req-bfd07bfd-8950-4b6b-9368-9192c214c5c8 req-29c948a3-9c0a-419e-b7f3-5099a1096672 service placement] RequestGroup(use_same_provider=False, resources={DISK_GB:1, MEMORY_MB:1024, VCPU:1}, traits=[], aggregates=[]) (suffix '') returned 2 matches {{(pid=89651) _get_by_requests /opt/stack/placement/placement/objects/allocation_candidate.py:145}}
Sep 16 10:24:04.291996 n-d-858050-1 devstack@placement-api.service[89651]: DEBUG placement.objects.allocation_candidate [req-bfd07bfd-8950-4b6b-9368-9192c214c5c8 req-29c948a3-9c0a-419e-b7f3-5099a1096672 service placement] Merging candidates yields 2 allocation requests and 2 provider summaries {{(pid=89651) _merge_candidates /opt/stack/placement/placement/objects/allocation_candidate.py:783}}
Sep 16 10:24:04.293081 n-d-858050-1 devstack@placement-api.service[89651]: INFO placement.requestlog [req-bfd07bfd-8950-4b6b-9368-9192c214c5c8 req-29c948a3-9c0a-419e-b7f3-5099a1096672 service placement] 10.222.0.83 "GET /placement/allocation_candidates?limit=1000&resources=DISK_GB%3A1%2CMEMORY_MB%3A1024%2CVCPU%3A1&root_required=%21COMPUTE_STATUS_DISABLED" status: 200 len: 1311 microversion: 1.35
Sep 16 10:24:04.293631 n-d-858050-1 devstack@placement-api.service[89651]: [pid: 89651|app: 0|req: 176/351] 10.222.0.83 () {60 vars in 1506 bytes} [Fri Sep 16 10:24:04 2022] GET /placement/allocation_candidates?limit=1000&resources=DISK_GB%3A1%2CMEMORY_MB%3A1024%2CVCPU%3A1&root_required=%21COMPUTE_STATUS_DISABLED => generated 1311 bytes in 87 msecs (HTTP/1.1 200) 8 headers in 297 bytes (1 switches on core 0)
Sep 16 10:24:04.395090 n-d-858050-1 devstack@placement-api.service[89650]: DEBUG placement.requestlog [req-bfd07bfd-8950-4b6b-9368-9192c214c5c8 req-dca06e94-5425-4089-b837-ce3ca4c808c3 None None] Starting request: 10.222.0.83 "GET /placement/allocations/551727b7-147b-4a9e-b713-e2a2f88ed617" {{(pid=89650) __call__ /opt/stack/placement/placement/requestlog.py:55}}
Sep 16 10:24:04.406452 n-d-858050-1 devstack@placement-api.service[89650]: INFO placement.requestlog [req-bfd07bfd-8950-4b6b-9368-9192c214c5c8 req-dca06e94-5425-4089-b837-ce3ca4c808c3 service placement] 10.222.0.83 "GET /placement/allocations/551727b7-147b-4a9e-b713-e2a2f88ed617" status: 200 len: 19 microversion: 1.28
Sep 16 10:24:04.407824 n-d-858050-1 devstack@placement-api.service[89650]: [pid: 89650|app: 0|req: 176/352] 10.222.0.83 () {60 vars in 1380 bytes} [Fri Sep 16 10:24:04 2022] GET /placement/allocations/551727b7-147b-4a9e-b713-e2a2f88ed617 => generated 19 bytes in 13 msecs (HTTP/1.1 200) 8 headers in 295 bytes (1 switches on core 0)
Sep 16 10:24:04.413785 n-d-858050-1 devstack@placement-api.service[89651]: DEBUG placement.requestlog [req-bfd07bfd-8950-4b6b-9368-9192c214c5c8 req-7a716fa4-3ab8-425b-9350-dbe2fbbacb63 None None] Starting request: 10.222.0.83 "PUT /placement/allocations/551727b7-147b-4a9e-b713-e2a2f88ed617" {{(pid=89651) __call__ /opt/stack/placement/placement/requestlog.py:55}}
Sep 16 10:24:04.520857 n-d-858050-1 devstack@placement-api.service[89651]: DEBUG placement.handlers.allocation [req-bfd07bfd-8950-4b6b-9368-9192c214c5c8 req-7a716fa4-3ab8-425b-9350-dbe2fbbacb63 service placement] Successfully wrote allocations [, , ] {{(pid=89651) _create_allocations /opt/stack/placement/placement/handlers/allocation.py:435}}
Sep 16 10:24:04.521390 n-d-858050-1 devstack@placement-api.service[89651]: INFO placement.requestlog [req-bfd07bfd-8950-4b6b-9368-9192c214c5c8 req-7a716fa4-3ab8-425b-9350-dbe2fbbacb63 service placement] 10.222.0.83 "PUT /placement/allocations/551727b7-147b-4a9e-b713-e2a2f88ed617" status: 204 len: 0 microversion: 1.35
Sep 16 10:24:04.528064 n-d-858050-1 devstack@placement-api.service[89651]: [pid: 89651|app: 0|req: 177/353] 10.222.0.83 () {64 vars in 1433 bytes} [Fri Sep 16 10:24:04 2022] PUT /placement/allocations/551727b7-147b-4a9e-b713-e2a2f88ed617 => generated 0 bytes in 114 msecs (HTTP/1.1 204) 5 headers in 199 bytes (2 switches on core 0)
Sep 16 10:24:05.120456 n-d-858050-1 devstack@placement-api.service[89650]: DEBUG placement.requestlog [req-4fcb5f78-c5ac-46fb-9398-595ef0c790a2 req-5bfa0c0c-979c-4f30-bf1d-7857aadb26b2 None None] Starting request: 10.222.0.71 "GET /placement/resource_providers/2cbfbb3b-13af-4784-99ab-35f0602965b6/allocations" {{(pid=89650) __call__ /opt/stack/placement/placement/requestlog.py:55}}
Sep 16 10:24:05.199173 n-d-858050-1 devstack@placement-api.service[89650]: INFO placement.requestlog [req-4fcb5f78-c5ac-46fb-9398-595ef0c790a2 req-5bfa0c0c-979c-4f30-bf1d-7857aadb26b2 service placement] 10.222.0.71 "GET /placement/resource_providers/2cbfbb3b-13af-4784-99ab-35f0602965b6/allocations" status: 200 len: 1062 microversion: 1.0
Sep 16 10:24:05.200490 n-d-858050-1 devstack@placement-api.service[89650]: [pid: 89650|app: 0|req: 177/354] 10.222.0.71 () {58 vars in 1390 bytes} [Fri Sep 16 10:24:05 2022] GET /placement/resource_providers/2cbfbb3b-13af-4784-99ab-35f0602965b6/allocations => generated 1062 bytes in 80 msecs (HTTP/1.1 200) 6 headers in 225 bytes (1 switches on core 0)
Sep 16 10:24:05.230944 n-d-858050-1 devstack@placement-api.service[89651]: DEBUG placement.requestlog [req-bfd07bfd-8950-4b6b-9368-9192c214c5c8 req-7c724f49-2613-4af9-bbd2-c8d37c5d54c0 None None] Starting request: 10.222.0.89 "GET /placement/allocations/551727b7-147b-4a9e-b713-e2a2f88ed617" {{(pid=89651) __call__ /opt/stack/placement/placement/requestlog.py:55}}
Sep 16 10:24:05.278558 n-d-858050-1 devstack@placement-api.service[89651]: INFO placement.requestlog [req-bfd07bfd-8950-4b6b-9368-9192c214c5c8 req-7c724f49-2613-4af9-bbd2-c8d37c5d54c0 service placement] 10.222.0.89 "GET /placement/allocations/551727b7-147b-4a9e-b713-e2a2f88ed617" status: 200 len: 259 microversion: 1.28
Sep 16 10:24:05.280397 n-d-858050-1 devstack@placement-api.service[89651]: [pid: 89651|app: 0|req: 178/355] 10.222.0.89 () {60 vars in 1377 bytes} [Fri Sep 16 10:24:05 2022] GET /placement/allocations/551727b7-147b-4a9e-b713-e2a2f88ed617 => generated 259 bytes in 49 msecs (HTTP/1.1 200) 8 headers in 296 bytes (1 switches on core 0)
Sep 16 10:24:07.462736 n-d-858050-1 devstack@placement-api.service[89650]: DEBUG placement.requestlog [req-e5d5454c-5863-47f3-9a75-e684f9d2020d req-c2d5fa7b-8729-4b81-bbf3-d624cfddfe43 None None] Starting request: 10.222.0.83 "GET /placement/allocation_candidates?limit=1000&resources=DISK_GB%3A1%2CMEMORY_MB%3A1024%2CVCPU%3A1&root_required=%21COMPUTE_STATUS_DISABLED" {{(pid=89650) __call__ /opt/stack/placement/placement/requestlog.py:55}}
Sep 16 10:24:07.505753 n-d-858050-1 devstack@placement-api.service[89650]: DEBUG placement.objects.research_context [req-e5d5454c-5863-47f3-9a75-e684f9d2020d req-c2d5fa7b-8729-4b81-bbf3-d624cfddfe43 service placement] getting providers with 1 DISK_GB {{(pid=89650) __init__ /opt/stack/placement/placement/objects/research_context.py:126}}
Sep 16 10:24:07.514415 n-d-858050-1 devstack@placement-api.service[89650]: DEBUG placement.objects.research_context [req-e5d5454c-5863-47f3-9a75-e684f9d2020d req-c2d5fa7b-8729-4b81-bbf3-d624cfddfe43 service placement] getting providers with 1024 MEMORY_MB {{(pid=89650) __init__ /opt/stack/placement/placement/objects/research_context.py:126}}
Sep 16 10:24:07.541906 n-d-858050-1 devstack@placement-api.service[89650]: DEBUG placement.objects.research_context [req-e5d5454c-5863-47f3-9a75-e684f9d2020d req-c2d5fa7b-8729-4b81-bbf3-d624cfddfe43 service placement] getting providers with 1 VCPU {{(pid=89650) __init__ /opt/stack/placement/placement/objects/research_context.py:126}}
Sep 16 10:24:07.552361 n-d-858050-1 devstack@placement-api.service[89650]: DEBUG placement.objects.research_context [req-e5d5454c-5863-47f3-9a75-e684f9d2020d req-c2d5fa7b-8729-4b81-bbf3-d624cfddfe43 service placement] found 2 providers with available 1 DISK_GB {{(pid=89650) get_provider_ids_matching /opt/stack/placement/placement/objects/research_context.py:549}}
Sep 16 10:24:07.558830 n-d-858050-1 devstack@placement-api.service[89650]: DEBUG placement.objects.research_context [req-e5d5454c-5863-47f3-9a75-e684f9d2020d req-c2d5fa7b-8729-4b81-bbf3-d624cfddfe43 service placement] found 2 providers with available 1024 MEMORY_MB {{(pid=89650) get_provider_ids_matching /opt/stack/placement/placement/objects/research_context.py:549}}
Sep 16 10:24:07.559169 n-d-858050-1 devstack@placement-api.service[89650]: DEBUG placement.objects.research_context [req-e5d5454c-5863-47f3-9a75-e684f9d2020d req-c2d5fa7b-8729-4b81-bbf3-d624cfddfe43 service placement] found 2 providers after filtering by previous result {{(pid=89650) get_provider_ids_matching /opt/stack/placement/placement/objects/research_context.py:580}}
Sep 16 10:24:07.559724 n-d-858050-1 devstack@placement-api.service[89650]: DEBUG placement.objects.research_context [req-e5d5454c-5863-47f3-9a75-e684f9d2020d req-c2d5fa7b-8729-4b81-bbf3-d624cfddfe43 service placement] found 2 providers with available 1 VCPU {{(pid=89650) get_provider_ids_matching /opt/stack/placement/placement/objects/research_context.py:549}}
Sep 16 10:24:07.560215 n-d-858050-1 devstack@placement-api.service[89650]: DEBUG placement.objects.research_context [req-e5d5454c-5863-47f3-9a75-e684f9d2020d req-c2d5fa7b-8729-4b81-bbf3-d624cfddfe43 service placement] found 2 providers after filtering by previous result {{(pid=89650) get_provider_ids_matching /opt/stack/placement/placement/objects/research_context.py:580}}
Sep 16 10:24:07.565457 n-d-858050-1 devstack@placement-api.service[89651]: DEBUG placement.requestlog [req-2725ba9e-a64f-4804-9cc4-4fc22426bc51 req-15c76ea2-5825-4fe4-885f-159d2e49b536 None None] Starting request: 10.222.0.89 "GET /placement/allocations/f61b6042-f77f-4e43-8fd9-387bde2c8e04" {{(pid=89651) __call__ /opt/stack/placement/placement/requestlog.py:55}}
