Sep 20 14:40:39.459361 n-d-858025-4 devstack@n-api.service[131054]: DEBUG nova.virt.hardware [None req-01f52a8e-3b58-4142-a9bc-257f696a4424 tempest-ServersWithSpecificFlavorTestJSON-1153080732 tempest-ServersWithSpecificFlavorTestJSON-1153080732-project] Flavor pref 0:0:0 {{(pid=131054) get_cpu_topology_constraints /opt/stack/nova/nova/virt/hardware.py:383}}
Sep 20 14:40:39.459361 n-d-858025-4 devstack@n-api.service[131054]: DEBUG nova.virt.hardware [None req-01f52a8e-3b58-4142-a9bc-257f696a4424 tempest-ServersWithSpecificFlavorTestJSON-1153080732 tempest-ServersWithSpecificFlavorTestJSON-1153080732-project] Image pref 0:0:0 {{(pid=131054) get_cpu_topology_constraints /opt/stack/nova/nova/virt/hardware.py:387}}
Sep 20 14:40:39.459361 n-d-858025-4 devstack@n-api.service[131054]: DEBUG nova.virt.hardware [None req-01f52a8e-3b58-4142-a9bc-257f696a4424 tempest-ServersWithSpecificFlavorTestJSON-1153080732 tempest-ServersWithSpecificFlavorTestJSON-1153080732-project] Chose sockets=0, cores=0, threads=0; limits were sockets=65536, cores=65536, threads=65536 {{(pid=131054) get_cpu_topology_constraints /opt/stack/nova/nova/virt/hardware.py:425}}
Sep 20 14:40:39.463936 n-d-858025-4 devstack@n-api.service[131055]: DEBUG oslo_concurrency.lockutils [None req-84cf3b20-ecbc-4e6f-8678-f3a044dde932 tempest-AggregatesAdminTestJSON-647995084 tempest-AggregatesAdminTestJSON-647995084-project] Lock "b454704c-5d91-4038-8894-a62dee1ad379" acquired by "nova.context.set_target_cell..get_or_set_cached_cell_and_set_connections" :: waited 0.000s {{(pid=131055) inner /usr/local/lib/python3.8/dist-packages/oslo_concurrency/lockutils.py:386}}
Sep 20 14:40:39.464918 n-d-858025-4 devstack@n-api.service[131055]: DEBUG oslo_concurrency.lockutils [None req-84cf3b20-ecbc-4e6f-8678-f3a044dde932 tempest-AggregatesAdminTestJSON-647995084 tempest-AggregatesAdminTestJSON-647995084-project] Lock "b454704c-5d91-4038-8894-a62dee1ad379" "released" by "nova.context.set_target_cell..get_or_set_cached_cell_and_set_connections" :: held 0.001s {{(pid=131055) inner /usr/local/lib/python3.8/dist-packages/oslo_concurrency/lockutils.py:400}}
Sep 20 14:40:39.476670 n-d-858025-4 devstack@n-api.service[131054]: DEBUG oslo_concurrency.lockutils [None req-01f52a8e-3b58-4142-a9bc-257f696a4424 tempest-ServersWithSpecificFlavorTestJSON-1153080732 tempest-ServersWithSpecificFlavorTestJSON-1153080732-project] Lock "00000000-0000-0000-0000-000000000000" acquired by "nova.context.set_target_cell..get_or_set_cached_cell_and_set_connections" :: waited 0.000s {{(pid=131054) inner /usr/local/lib/python3.8/dist-packages/oslo_concurrency/lockutils.py:386}}
Sep 20 14:40:39.477517 n-d-858025-4 devstack@n-api.service[131054]: DEBUG oslo_concurrency.lockutils [None req-01f52a8e-3b58-4142-a9bc-257f696a4424 tempest-ServersWithSpecificFlavorTestJSON-1153080732 tempest-ServersWithSpecificFlavorTestJSON-1153080732-project] Lock "00000000-0000-0000-0000-000000000000" "released" by "nova.context.set_target_cell..get_or_set_cached_cell_and_set_connections" :: held 0.001s {{(pid=131054) inner /usr/local/lib/python3.8/dist-packages/oslo_concurrency/lockutils.py:400}}
Sep 20 14:40:39.478774 n-d-858025-4 devstack@n-api.service[131054]: DEBUG oslo_concurrency.lockutils [None req-01f52a8e-3b58-4142-a9bc-257f696a4424 tempest-ServersWithSpecificFlavorTestJSON-1153080732 tempest-ServersWithSpecificFlavorTestJSON-1153080732-project] Lock "b454704c-5d91-4038-8894-a62dee1ad379" acquired by "nova.context.set_target_cell..get_or_set_cached_cell_and_set_connections" :: waited 0.000s {{(pid=131054) inner /usr/local/lib/python3.8/dist-packages/oslo_concurrency/lockutils.py:386}}
Sep 20 14:40:39.479500 n-d-858025-4 devstack@n-api.service[131054]: DEBUG oslo_concurrency.lockutils [None req-01f52a8e-3b58-4142-a9bc-257f696a4424 tempest-ServersWithSpecificFlavorTestJSON-1153080732 tempest-ServersWithSpecificFlavorTestJSON-1153080732-project] Lock "b454704c-5d91-4038-8894-a62dee1ad379" "released" by "nova.context.set_target_cell..get_or_set_cached_cell_and_set_connections" :: held 0.001s {{(pid=131054) inner /usr/local/lib/python3.8/dist-packages/oslo_concurrency/lockutils.py:400}}
Sep 20 14:40:39.564799 n-d-858025-4 devstack@n-api.service[131054]: DEBUG nova.quota [None req-01f52a8e-3b58-4142-a9bc-257f696a4424 tempest-ServersWithSpecificFlavorTestJSON-1153080732 tempest-ServersWithSpecificFlavorTestJSON-1153080732-project] Getting quotas for project 409944bfd55c401a8e92ef1a385de358. Resources: {'instances', 'cores', 'ram'} {{(pid=131054) _get_quotas /opt/stack/nova/nova/quota.py:393}}
Sep 20 14:40:39.572638 n-d-858025-4 devstack@n-api.service[131054]: DEBUG nova.quota [None req-01f52a8e-3b58-4142-a9bc-257f696a4424 tempest-ServersWithSpecificFlavorTestJSON-1153080732 tempest-ServersWithSpecificFlavorTestJSON-1153080732-project] Getting quotas for user 08df7ac5364b49b083b872079fd635ae and project 409944bfd55c401a8e92ef1a385de358. Resources: {'instances', 'cores', 'ram'} {{(pid=131054) _get_quotas /opt/stack/nova/nova/quota.py:383}}
Sep 20 14:40:39.605388 n-d-858025-4 devstack@n-api.service[131054]: DEBUG nova.compute.api [None req-01f52a8e-3b58-4142-a9bc-257f696a4424 tempest-ServersWithSpecificFlavorTestJSON-1153080732 tempest-ServersWithSpecificFlavorTestJSON-1153080732-project] Going to run 1 instances... {{(pid=131054) _provision_instances /opt/stack/nova/nova/compute/api.py:1389}}
Sep 20 14:40:39.613877 n-d-858025-4 devstack@n-api.service[131054]: DEBUG nova.compute.api [None req-01f52a8e-3b58-4142-a9bc-257f696a4424 tempest-ServersWithSpecificFlavorTestJSON-1153080732 tempest-ServersWithSpecificFlavorTestJSON-1153080732-project] [instance: 175bdf00-e8b5-410c-aa65-e65f68b05c44] block_device_mapping [BlockDeviceMapping(attachment_id=,boot_index=0,connection_info=None,created_at=,delete_on_termination=True,deleted=,deleted_at=,destination_type='local',device_name=None,device_type='disk',disk_bus=None,guest_format=None,id=,image_id='c3b0fcfa-d455-4899-a3d9-9d030db0d496',instance=,instance_uuid=,no_device=False,snapshot_id=None,source_type='image',tag=None,updated_at=,uuid=,volume_id=None,volume_size=None,volume_type=None)] {{(pid=131054) _bdm_validate_set_size_and_instance /opt/stack/nova/nova/compute/api.py:1807}}
Sep 20 14:40:39.782826 n-d-858025-4 devstack@n-api.service[131054]: INFO nova.api.openstack.requestlog [None req-01f52a8e-3b58-4142-a9bc-257f696a4424 tempest-ServersWithSpecificFlavorTestJSON-1153080732 tempest-ServersWithSpecificFlavorTestJSON-1153080732-project] 10.222.0.55 "POST /compute/v2.1/servers" status: 202 len: 402 microversion: 2.1 time: 2.054552
Sep 20 14:40:39.791519 n-d-858025-4 devstack@n-api.service[131054]: [pid: 131054|app: 0|req: 72/128] 10.222.0.55 () {60 vars in 1147 bytes} [Tue Sep 20 14:40:37 2022] POST /compute/v2.1/servers => generated 402 bytes in 2064 msecs (HTTP/1.1 202) 10 headers in 451 bytes (2 switches on core 0)
Sep 20 14:40:39.792032 n-d-858025-4 devstack@n-api.service[131055]: DEBUG nova.policy [None req-84cf3b20-ecbc-4e6f-8678-f3a044dde932 tempest-AggregatesAdminTestJSON-647995084 tempest-AggregatesAdminTestJSON-647995084-project] Policy check for os_compute_api:os-extended-server-attributes failed with credentials {'is_admin': False, 'user_id': '122fb02a51914634889b673b576bfcd5', 'user_domain_id': 'default', 'system_scope': None, 'domain_id': None, 'project_id': '7636f94788284ef8a84ce4c6549459fa', 'project_domain_id': 'default', 'roles': ['reader', 'member'], 'is_admin_project': True, 'service_user_id': None, 'service_user_domain_id': None, 'service_project_id': None, 'service_project_domain_id': None, 'service_roles': []} {{(pid=131055) authorize /opt/stack/nova/nova/policy.py:199}}
Sep 20 14:40:39.801560 n-d-858025-4 devstack@n-api.service[131054]: DEBUG nova.api.openstack.wsgi [None req-29198c0b-7909-4504-83fd-50d3bb57e54a tempest-ImagesOneServerNegativeTestJSON-1734158704 tempest-ImagesOneServerNegativeTestJSON-1734158704-project] Calling method '>' {{(pid=131054) _process_stack /opt/stack/nova/nova/api/openstack/wsgi.py:513}}
Sep 20 14:40:39.802616 n-d-858025-4 devstack@n-api.service[131055]: INFO nova.api.openstack.requestlog [None req-84cf3b20-ecbc-4e6f-8678-f3a044dde932 tempest-AggregatesAdminTestJSON-647995084 tempest-AggregatesAdminTestJSON-647995084-project] 10.222.0.55 "GET /compute/v2.1/servers/a7eceb17-86bb-4886-a474-24a5f856fc7a" status: 200 len: 1338 microversion: 2.1 time: 0.372197
Sep 20 14:40:39.808865 n-d-858025-4 devstack@n-api.service[131055]: [pid: 131055|app: 0|req: 57/129] 10.222.0.55 () {58 vars in 1236 bytes} [Tue Sep 20 14:40:39 2022] GET /compute/v2.1/servers/a7eceb17-86bb-4886-a474-24a5f856fc7a => generated 1338 bytes in 380 msecs (HTTP/1.1 200) 9 headers in 358 bytes (1 switches on core 0)
Sep 20 14:40:39.821595 n-d-858025-4 devstack@n-api.service[131055]: DEBUG nova.api.openstack.wsgi [None req-27df9db8-8a27-4811-b251-d94a40ca6477 tempest-ServersWithSpecificFlavorTestJSON-1153080732 tempest-ServersWithSpecificFlavorTestJSON-1153080732-project] Calling method '>' {{(pid=131055) _process_stack /opt/stack/nova/nova/api/openstack/wsgi.py:513}}
Sep 20 14:40:39.824623 n-d-858025-4 devstack@n-api.service[131054]: DEBUG nova.compute.api [None req-29198c0b-7909-4504-83fd-50d3bb57e54a tempest-ImagesOneServerNegativeTestJSON-1734158704 tempest-ImagesOneServerNegativeTestJSON-1734158704-project] [instance: e6906f67-1f6d-463e-a9e5-97a45891e8ea] Fetching instance by UUID {{(pid=131054) get /opt/stack/nova/nova/compute/api.py:2918}}
Sep 20 14:40:39.832400 n-d-858025-4 devstack@n-api.service[131055]: DEBUG nova.compute.api [None req-27df9db8-8a27-4811-b251-d94a40ca6477 tempest-ServersWithSpecificFlavorTestJSON-1153080732 tempest-ServersWithSpecificFlavorTestJSON-1153080732-project] [instance: 175bdf00-e8b5-410c-aa65-e65f68b05c44] Fetching instance by UUID {{(pid=131055) get /opt/stack/nova/nova/compute/api.py:2918}}
Sep 20 14:40:39.935964 n-d-858025-4 devstack@n-api.service[131055]: DEBUG nova.policy [None req-27df9db8-8a27-4811-b251-d94a40ca6477 tempest-ServersWithSpecificFlavorTestJSON-1153080732 tempest-ServersWithSpecificFlavorTestJSON-1153080732-project] Policy check for os_compute_api:os-extended-server-attributes failed with credentials {'is_admin': False, 'user_id': '08df7ac5364b49b083b872079fd635ae', 'user_domain_id': 'default', 'system_scope': None, 'domain_id': None, 'project_id': '409944bfd55c401a8e92ef1a385de358', 'project_domain_id': 'default', 'roles': ['reader', 'member'], 'is_admin_project': True, 'service_user_id': None, 'service_user_domain_id': None, 'service_project_id': None, 'service_project_domain_id': None, 'service_roles': []} {{(pid=131055) authorize /opt/stack/nova/nova/policy.py:199}}
Sep 20 14:40:39.966329 n-d-858025-4 devstack@n-api.service[131055]: INFO nova.api.openstack.requestlog [None req-27df9db8-8a27-4811-b251-d94a40ca6477 tempest-ServersWithSpecificFlavorTestJSON-1153080732 tempest-ServersWithSpecificFlavorTestJSON-1153080732-project] 10.222.0.55 "GET /compute/v2.1/servers/175bdf00-e8b5-410c-aa65-e65f68b05c44" status: 200 len: 1262 microversion: 2.1 time: 0.151107
Sep 20 14:40:39.966984 n-d-858025-4 devstack@n-api.service[131055]: [pid: 131055|app: 0|req: 58/130] 10.222.0.55 () {58 vars in 1236 bytes} [Tue Sep 20 14:40:39 2022] GET /compute/v2.1/servers/175bdf00-e8b5-410c-aa65-e65f68b05c44 => generated 1262 bytes in 155 msecs (HTTP/1.1 200) 9 headers in 358 bytes (1 switches on core 0)
Sep 20 14:40:40.035208 n-d-858025-4 devstack@n-api.service[131054]: DEBUG nova.policy [None req-29198c0b-7909-4504-83fd-50d3bb57e54a tempest-ImagesOneServerNegativeTestJSON-1734158704 tempest-ImagesOneServerNegativeTestJSON-1734158704-project] Policy check for os_compute_api:os-extended-server-attributes failed with credentials {'is_admin': False, 'user_id': 'e7f338c0b9cc4bc3b3107f2423917c5a', 'user_domain_id': 'default', 'system_scope': None, 'domain_id': None, 'project_id': 'b5e936bbdc0a4f948b71e17ee19e2f67', 'project_domain_id': 'default', 'roles': ['reader', 'member'], 'is_admin_project': True, 'service_user_id': None, 'service_user_domain_id': None, 'service_project_id': None, 'service_project_domain_id': None, 'service_roles': []} {{(pid=131054) authorize /opt/stack/nova/nova/policy.py:199}}
Sep 20 14:40:40.042029 n-d-858025-4 devstack@n-api.service[131054]: INFO nova.api.openstack.requestlog [None req-29198c0b-7909-4504-83fd-50d3bb57e54a tempest-ImagesOneServerNegativeTestJSON-1734158704 tempest-ImagesOneServerNegativeTestJSON-1734158704-project] 10.222.0.55 "GET /compute/v2.1/servers/e6906f67-1f6d-463e-a9e5-97a45891e8ea" status: 200 len: 1225 microversion: 2.1 time: 0.252805
Sep 20 14:40:40.060853 n-d-858025-4 devstack@n-api.service[131054]: [pid: 131054|app: 0|req: 73/131] 10.222.0.55 () {58 vars in 1236 bytes} [Tue Sep 20 14:40:39 2022] GET /compute/v2.1/servers/e6906f67-1f6d-463e-a9e5-97a45891e8ea => generated 1225 bytes in 274 msecs (HTTP/1.1 200) 9 headers in 358 bytes (1 switches on core 0)
Sep 20 14:40:40.551989 n-d-858025-4 devstack@n-api.service[131055]: DEBUG nova.api.openstack.wsgi [req-5cc2e445-e5a7-4c5e-8d39-55c0bb5bf853 req-4aa5eca2-3c25-4d66-a6e6-07343fe1f4b1 service nova] Action: 'create', calling method: >, body: {"events": [{"server_uuid": "a7eceb17-86bb-4886-a474-24a5f856fc7a", "name": "network-vif-plugged", "status": "completed", "tag": "4e145dd5-e72e-4ef3-aefa-5ddd69605588"}]} {{(pid=131055) _process_stack /opt/stack/nova/nova/api/openstack/wsgi.py:511}}
Sep 20 14:40:40.582742 n-d-858025-4 devstack@n-api.service[131055]: DEBUG oslo_concurrency.lockutils [req-5cc2e445-e5a7-4c5e-8d39-55c0bb5bf853 req-4aa5eca2-3c25-4d66-a6e6-07343fe1f4b1 service nova] Lock "b454704c-5d91-4038-8894-a62dee1ad379" acquired by "nova.context.set_target_cell..get_or_set_cached_cell_and_set_connections" :: waited 0.002s {{(pid=131055) inner /usr/local/lib/python3.8/dist-packages/oslo_concurrency/lockutils.py:386}}
Sep 20 14:40:40.585621 n-d-858025-4 devstack@n-api.service[131055]: DEBUG oslo_concurrency.lockutils [req-5cc2e445-e5a7-4c5e-8d39-55c0bb5bf853 req-4aa5eca2-3c25-4d66-a6e6-07343fe1f4b1 service nova] Lock "b454704c-5d91-4038-8894-a62dee1ad379" "released" by "nova.context.set_target_cell..get_or_set_cached_cell_and_set_connections" :: held 0.001s {{(pid=131055) inner /usr/local/lib/python3.8/dist-packages/oslo_concurrency/lockutils.py:400}}
Sep 20 14:40:40.638154 n-d-858025-4 devstack@n-api.service[131055]: INFO nova.api.openstack.compute.server_external_events [req-5cc2e445-e5a7-4c5e-8d39-55c0bb5bf853 req-4aa5eca2-3c25-4d66-a6e6-07343fe1f4b1 service nova] Creating event network-vif-plugged:4e145dd5-e72e-4ef3-aefa-5ddd69605588 for instance a7eceb17-86bb-4886-a474-24a5f856fc7a on n-h2-858025-4
Sep 20 14:40:40.655081 n-d-858025-4 devstack@n-api.service[131055]: INFO nova.api.openstack.requestlog [req-5cc2e445-e5a7-4c5e-8d39-55c0bb5bf853 req-4aa5eca2-3c25-4d66-a6e6-07343fe1f4b1 service nova] 10.222.0.55 "POST /compute/v2.1/os-server-external-events" status: 200 len: 183 microversion: 2.1 time: 0.393595
Sep 20 14:40:40.658162 n-d-858025-4 devstack@n-api.service[131055]: [pid: 131055|app: 0|req: 59/132] 10.222.0.55 () {64 vars in 1317 bytes} [Tue Sep 20 14:40:40 2022] POST /compute/v2.1/os-server-external-events => generated 183 bytes in 397 msecs (HTTP/1.1 200) 9 headers in 357 bytes (1 switches on core 0)
Sep 20 14:40:40.834417 n-d-858025-4 devstack@n-api.service[131054]: DEBUG nova.api.openstack.wsgi [None req-7557a967-c61c-48c6-a708-3df4a28c8c55 tempest-AggregatesAdminTestJSON-647995084 tempest-AggregatesAdminTestJSON-647995084-project] Calling method '>' {{(pid=131054) _process_stack /opt/stack/nova/nova/api/openstack/wsgi.py:513}}
Sep 20 14:40:40.835108 n-d-858025-4 devstack@n-api.service[131054]: DEBUG nova.compute.api [None req-7557a967-c61c-48c6-a708-3df4a28c8c55 tempest-AggregatesAdminTestJSON-647995084 tempest-AggregatesAdminTestJSON-647995084-project] [instance: a7eceb17-86bb-4886-a474-24a5f856fc7a] Fetching instance by UUID {{(pid=131054) get /opt/stack/nova/nova/compute/api.py:2918}}
Sep 20 14:40:40.875154 n-d-858025-4 devstack@n-api.service[131054]: DEBUG oslo_concurrency.lockutils [None req-7557a967-c61c-48c6-a708-3df4a28c8c55 tempest-AggregatesAdminTestJSON-647995084 tempest-AggregatesAdminTestJSON-647995084-project] Lock "b454704c-5d91-4038-8894-a62dee1ad379" acquired by "nova.context.set_target_cell..get_or_set_cached_cell_and_set_connections" :: waited 0.000s {{(pid=131054) inner /usr/local/lib/python3.8/dist-packages/oslo_concurrency/lockutils.py:386}}
Sep 20 14:40:40.878210 n-d-858025-4 devstack@n-api.service[131054]: DEBUG oslo_concurrency.lockutils [None req-7557a967-c61c-48c6-a708-3df4a28c8c55 tempest-AggregatesAdminTestJSON-647995084 tempest-AggregatesAdminTestJSON-647995084-project] Lock "b454704c-5d91-4038-8894-a62dee1ad379" "released" by "nova.context.set_target_cell..get_or_set_cached_cell_and_set_connections" :: held 0.004s {{(pid=131054) inner /usr/local/lib/python3.8/dist-packages/oslo_concurrency/lockutils.py:400}}
Sep 20 14:40:40.881277 n-d-858025-4 devstack@n-api.service[131054]: DEBUG oslo_concurrency.lockutils [None req-7557a967-c61c-48c6-a708-3df4a28c8c55 tempest-AggregatesAdminTestJSON-647995084 tempest-AggregatesAdminTestJSON-647995084-project] Lock "b454704c-5d91-4038-8894-a62dee1ad379" acquired by "nova.context.set_target_cell..get_or_set_cached_cell_and_set_connections" :: waited 0.000s {{(pid=131054) inner /usr/local/lib/python3.8/dist-packages/oslo_concurrency/lockutils.py:386}}
Sep 20 14:40:40.884282 n-d-858025-4 devstack@n-api.service[131054]: DEBUG oslo_concurrency.lockutils [None req-7557a967-c61c-48c6-a708-3df4a28c8c55 tempest-AggregatesAdminTestJSON-647995084 tempest-AggregatesAdminTestJSON-647995084-project] Lock "b454704c-5d91-4038-8894-a62dee1ad379" "released" by "nova.context.set_target_cell..get_or_set_cached_cell_and_set_connections" :: held 0.003s {{(pid=131054) inner /usr/local/lib/python3.8/dist-packages/oslo_concurrency/lockutils.py:400}}
Sep 20 14:40:40.994967 n-d-858025-4 devstack@n-api.service[131055]: DEBUG nova.api.openstack.wsgi [None req-551d47b0-ef5c-4b3f-949e-582e26909b79 tempest-ServersWithSpecificFlavorTestJSON-1153080732 tempest-ServersWithSpecificFlavorTestJSON-1153080732-project] Calling method '>' {{(pid=131055) _process_stack /opt/stack/nova/nova/api/openstack/wsgi.py:513}}
Sep 20 14:40:40.997292 n-d-858025-4 devstack@n-api.service[131055]: DEBUG nova.compute.api [None req-551d47b0-ef5c-4b3f-949e-582e26909b79 tempest-ServersWithSpecificFlavorTestJSON-1153080732 tempest-ServersWithSpecificFlavorTestJSON-1153080732-project] [instance: 175bdf00-e8b5-410c-aa65-e65f68b05c44] Fetching instance by UUID {{(pid=131055) get /opt/stack/nova/nova/compute/api.py:2918}}
Sep 20 14:40:41.011277 n-d-858025-4 devstack@n-api.service[131055]: DEBUG oslo_concurrency.lockutils [None req-551d47b0-ef5c-4b3f-949e-582e26909b79 tempest-ServersWithSpecificFlavorTestJSON-1153080732 tempest-ServersWithSpecificFlavorTestJSON-1153080732-project] Lock "b454704c-5d91-4038-8894-a62dee1ad379" acquired by "nova.context.set_target_cell..get_or_set_cached_cell_and_set_connections" :: waited 0.000s {{(pid=131055) inner /usr/local/lib/python3.8/dist-packages/oslo_concurrency/lockutils.py:386}}
Sep 20 14:40:41.011836 n-d-858025-4 devstack@n-api.service[131055]: DEBUG oslo_concurrency.lockutils [None req-551d47b0-ef5c-4b3f-949e-582e26909b79 tempest-ServersWithSpecificFlavorTestJSON-1153080732 tempest-ServersWithSpecificFlavorTestJSON-1153080732-project] Lock "b454704c-5d91-4038-8894-a62dee1ad379" "released" by "nova.context.set_target_cell..get_or_set_cached_cell_and_set_connections" :: held 0.001s {{(pid=131055) inner /usr/local/lib/python3.8/dist-packages/oslo_concurrency/lockutils.py:400}}
Sep 20 14:40:41.012721 n-d-858025-4 devstack@n-api.service[131055]: DEBUG oslo_concurrency.lockutils [None req-551d47b0-ef5c-4b3f-949e-582e26909b79 tempest-ServersWithSpecificFlavorTestJSON-1153080732 tempest-ServersWithSpecificFlavorTestJSON-1153080732-project] Lock "b454704c-5d91-4038-8894-a62dee1ad379" acquired by "nova.context.set_target_cell..get_or_set_cached_cell_and_set_connections" :: waited 0.000s {{(pid=131055) inner /usr/local/lib/python3.8/dist-packages/oslo_concurrency/lockutils.py:386}}
Sep 20 14:40:41.029906 n-d-858025-4 devstack@n-api.service[131055]: DEBUG oslo_concurrency.lockutils [None req-551d47b0-ef5c-4b3f-949e-582e26909b79 tempest-ServersWithSpecificFlavorTestJSON-1153080732 tempest-ServersWithSpecificFlavorTestJSON-1153080732-project] Lock "b454704c-5d91-4038-8894-a62dee1ad379" "released" by "nova.context.set_target_cell..get_or_set_cached_cell_and_set_connections" :: held 0.017s {{(pid=131055) inner /usr/local/lib/python3.8/dist-packages/oslo_concurrency/lockutils.py:400}}
Sep 20 14:40:41.197827 n-d-858025-4 devstack@n-api.service[131055]: DEBUG nova.policy [None req-551d47b0-ef5c-4b3f-949e-582e26909b79 tempest-ServersWithSpecificFlavorTestJSON-1153080732 tempest-ServersWithSpecificFlavorTestJSON-1153080732-project] Policy check for os_compute_api:os-extended-server-attributes failed with credentials {'is_admin': False, 'user_id': '08df7ac5364b49b083b872079fd635ae', 'user_domain_id': 'default', 'system_scope': None, 'domain_id': None, 'project_id': '409944bfd55c401a8e92ef1a385de358', 'project_domain_id': 'default', 'roles': ['reader', 'member'], 'is_admin_project': True, 'service_user_id': None, 'service_user_domain_id': None, 'service_project_id': None, 'service_project_domain_id': None, 'service_roles': []} {{(pid=131055) authorize /opt/stack/nova/nova/policy.py:199}}
Sep 20 14:40:41.212569 n-d-858025-4 devstack@n-api.service[131055]: INFO nova.api.openstack.requestlog [None req-551d47b0-ef5c-4b3f-949e-582e26909b79 tempest-ServersWithSpecificFlavorTestJSON-1153080732 tempest-ServersWithSpecificFlavorTestJSON-1153080732-project] 10.222.0.55 "GET /compute/v2.1/servers/175bdf00-e8b5-410c-aa65-e65f68b05c44" status: 200 len: 1258 microversion: 2.1 time: 0.223490
Sep 20 14:40:41.216848 n-d-858025-4 devstack@n-api.service[131055]: [pid: 131055|app: 0|req: 60/133] 10.222.0.55 () {58 vars in 1236 bytes} [Tue Sep 20 14:40:40 2022] GET /compute/v2.1/servers/175bdf00-e8b5-410c-aa65-e65f68b05c44 => generated 1258 bytes in 228 msecs (HTTP/1.1 200) 9 headers in 358 bytes (2 switches on core 0)
Sep 20 14:40:41.233344 n-d-858025-4 devstack@n-api.service[131055]: DEBUG nova.api.openstack.wsgi [None req-56189314-bee6-4a3a-84b8-92c8ff41686f tempest-ImagesOneServerNegativeTestJSON-1734158704 tempest-ImagesOneServerNegativeTestJSON-1734158704-project] Calling method '>' {{(pid=131055) _process_stack /opt/stack/nova/nova/api/openstack/wsgi.py:513}}
Sep 20 14:40:41.236192 n-d-858025-4 devstack@n-api.service[131055]: DEBUG nova.compute.api [None req-56189314-bee6-4a3a-84b8-92c8ff41686f tempest-ImagesOneServerNegativeTestJSON-1734158704 tempest-ImagesOneServerNegativeTestJSON-1734158704-project] [instance: e6906f67-1f6d-463e-a9e5-97a45891e8ea] Fetching instance by UUID {{(pid=131055) get /opt/stack/nova/nova/compute/api.py:2918}}
Sep 20 14:40:41.253401 n-d-858025-4 devstack@n-api.service[131055]: DEBUG oslo_concurrency.lockutils [None req-56189314-bee6-4a3a-84b8-92c8ff41686f tempest-ImagesOneServerNegativeTestJSON-1734158704 tempest-ImagesOneServerNegativeTestJSON-1734158704-project] Lock "b454704c-5d91-4038-8894-a62dee1ad379" acquired by "nova.context.set_target_cell..get_or_set_cached_cell_and_set_connections" :: waited 0.000s {{(pid=131055) inner /usr/local/lib/python3.8/dist-packages/oslo_concurrency/lockutils.py:386}}
Sep 20 14:40:41.254241 n-d-858025-4 devstack@n-api.service[131055]: DEBUG oslo_concurrency.lockutils [None req-56189314-bee6-4a3a-84b8-92c8ff41686f tempest-ImagesOneServerNegativeTestJSON-1734158704 tempest-ImagesOneServerNegativeTestJSON-1734158704-project] Lock "b454704c-5d91-4038-8894-a62dee1ad379" "released" by "nova.context.set_target_cell..get_or_set_cached_cell_and_set_connections" :: held 0.002s {{(pid=131055) inner /usr/local/lib/python3.8/dist-packages/oslo_concurrency/lockutils.py:400}}
Sep 20 14:40:41.257016 n-d-858025-4 devstack@n-api.service[131055]: DEBUG oslo_concurrency.lockutils [None req-56189314-bee6-4a3a-84b8-92c8ff41686f tempest-ImagesOneServerNegativeTestJSON-1734158704 tempest-ImagesOneServerNegativeTestJSON-1734158704-project] Lock "b454704c-5d91-4038-8894-a62dee1ad379" acquired by "nova.context.set_target_cell..get_or_set_cached_cell_and_set_connections" :: waited 0.000s {{(pid=131055) inner /usr/local/lib/python3.8/dist-packages/oslo_concurrency/lockutils.py:386}}
Sep 20 14:40:41.258205 n-d-858025-4 devstack@n-api.service[131055]: DEBUG oslo_concurrency.lockutils [None req-56189314-bee6-4a3a-84b8-92c8ff41686f tempest-ImagesOneServerNegativeTestJSON-1734158704 tempest-ImagesOneServerNegativeTestJSON-1734158704-project] Lock "b454704c-5d91-4038-8894-a62dee1ad379" "released" by "nova.context.set_target_cell..get_or_set_cached_cell_and_set_connections" :: held 0.001s {{(pid=131055) inner /usr/local/lib/python3.8/dist-packages/oslo_concurrency/lockutils.py:400}}
Sep 20 14:40:41.495930 n-d-858025-4 devstack@n-api.service[131055]: DEBUG nova.policy [None req-56189314-bee6-4a3a-84b8-92c8ff41686f tempest-ImagesOneServerNegativeTestJSON-1734158704 tempest-ImagesOneServerNegativeTestJSON-1734158704-project] Policy check for os_compute_api:os-extended-server-attributes failed with credentials {'is_admin': False, 'user_id': 'e7f338c0b9cc4bc3b3107f2423917c5a', 'user_domain_id': 'default', 'system_scope': None, 'domain_id': None, 'project_id': 'b5e936bbdc0a4f948b71e17ee19e2f67', 'project_domain_id': 'default', 'roles': ['reader', 'member'], 'is_admin_project': True, 'service_user_id': None, 'service_user_domain_id': None, 'service_project_id': None, 'service_project_domain_id': None, 'service_roles': []} {{(pid=131055) authorize /opt/stack/nova/nova/policy.py:199}}
Sep 20 14:40:41.518940 n-d-858025-4 devstack@n-api.service[131055]: INFO nova.api.openstack.requestlog [None req-56189314-bee6-4a3a-84b8-92c8ff41686f tempest-ImagesOneServerNegativeTestJSON-1734158704 tempest-ImagesOneServerNegativeTestJSON-1734158704-project] 10.222.0.55 "GET /compute/v2.1/servers/e6906f67-1f6d-463e-a9e5-97a45891e8ea" status: 200 len: 1229 microversion: 2.1 time: 0.295611
Sep 20 14:40:41.545164 n-d-858025-4 devstack@n-api.service[131055]: [pid: 131055|app: 0|req: 61/134] 10.222.0.55 () {58 vars in 1236 bytes} [Tue Sep 20 14:40:41 2022] GET /compute/v2.1/servers/e6906f67-1f6d-463e-a9e5-97a45891e8ea => generated 1229 bytes in 327 msecs (HTTP/1.1 200) 9 headers in 358 bytes (1 switches on core 0)
Sep 20 14:40:41.616287 n-d-858025-4 devstack@n-api.service[131054]: DEBUG nova.policy [None req-7557a967-c61c-48c6-a708-3df4a28c8c55 tempest-AggregatesAdminTestJSON-647995084 tempest-AggregatesAdminTestJSON-647995084-project] Policy check for os_compute_api:os-extended-server-attributes failed with credentials {'is_admin': False, 'user_id': '122fb02a51914634889b673b576bfcd5', 'user_domain_id': 'default', 'system_scope': None, 'domain_id': None, 'project_id': '7636f94788284ef8a84ce4c6549459fa', 'project_domain_id': 'default', 'roles': ['reader', 'member'], 'is_admin_project': True, 'service_user_id': None, 'service_user_domain_id': None, 'service_project_id': None, 'service_project_domain_id': None, 'service_roles': []} {{(pid=131054) authorize /opt/stack/nova/nova/policy.py:199}}
Sep 20 14:40:41.656935 n-d-858025-4 devstack@n-api.service[131054]: INFO nova.api.openstack.requestlog [None req-7557a967-c61c-48c6-a708-3df4a28c8c55 tempest-AggregatesAdminTestJSON-647995084 tempest-AggregatesAdminTestJSON-647995084-project] 10.222.0.55 "GET /compute/v2.1/servers/a7eceb17-86bb-4886-a474-24a5f856fc7a" status: 200 len: 1338 microversion: 2.1 time: 0.827890
Sep 20 14:40:41.660136 n-d-858025-4 devstack@n-api.service[131054]: [pid: 131054|app: 0|req: 74/135] 10.222.0.55 () {58 vars in 1236 bytes} [Tue Sep 20 14:40:40 2022] GET /compute/v2.1/servers/a7eceb17-86bb-4886-a474-24a5f856fc7a => generated 1338 bytes in 833 msecs (HTTP/1.1 200) 9 headers in 358 bytes (1 switches on core 0)
Sep 20 14:40:42.253221 n-d-858025-4 devstack@n-api.service[131054]: DEBUG nova.api.openstack.wsgi [None req-32301201-c70e-41a6-89f3-e7230863b6ae tempest-ServersWithSpecificFlavorTestJSON-1153080732 tempest-ServersWithSpecificFlavorTestJSON-1153080732-project] Calling method '>' {{(pid=131054) _process_stack /opt/stack/nova/nova/api/openstack/wsgi.py:513}}
Sep 20 14:40:42.253861 n-d-858025-4 devstack@n-api.service[131054]: DEBUG nova.compute.api [None req-32301201-c70e-41a6-89f3-e7230863b6ae tempest-ServersWithSpecificFlavorTestJSON-1153080732 tempest-ServersWithSpecificFlavorTestJSON-1153080732-project] [instance: 175bdf00-e8b5-410c-aa65-e65f68b05c44] Fetching instance by UUID {{(pid=131054) get /opt/stack/nova/nova/compute/api.py:2918}}
Sep 20 14:40:42.293888 n-d-858025-4 devstack@n-api.service[131054]: DEBUG oslo_concurrency.lockutils [None req-32301201-c70e-41a6-89f3-e7230863b6ae tempest-ServersWithSpecificFlavorTestJSON-1153080732 tempest-ServersWithSpecificFlavorTestJSON-1153080732-project] Lock "b454704c-5d91-4038-8894-a62dee1ad379" acquired by "nova.context.set_target_cell..get_or_set_cached_cell_and_set_connections" :: waited 0.000s {{(pid=131054) inner /usr/local/lib/python3.8/dist-packages/oslo_concurrency/lockutils.py:386}}
Sep 20 14:40:42.294653 n-d-858025-4 devstack@n-api.service[131054]: DEBUG oslo_concurrency.lockutils [None req-32301201-c70e-41a6-89f3-e7230863b6ae tempest-ServersWithSpecificFlavorTestJSON-1153080732 tempest-ServersWithSpecificFlavorTestJSON-1153080732-project] Lock "b454704c-5d91-4038-8894-a62dee1ad379" "released" by "nova.context.set_target_cell..get_or_set_cached_cell_and_set_connections" :: held 0.007s {{(pid=131054) inner /usr/local/lib/python3.8/dist-packages/oslo_concurrency/lockutils.py:400}}
Sep 20 14:40:42.295568 n-d-858025-4 devstack@n-api.service[131054]: DEBUG oslo_concurrency.lockutils [None req-32301201-c70e-41a6-89f3-e7230863b6ae tempest-ServersWithSpecificFlavorTestJSON-1153080732 tempest-ServersWithSpecificFlavorTestJSON-1153080732-project] Lock "b454704c-5d91-4038-8894-a62dee1ad379" acquired by "nova.context.set_target_cell..get_or_set_cached_cell_and_set_connections" :: waited 0.000s {{(pid=131054) inner /usr/local/lib/python3.8/dist-packages/oslo_concurrency/lockutils.py:386}}
Sep 20 14:40:42.297078 n-d-858025-4 devstack@n-api.service[131054]: DEBUG oslo_concurrency.lockutils [None req-32301201-c70e-41a6-89f3-e7230863b6ae tempest-ServersWithSpecificFlavorTestJSON-1153080732 tempest-ServersWithSpecificFlavorTestJSON-1153080732-project] Lock "b454704c-5d91-4038-8894-a62dee1ad379" "released" by "nova.context.set_target_cell..get_or_set_cached_cell_and_set_connections" :: held 0.001s {{(pid=131054) inner /usr/local/lib/python3.8/dist-packages/oslo_concurrency/lockutils.py:400}}
Sep 20 14:40:42.360065 n-d-858025-4 devstack@n-api.service[131055]: DEBUG nova.api.openstack.wsgi [None req-a8b71ec6-8452-4cc1-8deb-9b0253dacfe0 tempest-HypervisorAdminTestJSON-1742486191 tempest-HypervisorAdminTestJSON-1742486191-project-admin] Calling method '.version_select at 0x7f355c878f70>' {{(pid=131055) _process_stack /opt/stack/nova/nova/api/openstack/wsgi.py:513}}
Sep 20 14:40:42.361617 n-d-858025-4 devstack@n-api.service[131055]: /usr/local/lib/python3.8/dist-packages/oslo_policy/policy.py:1119: UserWarning: Policy "os_compute_api:os-hypervisors:list": "rule:context_is_admin" failed scope check. The token used to make the request was project scoped but the policy requires ['system'] scope. This behavior may change in the future where using the intended scope is required
Sep 20 14:40:42.361617 n-d-858025-4 devstack@n-api.service[131055]: warnings.warn(msg)
Sep 20 14:40:42.370226 n-d-858025-4 devstack@n-api.service[131055]: DEBUG oslo_concurrency.lockutils [None req-a8b71ec6-8452-4cc1-8deb-9b0253dacfe0 tempest-HypervisorAdminTestJSON-1742486191 tempest-HypervisorAdminTestJSON-1742486191-project-admin] Lock "b454704c-5d91-4038-8894-a62dee1ad379" acquired by "nova.context.set_target_cell..get_or_set_cached_cell_and_set_connections" :: waited 0.002s {{(pid=131055) inner /usr/local/lib/python3.8/dist-packages/oslo_concurrency/lockutils.py:386}}
Sep 20 14:40:42.370656 n-d-858025-4 devstack@n-api.service[131055]: DEBUG oslo_concurrency.lockutils [None req-a8b71ec6-8452-4cc1-8deb-9b0253dacfe0 tempest-HypervisorAdminTestJSON-1742486191 tempest-HypervisorAdminTestJSON-1742486191-project-admin] Lock "b454704c-5d91-4038-8894-a62dee1ad379" "released" by "nova.context.set_target_cell..get_or_set_cached_cell_and_set_connections" :: held 0.001s {{(pid=131055) inner /usr/local/lib/python3.8/dist-packages/oslo_concurrency/lockutils.py:400}}
Sep 20 14:40:42.447038 n-d-858025-4 devstack@n-api.service[131055]: DEBUG oslo_concurrency.lockutils [None req-a8b71ec6-8452-4cc1-8deb-9b0253dacfe0 tempest-HypervisorAdminTestJSON-1742486191 tempest-HypervisorAdminTestJSON-1742486191-project-admin] Lock "b454704c-5d91-4038-8894-a62dee1ad379" acquired by "nova.context.set_target_cell..get_or_set_cached_cell_and_set_connections" :: waited 0.003s {{(pid=131055) inner /usr/local/lib/python3.8/dist-packages/oslo_concurrency/lockutils.py:386}}
Sep 20 14:40:42.449235 n-d-858025-4 devstack@n-api.service[131055]: DEBUG oslo_concurrency.lockutils [None req-a8b71ec6-8452-4cc1-8deb-9b0253dacfe0 tempest-HypervisorAdminTestJSON-1742486191 tempest-HypervisorAdminTestJSON-1742486191-project-admin] Lock "b454704c-5d91-4038-8894-a62dee1ad379" "released" by "nova.context.set_target_cell..get_or_set_cached_cell_and_set_connections" :: held 0.001s {{(pid=131055) inner /usr/local/lib/python3.8/dist-packages/oslo_concurrency/lockutils.py:400}}
Sep 20 14:40:42.506989 n-d-858025-4 devstack@n-api.service[131055]: DEBUG oslo_concurrency.lockutils [None req-a8b71ec6-8452-4cc1-8deb-9b0253dacfe0 tempest-HypervisorAdminTestJSON-1742486191 tempest-HypervisorAdminTestJSON-1742486191-project-admin] Lock "b454704c-5d91-4038-8894-a62dee1ad379" acquired by "nova.context.set_target_cell..get_or_set_cached_cell_and_set_connections" :: waited 0.000s {{(pid=131055) inner /usr/local/lib/python3.8/dist-packages/oslo_concurrency/lockutils.py:386}}
Sep 20 14:40:42.507593 n-d-858025-4 devstack@n-api.service[131055]: DEBUG oslo_concurrency.lockutils [None req-a8b71ec6-8452-4cc1-8deb-9b0253dacfe0 tempest-HypervisorAdminTestJSON-1742486191 tempest-HypervisorAdminTestJSON-1742486191-project-admin] Lock "b454704c-5d91-4038-8894-a62dee1ad379" "released" by "nova.context.set_target_cell..get_or_set_cached_cell_and_set_connections" :: held 0.001s {{(pid=131055) inner /usr/local/lib/python3.8/dist-packages/oslo_concurrency/lockutils.py:400}}
Sep 20 14:40:42.522670 n-d-858025-4 devstack@n-api.service[131055]: INFO nova.api.openstack.requestlog [None req-a8b71ec6-8452-4cc1-8deb-9b0253dacfe0 tempest-HypervisorAdminTestJSON-1742486191 tempest-HypervisorAdminTestJSON-1742486191-project-admin] 10.222.0.55 "GET /compute/v2.1/os-hypervisors" status: 200 len: 191 microversion: 2.1 time: 0.435937
Sep 20 14:40:42.536316 n-d-858025-4 devstack@n-api.service[131055]: [pid: 131055|app: 0|req: 62/136] 10.222.0.55 () {58 vars in 1146 bytes} [Tue Sep 20 14:40:42 2022] GET /compute/v2.1/os-hypervisors => generated 191 bytes in 451 msecs (HTTP/1.1 200) 9 headers in 357 bytes (1 switches on core 0)
Sep 20 14:40:42.542102 n-d-858025-4 devstack@n-api.service[131055]: DEBUG nova.api.openstack.wsgi [None req-0d4723b0-951e-43aa-86c1-9d53be9bc800 tempest-HypervisorAdminTestJSON-1742486191 tempest-HypervisorAdminTestJSON-1742486191-project-admin] Calling method '.version_select at 0x7f355c878dc0>' {{(pid=131055) _process_stack /opt/stack/nova/nova/api/openstack/wsgi.py:513}}
Sep 20 14:40:42.543175 n-d-858025-4 devstack@n-api.service[131055]: /usr/local/lib/python3.8/dist-packages/oslo_policy/policy.py:1119: UserWarning: Policy "os_compute_api:os-hypervisors:list-detail": "rule:context_is_admin" failed scope check. The token used to make the request was project scoped but the policy requires ['system'] scope. This behavior may change in the future where using the intended scope is required
Sep 20 14:40:42.543175 n-d-858025-4 devstack@n-api.service[131055]: warnings.warn(msg)
Sep 20 14:40:42.550354 n-d-858025-4 devstack@n-api.service[131055]: DEBUG oslo_concurrency.lockutils [None req-0d4723b0-951e-43aa-86c1-9d53be9bc800 tempest-HypervisorAdminTestJSON-1742486191 tempest-HypervisorAdminTestJSON-1742486191-project-admin] Lock "b454704c-5d91-4038-8894-a62dee1ad379" acquired by "nova.context.set_target_cell..get_or_set_cached_cell_and_set_connections" :: waited 0.000s {{(pid=131055) inner /usr/local/lib/python3.8/dist-packages/oslo_concurrency/lockutils.py:386}}
Sep 20 14:40:42.553655 n-d-858025-4 devstack@n-api.service[131055]: DEBUG oslo_concurrency.lockutils [None req-0d4723b0-951e-43aa-86c1-9d53be9bc800 tempest-HypervisorAdminTestJSON-1742486191 tempest-HypervisorAdminTestJSON-1742486191-project-admin] Lock "b454704c-5d91-4038-8894-a62dee1ad379" "released" by "nova.context.set_target_cell..get_or_set_cached_cell_and_set_connections" :: held 0.003s {{(pid=131055) inner /usr/local/lib/python3.8/dist-packages/oslo_concurrency/lockutils.py:400}}
Sep 20 14:40:42.577300 n-d-858025-4 devstack@n-api.service[131055]: DEBUG oslo_concurrency.lockutils [None req-0d4723b0-951e-43aa-86c1-9d53be9bc800 tempest-HypervisorAdminTestJSON-1742486191 tempest-HypervisorAdminTestJSON-1742486191-project-admin] Lock "b454704c-5d91-4038-8894-a62dee1ad379" acquired by "nova.context.set_target_cell..get_or_set_cached_cell_and_set_connections" :: waited 0.000s {{(pid=131055) inner /usr/local/lib/python3.8/dist-packages/oslo_concurrency/lockutils.py:386}}
Sep 20 14:40:42.578044 n-d-858025-4 devstack@n-api.service[131055]: DEBUG oslo_concurrency.lockutils [None req-0d4723b0-951e-43aa-86c1-9d53be9bc800 tempest-HypervisorAdminTestJSON-1742486191 tempest-HypervisorAdminTestJSON-1742486191-project-admin] Lock "b454704c-5d91-4038-8894-a62dee1ad379" "released" by "nova.context.set_target_cell..get_or_set_cached_cell_and_set_connections" :: held 0.002s {{(pid=131055) inner /usr/local/lib/python3.8/dist-packages/oslo_concurrency/lockutils.py:400}}
Sep 20 14:40:42.598711 n-d-858025-4 devstack@n-api.service[131054]: DEBUG nova.policy [None req-32301201-c70e-41a6-89f3-e7230863b6ae tempest-ServersWithSpecificFlavorTestJSON-1153080732 tempest-ServersWithSpecificFlavorTestJSON-1153080732-project] Policy check for os_compute_api:os-extended-server-attributes failed with credentials {'is_admin': False, 'user_id': '08df7ac5364b49b083b872079fd635ae', 'user_domain_id': 'default', 'system_scope': None, 'domain_id': None, 'project_id': '409944bfd55c401a8e92ef1a385de358', 'project_domain_id': 'default', 'roles': ['reader', 'member'], 'is_admin_project': True, 'service_user_id': None, 'service_user_domain_id': None, 'service_project_id': None, 'service_project_domain_id': None, 'service_roles': []} {{(pid=131054) authorize /opt/stack/nova/nova/policy.py:199}}
Sep 20 14:40:42.600414 n-d-858025-4 devstack@n-api.service[131055]: DEBUG oslo_concurrency.lockutils [None req-0d4723b0-951e-43aa-86c1-9d53be9bc800 tempest-HypervisorAdminTestJSON-1742486191 tempest-HypervisorAdminTestJSON-1742486191-project-admin] Lock "b454704c-5d91-4038-8894-a62dee1ad379" acquired by "nova.context.set_target_cell..get_or_set_cached_cell_and_set_connections" :: waited 0.000s {{(pid=131055) inner /usr/local/lib/python3.8/dist-packages/oslo_concurrency/lockutils.py:386}}
Sep 20 14:40:42.600910 n-d-858025-4 devstack@n-api.service[131055]: DEBUG oslo_concurrency.lockutils [None req-0d4723b0-951e-43aa-86c1-9d53be9bc800 tempest-HypervisorAdminTestJSON-1742486191 tempest-HypervisorAdminTestJSON-1742486191-project-admin] Lock "b454704c-5d91-4038-8894-a62dee1ad379" "released" by "nova.context.set_target_cell..get_or_set_cached_cell_and_set_connections" :: held 0.001s {{(pid=131055) inner /usr/local/lib/python3.8/dist-packages/oslo_concurrency/lockutils.py:400}}
Sep 20 14:40:42.616903 n-d-858025-4 devstack@n-api.service[131054]: INFO nova.api.openstack.requestlog [None req-32301201-c70e-41a6-89f3-e7230863b6ae tempest-ServersWithSpecificFlavorTestJSON-1153080732 tempest-ServersWithSpecificFlavorTestJSON-1153080732-project] 10.222.0.55 "GET /compute/v2.1/servers/175bdf00-e8b5-410c-aa65-e65f68b05c44" status: 200 len: 1320 microversion: 2.1 time: 0.374826
Sep 20 14:40:42.618012 n-d-858025-4 devstack@n-api.service[131055]: INFO nova.api.openstack.requestlog [None req-0d4723b0-951e-43aa-86c1-9d53be9bc800 tempest-HypervisorAdminTestJSON-1742486191 tempest-HypervisorAdminTestJSON-1742486191-project-admin] 10.222.0.55 "GET /compute/v2.1/os-hypervisors/detail" status: 200 len: 1505 microversion: 2.1 time: 0.080302
Sep 20 14:40:42.618388 n-d-858025-4 devstack@n-api.service[131054]: [pid: 131054|app: 0|req: 75/137] 10.222.0.55 () {58 vars in 1236 bytes} [Tue Sep 20 14:40:42 2022] GET /compute/v2.1/servers/175bdf00-e8b5-410c-aa65-e65f68b05c44 => generated 1320 bytes in 378 msecs (HTTP/1.1 200) 9 headers in 358 bytes (1 switches on core 0)
Sep 20 14:40:42.626601 n-d-858025-4 devstack@n-api.service[131055]: [pid: 131055|app: 0|req: 63/138] 10.222.0.55 () {58 vars in 1167 bytes} [Tue Sep 20 14:40:42 2022] GET /compute/v2.1/os-hypervisors/detail => generated 1505 bytes in 89 msecs (HTTP/1.1 200) 9 headers in 358 bytes (1 switches on core 0)
Sep 20 14:40:42.629187 n-d-858025-4 devstack@n-api.service[131054]: DEBUG nova.api.openstack.wsgi [None req-239d6711-b7c6-4b81-922d-46fc09341e72 tempest-ImagesOneServerNegativeTestJSON-1734158704 tempest-ImagesOneServerNegativeTestJSON-1734158704-project] Calling method '>' {{(pid=131054) _process_stack /opt/stack/nova/nova/api/openstack/wsgi.py:513}}
Sep 20 14:40:42.631843 n-d-858025-4 devstack@n-api.service[131054]: DEBUG nova.compute.api [None req-239d6711-b7c6-4b81-922d-46fc09341e72 tempest-ImagesOneServerNegativeTestJSON-1734158704 tempest-ImagesOneServerNegativeTestJSON-1734158704-project] [instance: e6906f67-1f6d-463e-a9e5-97a45891e8ea] Fetching instance by UUID {{(pid=131054) get /opt/stack/nova/nova/compute/api.py:2918}}
Sep 20 14:40:42.652898 n-d-858025-4 devstack@n-api.service[131054]: DEBUG oslo_concurrency.lockutils [None req-239d6711-b7c6-4b81-922d-46fc09341e72 tempest-ImagesOneServerNegativeTestJSON-1734158704 tempest-ImagesOneServerNegativeTestJSON-1734158704-project] Lock "b454704c-5d91-4038-8894-a62dee1ad379" acquired by "nova.context.set_target_cell..get_or_set_cached_cell_and_set_connections" :: waited 0.000s {{(pid=131054) inner /usr/local/lib/python3.8/dist-packages/oslo_concurrency/lockutils.py:386}}
Sep 20 14:40:42.653474 n-d-858025-4 devstack@n-api.service[131054]: DEBUG oslo_concurrency.lockutils [None req-239d6711-b7c6-4b81-922d-46fc09341e72 tempest-ImagesOneServerNegativeTestJSON-1734158704 tempest-ImagesOneServerNegativeTestJSON-1734158704-project] Lock "b454704c-5d91-4038-8894-a62dee1ad379" "released" by "nova.context.set_target_cell..get_or_set_cached_cell_and_set_connections" :: held 0.001s {{(pid=131054) inner /usr/local/lib/python3.8/dist-packages/oslo_concurrency/lockutils.py:400}}
Sep 20 14:40:42.667069 n-d-858025-4 devstack@n-api.service[131055]: DEBUG nova.api.openstack.wsgi [None req-af878354-408e-4194-a00f-db25d002a67d tempest-HypervisorAdminTestJSON-1742486191 tempest-HypervisorAdminTestJSON-1742486191-project-admin] Calling method '.version_select at 0x7f355c878940>' {{(pid=131055) _process_stack /opt/stack/nova/nova/api/openstack/wsgi.py:513}}
Sep 20 14:40:42.668624 n-d-858025-4 devstack@n-api.service[131055]: /usr/local/lib/python3.8/dist-packages/oslo_policy/policy.py:1119: UserWarning: Policy "os_compute_api:os-hypervisors:list": "rule:context_is_admin" failed scope check. The token used to make the request was project scoped but the policy requires ['system'] scope. This behavior may change in the future where using the intended scope is required
Sep 20 14:40:42.668624 n-d-858025-4 devstack@n-api.service[131055]: warnings.warn(msg)
Sep 20 14:40:42.672602 n-d-858025-4 devstack@n-api.service[131054]: DEBUG oslo_concurrency.lockutils [None req-239d6711-b7c6-4b81-922d-46fc09341e72 tempest-ImagesOneServerNegativeTestJSON-1734158704 tempest-ImagesOneServerNegativeTestJSON-1734158704-project] Lock "b454704c-5d91-4038-8894-a62dee1ad379" acquired by "nova.context.set_target_cell..get_or_set_cached_cell_and_set_connections" :: waited 0.000s {{(pid=131054) inner /usr/local/lib/python3.8/dist-packages/oslo_concurrency/lockutils.py:386}}
Sep 20 14:40:42.673075 n-d-858025-4 devstack@n-api.service[131054]: DEBUG oslo_concurrency.lockutils [None req-239d6711-b7c6-4b81-922d-46fc09341e72 tempest-ImagesOneServerNegativeTestJSON-1734158704 tempest-ImagesOneServerNegativeTestJSON-1734158704-project] Lock "b454704c-5d91-4038-8894-a62dee1ad379" "released" by "nova.context.set_target_cell..get_or_set_cached_cell_and_set_connections" :: held 0.001s {{(pid=131054) inner /usr/local/lib/python3.8/dist-packages/oslo_concurrency/lockutils.py:400}}
Sep 20 14:40:42.673185 n-d-858025-4 devstack@n-api.service[131055]: DEBUG oslo_concurrency.lockutils [None req-af878354-408e-4194-a00f-db25d002a67d tempest-HypervisorAdminTestJSON-1742486191 tempest-HypervisorAdminTestJSON-1742486191-project-admin] Lock "b454704c-5d91-4038-8894-a62dee1ad379" acquired by "nova.context.set_target_cell..get_or_set_cached_cell_and_set_connections" :: waited 0.000s {{(pid=131055) inner /usr/local/lib/python3.8/dist-packages/oslo_concurrency/lockutils.py:386}}
Sep 20 14:40:42.673580 n-d-858025-4 devstack@n-api.service[131055]: DEBUG oslo_concurrency.lockutils [None req-af878354-408e-4194-a00f-db25d002a67d tempest-HypervisorAdminTestJSON-1742486191 tempest-HypervisorAdminTestJSON-1742486191-project-admin] Lock "b454704c-5d91-4038-8894-a62dee1ad379" "released" by "nova.context.set_target_cell..get_or_set_cached_cell_and_set_connections" :: held 0.001s {{(pid=131055) inner /usr/local/lib/python3.8/dist-packages/oslo_concurrency/lockutils.py:400}}
Sep 20 14:40:42.721491 n-d-858025-4 devstack@n-api.service[131055]: DEBUG oslo_concurrency.lockutils [None req-af878354-408e-4194-a00f-db25d002a67d tempest-HypervisorAdminTestJSON-1742486191 tempest-HypervisorAdminTestJSON-1742486191-project-admin] Lock "b454704c-5d91-4038-8894-a62dee1ad379" acquired by "nova.context.set_target_cell..get_or_set_cached_cell_and_set_connections" :: waited 0.000s {{(pid=131055) inner /usr/local/lib/python3.8/dist-packages/oslo_concurrency/lockutils.py:386}}
Sep 20 14:40:42.722686 n-d-858025-4 devstack@n-api.service[131055]: DEBUG oslo_concurrency.lockutils [None req-af878354-408e-4194-a00f-db25d002a67d tempest-HypervisorAdminTestJSON-1742486191 tempest-HypervisorAdminTestJSON-1742486191-project-admin] Lock "b454704c-5d91-4038-8894-a62dee1ad379" "released" by "nova.context.set_target_cell..get_or_set_cached_cell_and_set_connections" :: held 0.001s {{(pid=131055) inner /usr/local/lib/python3.8/dist-packages/oslo_concurrency/lockutils.py:400}}
Sep 20 14:40:42.754835 n-d-858025-4 devstack@n-api.service[131055]: DEBUG oslo_concurrency.lockutils [None req-af878354-408e-4194-a00f-db25d002a67d tempest-HypervisorAdminTestJSON-1742486191 tempest-HypervisorAdminTestJSON-1742486191-project-admin] Lock "b454704c-5d91-4038-8894-a62dee1ad379" acquired by "nova.context.set_target_cell..get_or_set_cached_cell_and_set_connections" :: waited 0.000s {{(pid=131055) inner /usr/local/lib/python3.8/dist-packages/oslo_concurrency/lockutils.py:386}}
Sep 20 14:40:42.755664 n-d-858025-4 devstack@n-api.service[131055]: DEBUG oslo_concurrency.lockutils [None req-af878354-408e-4194-a00f-db25d002a67d tempest-HypervisorAdminTestJSON-1742486191 tempest-HypervisorAdminTestJSON-1742486191-project-admin] Lock "b454704c-5d91-4038-8894-a62dee1ad379" "released" by "nova.context.set_target_cell..get_or_set_cached_cell_and_set_connections" :: held 0.001s {{(pid=131055) inner /usr/local/lib/python3.8/dist-packages/oslo_concurrency/lockutils.py:400}}
Sep 20 14:40:42.765779 n-d-858025-4 devstack@n-api.service[131055]: INFO nova.api.openstack.requestlog [None req-af878354-408e-4194-a00f-db25d002a67d tempest-HypervisorAdminTestJSON-1742486191 tempest-HypervisorAdminTestJSON-1742486191-project-admin] 10.222.0.55 "GET /compute/v2.1/os-hypervisors" status: 200 len: 191 microversion: 2.1 time: 0.112500
Sep 20 14:40:42.771782 n-d-858025-4 devstack@n-api.service[131055]: [pid: 131055|app: 0|req: 64/139] 10.222.0.55 () {58 vars in 1146 bytes} [Tue Sep 20 14:40:42 2022] GET /compute/v2.1/os-hypervisors => generated 191 bytes in 119 msecs (HTTP/1.1 200) 9 headers in 357 bytes (2 switches on core 0)
Sep 20 14:40:42.785346 n-d-858025-4 devstack@n-api.service[131055]: DEBUG nova.api.openstack.wsgi [None req-3d220e0b-5099-4bd2-bf68-e041adeabfe1 tempest-AggregatesAdminTestJSON-647995084 tempest-AggregatesAdminTestJSON-647995084-project] Calling method '>' {{(pid=131055) _process_stack /opt/stack/nova/nova/api/openstack/wsgi.py:513}}
Sep 20 14:40:42.787326 n-d-858025-4 devstack@n-api.service[131055]: DEBUG nova.compute.api [None req-3d220e0b-5099-4bd2-bf68-e041adeabfe1 tempest-AggregatesAdminTestJSON-647995084 tempest-AggregatesAdminTestJSON-647995084-project] [instance: a7eceb17-86bb-4886-a474-24a5f856fc7a] Fetching instance by UUID {{(pid=131055) get /opt/stack/nova/nova/compute/api.py:2918}}
Sep 20 14:40:42.812311 n-d-858025-4 devstack@n-api.service[131055]: DEBUG oslo_concurrency.lockutils [None req-3d220e0b-5099-4bd2-bf68-e041adeabfe1 tempest-AggregatesAdminTestJSON-647995084 tempest-AggregatesAdminTestJSON-647995084-project] Lock "b454704c-5d91-4038-8894-a62dee1ad379" acquired by "nova.context.set_target_cell..get_or_set_cached_cell_and_set_connections" :: waited 0.004s {{(pid=131055) inner /usr/local/lib/python3.8/dist-packages/oslo_concurrency/lockutils.py:386}}
