Sep 14 15:14:03.772886 n-d-857467-3 devstack@g-api.service[116735]: DEBUG swiftclient [None req-e3edf94e-6661-4240-9fb5-42d931780315 tempest-ImagesTestJSON-1411397837 tempest-ImagesTestJSON-1411397837-project] REQ: curl -i http://10.222.0.50:8080/v1/AUTH_3e2b380061d94ec39b5238d2bb617059/glance/4f8e68e4-abfb-4569-aae6-641bf5840a4d-00002 DELETE -H "X-Auth-Token: gAAAAABjIe-6nDfQ..." {{(pid=116735) http_log /usr/local/lib/python3.8/dist-packages/swiftclient/client.py:157}}
Sep 14 15:14:03.772886 n-d-857467-3 devstack@g-api.service[116735]: DEBUG swiftclient [None req-e3edf94e-6661-4240-9fb5-42d931780315 tempest-ImagesTestJSON-1411397837 tempest-ImagesTestJSON-1411397837-project] RESP STATUS: 204 No Content {{(pid=116735) http_log /usr/local/lib/python3.8/dist-packages/swiftclient/client.py:158}}
Sep 14 15:14:03.772886 n-d-857467-3 devstack@g-api.service[116735]: DEBUG swiftclient [None req-e3edf94e-6661-4240-9fb5-42d931780315 tempest-ImagesTestJSON-1411397837 tempest-ImagesTestJSON-1411397837-project] RESP HEADERS: {'Content-Type': 'text/html; charset=UTF-8', 'Content-Length': '0', 'X-Trans-Id': 'tx2b255d637bf94ee0b7158-006321efbb', 'X-Openstack-Request-Id': 'tx2b255d637bf94ee0b7158-006321efbb', 'Date': 'Wed, 14 Sep 2022 15:14:03 GMT'} {{(pid=116735) http_log /usr/local/lib/python3.8/dist-packages/swiftclient/client.py:159}}
Sep 14 15:14:03.876859 n-d-857467-3 devstack@g-api.service[116735]: DEBUG swiftclient [None req-e3edf94e-6661-4240-9fb5-42d931780315 tempest-ImagesTestJSON-1411397837 tempest-ImagesTestJSON-1411397837-project] REQ: curl -i http://10.222.0.50:8080/v1/AUTH_3e2b380061d94ec39b5238d2bb617059/glance/4f8e68e4-abfb-4569-aae6-641bf5840a4d-00003 DELETE -H "X-Auth-Token: gAAAAABjIe-6nDfQ..." {{(pid=116735) http_log /usr/local/lib/python3.8/dist-packages/swiftclient/client.py:157}}
Sep 14 15:14:03.877300 n-d-857467-3 devstack@g-api.service[116735]: DEBUG swiftclient [None req-e3edf94e-6661-4240-9fb5-42d931780315 tempest-ImagesTestJSON-1411397837 tempest-ImagesTestJSON-1411397837-project] RESP STATUS: 204 No Content {{(pid=116735) http_log /usr/local/lib/python3.8/dist-packages/swiftclient/client.py:158}}
Sep 14 15:14:03.877665 n-d-857467-3 devstack@g-api.service[116735]: DEBUG swiftclient [None req-e3edf94e-6661-4240-9fb5-42d931780315 tempest-ImagesTestJSON-1411397837 tempest-ImagesTestJSON-1411397837-project] RESP HEADERS: {'Content-Type': 'text/html; charset=UTF-8', 'Content-Length': '0', 'X-Trans-Id': 'tx33a94e1504814db28398b-006321efbb', 'X-Openstack-Request-Id': 'tx33a94e1504814db28398b-006321efbb', 'Date': 'Wed, 14 Sep 2022 15:14:03 GMT'} {{(pid=116735) http_log /usr/local/lib/python3.8/dist-packages/swiftclient/client.py:159}}
Sep 14 15:14:03.920428 n-d-857467-3 devstack@g-api.service[116734]: DEBUG glance.api.middleware.version_negotiation [None req-7ba4d2c7-cb9f-4be2-980e-86846f5cae32 tempest-ImagesTestJSON-1411397837 tempest-ImagesTestJSON-1411397837-project] Determining version of request: GET /v2/images/0f5c4379-b169-4acc-94e3-5b0b3180e48d Accept: */* {{(pid=116734) process_request /opt/stack/glance/glance/api/middleware/version_negotiation.py:44}}
Sep 14 15:14:03.920949 n-d-857467-3 devstack@g-api.service[116734]: DEBUG glance.api.middleware.version_negotiation [None req-7ba4d2c7-cb9f-4be2-980e-86846f5cae32 tempest-ImagesTestJSON-1411397837 tempest-ImagesTestJSON-1411397837-project] Using url versioning {{(pid=116734) process_request /opt/stack/glance/glance/api/middleware/version_negotiation.py:57}}
Sep 14 15:14:03.923691 n-d-857467-3 devstack@g-api.service[116734]: DEBUG glance.api.middleware.version_negotiation [None req-7ba4d2c7-cb9f-4be2-980e-86846f5cae32 tempest-ImagesTestJSON-1411397837 tempest-ImagesTestJSON-1411397837-project] Matched version: v2 {{(pid=116734) process_request /opt/stack/glance/glance/api/middleware/version_negotiation.py:69}}
Sep 14 15:14:03.923691 n-d-857467-3 devstack@g-api.service[116734]: DEBUG glance.api.middleware.version_negotiation [None req-7ba4d2c7-cb9f-4be2-980e-86846f5cae32 tempest-ImagesTestJSON-1411397837 tempest-ImagesTestJSON-1411397837-project] new path /v2/images/0f5c4379-b169-4acc-94e3-5b0b3180e48d {{(pid=116734) process_request /opt/stack/glance/glance/api/middleware/version_negotiation.py:70}}
Sep 14 15:14:03.937492 n-d-857467-3 devstack@g-api.service[116734]: [pid: 116734|app: 0|req: 60/129] 127.0.0.1 () {42 vars in 1051 bytes} [Wed Sep 14 15:14:03 2022] GET /v2/images/0f5c4379-b169-4acc-94e3-5b0b3180e48d => generated 859 bytes in 17 msecs (HTTP/1.1 200) 4 headers in 157 bytes (1 switches on core 0)
Sep 14 15:14:03.942617 n-d-857467-3 devstack@g-api.service[116734]: DEBUG glance.api.middleware.version_negotiation [None req-e9b00985-7e8e-4c9b-83d4-3f95678d50f1 tempest-AttachSCSIVolumeTestJSON-720526869 tempest-AttachSCSIVolumeTestJSON-720526869-project] Determining version of request: GET /v2/schemas/image Accept: */* {{(pid=116734) process_request /opt/stack/glance/glance/api/middleware/version_negotiation.py:44}}
Sep 14 15:14:03.942965 n-d-857467-3 devstack@g-api.service[116734]: DEBUG glance.api.middleware.version_negotiation [None req-e9b00985-7e8e-4c9b-83d4-3f95678d50f1 tempest-AttachSCSIVolumeTestJSON-720526869 tempest-AttachSCSIVolumeTestJSON-720526869-project] Using url versioning {{(pid=116734) process_request /opt/stack/glance/glance/api/middleware/version_negotiation.py:57}}
Sep 14 15:14:03.943311 n-d-857467-3 devstack@g-api.service[116734]: DEBUG glance.api.middleware.version_negotiation [None req-e9b00985-7e8e-4c9b-83d4-3f95678d50f1 tempest-AttachSCSIVolumeTestJSON-720526869 tempest-AttachSCSIVolumeTestJSON-720526869-project] Matched version: v2 {{(pid=116734) process_request /opt/stack/glance/glance/api/middleware/version_negotiation.py:69}}
Sep 14 15:14:03.943799 n-d-857467-3 devstack@g-api.service[116734]: DEBUG glance.api.middleware.version_negotiation [None req-e9b00985-7e8e-4c9b-83d4-3f95678d50f1 tempest-AttachSCSIVolumeTestJSON-720526869 tempest-AttachSCSIVolumeTestJSON-720526869-project] new path /v2/schemas/image {{(pid=116734) process_request /opt/stack/glance/glance/api/middleware/version_negotiation.py:70}}
Sep 14 15:14:03.956756 n-d-857467-3 devstack@g-api.service[116735]: DEBUG swiftclient [None req-e3edf94e-6661-4240-9fb5-42d931780315 tempest-ImagesTestJSON-1411397837 tempest-ImagesTestJSON-1411397837-project] REQ: curl -i http://10.222.0.50:8080/v1/AUTH_3e2b380061d94ec39b5238d2bb617059/glance/4f8e68e4-abfb-4569-aae6-641bf5840a4d-00004 DELETE -H "X-Auth-Token: gAAAAABjIe-6nDfQ..." {{(pid=116735) http_log /usr/local/lib/python3.8/dist-packages/swiftclient/client.py:157}}
Sep 14 15:14:03.956756 n-d-857467-3 devstack@g-api.service[116735]: DEBUG swiftclient [None req-e3edf94e-6661-4240-9fb5-42d931780315 tempest-ImagesTestJSON-1411397837 tempest-ImagesTestJSON-1411397837-project] RESP STATUS: 204 No Content {{(pid=116735) http_log /usr/local/lib/python3.8/dist-packages/swiftclient/client.py:158}}
Sep 14 15:14:03.956756 n-d-857467-3 devstack@g-api.service[116735]: DEBUG swiftclient [None req-e3edf94e-6661-4240-9fb5-42d931780315 tempest-ImagesTestJSON-1411397837 tempest-ImagesTestJSON-1411397837-project] RESP HEADERS: {'Content-Type': 'text/html; charset=UTF-8', 'Content-Length': '0', 'X-Trans-Id': 'tx14edaf4d3a874c2cacad7-006321efbb', 'X-Openstack-Request-Id': 'tx14edaf4d3a874c2cacad7-006321efbb', 'Date': 'Wed, 14 Sep 2022 15:14:03 GMT'} {{(pid=116735) http_log /usr/local/lib/python3.8/dist-packages/swiftclient/client.py:159}}
Sep 14 15:14:03.957396 n-d-857467-3 devstack@g-api.service[116734]: [pid: 116734|app: 0|req: 61/130] 127.0.0.1 () {42 vars in 991 bytes} [Wed Sep 14 15:14:03 2022] GET /v2/schemas/image => generated 6083 bytes in 15 msecs (HTTP/1.1 200) 4 headers in 158 bytes (1 switches on core 0)
Sep 14 15:14:04.068679 n-d-857467-3 devstack@g-api.service[116735]: DEBUG swiftclient [None req-e3edf94e-6661-4240-9fb5-42d931780315 tempest-ImagesTestJSON-1411397837 tempest-ImagesTestJSON-1411397837-project] REQ: curl -i http://10.222.0.50:8080/v1/AUTH_3e2b380061d94ec39b5238d2bb617059/glance/4f8e68e4-abfb-4569-aae6-641bf5840a4d DELETE -H "X-Auth-Token: gAAAAABjIe-6nDfQ..." {{(pid=116735) http_log /usr/local/lib/python3.8/dist-packages/swiftclient/client.py:157}}
Sep 14 15:14:04.068941 n-d-857467-3 devstack@g-api.service[116735]: DEBUG swiftclient [None req-e3edf94e-6661-4240-9fb5-42d931780315 tempest-ImagesTestJSON-1411397837 tempest-ImagesTestJSON-1411397837-project] RESP STATUS: 204 No Content {{(pid=116735) http_log /usr/local/lib/python3.8/dist-packages/swiftclient/client.py:158}}
Sep 14 15:14:04.069855 n-d-857467-3 devstack@g-api.service[116735]: DEBUG swiftclient [None req-e3edf94e-6661-4240-9fb5-42d931780315 tempest-ImagesTestJSON-1411397837 tempest-ImagesTestJSON-1411397837-project] RESP HEADERS: {'Content-Type': 'text/html; charset=UTF-8', 'Content-Length': '0', 'X-Trans-Id': 'tx3a0c9a4e88fe47369f8b3-006321efbb', 'X-Openstack-Request-Id': 'tx3a0c9a4e88fe47369f8b3-006321efbb', 'Date': 'Wed, 14 Sep 2022 15:14:04 GMT'} {{(pid=116735) http_log /usr/local/lib/python3.8/dist-packages/swiftclient/client.py:159}}
Sep 14 15:14:04.481244 n-d-857467-3 devstack@g-api.service[116735]: [pid: 116735|app: 0|req: 70/131] 127.0.0.1 () {44 vars in 1073 bytes} [Wed Sep 14 15:14:02 2022] DELETE /v2/images/4f8e68e4-abfb-4569-aae6-641bf5840a4d => generated 0 bytes in 1565 msecs (HTTP/1.1 204) 4 headers in 171 bytes (1 switches on core 0)
Sep 14 15:14:05.193628 n-d-857467-3 devstack@g-api.service[116734]: DEBUG glance.api.middleware.version_negotiation [None req-e9b00985-7e8e-4c9b-83d4-3f95678d50f1 tempest-AttachSCSIVolumeTestJSON-720526869 tempest-AttachSCSIVolumeTestJSON-720526869-project] Determining version of request: GET /v2/images/9fa8a518-3a74-449d-9093-cc9811e9ca95 Accept: */* {{(pid=116734) process_request /opt/stack/glance/glance/api/middleware/version_negotiation.py:44}}
Sep 14 15:14:05.194233 n-d-857467-3 devstack@g-api.service[116734]: DEBUG glance.api.middleware.version_negotiation [None req-e9b00985-7e8e-4c9b-83d4-3f95678d50f1 tempest-AttachSCSIVolumeTestJSON-720526869 tempest-AttachSCSIVolumeTestJSON-720526869-project] Using url versioning {{(pid=116734) process_request /opt/stack/glance/glance/api/middleware/version_negotiation.py:57}}
Sep 14 15:14:05.194564 n-d-857467-3 devstack@g-api.service[116734]: DEBUG glance.api.middleware.version_negotiation [None req-e9b00985-7e8e-4c9b-83d4-3f95678d50f1 tempest-AttachSCSIVolumeTestJSON-720526869 tempest-AttachSCSIVolumeTestJSON-720526869-project] Matched version: v2 {{(pid=116734) process_request /opt/stack/glance/glance/api/middleware/version_negotiation.py:69}}
Sep 14 15:14:05.195241 n-d-857467-3 devstack@g-api.service[116734]: DEBUG glance.api.middleware.version_negotiation [None req-e9b00985-7e8e-4c9b-83d4-3f95678d50f1 tempest-AttachSCSIVolumeTestJSON-720526869 tempest-AttachSCSIVolumeTestJSON-720526869-project] new path /v2/images/9fa8a518-3a74-449d-9093-cc9811e9ca95 {{(pid=116734) process_request /opt/stack/glance/glance/api/middleware/version_negotiation.py:70}}
Sep 14 15:14:05.215155 n-d-857467-3 devstack@g-api.service[116734]: [pid: 116734|app: 0|req: 62/132] 127.0.0.1 () {42 vars in 1051 bytes} [Wed Sep 14 15:14:05 2022] GET /v2/images/9fa8a518-3a74-449d-9093-cc9811e9ca95 => generated 946 bytes in 22 msecs (HTTP/1.1 200) 4 headers in 157 bytes (1 switches on core 0)
Sep 14 15:14:05.221401 n-d-857467-3 devstack@g-api.service[116735]: DEBUG glance.api.middleware.version_negotiation [None req-e3edf94e-6661-4240-9fb5-42d931780315 tempest-ImagesTestJSON-1411397837 tempest-ImagesTestJSON-1411397837-project] Determining version of request: GET /v2/schemas/image Accept: */* {{(pid=116735) process_request /opt/stack/glance/glance/api/middleware/version_negotiation.py:44}}
Sep 14 15:14:05.221911 n-d-857467-3 devstack@g-api.service[116735]: DEBUG glance.api.middleware.version_negotiation [None req-e3edf94e-6661-4240-9fb5-42d931780315 tempest-ImagesTestJSON-1411397837 tempest-ImagesTestJSON-1411397837-project] Using url versioning {{(pid=116735) process_request /opt/stack/glance/glance/api/middleware/version_negotiation.py:57}}
Sep 14 15:14:05.222117 n-d-857467-3 devstack@g-api.service[116735]: DEBUG glance.api.middleware.version_negotiation [None req-e3edf94e-6661-4240-9fb5-42d931780315 tempest-ImagesTestJSON-1411397837 tempest-ImagesTestJSON-1411397837-project] Matched version: v2 {{(pid=116735) process_request /opt/stack/glance/glance/api/middleware/version_negotiation.py:69}}
Sep 14 15:14:05.222576 n-d-857467-3 devstack@g-api.service[116735]: DEBUG glance.api.middleware.version_negotiation [None req-e3edf94e-6661-4240-9fb5-42d931780315 tempest-ImagesTestJSON-1411397837 tempest-ImagesTestJSON-1411397837-project] new path /v2/schemas/image {{(pid=116735) process_request /opt/stack/glance/glance/api/middleware/version_negotiation.py:70}}
Sep 14 15:14:05.233044 n-d-857467-3 devstack@g-api.service[116735]: [pid: 116735|app: 0|req: 71/133] 127.0.0.1 () {42 vars in 991 bytes} [Wed Sep 14 15:14:05 2022] GET /v2/schemas/image => generated 6083 bytes in 12 msecs (HTTP/1.1 200) 4 headers in 158 bytes (1 switches on core 0)
Sep 14 15:14:08.959359 n-d-857467-3 devstack@g-api.service[116734]: DEBUG glance.api.middleware.version_negotiation [None req-bff9ee40-9440-4700-b7c7-f7d360898938 tempest-ImagesTestJSON-1411397837 tempest-ImagesTestJSON-1411397837-project] Determining version of request: GET /v2/images/0f5c4379-b169-4acc-94e3-5b0b3180e48d Accept: */* {{(pid=116734) process_request /opt/stack/glance/glance/api/middleware/version_negotiation.py:44}}
Sep 14 15:14:08.960469 n-d-857467-3 devstack@g-api.service[116734]: DEBUG glance.api.middleware.version_negotiation [None req-bff9ee40-9440-4700-b7c7-f7d360898938 tempest-ImagesTestJSON-1411397837 tempest-ImagesTestJSON-1411397837-project] Using url versioning {{(pid=116734) process_request /opt/stack/glance/glance/api/middleware/version_negotiation.py:57}}
Sep 14 15:14:08.960808 n-d-857467-3 devstack@g-api.service[116734]: DEBUG glance.api.middleware.version_negotiation [None req-bff9ee40-9440-4700-b7c7-f7d360898938 tempest-ImagesTestJSON-1411397837 tempest-ImagesTestJSON-1411397837-project] Matched version: v2 {{(pid=116734) process_request /opt/stack/glance/glance/api/middleware/version_negotiation.py:69}}
Sep 14 15:14:08.961387 n-d-857467-3 devstack@g-api.service[116734]: DEBUG glance.api.middleware.version_negotiation [None req-bff9ee40-9440-4700-b7c7-f7d360898938 tempest-ImagesTestJSON-1411397837 tempest-ImagesTestJSON-1411397837-project] new path /v2/images/0f5c4379-b169-4acc-94e3-5b0b3180e48d {{(pid=116734) process_request /opt/stack/glance/glance/api/middleware/version_negotiation.py:70}}
Sep 14 15:14:08.994742 n-d-857467-3 devstack@g-api.service[116734]: [pid: 116734|app: 0|req: 63/134] 127.0.0.1 () {40 vars in 844 bytes} [Wed Sep 14 15:14:08 2022] GET /v2/images/0f5c4379-b169-4acc-94e3-5b0b3180e48d => generated 859 bytes in 36 msecs (HTTP/1.1 200) 4 headers in 157 bytes (1 switches on core 0)
Sep 14 15:14:09.014015 n-d-857467-3 devstack@g-api.service[116735]: DEBUG glance.api.middleware.version_negotiation [None req-bff9ee40-9440-4700-b7c7-f7d360898938 tempest-ImagesTestJSON-1411397837 tempest-ImagesTestJSON-1411397837-project] Determining version of request: GET /v2/images/0f5c4379-b169-4acc-94e3-5b0b3180e48d/file Accept: */* {{(pid=116735) process_request /opt/stack/glance/glance/api/middleware/version_negotiation.py:44}}
Sep 14 15:14:09.014528 n-d-857467-3 devstack@g-api.service[116735]: DEBUG glance.api.middleware.version_negotiation [None req-bff9ee40-9440-4700-b7c7-f7d360898938 tempest-ImagesTestJSON-1411397837 tempest-ImagesTestJSON-1411397837-project] Using url versioning {{(pid=116735) process_request /opt/stack/glance/glance/api/middleware/version_negotiation.py:57}}
Sep 14 15:14:09.015039 n-d-857467-3 devstack@g-api.service[116735]: DEBUG glance.api.middleware.version_negotiation [None req-bff9ee40-9440-4700-b7c7-f7d360898938 tempest-ImagesTestJSON-1411397837 tempest-ImagesTestJSON-1411397837-project] Matched version: v2 {{(pid=116735) process_request /opt/stack/glance/glance/api/middleware/version_negotiation.py:69}}
Sep 14 15:14:09.015397 n-d-857467-3 devstack@g-api.service[116735]: DEBUG glance.api.middleware.version_negotiation [None req-bff9ee40-9440-4700-b7c7-f7d360898938 tempest-ImagesTestJSON-1411397837 tempest-ImagesTestJSON-1411397837-project] new path /v2/images/0f5c4379-b169-4acc-94e3-5b0b3180e48d/file {{(pid=116735) process_request /opt/stack/glance/glance/api/middleware/version_negotiation.py:70}}
Sep 14 15:14:09.044648 n-d-857467-3 devstack@g-api.service[116735]: DEBUG glance_store.backend [None req-e9b00985-7e8e-4c9b-83d4-3f95678d50f1 tempest-AttachSCSIVolumeTestJSON-720526869 tempest-AttachSCSIVolumeTestJSON-720526869-project] Attempting to import store swift {{(pid=116735) _load_store /usr/local/lib/python3.8/dist-packages/glance_store/backend.py:216}}
Sep 14 15:14:09.049545 n-d-857467-3 devstack@g-api.service[116735]: DEBUG glance_store.capabilities [None req-e9b00985-7e8e-4c9b-83d4-3f95678d50f1 tempest-AttachSCSIVolumeTestJSON-720526869 tempest-AttachSCSIVolumeTestJSON-720526869-project] Store glance_store._drivers.swift.store.SingleTenantStore doesn't support updating dynamic storage capabilities. Please overwrite 'update_capabilities' method of the store to implement updating logics if needed. {{(pid=116735) update_capabilities /usr/local/lib/python3.8/dist-packages/glance_store/capabilities.py:91}}
Sep 14 15:14:09.049909 n-d-857467-3 devstack@g-api.service[116735]: DEBUG glance_store.driver [None req-e9b00985-7e8e-4c9b-83d4-3f95678d50f1 tempest-AttachSCSIVolumeTestJSON-720526869 tempest-AttachSCSIVolumeTestJSON-720526869-project] Late loading location class glance_store._drivers.swift.store.StoreLocation {{(pid=116735) get_store_location_class /usr/local/lib/python3.8/dist-packages/glance_store/driver.py:116}}
Sep 14 15:14:09.050257 n-d-857467-3 devstack@g-api.service[116735]: DEBUG glance_store.location [None req-e9b00985-7e8e-4c9b-83d4-3f95678d50f1 tempest-AttachSCSIVolumeTestJSON-720526869 tempest-AttachSCSIVolumeTestJSON-720526869-project] Registering scheme swift+https with {'store': , 'location_class': , 'store_entry': 'swift'} {{(pid=116735) register_scheme_map /usr/local/lib/python3.8/dist-packages/glance_store/location.py:146}}
Sep 14 15:14:09.050585 n-d-857467-3 devstack@g-api.service[116735]: DEBUG glance_store.location [None req-e9b00985-7e8e-4c9b-83d4-3f95678d50f1 tempest-AttachSCSIVolumeTestJSON-720526869 tempest-AttachSCSIVolumeTestJSON-720526869-project] Registering scheme swift+https with {'store': , 'location_class': , 'store_entry': 'swift'} {{(pid=116735) register_scheme_map /usr/local/lib/python3.8/dist-packages/glance_store/location.py:146}}
Sep 14 15:14:09.050852 n-d-857467-3 devstack@g-api.service[116735]: DEBUG glance_store.location [None req-e9b00985-7e8e-4c9b-83d4-3f95678d50f1 tempest-AttachSCSIVolumeTestJSON-720526869 tempest-AttachSCSIVolumeTestJSON-720526869-project] Registering scheme swift with {'store': , 'location_class': , 'store_entry': 'swift'} {{(pid=116735) register_scheme_map /usr/local/lib/python3.8/dist-packages/glance_store/location.py:146}}
Sep 14 15:14:09.051166 n-d-857467-3 devstack@g-api.service[116735]: DEBUG glance_store.location [None req-e9b00985-7e8e-4c9b-83d4-3f95678d50f1 tempest-AttachSCSIVolumeTestJSON-720526869 tempest-AttachSCSIVolumeTestJSON-720526869-project] Registering scheme swift+https with {'store': , 'location_class': , 'store_entry': 'swift'} {{(pid=116735) register_scheme_map /usr/local/lib/python3.8/dist-packages/glance_store/location.py:146}}
Sep 14 15:14:09.051661 n-d-857467-3 devstack@g-api.service[116735]: DEBUG glance_store.location [None req-e9b00985-7e8e-4c9b-83d4-3f95678d50f1 tempest-AttachSCSIVolumeTestJSON-720526869 tempest-AttachSCSIVolumeTestJSON-720526869-project] Registering scheme swift with {'store': , 'location_class': , 'store_entry': 'swift'} {{(pid=116735) register_scheme_map /usr/local/lib/python3.8/dist-packages/glance_store/location.py:146}}
Sep 14 15:14:09.051975 n-d-857467-3 devstack@g-api.service[116735]: DEBUG glance_store.location [None req-e9b00985-7e8e-4c9b-83d4-3f95678d50f1 tempest-AttachSCSIVolumeTestJSON-720526869 tempest-AttachSCSIVolumeTestJSON-720526869-project] Registering scheme swift+http with {'store': , 'location_class': , 'store_entry': 'swift'} {{(pid=116735) register_scheme_map /usr/local/lib/python3.8/dist-packages/glance_store/location.py:146}}
Sep 14 15:14:09.052286 n-d-857467-3 devstack@g-api.service[116735]: DEBUG glance_store.location [None req-e9b00985-7e8e-4c9b-83d4-3f95678d50f1 tempest-AttachSCSIVolumeTestJSON-720526869 tempest-AttachSCSIVolumeTestJSON-720526869-project] Registering scheme swift+https with {'store': , 'location_class': , 'store_entry': 'swift'} {{(pid=116735) register_scheme_map /usr/local/lib/python3.8/dist-packages/glance_store/location.py:146}}
Sep 14 15:14:09.052749 n-d-857467-3 devstack@g-api.service[116735]: DEBUG glance_store.location [None req-e9b00985-7e8e-4c9b-83d4-3f95678d50f1 tempest-AttachSCSIVolumeTestJSON-720526869 tempest-AttachSCSIVolumeTestJSON-720526869-project] Registering scheme swift with {'store': , 'location_class': , 'store_entry': 'swift'} {{(pid=116735) register_scheme_map /usr/local/lib/python3.8/dist-packages/glance_store/location.py:146}}
Sep 14 15:14:09.053150 n-d-857467-3 devstack@g-api.service[116735]: DEBUG glance_store.location [None req-e9b00985-7e8e-4c9b-83d4-3f95678d50f1 tempest-AttachSCSIVolumeTestJSON-720526869 tempest-AttachSCSIVolumeTestJSON-720526869-project] Registering scheme swift+http with {'store': , 'location_class': , 'store_entry': 'swift'} {{(pid=116735) register_scheme_map /usr/local/lib/python3.8/dist-packages/glance_store/location.py:146}}
Sep 14 15:14:09.054097 n-d-857467-3 devstack@g-api.service[116735]: DEBUG glance_store.location [None req-e9b00985-7e8e-4c9b-83d4-3f95678d50f1 tempest-AttachSCSIVolumeTestJSON-720526869 tempest-AttachSCSIVolumeTestJSON-720526869-project] Registering scheme swift+config with {'store': , 'location_class': , 'store_entry': 'swift'} {{(pid=116735) register_scheme_map /usr/local/lib/python3.8/dist-packages/glance_store/location.py:146}}
Sep 14 15:14:09.710543 n-d-857467-3 devstack@g-api.service[116734]: DEBUG glance.api.middleware.version_negotiation [None req-e9b00985-7e8e-4c9b-83d4-3f95678d50f1 tempest-AttachSCSIVolumeTestJSON-720526869 tempest-AttachSCSIVolumeTestJSON-720526869-project] Determining version of request: GET /v2/images/9fa8a518-3a74-449d-9093-cc9811e9ca95 Accept: */* {{(pid=116734) process_request /opt/stack/glance/glance/api/middleware/version_negotiation.py:44}}
Sep 14 15:14:09.711311 n-d-857467-3 devstack@g-api.service[116734]: DEBUG glance.api.middleware.version_negotiation [None req-e9b00985-7e8e-4c9b-83d4-3f95678d50f1 tempest-AttachSCSIVolumeTestJSON-720526869 tempest-AttachSCSIVolumeTestJSON-720526869-project] Using url versioning {{(pid=116734) process_request /opt/stack/glance/glance/api/middleware/version_negotiation.py:57}}
Sep 14 15:14:09.711842 n-d-857467-3 devstack@g-api.service[116734]: DEBUG glance.api.middleware.version_negotiation [None req-e9b00985-7e8e-4c9b-83d4-3f95678d50f1 tempest-AttachSCSIVolumeTestJSON-720526869 tempest-AttachSCSIVolumeTestJSON-720526869-project] Matched version: v2 {{(pid=116734) process_request /opt/stack/glance/glance/api/middleware/version_negotiation.py:69}}
Sep 14 15:14:09.712310 n-d-857467-3 devstack@g-api.service[116734]: DEBUG glance.api.middleware.version_negotiation [None req-e9b00985-7e8e-4c9b-83d4-3f95678d50f1 tempest-AttachSCSIVolumeTestJSON-720526869 tempest-AttachSCSIVolumeTestJSON-720526869-project] new path /v2/images/9fa8a518-3a74-449d-9093-cc9811e9ca95 {{(pid=116734) process_request /opt/stack/glance/glance/api/middleware/version_negotiation.py:70}}
Sep 14 15:14:09.760090 n-d-857467-3 devstack@g-api.service[116734]: [pid: 116734|app: 0|req: 64/135] 127.0.0.1 () {42 vars in 1051 bytes} [Wed Sep 14 15:14:09 2022] GET /v2/images/9fa8a518-3a74-449d-9093-cc9811e9ca95 => generated 946 bytes in 50 msecs (HTTP/1.1 200) 4 headers in 157 bytes (1 switches on core 0)
Sep 14 15:14:09.761309 n-d-857467-3 devstack@g-api.service[116734]: DEBUG glance.api.middleware.version_negotiation [None req-057a19e1-157a-4827-8c47-12444cdceb80 tempest-MigrationsAdminTest-201121237 tempest-MigrationsAdminTest-201121237-project] Determining version of request: GET /v2/schemas/image Accept: */* {{(pid=116734) process_request /opt/stack/glance/glance/api/middleware/version_negotiation.py:44}}
Sep 14 15:14:09.764449 n-d-857467-3 devstack@g-api.service[116734]: DEBUG glance.api.middleware.version_negotiation [None req-057a19e1-157a-4827-8c47-12444cdceb80 tempest-MigrationsAdminTest-201121237 tempest-MigrationsAdminTest-201121237-project] Using url versioning {{(pid=116734) process_request /opt/stack/glance/glance/api/middleware/version_negotiation.py:57}}
Sep 14 15:14:09.765034 n-d-857467-3 devstack@g-api.service[116734]: DEBUG glance.api.middleware.version_negotiation [None req-057a19e1-157a-4827-8c47-12444cdceb80 tempest-MigrationsAdminTest-201121237 tempest-MigrationsAdminTest-201121237-project] Matched version: v2 {{(pid=116734) process_request /opt/stack/glance/glance/api/middleware/version_negotiation.py:69}}
Sep 14 15:14:09.765515 n-d-857467-3 devstack@g-api.service[116734]: DEBUG glance.api.middleware.version_negotiation [None req-057a19e1-157a-4827-8c47-12444cdceb80 tempest-MigrationsAdminTest-201121237 tempest-MigrationsAdminTest-201121237-project] new path /v2/schemas/image {{(pid=116734) process_request /opt/stack/glance/glance/api/middleware/version_negotiation.py:70}}
Sep 14 15:14:09.799752 n-d-857467-3 devstack@g-api.service[116734]: [pid: 116734|app: 0|req: 65/136] 127.0.0.1 () {42 vars in 991 bytes} [Wed Sep 14 15:14:09 2022] GET /v2/schemas/image => generated 6083 bytes in 39 msecs (HTTP/1.1 200) 4 headers in 158 bytes (1 switches on core 0)
Sep 14 15:14:10.003114 n-d-857467-3 devstack@g-api.service[116735]: DEBUG swiftclient [None req-e9b00985-7e8e-4c9b-83d4-3f95678d50f1 tempest-AttachSCSIVolumeTestJSON-720526869 tempest-AttachSCSIVolumeTestJSON-720526869-project] REQ: curl -i http://10.222.0.50:8080/v1/AUTH_3e2b380061d94ec39b5238d2bb617059/glance/0f5c4379-b169-4acc-94e3-5b0b3180e48d -X GET -H "X-Auth-Token: gAAAAABjIe_BjMnV..." {{(pid=116735) http_log /usr/local/lib/python3.8/dist-packages/swiftclient/client.py:157}}
Sep 14 15:14:10.003114 n-d-857467-3 devstack@g-api.service[116735]: DEBUG swiftclient [None req-e9b00985-7e8e-4c9b-83d4-3f95678d50f1 tempest-AttachSCSIVolumeTestJSON-720526869 tempest-AttachSCSIVolumeTestJSON-720526869-project] RESP STATUS: 200 OK {{(pid=116735) http_log /usr/local/lib/python3.8/dist-packages/swiftclient/client.py:158}}
Sep 14 15:14:10.003114 n-d-857467-3 devstack@g-api.service[116735]: DEBUG swiftclient [None req-e9b00985-7e8e-4c9b-83d4-3f95678d50f1 tempest-AttachSCSIVolumeTestJSON-720526869 tempest-AttachSCSIVolumeTestJSON-720526869-project] RESP HEADERS: {'Content-Type': 'application/octet-stream', 'X-Object-Manifest': 'glance/0f5c4379-b169-4acc-94e3-5b0b3180e48d-', 'Last-Modified': 'Wed, 14 Sep 2022 15:13:57 GMT', 'X-Timestamp': '1663168436.99454', 'Accept-Ranges': 'bytes', 'Content-Length': '645922816', 'Etag': '"9226ddb8990fb6831800204290dc2fa9"', 'X-Trans-Id': 'tx94aaf43d0431482dbe28d-006321efc1', 'X-Openstack-Request-Id': 'tx94aaf43d0431482dbe28d-006321efc1', 'Date': 'Wed, 14 Sep 2022 15:14:09 GMT'} {{(pid=116735) http_log /usr/local/lib/python3.8/dist-packages/swiftclient/client.py:159}}
Sep 14 15:14:10.041931 n-d-857467-3 devstack@g-api.service[116735]: DEBUG glance.image_cache [None req-e9b00985-7e8e-4c9b-83d4-3f95678d50f1 tempest-AttachSCSIVolumeTestJSON-720526869 tempest-AttachSCSIVolumeTestJSON-720526869-project] Tee'ing image '0f5c4379-b169-4acc-94e3-5b0b3180e48d' into cache {{(pid=116735) get_caching_iter /opt/stack/glance/glance/image_cache/__init__.py:343}}
Sep 14 15:14:14.862697 n-d-857467-3 devstack@g-api.service[116734]: DEBUG glance.api.middleware.version_negotiation [None req-057a19e1-157a-4827-8c47-12444cdceb80 tempest-MigrationsAdminTest-201121237 tempest-MigrationsAdminTest-201121237-project] Determining version of request: GET /v2/images/9fa8a518-3a74-449d-9093-cc9811e9ca95 Accept: */* {{(pid=116734) process_request /opt/stack/glance/glance/api/middleware/version_negotiation.py:44}}
Sep 14 15:14:14.863160 n-d-857467-3 devstack@g-api.service[116734]: DEBUG glance.api.middleware.version_negotiation [None req-057a19e1-157a-4827-8c47-12444cdceb80 tempest-MigrationsAdminTest-201121237 tempest-MigrationsAdminTest-201121237-project] Using url versioning {{(pid=116734) process_request /opt/stack/glance/glance/api/middleware/version_negotiation.py:57}}
Sep 14 15:14:14.863278 n-d-857467-3 devstack@g-api.service[116734]: DEBUG glance.api.middleware.version_negotiation [None req-057a19e1-157a-4827-8c47-12444cdceb80 tempest-MigrationsAdminTest-201121237 tempest-MigrationsAdminTest-201121237-project] Matched version: v2 {{(pid=116734) process_request /opt/stack/glance/glance/api/middleware/version_negotiation.py:69}}
Sep 14 15:14:14.863947 n-d-857467-3 devstack@g-api.service[116734]: DEBUG glance.api.middleware.version_negotiation [None req-057a19e1-157a-4827-8c47-12444cdceb80 tempest-MigrationsAdminTest-201121237 tempest-MigrationsAdminTest-201121237-project] new path /v2/images/9fa8a518-3a74-449d-9093-cc9811e9ca95 {{(pid=116734) process_request /opt/stack/glance/glance/api/middleware/version_negotiation.py:70}}
Sep 14 15:14:14.900718 n-d-857467-3 devstack@g-api.service[116734]: [pid: 116734|app: 0|req: 66/137] 127.0.0.1 () {42 vars in 1051 bytes} [Wed Sep 14 15:14:14 2022] GET /v2/images/9fa8a518-3a74-449d-9093-cc9811e9ca95 => generated 946 bytes in 39 msecs (HTTP/1.1 200) 4 headers in 157 bytes (1 switches on core 0)
Sep 14 15:14:14.918414 n-d-857467-3 devstack@g-api.service[116734]: DEBUG glance.api.middleware.version_negotiation [None req-e8489ab8-69e1-40ac-bf13-c2602617af9a tempest-ServersAdminTestJSON-380898282 tempest-ServersAdminTestJSON-380898282-project] Determining version of request: GET /v2/schemas/image Accept: */* {{(pid=116734) process_request /opt/stack/glance/glance/api/middleware/version_negotiation.py:44}}
Sep 14 15:14:14.919006 n-d-857467-3 devstack@g-api.service[116734]: DEBUG glance.api.middleware.version_negotiation [None req-e8489ab8-69e1-40ac-bf13-c2602617af9a tempest-ServersAdminTestJSON-380898282 tempest-ServersAdminTestJSON-380898282-project] Using url versioning {{(pid=116734) process_request /opt/stack/glance/glance/api/middleware/version_negotiation.py:57}}
Sep 14 15:14:14.919421 n-d-857467-3 devstack@g-api.service[116734]: DEBUG glance.api.middleware.version_negotiation [None req-e8489ab8-69e1-40ac-bf13-c2602617af9a tempest-ServersAdminTestJSON-380898282 tempest-ServersAdminTestJSON-380898282-project] Matched version: v2 {{(pid=116734) process_request /opt/stack/glance/glance/api/middleware/version_negotiation.py:69}}
Sep 14 15:14:14.919988 n-d-857467-3 devstack@g-api.service[116734]: DEBUG glance.api.middleware.version_negotiation [None req-e8489ab8-69e1-40ac-bf13-c2602617af9a tempest-ServersAdminTestJSON-380898282 tempest-ServersAdminTestJSON-380898282-project] new path /v2/schemas/image {{(pid=116734) process_request /opt/stack/glance/glance/api/middleware/version_negotiation.py:70}}
Sep 14 15:14:14.926972 n-d-857467-3 devstack@g-api.service[116734]: [pid: 116734|app: 0|req: 67/138] 127.0.0.1 () {42 vars in 991 bytes} [Wed Sep 14 15:14:14 2022] GET /v2/schemas/image => generated 6083 bytes in 9 msecs (HTTP/1.1 200) 4 headers in 158 bytes (1 switches on core 0)
Sep 14 15:14:20.029076 n-d-857467-3 devstack@g-api.service[116735]: DEBUG dbcounter [-] [116735] Writing DB stats glance:SELECT=54,glance:UPDATE=18,glance:INSERT=1 {{(pid=116735) stat_writer /usr/local/lib/python3.8/dist-packages/dbcounter.py:114}}
Sep 14 15:14:24.498676 n-d-857467-3 devstack@g-api.service[116734]: DEBUG glance.api.middleware.version_negotiation [None req-e8489ab8-69e1-40ac-bf13-c2602617af9a tempest-ServersAdminTestJSON-380898282 tempest-ServersAdminTestJSON-380898282-project] Determining version of request: GET /v2/images/9fa8a518-3a74-449d-9093-cc9811e9ca95 Accept: */* {{(pid=116734) process_request /opt/stack/glance/glance/api/middleware/version_negotiation.py:44}}
Sep 14 15:14:24.498676 n-d-857467-3 devstack@g-api.service[116734]: DEBUG glance.api.middleware.version_negotiation [None req-e8489ab8-69e1-40ac-bf13-c2602617af9a tempest-ServersAdminTestJSON-380898282 tempest-ServersAdminTestJSON-380898282-project] Using url versioning {{(pid=116734) process_request /opt/stack/glance/glance/api/middleware/version_negotiation.py:57}}
Sep 14 15:14:24.498676 n-d-857467-3 devstack@g-api.service[116734]: DEBUG glance.api.middleware.version_negotiation [None req-e8489ab8-69e1-40ac-bf13-c2602617af9a tempest-ServersAdminTestJSON-380898282 tempest-ServersAdminTestJSON-380898282-project] Matched version: v2 {{(pid=116734) process_request /opt/stack/glance/glance/api/middleware/version_negotiation.py:69}}
Sep 14 15:14:24.498676 n-d-857467-3 devstack@g-api.service[116734]: DEBUG glance.api.middleware.version_negotiation [None req-e8489ab8-69e1-40ac-bf13-c2602617af9a tempest-ServersAdminTestJSON-380898282 tempest-ServersAdminTestJSON-380898282-project] new path /v2/images/9fa8a518-3a74-449d-9093-cc9811e9ca95 {{(pid=116734) process_request /opt/stack/glance/glance/api/middleware/version_negotiation.py:70}}
Sep 14 15:14:24.505397 n-d-857467-3 devstack@g-api.service[116734]: DEBUG dbcounter [-] [116734] Writing DB stats glance:SELECT=54,glance:UPDATE=1,glance:INSERT=1 {{(pid=116734) stat_writer /usr/local/lib/python3.8/dist-packages/dbcounter.py:114}}
Sep 14 15:14:24.533046 n-d-857467-3 devstack@g-api.service[116734]: [pid: 116734|app: 0|req: 68/139] 127.0.0.1 () {42 vars in 1051 bytes} [Wed Sep 14 15:14:24 2022] GET /v2/images/9fa8a518-3a74-449d-9093-cc9811e9ca95 => generated 946 bytes in 29 msecs (HTTP/1.1 200) 4 headers in 157 bytes (1 switches on core 0)
Sep 14 15:14:24.534315 n-d-857467-3 devstack@g-api.service[116734]: DEBUG glance.api.middleware.version_negotiation [None req-23b96c79-59b4-464d-a742-3ebdaa8149d2 tempest-ServersTestManualDisk-433047867 tempest-ServersTestManualDisk-433047867-project] Determining version of request: GET /v2/schemas/image Accept: */* {{(pid=116734) process_request /opt/stack/glance/glance/api/middleware/version_negotiation.py:44}}
Sep 14 15:14:24.534710 n-d-857467-3 devstack@g-api.service[116734]: DEBUG glance.api.middleware.version_negotiation [None req-23b96c79-59b4-464d-a742-3ebdaa8149d2 tempest-ServersTestManualDisk-433047867 tempest-ServersTestManualDisk-433047867-project] Using url versioning {{(pid=116734) process_request /opt/stack/glance/glance/api/middleware/version_negotiation.py:57}}
Sep 14 15:14:24.535038 n-d-857467-3 devstack@g-api.service[116734]: DEBUG glance.api.middleware.version_negotiation [None req-23b96c79-59b4-464d-a742-3ebdaa8149d2 tempest-ServersTestManualDisk-433047867 tempest-ServersTestManualDisk-433047867-project] Matched version: v2 {{(pid=116734) process_request /opt/stack/glance/glance/api/middleware/version_negotiation.py:69}}
Sep 14 15:14:24.535319 n-d-857467-3 devstack@g-api.service[116734]: DEBUG glance.api.middleware.version_negotiation [None req-23b96c79-59b4-464d-a742-3ebdaa8149d2 tempest-ServersTestManualDisk-433047867 tempest-ServersTestManualDisk-433047867-project] new path /v2/schemas/image {{(pid=116734) process_request /opt/stack/glance/glance/api/middleware/version_negotiation.py:70}}
Sep 14 15:14:24.541020 n-d-857467-3 devstack@g-api.service[116734]: [pid: 116734|app: 0|req: 69/140] 127.0.0.1 () {42 vars in 991 bytes} [Wed Sep 14 15:14:24 2022] GET /v2/schemas/image => generated 6083 bytes in 7 msecs (HTTP/1.1 200) 4 headers in 158 bytes (1 switches on core 0)
Sep 14 15:14:24.878526 n-d-857467-3 devstack@g-api.service[116735]: DEBUG glance.image_cache.drivers.sqlite [None req-e9b00985-7e8e-4c9b-83d4-3f95678d50f1 tempest-AttachSCSIVolumeTestJSON-720526869 tempest-AttachSCSIVolumeTestJSON-720526869-project] Fetch finished, moving '/opt/stack/data/glance/cache/incomplete/0f5c4379-b169-4acc-94e3-5b0b3180e48d' to '/opt/stack/data/glance/cache/0f5c4379-b169-4acc-94e3-5b0b3180e48d' {{(pid=116735) commit /opt/stack/glance/glance/image_cache/drivers/sqlite.py:324}}
Sep 14 15:14:24.963820 n-d-857467-3 devstack@g-api.service[116735]: [pid: 116735|app: 0|req: 72/141] 127.0.0.1 () {40 vars in 854 bytes} [Wed Sep 14 15:14:09 2022] GET /v2/images/0f5c4379-b169-4acc-94e3-5b0b3180e48d/file => generated 645922816 bytes in 15950 msecs (HTTP/1.1 200) 4 headers in 191 bytes (9860 switches on core 0)
Sep 14 15:14:36.569829 n-d-857467-3 devstack@g-api.service[116734]: DEBUG dbcounter [-] [116734] Writing DB stats glance:SELECT=3 {{(pid=116734) stat_writer /usr/local/lib/python3.8/dist-packages/dbcounter.py:114}}
Sep 14 15:14:46.652775 n-d-857467-3 devstack@g-api.service[116734]: DEBUG glance.api.middleware.version_negotiation [None req-23b96c79-59b4-464d-a742-3ebdaa8149d2 tempest-ServersTestManualDisk-433047867 tempest-ServersTestManualDisk-433047867-project] Determining version of request: GET /v2/images/9fa8a518-3a74-449d-9093-cc9811e9ca95 Accept: */* {{(pid=116734) process_request /opt/stack/glance/glance/api/middleware/version_negotiation.py:44}}
Sep 14 15:14:46.653405 n-d-857467-3 devstack@g-api.service[116734]: DEBUG glance.api.middleware.version_negotiation [None req-23b96c79-59b4-464d-a742-3ebdaa8149d2 tempest-ServersTestManualDisk-433047867 tempest-ServersTestManualDisk-433047867-project] Using url versioning {{(pid=116734) process_request /opt/stack/glance/glance/api/middleware/version_negotiation.py:57}}
Sep 14 15:14:46.653405 n-d-857467-3 devstack@g-api.service[116734]: DEBUG glance.api.middleware.version_negotiation [None req-23b96c79-59b4-464d-a742-3ebdaa8149d2 tempest-ServersTestManualDisk-433047867 tempest-ServersTestManualDisk-433047867-project] Matched version: v2 {{(pid=116734) process_request /opt/stack/glance/glance/api/middleware/version_negotiation.py:69}}
Sep 14 15:14:46.653723 n-d-857467-3 devstack@g-api.service[116734]: DEBUG glance.api.middleware.version_negotiation [None req-23b96c79-59b4-464d-a742-3ebdaa8149d2 tempest-ServersTestManualDisk-433047867 tempest-ServersTestManualDisk-433047867-project] new path /v2/images/9fa8a518-3a74-449d-9093-cc9811e9ca95 {{(pid=116734) process_request /opt/stack/glance/glance/api/middleware/version_negotiation.py:70}}
Sep 14 15:14:46.677969 n-d-857467-3 devstack@g-api.service[116734]: [pid: 116734|app: 0|req: 70/142] 127.0.0.1 () {42 vars in 1051 bytes} [Wed Sep 14 15:14:46 2022] GET /v2/images/9fa8a518-3a74-449d-9093-cc9811e9ca95 => generated 946 bytes in 25 msecs (HTTP/1.1 200) 4 headers in 157 bytes (1 switches on core 0)
Sep 14 15:14:46.684118 n-d-857467-3 devstack@g-api.service[116735]: DEBUG glance.api.middleware.version_negotiation [None req-e9b00985-7e8e-4c9b-83d4-3f95678d50f1 tempest-AttachSCSIVolumeTestJSON-720526869 tempest-AttachSCSIVolumeTestJSON-720526869-project] Determining version of request: GET /v2/schemas/image Accept: */* {{(pid=116735) process_request /opt/stack/glance/glance/api/middleware/version_negotiation.py:44}}
Sep 14 15:14:46.685781 n-d-857467-3 devstack@g-api.service[116735]: DEBUG glance.api.middleware.version_negotiation [None req-e9b00985-7e8e-4c9b-83d4-3f95678d50f1 tempest-AttachSCSIVolumeTestJSON-720526869 tempest-AttachSCSIVolumeTestJSON-720526869-project] Using url versioning {{(pid=116735) process_request /opt/stack/glance/glance/api/middleware/version_negotiation.py:57}}
Sep 14 15:14:46.686559 n-d-857467-3 devstack@g-api.service[116735]: DEBUG glance.api.middleware.version_negotiation [None req-e9b00985-7e8e-4c9b-83d4-3f95678d50f1 tempest-AttachSCSIVolumeTestJSON-720526869 tempest-AttachSCSIVolumeTestJSON-720526869-project] Matched version: v2 {{(pid=116735) process_request /opt/stack/glance/glance/api/middleware/version_negotiation.py:69}}
Sep 14 15:14:46.687051 n-d-857467-3 devstack@g-api.service[116735]: DEBUG glance.api.middleware.version_negotiation [None req-e9b00985-7e8e-4c9b-83d4-3f95678d50f1 tempest-AttachSCSIVolumeTestJSON-720526869 tempest-AttachSCSIVolumeTestJSON-720526869-project] new path /v2/schemas/image {{(pid=116735) process_request /opt/stack/glance/glance/api/middleware/version_negotiation.py:70}}
Sep 14 15:14:46.692742 n-d-857467-3 devstack@g-api.service[116735]: [pid: 116735|app: 0|req: 73/143] 127.0.0.1 () {42 vars in 991 bytes} [Wed Sep 14 15:14:46 2022] GET /v2/schemas/image => generated 6083 bytes in 9 msecs (HTTP/1.1 200) 4 headers in 158 bytes (1 switches on core 0)
Sep 14 15:14:47.701647 n-d-857467-3 devstack@g-api.service[116734]: DEBUG glance.api.middleware.version_negotiation [None req-1400fe92-10bf-4044-b13c-307caa4df6e2 tempest-ServersAdminTestJSON-380898282 tempest-ServersAdminTestJSON-380898282-project] Determining version of request: GET /v2/images/9fa8a518-3a74-449d-9093-cc9811e9ca95 Accept: */* {{(pid=116734) process_request /opt/stack/glance/glance/api/middleware/version_negotiation.py:44}}
Sep 14 15:14:47.702183 n-d-857467-3 devstack@g-api.service[116734]: DEBUG glance.api.middleware.version_negotiation [None req-1400fe92-10bf-4044-b13c-307caa4df6e2 tempest-ServersAdminTestJSON-380898282 tempest-ServersAdminTestJSON-380898282-project] Using url versioning {{(pid=116734) process_request /opt/stack/glance/glance/api/middleware/version_negotiation.py:57}}
Sep 14 15:14:47.702732 n-d-857467-3 devstack@g-api.service[116734]: DEBUG glance.api.middleware.version_negotiation [None req-1400fe92-10bf-4044-b13c-307caa4df6e2 tempest-ServersAdminTestJSON-380898282 tempest-ServersAdminTestJSON-380898282-project] Matched version: v2 {{(pid=116734) process_request /opt/stack/glance/glance/api/middleware/version_negotiation.py:69}}
Sep 14 15:14:47.703312 n-d-857467-3 devstack@g-api.service[116734]: DEBUG glance.api.middleware.version_negotiation [None req-1400fe92-10bf-4044-b13c-307caa4df6e2 tempest-ServersAdminTestJSON-380898282 tempest-ServersAdminTestJSON-380898282-project] new path /v2/images/9fa8a518-3a74-449d-9093-cc9811e9ca95 {{(pid=116734) process_request /opt/stack/glance/glance/api/middleware/version_negotiation.py:70}}
Sep 14 15:14:47.749958 n-d-857467-3 devstack@g-api.service[116734]: [pid: 116734|app: 0|req: 71/144] 127.0.0.1 () {42 vars in 1051 bytes} [Wed Sep 14 15:14:47 2022] GET /v2/images/9fa8a518-3a74-449d-9093-cc9811e9ca95 => generated 946 bytes in 49 msecs (HTTP/1.1 200) 4 headers in 157 bytes (1 switches on core 0)
Sep 14 15:14:47.755949 n-d-857467-3 devstack@g-api.service[116735]: DEBUG glance.api.middleware.version_negotiation [None req-1400fe92-10bf-4044-b13c-307caa4df6e2 tempest-ServersAdminTestJSON-380898282 tempest-ServersAdminTestJSON-380898282-project] Determining version of request: GET /v2/schemas/image Accept: */* {{(pid=116735) process_request /opt/stack/glance/glance/api/middleware/version_negotiation.py:44}}
Sep 14 15:14:47.757042 n-d-857467-3 devstack@g-api.service[116735]: DEBUG glance.api.middleware.version_negotiation [None req-1400fe92-10bf-4044-b13c-307caa4df6e2 tempest-ServersAdminTestJSON-380898282 tempest-ServersAdminTestJSON-380898282-project] Using url versioning {{(pid=116735) process_request /opt/stack/glance/glance/api/middleware/version_negotiation.py:57}}
Sep 14 15:14:47.757131 n-d-857467-3 devstack@g-api.service[116735]: DEBUG glance.api.middleware.version_negotiation [None req-1400fe92-10bf-4044-b13c-307caa4df6e2 tempest-ServersAdminTestJSON-380898282 tempest-ServersAdminTestJSON-380898282-project] Matched version: v2 {{(pid=116735) process_request /opt/stack/glance/glance/api/middleware/version_negotiation.py:69}}
Sep 14 15:14:47.757398 n-d-857467-3 devstack@g-api.service[116735]: DEBUG glance.api.middleware.version_negotiation [None req-1400fe92-10bf-4044-b13c-307caa4df6e2 tempest-ServersAdminTestJSON-380898282 tempest-ServersAdminTestJSON-380898282-project] new path /v2/schemas/image {{(pid=116735) process_request /opt/stack/glance/glance/api/middleware/version_negotiation.py:70}}
Sep 14 15:14:47.762167 n-d-857467-3 devstack@g-api.service[116735]: [pid: 116735|app: 0|req: 74/145] 127.0.0.1 () {42 vars in 991 bytes} [Wed Sep 14 15:14:47 2022] GET /v2/schemas/image => generated 6083 bytes in 7 msecs (HTTP/1.1 200) 4 headers in 158 bytes (1 switches on core 0)
Sep 14 15:14:48.410790 n-d-857467-3 devstack@g-api.service[116734]: DEBUG glance.api.middleware.version_negotiation [None req-adcdce52-b0f7-4ebe-be45-6bbf93f3f450 tempest-VolumesAdminNegativeTest-1488433822 tempest-VolumesAdminNegativeTest-1488433822-project] Determining version of request: GET /v2/images/9fa8a518-3a74-449d-9093-cc9811e9ca95 Accept: */* {{(pid=116734) process_request /opt/stack/glance/glance/api/middleware/version_negotiation.py:44}}
Sep 14 15:14:48.411137 n-d-857467-3 devstack@g-api.service[116734]: DEBUG glance.api.middleware.version_negotiation [None req-adcdce52-b0f7-4ebe-be45-6bbf93f3f450 tempest-VolumesAdminNegativeTest-1488433822 tempest-VolumesAdminNegativeTest-1488433822-project] Using url versioning {{(pid=116734) process_request /opt/stack/glance/glance/api/middleware/version_negotiation.py:57}}
Sep 14 15:14:48.411472 n-d-857467-3 devstack@g-api.service[116734]: DEBUG glance.api.middleware.version_negotiation [None req-adcdce52-b0f7-4ebe-be45-6bbf93f3f450 tempest-VolumesAdminNegativeTest-1488433822 tempest-VolumesAdminNegativeTest-1488433822-project] Matched version: v2 {{(pid=116734) process_request /opt/stack/glance/glance/api/middleware/version_negotiation.py:69}}
Sep 14 15:14:48.411748 n-d-857467-3 devstack@g-api.service[116734]: DEBUG glance.api.middleware.version_negotiation [None req-adcdce52-b0f7-4ebe-be45-6bbf93f3f450 tempest-VolumesAdminNegativeTest-1488433822 tempest-VolumesAdminNegativeTest-1488433822-project] new path /v2/images/9fa8a518-3a74-449d-9093-cc9811e9ca95 {{(pid=116734) process_request /opt/stack/glance/glance/api/middleware/version_negotiation.py:70}}
Sep 14 15:14:48.436232 n-d-857467-3 devstack@g-api.service[116734]: [pid: 116734|app: 0|req: 72/146] 127.0.0.1 () {40 vars in 844 bytes} [Wed Sep 14 15:14:48 2022] GET /v2/images/9fa8a518-3a74-449d-9093-cc9811e9ca95 => generated 946 bytes in 26 msecs (HTTP/1.1 200) 4 headers in 157 bytes (1 switches on core 0)
Sep 14 15:14:48.445912 n-d-857467-3 devstack@g-api.service[116735]: DEBUG glance.api.middleware.version_negotiation [None req-adcdce52-b0f7-4ebe-be45-6bbf93f3f450 tempest-VolumesAdminNegativeTest-1488433822 tempest-VolumesAdminNegativeTest-1488433822-project] Determining version of request: GET /v2/schemas/image Accept: */* {{(pid=116735) process_request /opt/stack/glance/glance/api/middleware/version_negotiation.py:44}}
Sep 14 15:14:48.448442 n-d-857467-3 devstack@g-api.service[116735]: DEBUG glance.api.middleware.version_negotiation [None req-adcdce52-b0f7-4ebe-be45-6bbf93f3f450 tempest-VolumesAdminNegativeTest-1488433822 tempest-VolumesAdminNegativeTest-1488433822-project] Using url versioning {{(pid=116735) process_request /opt/stack/glance/glance/api/middleware/version_negotiation.py:57}}
Sep 14 15:14:48.448442 n-d-857467-3 devstack@g-api.service[116735]: DEBUG glance.api.middleware.version_negotiation [None req-adcdce52-b0f7-4ebe-be45-6bbf93f3f450 tempest-VolumesAdminNegativeTest-1488433822 tempest-VolumesAdminNegativeTest-1488433822-project] Matched version: v2 {{(pid=116735) process_request /opt/stack/glance/glance/api/middleware/version_negotiation.py:69}}
Sep 14 15:14:48.448442 n-d-857467-3 devstack@g-api.service[116735]: DEBUG glance.api.middleware.version_negotiation [None req-adcdce52-b0f7-4ebe-be45-6bbf93f3f450 tempest-VolumesAdminNegativeTest-1488433822 tempest-VolumesAdminNegativeTest-1488433822-project] new path /v2/schemas/image {{(pid=116735) process_request /opt/stack/glance/glance/api/middleware/version_negotiation.py:70}}
Sep 14 15:14:48.452752 n-d-857467-3 devstack@g-api.service[116735]: [pid: 116735|app: 0|req: 75/147] 127.0.0.1 () {40 vars in 784 bytes} [Wed Sep 14 15:14:48 2022] GET /v2/schemas/image => generated 6083 bytes in 9 msecs (HTTP/1.1 200) 4 headers in 158 bytes (1 switches on core 0)
Sep 14 15:14:58.428370 n-d-857467-3 devstack@g-api.service[116734]: DEBUG dbcounter [-] [116734] Writing DB stats glance:SELECT=12 {{(pid=116734) stat_writer /usr/local/lib/python3.8/dist-packages/dbcounter.py:114}}
Sep 14 15:15:05.279477 n-d-857467-3 devstack@g-api.service[116734]: DEBUG glance.api.middleware.version_negotiation [None req-1400fe92-10bf-4044-b13c-307caa4df6e2 tempest-ServersAdminTestJSON-380898282 tempest-ServersAdminTestJSON-380898282-project] Determining version of request: GET /v2/schemas/image Accept: */* {{(pid=116734) process_request /opt/stack/glance/glance/api/middleware/version_negotiation.py:44}}
Sep 14 15:15:05.288700 n-d-857467-3 devstack@g-api.service[116734]: DEBUG glance.api.middleware.version_negotiation [None req-1400fe92-10bf-4044-b13c-307caa4df6e2 tempest-ServersAdminTestJSON-380898282 tempest-ServersAdminTestJSON-380898282-project] Using url versioning {{(pid=116734) process_request /opt/stack/glance/glance/api/middleware/version_negotiation.py:57}}
Sep 14 15:15:05.288700 n-d-857467-3 devstack@g-api.service[116734]: DEBUG glance.api.middleware.version_negotiation [None req-1400fe92-10bf-4044-b13c-307caa4df6e2 tempest-ServersAdminTestJSON-380898282 tempest-ServersAdminTestJSON-380898282-project] Matched version: v2 {{(pid=116734) process_request /opt/stack/glance/glance/api/middleware/version_negotiation.py:69}}
Sep 14 15:15:05.288700 n-d-857467-3 devstack@g-api.service[116734]: DEBUG glance.api.middleware.version_negotiation [None req-1400fe92-10bf-4044-b13c-307caa4df6e2 tempest-ServersAdminTestJSON-380898282 tempest-ServersAdminTestJSON-380898282-project] new path /v2/schemas/image {{(pid=116734) process_request /opt/stack/glance/glance/api/middleware/version_negotiation.py:70}}
