Sep 10 10:50:26.869687 n-d-856894-1 cinder-volume[115562]: DEBUG cinder.volume.manager [None req-4743a337-e330-43b3-83cb-71715025b717 tempest-VolumesBackupsTest-541032511 None] Task 'cinder.volume.flows.manager.create_volume.ExtractVolumeSpecTask;volume:create' (418d3ed2-95c1-4e5b-9b5c-31761c505a0c) transitioned into state 'SUCCESS' from state 'RUNNING' with result '{'status': 'creating', 'type': 'raw', 'volume_id': '984f583c-8875-40de-873f-fe85cb6eb3ef', 'volume_name': 'volume-984f583c-8875-40de-873f-fe85cb6eb3ef', 'volume_size': 1}' {{(pid=115562) _task_receiver /usr/local/lib/python3.8/dist-packages/taskflow/listeners/logging.py:178}}
Sep 10 10:50:26.876526 n-d-856894-1 cinder-volume[115562]: DEBUG cinder.volume.manager [None req-4743a337-e330-43b3-83cb-71715025b717 tempest-VolumesBackupsTest-541032511 None] Task 'cinder.volume.flows.manager.create_volume.NotifyVolumeActionTask;volume:create, create.start' (be0026b5-ae50-43c5-9d13-d8f02e31ed45) transitioned into state 'RUNNING' from state 'PENDING' {{(pid=115562) _task_receiver /usr/local/lib/python3.8/dist-packages/taskflow/listeners/logging.py:190}}
Sep 10 10:50:26.880849 n-d-856894-1 cinder-volume[115562]: DEBUG cinder.volume.manager [None req-4743a337-e330-43b3-83cb-71715025b717 tempest-VolumesBackupsTest-541032511 None] Task 'cinder.volume.flows.manager.create_volume.NotifyVolumeActionTask;volume:create, create.start' (be0026b5-ae50-43c5-9d13-d8f02e31ed45) transitioned into state 'SUCCESS' from state 'RUNNING' with result 'None' {{(pid=115562) _task_receiver /usr/local/lib/python3.8/dist-packages/taskflow/listeners/logging.py:178}}
Sep 10 10:50:26.886639 n-d-856894-1 cinder-volume[115562]: DEBUG cinder.volume.manager [None req-4743a337-e330-43b3-83cb-71715025b717 tempest-VolumesBackupsTest-541032511 None] Task 'cinder.volume.flows.manager.create_volume.CreateVolumeFromSpecTask;volume:create' (f12304c0-2eeb-4291-9ed7-a87bf775e5b5) transitioned into state 'RUNNING' from state 'PENDING' {{(pid=115562) _task_receiver /usr/local/lib/python3.8/dist-packages/taskflow/listeners/logging.py:190}}
Sep 10 10:50:26.888113 n-d-856894-1 cinder-volume[115562]: INFO cinder.volume.flows.manager.create_volume [None req-4743a337-e330-43b3-83cb-71715025b717 tempest-VolumesBackupsTest-541032511 None] Volume 984f583c-8875-40de-873f-fe85cb6eb3ef: being created as raw with specification: {'status': 'creating', 'volume_name': 'volume-984f583c-8875-40de-873f-fe85cb6eb3ef', 'volume_size': 1}
Sep 10 10:50:26.889561 n-d-856894-1 cinder-volume[115562]: DEBUG oslo_concurrency.processutils [None req-4743a337-e330-43b3-83cb-71715025b717 tempest-VolumesBackupsTest-541032511 None] Running cmd (subprocess): sudo cinder-rootwrap /etc/cinder/rootwrap.conf env LC_ALL=C lvcreate -n volume-984f583c-8875-40de-873f-fe85cb6eb3ef stack-volumes-lvmdriver-1 -L 1g {{(pid=115562) execute /usr/local/lib/python3.8/dist-packages/oslo_concurrency/processutils.py:384}}
Sep 10 10:50:26.912034 n-d-856894-1 sudo[147692]: ubuntu : TTY=unknown ; PWD=/ ; USER=root ; COMMAND=/usr/local/bin/cinder-rootwrap /etc/cinder/rootwrap.conf env LC_ALL=C lvcreate -n volume-984f583c-8875-40de-873f-fe85cb6eb3ef stack-volumes-lvmdriver-1 -L 1g
Sep 10 10:50:26.912812 n-d-856894-1 sudo[147692]: pam_unix(sudo:session): session opened for user root by (uid=0)
Sep 10 10:50:27.081453 n-d-856894-1 sudo[147687]: pam_unix(sudo:session): session closed for user root
Sep 10 10:50:27.083653 n-d-856894-1 cinder-volume[115562]: DEBUG oslo_concurrency.processutils [None req-eedd29fc-7f05-413f-a08a-32eccd7042f8 tempest-VolumesDeleteCascade-373018581 None] CMD "sudo cinder-rootwrap /etc/cinder/rootwrap.conf env LC_ALL=C lvs --noheadings --unit=g -o vg_name,name,size --nosuffix --readonly stack-volumes-lvmdriver-1" returned: 0 in 1.040s {{(pid=115562) execute /usr/local/lib/python3.8/dist-packages/oslo_concurrency/processutils.py:422}}
Sep 10 10:50:27.085723 n-d-856894-1 cinder-volume[115562]: DEBUG cinder.manager [None req-eedd29fc-7f05-413f-a08a-32eccd7042f8 tempest-VolumesDeleteCascade-373018581 None] Notifying Schedulers of capabilities ... {{(pid=115562) _publish_service_capabilities /opt/stack/cinder/cinder/manager.py:202}}
Sep 10 10:50:27.098181 n-d-856894-1 cinder-volume[115562]: INFO cinder.volume.manager [None req-eedd29fc-7f05-413f-a08a-32eccd7042f8 tempest-VolumesDeleteCascade-373018581 None] Deleted volume successfully.
Sep 10 10:50:27.114773 n-d-856894-1 cinder-volume[115562]: DEBUG cinder.coordination [None req-eedd29fc-7f05-413f-a08a-32eccd7042f8 tempest-VolumesDeleteCascade-373018581 None] Lock "cinder-37332895-e70e-4d28-974e-d62c4d2be3f0-delete_volume" released by "delete_volume" :: held 10.458s {{(pid=115562) _synchronized /opt/stack/cinder/cinder/coordination.py:207}}
Sep 10 10:50:27.552640 n-d-856894-1 sudo[147689]: pam_unix(sudo:session): session closed for user root
Sep 10 10:50:27.555153 n-d-856894-1 cinder-volume[115562]: DEBUG oslo_concurrency.processutils [None req-0c68d30c-08a8-4722-bec4-1c26f5276501 tempest-VolumesDeleteCascade-373018581 None] CMD "sudo cinder-rootwrap /etc/cinder/rootwrap.conf env LC_ALL=C lvcreate -n volume-0891b499-360f-4fba-9009-c656c9c375b4 stack-volumes-lvmdriver-1 -L 1g" returned: 0 in 0.975s {{(pid=115562) execute /usr/local/lib/python3.8/dist-packages/oslo_concurrency/processutils.py:422}}
Sep 10 10:50:27.562477 n-d-856894-1 cinder-volume[115562]: DEBUG cinder.volume.manager [None req-0c68d30c-08a8-4722-bec4-1c26f5276501 tempest-VolumesDeleteCascade-373018581 None] Task 'cinder.volume.flows.manager.create_volume.CreateVolumeFromSpecTask;volume:create' (9e7620e8-d0fb-4937-bf2e-ee35a03f1845) transitioned into state 'SUCCESS' from state 'RUNNING' with result '{'status': 'creating', 'volume_name': 'volume-0891b499-360f-4fba-9009-c656c9c375b4', 'volume_size': 1}' {{(pid=115562) _task_receiver /usr/local/lib/python3.8/dist-packages/taskflow/listeners/logging.py:178}}
Sep 10 10:50:27.568819 n-d-856894-1 cinder-volume[115562]: DEBUG cinder.volume.manager [None req-0c68d30c-08a8-4722-bec4-1c26f5276501 tempest-VolumesDeleteCascade-373018581 None] Task 'cinder.volume.flows.manager.create_volume.CreateVolumeOnFinishTask;volume:create, create.end' (ee20efc6-8d3b-45d8-80c7-c7dde0e1b792) transitioned into state 'RUNNING' from state 'PENDING' {{(pid=115562) _task_receiver /usr/local/lib/python3.8/dist-packages/taskflow/listeners/logging.py:190}}
Sep 10 10:50:27.598826 n-d-856894-1 cinder-volume[115562]: INFO cinder.volume.flows.manager.create_volume [None req-0c68d30c-08a8-4722-bec4-1c26f5276501 tempest-VolumesDeleteCascade-373018581 None] Volume volume-0891b499-360f-4fba-9009-c656c9c375b4 (0891b499-360f-4fba-9009-c656c9c375b4): created successfully
Sep 10 10:50:27.605256 n-d-856894-1 cinder-volume[115562]: DEBUG cinder.volume.manager [None req-0c68d30c-08a8-4722-bec4-1c26f5276501 tempest-VolumesDeleteCascade-373018581 None] Task 'cinder.volume.flows.manager.create_volume.CreateVolumeOnFinishTask;volume:create, create.end' (ee20efc6-8d3b-45d8-80c7-c7dde0e1b792) transitioned into state 'SUCCESS' from state 'RUNNING' with result 'None' {{(pid=115562) _task_receiver /usr/local/lib/python3.8/dist-packages/taskflow/listeners/logging.py:178}}
Sep 10 10:50:27.611496 n-d-856894-1 cinder-volume[115562]: DEBUG cinder.volume.manager [None req-0c68d30c-08a8-4722-bec4-1c26f5276501 tempest-VolumesDeleteCascade-373018581 None] Flow 'volume_create_manager' (9f09774c-12a0-433c-9cba-efeddeab0900) transitioned into state 'SUCCESS' from state 'RUNNING' {{(pid=115562) _flow_receiver /usr/local/lib/python3.8/dist-packages/taskflow/listeners/logging.py:141}}
Sep 10 10:50:27.637511 n-d-856894-1 cinder-volume[115562]: INFO cinder.volume.manager [None req-0c68d30c-08a8-4722-bec4-1c26f5276501 tempest-VolumesDeleteCascade-373018581 None] Created volume successfully.
Sep 10 10:50:27.706117 n-d-856894-1 sudo[147692]: pam_unix(sudo:session): session closed for user root
Sep 10 10:50:27.707904 n-d-856894-1 cinder-volume[115562]: DEBUG oslo_concurrency.processutils [None req-4743a337-e330-43b3-83cb-71715025b717 tempest-VolumesBackupsTest-541032511 None] CMD "sudo cinder-rootwrap /etc/cinder/rootwrap.conf env LC_ALL=C lvcreate -n volume-984f583c-8875-40de-873f-fe85cb6eb3ef stack-volumes-lvmdriver-1 -L 1g" returned: 0 in 0.818s {{(pid=115562) execute /usr/local/lib/python3.8/dist-packages/oslo_concurrency/processutils.py:422}}
Sep 10 10:50:27.712882 n-d-856894-1 cinder-volume[115562]: DEBUG cinder.volume.manager [None req-4743a337-e330-43b3-83cb-71715025b717 tempest-VolumesBackupsTest-541032511 None] Task 'cinder.volume.flows.manager.create_volume.CreateVolumeFromSpecTask;volume:create' (f12304c0-2eeb-4291-9ed7-a87bf775e5b5) transitioned into state 'SUCCESS' from state 'RUNNING' with result '{'status': 'creating', 'volume_name': 'volume-984f583c-8875-40de-873f-fe85cb6eb3ef', 'volume_size': 1}' {{(pid=115562) _task_receiver /usr/local/lib/python3.8/dist-packages/taskflow/listeners/logging.py:178}}
Sep 10 10:50:27.717820 n-d-856894-1 cinder-volume[115562]: DEBUG cinder.volume.manager [None req-4743a337-e330-43b3-83cb-71715025b717 tempest-VolumesBackupsTest-541032511 None] Task 'cinder.volume.flows.manager.create_volume.CreateVolumeOnFinishTask;volume:create, create.end' (421e05ff-319e-4afc-a2bc-08004a7c9a56) transitioned into state 'RUNNING' from state 'PENDING' {{(pid=115562) _task_receiver /usr/local/lib/python3.8/dist-packages/taskflow/listeners/logging.py:190}}
Sep 10 10:50:27.730950 n-d-856894-1 cinder-volume[115562]: INFO cinder.volume.flows.manager.create_volume [None req-4743a337-e330-43b3-83cb-71715025b717 tempest-VolumesBackupsTest-541032511 None] Volume volume-984f583c-8875-40de-873f-fe85cb6eb3ef (984f583c-8875-40de-873f-fe85cb6eb3ef): created successfully
Sep 10 10:50:27.743739 n-d-856894-1 cinder-volume[115562]: DEBUG cinder.volume.manager [None req-4743a337-e330-43b3-83cb-71715025b717 tempest-VolumesBackupsTest-541032511 None] Task 'cinder.volume.flows.manager.create_volume.CreateVolumeOnFinishTask;volume:create, create.end' (421e05ff-319e-4afc-a2bc-08004a7c9a56) transitioned into state 'SUCCESS' from state 'RUNNING' with result 'None' {{(pid=115562) _task_receiver /usr/local/lib/python3.8/dist-packages/taskflow/listeners/logging.py:178}}
Sep 10 10:50:27.754146 n-d-856894-1 cinder-volume[115562]: DEBUG cinder.volume.manager [None req-4743a337-e330-43b3-83cb-71715025b717 tempest-VolumesBackupsTest-541032511 None] Flow 'volume_create_manager' (cd1fa302-df56-49f7-9068-958880d669d3) transitioned into state 'SUCCESS' from state 'RUNNING' {{(pid=115562) _flow_receiver /usr/local/lib/python3.8/dist-packages/taskflow/listeners/logging.py:141}}
Sep 10 10:50:27.772655 n-d-856894-1 cinder-volume[115562]: INFO cinder.volume.manager [None req-4743a337-e330-43b3-83cb-71715025b717 tempest-VolumesBackupsTest-541032511 None] Created volume successfully.
Sep 10 10:50:28.842411 n-d-856894-1 cinder-volume[115562]: DEBUG oslo_concurrency.processutils [None req-bb0ab6fb-99fd-4833-8969-3b3e26f67116 tempest-VolumesDeleteCascade-373018581 None] Running cmd (subprocess): sudo cinder-rootwrap /etc/cinder/rootwrap.conf env LC_ALL=C lvs --noheadings --unit=g -o vg_name,name,size --nosuffix --readonly stack-volumes-lvmdriver-1/volume-0891b499-360f-4fba-9009-c656c9c375b4 {{(pid=115562) execute /usr/local/lib/python3.8/dist-packages/oslo_concurrency/processutils.py:384}}
Sep 10 10:50:28.869695 n-d-856894-1 sudo[147755]: ubuntu : TTY=unknown ; PWD=/ ; USER=root ; COMMAND=/usr/local/bin/cinder-rootwrap /etc/cinder/rootwrap.conf env LC_ALL=C lvs --noheadings --unit=g -o vg_name,name,size --nosuffix --readonly stack-volumes-lvmdriver-1/volume-0891b499-360f-4fba-9009-c656c9c375b4
Sep 10 10:50:28.870810 n-d-856894-1 sudo[147755]: pam_unix(sudo:session): session opened for user root by (uid=0)
Sep 10 10:50:29.621598 n-d-856894-1 sudo[147755]: pam_unix(sudo:session): session closed for user root
Sep 10 10:50:29.623733 n-d-856894-1 cinder-volume[115562]: DEBUG oslo_concurrency.processutils [None req-bb0ab6fb-99fd-4833-8969-3b3e26f67116 tempest-VolumesDeleteCascade-373018581 None] CMD "sudo cinder-rootwrap /etc/cinder/rootwrap.conf env LC_ALL=C lvs --noheadings --unit=g -o vg_name,name,size --nosuffix --readonly stack-volumes-lvmdriver-1/volume-0891b499-360f-4fba-9009-c656c9c375b4" returned: 0 in 0.781s {{(pid=115562) execute /usr/local/lib/python3.8/dist-packages/oslo_concurrency/processutils.py:422}}
Sep 10 10:50:29.625505 n-d-856894-1 cinder-volume[115562]: DEBUG oslo_concurrency.processutils [None req-bb0ab6fb-99fd-4833-8969-3b3e26f67116 tempest-VolumesDeleteCascade-373018581 None] Running cmd (subprocess): sudo cinder-rootwrap /etc/cinder/rootwrap.conf env LC_ALL=C lvcreate --name _snapshot-1a0b272a-a355-4fe6-a349-92d23b9715be --snapshot stack-volumes-lvmdriver-1/volume-0891b499-360f-4fba-9009-c656c9c375b4 -L 1.00g {{(pid=115562) execute /usr/local/lib/python3.8/dist-packages/oslo_concurrency/processutils.py:384}}
Sep 10 10:50:29.649390 n-d-856894-1 sudo[147758]: ubuntu : TTY=unknown ; PWD=/ ; USER=root ; COMMAND=/usr/local/bin/cinder-rootwrap /etc/cinder/rootwrap.conf env LC_ALL=C lvcreate --name _snapshot-1a0b272a-a355-4fe6-a349-92d23b9715be --snapshot stack-volumes-lvmdriver-1/volume-0891b499-360f-4fba-9009-c656c9c375b4 -L 1.00g
Sep 10 10:50:29.650273 n-d-856894-1 sudo[147758]: pam_unix(sudo:session): session opened for user root by (uid=0)
Sep 10 10:50:30.624887 n-d-856894-1 sudo[147758]: pam_unix(sudo:session): session closed for user root
Sep 10 10:50:30.627429 n-d-856894-1 cinder-volume[115562]: DEBUG oslo_concurrency.processutils [None req-bb0ab6fb-99fd-4833-8969-3b3e26f67116 tempest-VolumesDeleteCascade-373018581 None] CMD "sudo cinder-rootwrap /etc/cinder/rootwrap.conf env LC_ALL=C lvcreate --name _snapshot-1a0b272a-a355-4fe6-a349-92d23b9715be --snapshot stack-volumes-lvmdriver-1/volume-0891b499-360f-4fba-9009-c656c9c375b4 -L 1.00g" returned: 0 in 1.002s {{(pid=115562) execute /usr/local/lib/python3.8/dist-packages/oslo_concurrency/processutils.py:422}}
Sep 10 10:50:30.656138 n-d-856894-1 cinder-volume[115562]: INFO cinder.volume.manager [None req-bb0ab6fb-99fd-4833-8969-3b3e26f67116 tempest-VolumesDeleteCascade-373018581 None] Create snapshot completed successfully
Sep 10 10:50:31.445372 n-d-856894-1 cinder-volume[115562]: DEBUG cinder.volume.flows.manager.create_volume [None req-019636c4-2fac-4180-be62-c88d96b2187c tempest-VolumesDeleteCascade-373018581 None] Volume reschedule parameters: True retry: {'num_attempts': 1, 'backends': ['n-d-856894-1@lvmdriver-1#lvmdriver-1'], 'hosts': ['n-d-856894-1@lvmdriver-1#lvmdriver-1']} {{(pid=115562) get_flow /opt/stack/cinder/cinder/volume/flows/manager/create_volume.py:1366}}
Sep 10 10:50:31.479575 n-d-856894-1 cinder-volume[115562]: DEBUG cinder.volume.manager [None req-019636c4-2fac-4180-be62-c88d96b2187c tempest-VolumesDeleteCascade-373018581 None] Flow 'volume_create_manager' (c2555105-48bb-47e8-ba65-2a0d8f262f47) transitioned into state 'RUNNING' from state 'PENDING' {{(pid=115562) _flow_receiver /usr/local/lib/python3.8/dist-packages/taskflow/listeners/logging.py:141}}
Sep 10 10:50:31.486541 n-d-856894-1 cinder-volume[115562]: DEBUG cinder.volume.manager [None req-019636c4-2fac-4180-be62-c88d96b2187c tempest-VolumesDeleteCascade-373018581 None] Task 'cinder.volume.flows.manager.create_volume.ExtractVolumeRefTask;volume:create' (69827e99-bb61-4861-940d-4cd7840be74b) transitioned into state 'RUNNING' from state 'PENDING' {{(pid=115562) _task_receiver /usr/local/lib/python3.8/dist-packages/taskflow/listeners/logging.py:190}}
Sep 10 10:50:31.503817 n-d-856894-1 cinder-volume[115562]: DEBUG cinder.volume.manager [None req-019636c4-2fac-4180-be62-c88d96b2187c tempest-VolumesDeleteCascade-373018581 None] Task 'cinder.volume.flows.manager.create_volume.ExtractVolumeRefTask;volume:create' (69827e99-bb61-4861-940d-4cd7840be74b) transitioned into state 'SUCCESS' from state 'RUNNING' with result 'Volume(_name_id=None,admin_metadata=,attach_status='detached',availability_zone='nova',bootable=False,cluster=,cluster_name=None,consistencygroup=,consistencygroup_id=None,created_at=2022-09-10T10:50:31Z,deleted=False,deleted_at=None,display_description=None,display_name='tempest-VolumesDeleteCascade-Volume-503096900',ec2_id=None,encryption_key_id=None,glance_metadata=,group=,group_id=None,host='n-d-856894-1@lvmdriver-1#lvmdriver-1',id=b4d78410-efd9-4f82-88e2-6d7605cdf14a,launched_at=None,metadata={},migration_status=None,multiattach=False,previous_status=None,project_id='44d097c53ca943138b0e739a9b04469d',provider_auth=None,provider_geometry=None,provider_id=None,provider_location=None,replication_driver_data=None,replication_extended_status=None,replication_status=None,scheduled_at=2022-09-10T10:50:31Z,service_uuid=None,shared_targets=True,size=1,snapshot_id=1a0b272a-a355-4fe6-a349-92d23b9715be,snapshots=,source_volid=None,status='creating',terminated_at=None,updated_at=2022-09-10T10:50:31Z,use_quota=True,user_id='221467cef1fb426080dca27d40b7e49b',volume_attachment=VolumeAttachmentList,volume_type=VolumeType(ec7397db-fbcc-499b-96f2-20bf90212d19),volume_type_id=ec7397db-fbcc-499b-96f2-20bf90212d19)' {{(pid=115562) _task_receiver /usr/local/lib/python3.8/dist-packages/taskflow/listeners/logging.py:178}}
Sep 10 10:50:31.508993 n-d-856894-1 cinder-volume[115562]: DEBUG cinder.volume.manager [None req-019636c4-2fac-4180-be62-c88d96b2187c tempest-VolumesDeleteCascade-373018581 None] Task 'cinder.volume.flows.manager.create_volume.OnFailureRescheduleTask;volume:create' (88d220c7-da90-41b6-9f38-903e8877206c) transitioned into state 'RUNNING' from state 'PENDING' {{(pid=115562) _task_receiver /usr/local/lib/python3.8/dist-packages/taskflow/listeners/logging.py:190}}
Sep 10 10:50:31.512983 n-d-856894-1 cinder-volume[115562]: DEBUG cinder.volume.manager [None req-019636c4-2fac-4180-be62-c88d96b2187c tempest-VolumesDeleteCascade-373018581 None] Task 'cinder.volume.flows.manager.create_volume.OnFailureRescheduleTask;volume:create' (88d220c7-da90-41b6-9f38-903e8877206c) transitioned into state 'SUCCESS' from state 'RUNNING' with result 'None' {{(pid=115562) _task_receiver /usr/local/lib/python3.8/dist-packages/taskflow/listeners/logging.py:178}}
Sep 10 10:50:31.517945 n-d-856894-1 cinder-volume[115562]: DEBUG cinder.volume.manager [None req-019636c4-2fac-4180-be62-c88d96b2187c tempest-VolumesDeleteCascade-373018581 None] Task 'cinder.volume.flows.manager.create_volume.ExtractVolumeSpecTask;volume:create' (0bcbaa72-4bf3-48b7-be11-ccc7dfd9d9aa) transitioned into state 'RUNNING' from state 'PENDING' {{(pid=115562) _task_receiver /usr/local/lib/python3.8/dist-packages/taskflow/listeners/logging.py:190}}
Sep 10 10:50:31.521900 n-d-856894-1 cinder-volume[115562]: DEBUG cinder.volume.manager [None req-019636c4-2fac-4180-be62-c88d96b2187c tempest-VolumesDeleteCascade-373018581 None] Task 'cinder.volume.flows.manager.create_volume.ExtractVolumeSpecTask;volume:create' (0bcbaa72-4bf3-48b7-be11-ccc7dfd9d9aa) transitioned into state 'SUCCESS' from state 'RUNNING' with result '{'status': 'creating', 'type': 'snap', 'volume_id': 'b4d78410-efd9-4f82-88e2-6d7605cdf14a', 'volume_name': 'volume-b4d78410-efd9-4f82-88e2-6d7605cdf14a', 'volume_size': 1, 'snapshot_id': '1a0b272a-a355-4fe6-a349-92d23b9715be'}' {{(pid=115562) _task_receiver /usr/local/lib/python3.8/dist-packages/taskflow/listeners/logging.py:178}}
Sep 10 10:50:31.527095 n-d-856894-1 cinder-volume[115562]: DEBUG cinder.volume.manager [None req-019636c4-2fac-4180-be62-c88d96b2187c tempest-VolumesDeleteCascade-373018581 None] Task 'cinder.volume.flows.manager.create_volume.NotifyVolumeActionTask;volume:create, create.start' (b8072c77-9ab5-421c-83d1-625fbdf1f0d3) transitioned into state 'RUNNING' from state 'PENDING' {{(pid=115562) _task_receiver /usr/local/lib/python3.8/dist-packages/taskflow/listeners/logging.py:190}}
Sep 10 10:50:31.533606 n-d-856894-1 cinder-volume[115562]: DEBUG cinder.volume.manager [None req-019636c4-2fac-4180-be62-c88d96b2187c tempest-VolumesDeleteCascade-373018581 None] Task 'cinder.volume.flows.manager.create_volume.NotifyVolumeActionTask;volume:create, create.start' (b8072c77-9ab5-421c-83d1-625fbdf1f0d3) transitioned into state 'SUCCESS' from state 'RUNNING' with result 'None' {{(pid=115562) _task_receiver /usr/local/lib/python3.8/dist-packages/taskflow/listeners/logging.py:178}}
Sep 10 10:50:31.538442 n-d-856894-1 cinder-volume[115562]: DEBUG cinder.volume.manager [None req-019636c4-2fac-4180-be62-c88d96b2187c tempest-VolumesDeleteCascade-373018581 None] Task 'cinder.volume.flows.manager.create_volume.CreateVolumeFromSpecTask;volume:create' (61d765e7-0e32-435e-86ed-d1ccfd4aa393) transitioned into state 'RUNNING' from state 'PENDING' {{(pid=115562) _task_receiver /usr/local/lib/python3.8/dist-packages/taskflow/listeners/logging.py:190}}
Sep 10 10:50:31.540067 n-d-856894-1 cinder-volume[115562]: INFO cinder.volume.flows.manager.create_volume [None req-019636c4-2fac-4180-be62-c88d96b2187c tempest-VolumesDeleteCascade-373018581 None] Volume b4d78410-efd9-4f82-88e2-6d7605cdf14a: being created as snap with specification: {'status': 'creating', 'volume_name': 'volume-b4d78410-efd9-4f82-88e2-6d7605cdf14a', 'volume_size': 1, 'snapshot_id': '1a0b272a-a355-4fe6-a349-92d23b9715be'}
Sep 10 10:50:31.580926 n-d-856894-1 cinder-volume[115562]: DEBUG oslo_concurrency.processutils [None req-019636c4-2fac-4180-be62-c88d96b2187c tempest-VolumesDeleteCascade-373018581 None] Running cmd (subprocess): sudo cinder-rootwrap /etc/cinder/rootwrap.conf env LC_ALL=C lvcreate -n volume-b4d78410-efd9-4f82-88e2-6d7605cdf14a stack-volumes-lvmdriver-1 -L 1g {{(pid=115562) execute /usr/local/lib/python3.8/dist-packages/oslo_concurrency/processutils.py:384}}
Sep 10 10:50:31.604673 n-d-856894-1 sudo[147861]: ubuntu : TTY=unknown ; PWD=/ ; USER=root ; COMMAND=/usr/local/bin/cinder-rootwrap /etc/cinder/rootwrap.conf env LC_ALL=C lvcreate -n volume-b4d78410-efd9-4f82-88e2-6d7605cdf14a stack-volumes-lvmdriver-1 -L 1g
Sep 10 10:50:31.605489 n-d-856894-1 sudo[147861]: pam_unix(sudo:session): session opened for user root by (uid=0)
Sep 10 10:50:32.393353 n-d-856894-1 sudo[147861]: pam_unix(sudo:session): session closed for user root
Sep 10 10:50:32.395571 n-d-856894-1 cinder-volume[115562]: DEBUG oslo_concurrency.processutils [None req-019636c4-2fac-4180-be62-c88d96b2187c tempest-VolumesDeleteCascade-373018581 None] CMD "sudo cinder-rootwrap /etc/cinder/rootwrap.conf env LC_ALL=C lvcreate -n volume-b4d78410-efd9-4f82-88e2-6d7605cdf14a stack-volumes-lvmdriver-1 -L 1g" returned: 0 in 0.814s {{(pid=115562) execute /usr/local/lib/python3.8/dist-packages/oslo_concurrency/processutils.py:422}}
Sep 10 10:50:32.398533 n-d-856894-1 cinder-volume[115562]: DEBUG oslo_concurrency.processutils [None req-019636c4-2fac-4180-be62-c88d96b2187c tempest-VolumesDeleteCascade-373018581 None] Running cmd (subprocess): sudo cinder-rootwrap /etc/cinder/rootwrap.conf lvchange -a y --yes -K stack-volumes-lvmdriver-1/_snapshot-1a0b272a-a355-4fe6-a349-92d23b9715be {{(pid=115562) execute /usr/local/lib/python3.8/dist-packages/oslo_concurrency/processutils.py:384}}
Sep 10 10:50:32.421650 n-d-856894-1 sudo[147893]: ubuntu : TTY=unknown ; PWD=/ ; USER=root ; COMMAND=/usr/local/bin/cinder-rootwrap /etc/cinder/rootwrap.conf lvchange -a y --yes -K stack-volumes-lvmdriver-1/_snapshot-1a0b272a-a355-4fe6-a349-92d23b9715be
Sep 10 10:50:32.422521 n-d-856894-1 sudo[147893]: pam_unix(sudo:session): session opened for user root by (uid=0)
Sep 10 10:50:33.253131 n-d-856894-1 sudo[147893]: pam_unix(sudo:session): session closed for user root
Sep 10 10:50:33.255337 n-d-856894-1 cinder-volume[115562]: DEBUG oslo_concurrency.processutils [None req-019636c4-2fac-4180-be62-c88d96b2187c tempest-VolumesDeleteCascade-373018581 None] CMD "sudo cinder-rootwrap /etc/cinder/rootwrap.conf lvchange -a y --yes -K stack-volumes-lvmdriver-1/_snapshot-1a0b272a-a355-4fe6-a349-92d23b9715be" returned: 0 in 0.856s {{(pid=115562) execute /usr/local/lib/python3.8/dist-packages/oslo_concurrency/processutils.py:422}}
Sep 10 10:50:33.259172 n-d-856894-1 cinder-volume[115562]: DEBUG oslo_concurrency.processutils [None req-019636c4-2fac-4180-be62-c88d96b2187c tempest-VolumesDeleteCascade-373018581 None] Running cmd (subprocess): sudo cinder-rootwrap /etc/cinder/rootwrap.conf dd count=0 if=/dev/mapper/stack--volumes--lvmdriver--1-_snapshot--1a0b272a--a355--4fe6--a349--92d23b9715be of=/dev/mapper/stack--volumes--lvmdriver--1-volume--b4d78410--efd9--4f82--88e2--6d7605cdf14a iflag=direct {{(pid=115562) execute /usr/local/lib/python3.8/dist-packages/oslo_concurrency/processutils.py:384}}
Sep 10 10:50:33.292994 n-d-856894-1 sudo[147896]: ubuntu : TTY=unknown ; PWD=/ ; USER=root ; COMMAND=/usr/local/bin/cinder-rootwrap /etc/cinder/rootwrap.conf dd count=0 if=/dev/mapper/stack--volumes--lvmdriver--1-_snapshot--1a0b272a--a355--4fe6--a349--92d23b9715be of=/dev/mapper/stack--volumes--lvmdriver--1-volume--b4d78410--efd9--4f82--88e2--6d7605cdf14a iflag=direct
Sep 10 10:50:33.293921 n-d-856894-1 sudo[147896]: pam_unix(sudo:session): session opened for user root by (uid=0)
Sep 10 10:50:33.903893 n-d-856894-1 sudo[147896]: pam_unix(sudo:session): session closed for user root
Sep 10 10:50:33.907242 n-d-856894-1 cinder-volume[115562]: DEBUG oslo_concurrency.processutils [None req-019636c4-2fac-4180-be62-c88d96b2187c tempest-VolumesDeleteCascade-373018581 None] CMD "sudo cinder-rootwrap /etc/cinder/rootwrap.conf dd count=0 if=/dev/mapper/stack--volumes--lvmdriver--1-_snapshot--1a0b272a--a355--4fe6--a349--92d23b9715be of=/dev/mapper/stack--volumes--lvmdriver--1-volume--b4d78410--efd9--4f82--88e2--6d7605cdf14a iflag=direct" returned: 0 in 0.648s {{(pid=115562) execute /usr/local/lib/python3.8/dist-packages/oslo_concurrency/processutils.py:422}}
Sep 10 10:50:33.908232 n-d-856894-1 cinder-volume[115562]: DEBUG oslo_concurrency.processutils [None req-019636c4-2fac-4180-be62-c88d96b2187c tempest-VolumesDeleteCascade-373018581 None] Running cmd (subprocess): sudo cinder-rootwrap /etc/cinder/rootwrap.conf dd count=0 if=/dev/mapper/stack--volumes--lvmdriver--1-_snapshot--1a0b272a--a355--4fe6--a349--92d23b9715be of=/dev/mapper/stack--volumes--lvmdriver--1-volume--b4d78410--efd9--4f82--88e2--6d7605cdf14a oflag=direct {{(pid=115562) execute /usr/local/lib/python3.8/dist-packages/oslo_concurrency/processutils.py:384}}
Sep 10 10:50:33.935160 n-d-856894-1 sudo[147908]: ubuntu : TTY=unknown ; PWD=/ ; USER=root ; COMMAND=/usr/local/bin/cinder-rootwrap /etc/cinder/rootwrap.conf dd count=0 if=/dev/mapper/stack--volumes--lvmdriver--1-_snapshot--1a0b272a--a355--4fe6--a349--92d23b9715be of=/dev/mapper/stack--volumes--lvmdriver--1-volume--b4d78410--efd9--4f82--88e2--6d7605cdf14a oflag=direct
Sep 10 10:50:33.936023 n-d-856894-1 sudo[147908]: pam_unix(sudo:session): session opened for user root by (uid=0)
Sep 10 10:50:34.485196 n-d-856894-1 sudo[147908]: pam_unix(sudo:session): session closed for user root
Sep 10 10:50:34.488393 n-d-856894-1 cinder-volume[115562]: DEBUG oslo_concurrency.processutils [None req-019636c4-2fac-4180-be62-c88d96b2187c tempest-VolumesDeleteCascade-373018581 None] CMD "sudo cinder-rootwrap /etc/cinder/rootwrap.conf dd count=0 if=/dev/mapper/stack--volumes--lvmdriver--1-_snapshot--1a0b272a--a355--4fe6--a349--92d23b9715be of=/dev/mapper/stack--volumes--lvmdriver--1-volume--b4d78410--efd9--4f82--88e2--6d7605cdf14a oflag=direct" returned: 0 in 0.579s {{(pid=115562) execute /usr/local/lib/python3.8/dist-packages/oslo_concurrency/processutils.py:422}}
Sep 10 10:50:34.489783 n-d-856894-1 cinder-volume[115562]: DEBUG oslo_concurrency.processutils [None req-019636c4-2fac-4180-be62-c88d96b2187c tempest-VolumesDeleteCascade-373018581 None] Running cmd (subprocess): sudo cinder-rootwrap /etc/cinder/rootwrap.conf dd if=/dev/mapper/stack--volumes--lvmdriver--1-_snapshot--1a0b272a--a355--4fe6--a349--92d23b9715be of=/dev/mapper/stack--volumes--lvmdriver--1-volume--b4d78410--efd9--4f82--88e2--6d7605cdf14a count=1073741824 bs=1M iflag=count_bytes,direct oflag=direct {{(pid=115562) execute /usr/local/lib/python3.8/dist-packages/oslo_concurrency/processutils.py:384}}
Sep 10 10:50:34.512525 n-d-856894-1 sudo[147920]: ubuntu : TTY=unknown ; PWD=/ ; USER=root ; COMMAND=/usr/local/bin/cinder-rootwrap /etc/cinder/rootwrap.conf dd if=/dev/mapper/stack--volumes--lvmdriver--1-_snapshot--1a0b272a--a355--4fe6--a349--92d23b9715be of=/dev/mapper/stack--volumes--lvmdriver--1-volume--b4d78410--efd9--4f82--88e2--6d7605cdf14a count=1073741824 bs=1M iflag=count_bytes,direct oflag=direct
Sep 10 10:50:34.513945 n-d-856894-1 sudo[147920]: pam_unix(sudo:session): session opened for user root by (uid=0)
Sep 10 10:50:42.658673 n-d-856894-1 sudo[147920]: pam_unix(sudo:session): session closed for user root
Sep 10 10:50:42.661760 n-d-856894-1 cinder-volume[115562]: DEBUG oslo_concurrency.processutils [None req-019636c4-2fac-4180-be62-c88d96b2187c tempest-VolumesDeleteCascade-373018581 None] CMD "sudo cinder-rootwrap /etc/cinder/rootwrap.conf dd if=/dev/mapper/stack--volumes--lvmdriver--1-_snapshot--1a0b272a--a355--4fe6--a349--92d23b9715be of=/dev/mapper/stack--volumes--lvmdriver--1-volume--b4d78410--efd9--4f82--88e2--6d7605cdf14a count=1073741824 bs=1M iflag=count_bytes,direct oflag=direct" returned: 0 in 8.171s {{(pid=115562) execute /usr/local/lib/python3.8/dist-packages/oslo_concurrency/processutils.py:422}}
Sep 10 10:50:42.663271 n-d-856894-1 cinder-volume[115562]: DEBUG cinder.volume.volume_utils [None req-019636c4-2fac-4180-be62-c88d96b2187c tempest-VolumesDeleteCascade-373018581 None] Volume copy details: src /dev/mapper/stack--volumes--lvmdriver--1-_snapshot--1a0b272a--a355--4fe6--a349--92d23b9715be, dest /dev/mapper/stack--volumes--lvmdriver--1-volume--b4d78410--efd9--4f82--88e2--6d7605cdf14a, size 1024.00 MB, duration 8.17 sec {{(pid=115562) _copy_volume_with_path /opt/stack/cinder/cinder/volume/volume_utils.py:513}}
Sep 10 10:50:42.663919 n-d-856894-1 cinder-volume[115562]: INFO cinder.volume.volume_utils [None req-019636c4-2fac-4180-be62-c88d96b2187c tempest-VolumesDeleteCascade-373018581 None] Volume copy 1024.00 MB at 125.28 MB/s
Sep 10 10:50:42.725575 n-d-856894-1 cinder-volume[115562]: DEBUG cinder.volume.manager [None req-019636c4-2fac-4180-be62-c88d96b2187c tempest-VolumesDeleteCascade-373018581 None] Task 'cinder.volume.flows.manager.create_volume.CreateVolumeFromSpecTask;volume:create' (61d765e7-0e32-435e-86ed-d1ccfd4aa393) transitioned into state 'SUCCESS' from state 'RUNNING' with result '{'status': 'creating', 'volume_name': 'volume-b4d78410-efd9-4f82-88e2-6d7605cdf14a', 'volume_size': 1, 'snapshot_id': '1a0b272a-a355-4fe6-a349-92d23b9715be'}' {{(pid=115562) _task_receiver /usr/local/lib/python3.8/dist-packages/taskflow/listeners/logging.py:178}}
Sep 10 10:50:42.762132 n-d-856894-1 cinder-volume[115562]: DEBUG cinder.volume.manager [None req-019636c4-2fac-4180-be62-c88d96b2187c tempest-VolumesDeleteCascade-373018581 None] Task 'cinder.volume.flows.manager.create_volume.CreateVolumeOnFinishTask;volume:create, create.end' (7ed4fa95-e63e-40ba-a757-8d1aa78f969b) transitioned into state 'RUNNING' from state 'PENDING' {{(pid=115562) _task_receiver /usr/local/lib/python3.8/dist-packages/taskflow/listeners/logging.py:190}}
Sep 10 10:50:42.783602 n-d-856894-1 cinder-volume[115562]: INFO cinder.volume.flows.manager.create_volume [None req-019636c4-2fac-4180-be62-c88d96b2187c tempest-VolumesDeleteCascade-373018581 None] Volume volume-b4d78410-efd9-4f82-88e2-6d7605cdf14a (b4d78410-efd9-4f82-88e2-6d7605cdf14a): created successfully
Sep 10 10:50:42.795962 n-d-856894-1 cinder-volume[115562]: DEBUG cinder.volume.manager [None req-019636c4-2fac-4180-be62-c88d96b2187c tempest-VolumesDeleteCascade-373018581 None] Task 'cinder.volume.flows.manager.create_volume.CreateVolumeOnFinishTask;volume:create, create.end' (7ed4fa95-e63e-40ba-a757-8d1aa78f969b) transitioned into state 'SUCCESS' from state 'RUNNING' with result 'None' {{(pid=115562) _task_receiver /usr/local/lib/python3.8/dist-packages/taskflow/listeners/logging.py:178}}
Sep 10 10:50:42.819228 n-d-856894-1 cinder-volume[115562]: DEBUG cinder.volume.manager [None req-019636c4-2fac-4180-be62-c88d96b2187c tempest-VolumesDeleteCascade-373018581 None] Flow 'volume_create_manager' (c2555105-48bb-47e8-ba65-2a0d8f262f47) transitioned into state 'SUCCESS' from state 'RUNNING' {{(pid=115562) _flow_receiver /usr/local/lib/python3.8/dist-packages/taskflow/listeners/logging.py:141}}
Sep 10 10:50:42.858441 n-d-856894-1 cinder-volume[115562]: INFO cinder.volume.manager [None req-019636c4-2fac-4180-be62-c88d96b2187c tempest-VolumesDeleteCascade-373018581 None] Created volume successfully.
Sep 10 10:50:44.201037 n-d-856894-1 cinder-volume[115562]: DEBUG cinder.coordination [None req-61c56ddc-0acb-40be-b4b1-801b9e52ee4c tempest-VolumesDeleteCascade-373018581 None] Acquiring lock "cinder-0891b499-360f-4fba-9009-c656c9c375b4-delete_volume" by "delete_volume" {{(pid=115562) _synchronized /opt/stack/cinder/cinder/coordination.py:192}}
Sep 10 10:50:44.225430 n-d-856894-1 cinder-volume[115562]: DEBUG cinder.coordination [None req-61c56ddc-0acb-40be-b4b1-801b9e52ee4c tempest-VolumesDeleteCascade-373018581 None] Lock "cinder-0891b499-360f-4fba-9009-c656c9c375b4-delete_volume" acquired by "delete_volume" :: waited 0.023s {{(pid=115562) _synchronized /opt/stack/cinder/cinder/coordination.py:196}}
Sep 10 10:50:44.334023 n-d-856894-1 cinder-volume[115562]: INFO cinder.volume.targets.iscsi [None req-61c56ddc-0acb-40be-b4b1-801b9e52ee4c tempest-VolumesDeleteCascade-373018581 None] Skipping remove_export. No iscsi_target is presently exported for volume: 0891b499-360f-4fba-9009-c656c9c375b4
Sep 10 10:50:44.334647 n-d-856894-1 cinder-volume[115562]: DEBUG cinder.volume.manager [None req-61c56ddc-0acb-40be-b4b1-801b9e52ee4c tempest-VolumesDeleteCascade-373018581 None] Performing cascade delete. {{(pid=115562) delete_volume /opt/stack/cinder/cinder/volume/manager.py:1008}}
Sep 10 10:50:44.352320 n-d-856894-1 cinder-volume[115562]: DEBUG cinder.coordination [None req-61c56ddc-0acb-40be-b4b1-801b9e52ee4c tempest-VolumesDeleteCascade-373018581 None] Acquiring lock "cinder-1a0b272a-a355-4fe6-a349-92d23b9715be-delete_snapshot" by "delete_snapshot" {{(pid=115562) _synchronized /opt/stack/cinder/cinder/coordination.py:192}}
Sep 10 10:50:44.367012 n-d-856894-1 cinder-volume[115562]: DEBUG cinder.coordination [None req-61c56ddc-0acb-40be-b4b1-801b9e52ee4c tempest-VolumesDeleteCascade-373018581 None] Lock "cinder-1a0b272a-a355-4fe6-a349-92d23b9715be-delete_snapshot" acquired by "delete_snapshot" :: waited 0.015s {{(pid=115562) _synchronized /opt/stack/cinder/cinder/coordination.py:196}}
Sep 10 10:50:44.374922 n-d-856894-1 cinder-volume[115562]: DEBUG oslo_concurrency.processutils [None req-61c56ddc-0acb-40be-b4b1-801b9e52ee4c tempest-VolumesDeleteCascade-373018581 None] Running cmd (subprocess): sudo cinder-rootwrap /etc/cinder/rootwrap.conf env LC_ALL=C lvs --noheadings --unit=g -o vg_name,name,size --nosuffix --readonly stack-volumes-lvmdriver-1/_snapshot-1a0b272a-a355-4fe6-a349-92d23b9715be {{(pid=115562) execute /usr/local/lib/python3.8/dist-packages/oslo_concurrency/processutils.py:384}}
Sep 10 10:50:44.403908 n-d-856894-1 sudo[148043]: ubuntu : TTY=unknown ; PWD=/ ; USER=root ; COMMAND=/usr/local/bin/cinder-rootwrap /etc/cinder/rootwrap.conf env LC_ALL=C lvs --noheadings --unit=g -o vg_name,name,size --nosuffix --readonly stack-volumes-lvmdriver-1/_snapshot-1a0b272a-a355-4fe6-a349-92d23b9715be
Sep 10 10:50:44.405649 n-d-856894-1 sudo[148043]: pam_unix(sudo:session): session opened for user root by (uid=0)
Sep 10 10:50:46.008521 n-d-856894-1 sudo[148043]: pam_unix(sudo:session): session closed for user root
Sep 10 10:50:46.017352 n-d-856894-1 cinder-volume[115562]: DEBUG oslo_concurrency.processutils [None req-61c56ddc-0acb-40be-b4b1-801b9e52ee4c tempest-VolumesDeleteCascade-373018581 None] CMD "sudo cinder-rootwrap /etc/cinder/rootwrap.conf env LC_ALL=C lvs --noheadings --unit=g -o vg_name,name,size --nosuffix --readonly stack-volumes-lvmdriver-1/_snapshot-1a0b272a-a355-4fe6-a349-92d23b9715be" returned: 0 in 1.641s {{(pid=115562) execute /usr/local/lib/python3.8/dist-packages/oslo_concurrency/processutils.py:422}}
Sep 10 10:50:46.017352 n-d-856894-1 cinder-volume[115562]: DEBUG oslo_concurrency.processutils [None req-61c56ddc-0acb-40be-b4b1-801b9e52ee4c tempest-VolumesDeleteCascade-373018581 None] Running cmd (subprocess): sudo cinder-rootwrap /etc/cinder/rootwrap.conf lvremove --config activation { retry_deactivation = 1} -f stack-volumes-lvmdriver-1/_snapshot-1a0b272a-a355-4fe6-a349-92d23b9715be {{(pid=115562) execute /usr/local/lib/python3.8/dist-packages/oslo_concurrency/processutils.py:384}}
Sep 10 10:50:46.191423 n-d-856894-1 sudo[148086]: ubuntu : TTY=unknown ; PWD=/ ; USER=root ; COMMAND=/usr/local/bin/cinder-rootwrap /etc/cinder/rootwrap.conf lvremove --config activation { retry_deactivation = 1} -f stack-volumes-lvmdriver-1/_snapshot-1a0b272a-a355-4fe6-a349-92d23b9715be
Sep 10 10:50:46.193140 n-d-856894-1 sudo[148086]: pam_unix(sudo:session): session opened for user root by (uid=0)
Sep 10 10:50:47.322643 n-d-856894-1 sudo[148086]: pam_unix(sudo:session): session closed for user root
Sep 10 10:50:47.324805 n-d-856894-1 cinder-volume[115562]: DEBUG oslo_concurrency.processutils [None req-61c56ddc-0acb-40be-b4b1-801b9e52ee4c tempest-VolumesDeleteCascade-373018581 None] CMD "sudo cinder-rootwrap /etc/cinder/rootwrap.conf lvremove --config activation { retry_deactivation = 1} -f stack-volumes-lvmdriver-1/_snapshot-1a0b272a-a355-4fe6-a349-92d23b9715be" returned: 0 in 1.310s {{(pid=115562) execute /usr/local/lib/python3.8/dist-packages/oslo_concurrency/processutils.py:422}}
Sep 10 10:50:47.380898 n-d-856894-1 cinder-volume[115562]: DEBUG cinder.quota [None req-61c56ddc-0acb-40be-b4b1-801b9e52ee4c tempest-VolumesDeleteCascade-373018581 None] Created reservations ['7aec56d9-8eb8-4149-ba26-6d8019fc25b0', 'aa794e2d-1481-4394-8a8d-9a76a0b1fa05', '0e7a3787-f8cf-4060-b2f4-b34ef054c536', 'e4ea57ff-f1d2-46a8-9d49-d6700e145c92'] {{(pid=115562) reserve /opt/stack/cinder/cinder/quota.py:755}}
Sep 10 10:50:47.438506 n-d-856894-1 cinder-volume[115562]: INFO cinder.volume.manager [None req-61c56ddc-0acb-40be-b4b1-801b9e52ee4c tempest-VolumesDeleteCascade-373018581 None] Delete snapshot completed successfully.
Sep 10 10:50:47.447372 n-d-856894-1 cinder-volume[115562]: DEBUG cinder.coordination [None req-61c56ddc-0acb-40be-b4b1-801b9e52ee4c tempest-VolumesDeleteCascade-373018581 None] Lock "cinder-1a0b272a-a355-4fe6-a349-92d23b9715be-delete_snapshot" released by "delete_snapshot" :: held 3.081s {{(pid=115562) _synchronized /opt/stack/cinder/cinder/coordination.py:207}}
Sep 10 10:50:47.448433 n-d-856894-1 cinder-volume[115562]: DEBUG cinder.volume.manager [None req-61c56ddc-0acb-40be-b4b1-801b9e52ee4c tempest-VolumesDeleteCascade-373018581 None] Snapshots deleted, issuing volume delete {{(pid=115562) delete_volume /opt/stack/cinder/cinder/volume/manager.py:1023}}
Sep 10 10:50:47.449645 n-d-856894-1 cinder-volume[115562]: DEBUG oslo_concurrency.processutils [None req-61c56ddc-0acb-40be-b4b1-801b9e52ee4c tempest-VolumesDeleteCascade-373018581 None] Running cmd (subprocess): sudo cinder-rootwrap /etc/cinder/rootwrap.conf env LC_ALL=C lvs --noheadings --unit=g -o vg_name,name,size --nosuffix --readonly stack-volumes-lvmdriver-1/volume-0891b499-360f-4fba-9009-c656c9c375b4 {{(pid=115562) execute /usr/local/lib/python3.8/dist-packages/oslo_concurrency/processutils.py:384}}
Sep 10 10:50:47.503609 n-d-856894-1 sudo[148149]: ubuntu : TTY=unknown ; PWD=/ ; USER=root ; COMMAND=/usr/local/bin/cinder-rootwrap /etc/cinder/rootwrap.conf env LC_ALL=C lvs --noheadings --unit=g -o vg_name,name,size --nosuffix --readonly stack-volumes-lvmdriver-1/volume-0891b499-360f-4fba-9009-c656c9c375b4
Sep 10 10:50:47.504977 n-d-856894-1 sudo[148149]: pam_unix(sudo:session): session opened for user root by (uid=0)
Sep 10 10:50:48.815758 n-d-856894-1 sudo[148149]: pam_unix(sudo:session): session closed for user root
Sep 10 10:50:48.817988 n-d-856894-1 cinder-volume[115562]: DEBUG oslo_concurrency.processutils [None req-61c56ddc-0acb-40be-b4b1-801b9e52ee4c tempest-VolumesDeleteCascade-373018581 None] CMD "sudo cinder-rootwrap /etc/cinder/rootwrap.conf env LC_ALL=C lvs --noheadings --unit=g -o vg_name,name,size --nosuffix --readonly stack-volumes-lvmdriver-1/volume-0891b499-360f-4fba-9009-c656c9c375b4" returned: 0 in 1.368s {{(pid=115562) execute /usr/local/lib/python3.8/dist-packages/oslo_concurrency/processutils.py:422}}
Sep 10 10:50:48.820559 n-d-856894-1 cinder-volume[115562]: DEBUG oslo_concurrency.processutils [None req-61c56ddc-0acb-40be-b4b1-801b9e52ee4c tempest-VolumesDeleteCascade-373018581 None] Running cmd (subprocess): sudo cinder-rootwrap /etc/cinder/rootwrap.conf env LC_ALL=C lvdisplay --noheading -C -o Attr --readonly stack-volumes-lvmdriver-1/volume-0891b499-360f-4fba-9009-c656c9c375b4 {{(pid=115562) execute /usr/local/lib/python3.8/dist-packages/oslo_concurrency/processutils.py:384}}
Sep 10 10:50:48.861400 n-d-856894-1 sudo[148154]: ubuntu : TTY=unknown ; PWD=/ ; USER=root ; COMMAND=/usr/local/bin/cinder-rootwrap /etc/cinder/rootwrap.conf env LC_ALL=C lvdisplay --noheading -C -o Attr --readonly stack-volumes-lvmdriver-1/volume-0891b499-360f-4fba-9009-c656c9c375b4
Sep 10 10:50:48.862784 n-d-856894-1 sudo[148154]: pam_unix(sudo:session): session opened for user root by (uid=0)
Sep 10 10:50:50.191802 n-d-856894-1 sudo[148154]: pam_unix(sudo:session): session closed for user root
Sep 10 10:50:50.194635 n-d-856894-1 cinder-volume[115562]: DEBUG oslo_concurrency.processutils [None req-61c56ddc-0acb-40be-b4b1-801b9e52ee4c tempest-VolumesDeleteCascade-373018581 None] CMD "sudo cinder-rootwrap /etc/cinder/rootwrap.conf env LC_ALL=C lvdisplay --noheading -C -o Attr --readonly stack-volumes-lvmdriver-1/volume-0891b499-360f-4fba-9009-c656c9c375b4" returned: 0 in 1.374s {{(pid=115562) execute /usr/local/lib/python3.8/dist-packages/oslo_concurrency/processutils.py:422}}
Sep 10 10:50:50.197227 n-d-856894-1 cinder-volume[115562]: DEBUG oslo_concurrency.processutils [None req-61c56ddc-0acb-40be-b4b1-801b9e52ee4c tempest-VolumesDeleteCascade-373018581 None] Running cmd (subprocess): sudo cinder-rootwrap /etc/cinder/rootwrap.conf lvremove --config activation { retry_deactivation = 1} -f stack-volumes-lvmdriver-1/volume-0891b499-360f-4fba-9009-c656c9c375b4 {{(pid=115562) execute /usr/local/lib/python3.8/dist-packages/oslo_concurrency/processutils.py:384}}
Sep 10 10:50:50.221284 n-d-856894-1 sudo[148158]: ubuntu : TTY=unknown ; PWD=/ ; USER=root ; COMMAND=/usr/local/bin/cinder-rootwrap /etc/cinder/rootwrap.conf lvremove --config activation { retry_deactivation = 1} -f stack-volumes-lvmdriver-1/volume-0891b499-360f-4fba-9009-c656c9c375b4
Sep 10 10:50:50.222856 n-d-856894-1 sudo[148158]: pam_unix(sudo:session): session opened for user root by (uid=0)
Sep 10 10:50:51.357193 n-d-856894-1 sudo[148158]: pam_unix(sudo:session): session closed for user root
Sep 10 10:50:51.360608 n-d-856894-1 cinder-volume[115562]: DEBUG oslo_concurrency.processutils [None req-61c56ddc-0acb-40be-b4b1-801b9e52ee4c tempest-VolumesDeleteCascade-373018581 None] CMD "sudo cinder-rootwrap /etc/cinder/rootwrap.conf lvremove --config activation { retry_deactivation = 1} -f stack-volumes-lvmdriver-1/volume-0891b499-360f-4fba-9009-c656c9c375b4" returned: 0 in 1.163s {{(pid=115562) execute /usr/local/lib/python3.8/dist-packages/oslo_concurrency/processutils.py:422}}
Sep 10 10:50:51.363698 n-d-856894-1 cinder-volume[115562]: INFO cinder.volume.drivers.lvm [None req-61c56ddc-0acb-40be-b4b1-801b9e52ee4c tempest-VolumesDeleteCascade-373018581 None] Successfully deleted volume: 0891b499-360f-4fba-9009-c656c9c375b4
Sep 10 10:50:51.455400 n-d-856894-1 cinder-volume[115562]: DEBUG cinder.quota [None req-61c56ddc-0acb-40be-b4b1-801b9e52ee4c tempest-VolumesDeleteCascade-373018581 None] Created reservations ['bc36af56-e751-4362-aec1-66ca77c847c4', '1951a045-4ccc-4671-9f34-74f0b7ecdc02', '3fe8c2c9-ba0c-47c6-add5-513d72cb3a97', 'e2f978f7-39bd-42ec-9847-d0a02c5468f4'] {{(pid=115562) reserve /opt/stack/cinder/cinder/quota.py:755}}
Sep 10 10:50:51.551843 n-d-856894-1 cinder-volume[115562]: DEBUG cinder.volume.drivers.lvm [None req-61c56ddc-0acb-40be-b4b1-801b9e52ee4c tempest-VolumesDeleteCascade-373018581 None] Updating volume stats {{(pid=115562) _update_volume_stats /opt/stack/cinder/cinder/volume/drivers/lvm.py:213}}
Sep 10 10:50:51.552927 n-d-856894-1 cinder-volume[115562]: DEBUG oslo_concurrency.processutils [None req-61c56ddc-0acb-40be-b4b1-801b9e52ee4c tempest-VolumesDeleteCascade-373018581 None] Running cmd (subprocess): sudo cinder-rootwrap /etc/cinder/rootwrap.conf env LC_ALL=C vgs --noheadings --unit=g -o name,size,free,lv_count,uuid --separator : --nosuffix stack-volumes-lvmdriver-1 {{(pid=115562) execute /usr/local/lib/python3.8/dist-packages/oslo_concurrency/processutils.py:384}}
Sep 10 10:50:51.593091 n-d-856894-1 sudo[148188]: ubuntu : TTY=unknown ; PWD=/ ; USER=root ; COMMAND=/usr/local/bin/cinder-rootwrap /etc/cinder/rootwrap.conf env LC_ALL=C vgs --noheadings --unit=g -o name,size,free,lv_count,uuid --separator : --nosuffix stack-volumes-lvmdriver-1
Sep 10 10:50:51.596065 n-d-856894-1 sudo[148188]: pam_unix(sudo:session): session opened for user root by (uid=0)
Sep 10 10:50:52.534530 n-d-856894-1 cinder-volume[115562]: DEBUG cinder.coordination [None req-bc4a0cdc-2970-426e-ad58-e4dfe86d5b9c tempest-VolumesDeleteCascade-373018581 None] Acquiring lock "cinder-b4d78410-efd9-4f82-88e2-6d7605cdf14a-delete_volume" by "delete_volume" {{(pid=115562) _synchronized /opt/stack/cinder/cinder/coordination.py:192}}
Sep 10 10:50:52.571416 n-d-856894-1 cinder-volume[115562]: DEBUG cinder.coordination [None req-bc4a0cdc-2970-426e-ad58-e4dfe86d5b9c tempest-VolumesDeleteCascade-373018581 None] Lock "cinder-b4d78410-efd9-4f82-88e2-6d7605cdf14a-delete_volume" acquired by "delete_volume" :: waited 0.034s {{(pid=115562) _synchronized /opt/stack/cinder/cinder/coordination.py:196}}
Sep 10 10:50:52.749047 n-d-856894-1 cinder-volume[115562]: INFO cinder.volume.targets.iscsi [None req-bc4a0cdc-2970-426e-ad58-e4dfe86d5b9c tempest-VolumesDeleteCascade-373018581 None] Skipping remove_export. No iscsi_target is presently exported for volume: b4d78410-efd9-4f82-88e2-6d7605cdf14a
Sep 10 10:50:52.750388 n-d-856894-1 cinder-volume[115562]: DEBUG oslo_concurrency.processutils [None req-bc4a0cdc-2970-426e-ad58-e4dfe86d5b9c tempest-VolumesDeleteCascade-373018581 None] Running cmd (subprocess): sudo cinder-rootwrap /etc/cinder/rootwrap.conf env LC_ALL=C lvs --noheadings --unit=g -o vg_name,name,size --nosuffix --readonly stack-volumes-lvmdriver-1/volume-b4d78410-efd9-4f82-88e2-6d7605cdf14a {{(pid=115562) execute /usr/local/lib/python3.8/dist-packages/oslo_concurrency/processutils.py:384}}
Sep 10 10:50:52.840436 n-d-856894-1 sudo[148253]: ubuntu : TTY=unknown ; PWD=/ ; USER=root ; COMMAND=/usr/local/bin/cinder-rootwrap /etc/cinder/rootwrap.conf env LC_ALL=C lvs --noheadings --unit=g -o vg_name,name,size --nosuffix --readonly stack-volumes-lvmdriver-1/volume-b4d78410-efd9-4f82-88e2-6d7605cdf14a
Sep 10 10:50:52.841786 n-d-856894-1 sudo[148253]: pam_unix(sudo:session): session opened for user root by (uid=0)
Sep 10 10:50:53.069857 n-d-856894-1 sudo[148188]: pam_unix(sudo:session): session closed for user root
Sep 10 10:50:53.072566 n-d-856894-1 cinder-volume[115562]: DEBUG oslo_concurrency.processutils [None req-61c56ddc-0acb-40be-b4b1-801b9e52ee4c tempest-VolumesDeleteCascade-373018581 None] CMD "sudo cinder-rootwrap /etc/cinder/rootwrap.conf env LC_ALL=C vgs --noheadings --unit=g -o name,size,free,lv_count,uuid --separator : --nosuffix stack-volumes-lvmdriver-1" returned: 0 in 1.519s {{(pid=115562) execute /usr/local/lib/python3.8/dist-packages/oslo_concurrency/processutils.py:422}}
Sep 10 10:50:53.084227 n-d-856894-1 cinder-volume[115562]: DEBUG oslo_concurrency.processutils [None req-61c56ddc-0acb-40be-b4b1-801b9e52ee4c tempest-VolumesDeleteCascade-373018581 None] Running cmd (subprocess): sudo cinder-rootwrap /etc/cinder/rootwrap.conf env LC_ALL=C lvs --noheadings --unit=g -o vg_name,name,size --nosuffix --readonly stack-volumes-lvmdriver-1 {{(pid=115562) execute /usr/local/lib/python3.8/dist-packages/oslo_concurrency/processutils.py:384}}
Sep 10 10:50:53.141855 n-d-856894-1 sudo[148262]: ubuntu : TTY=unknown ; PWD=/ ; USER=root ; COMMAND=/usr/local/bin/cinder-rootwrap /etc/cinder/rootwrap.conf env LC_ALL=C lvs --noheadings --unit=g -o vg_name,name,size --nosuffix --readonly stack-volumes-lvmdriver-1
Sep 10 10:50:53.142672 n-d-856894-1 sudo[148262]: pam_unix(sudo:session): session opened for user root by (uid=0)
Sep 10 10:50:54.270825 n-d-856894-1 sudo[148253]: pam_unix(sudo:session): session closed for user root
Sep 10 10:50:54.274653 n-d-856894-1 cinder-volume[115562]: DEBUG oslo_concurrency.processutils [None req-bc4a0cdc-2970-426e-ad58-e4dfe86d5b9c tempest-VolumesDeleteCascade-373018581 None] CMD "sudo cinder-rootwrap /etc/cinder/rootwrap.conf env LC_ALL=C lvs --noheadings --unit=g -o vg_name,name,size --nosuffix --readonly stack-volumes-lvmdriver-1/volume-b4d78410-efd9-4f82-88e2-6d7605cdf14a" returned: 0 in 1.523s {{(pid=115562) execute /usr/local/lib/python3.8/dist-packages/oslo_concurrency/processutils.py:422}}
Sep 10 10:50:54.291574 n-d-856894-1 cinder-volume[115562]: DEBUG oslo_concurrency.processutils [None req-bc4a0cdc-2970-426e-ad58-e4dfe86d5b9c tempest-VolumesDeleteCascade-373018581 None] Running cmd (subprocess): sudo cinder-rootwrap /etc/cinder/rootwrap.conf env LC_ALL=C lvdisplay --noheading -C -o Attr --readonly stack-volumes-lvmdriver-1/volume-b4d78410-efd9-4f82-88e2-6d7605cdf14a {{(pid=115562) execute /usr/local/lib/python3.8/dist-packages/oslo_concurrency/processutils.py:384}}
