Sep 09 23:50:08.284857 n-d-856757-7 devstack@placement-api.service[114677]: [pid: 114677|app: 0|req: 455/889] 10.222.0.43 () {60 vars in 1377 bytes} [Fri Sep 9 23:50:08 2022] GET /placement/allocations/71901281-214c-4342-bcd8-9e18c70d1320 => generated 259 bytes in 61 msecs (HTTP/1.1 200) 8 headers in 296 bytes (2 switches on core 0)
Sep 09 23:50:08.292814 n-d-856757-7 devstack@placement-api.service[114676]: DEBUG placement.requestlog [req-52a25b7c-1d2b-45b0-a4c6-42d564ac03fe req-0f9eb648-1293-4e96-a714-7caeca018e3c None None] Starting request: 10.222.0.43 "GET /placement/allocations/574f5e14-07cd-4c1c-9dbf-8e873dec13f6" {{(pid=114676) __call__ /opt/stack/placement/placement/requestlog.py:55}}
Sep 09 23:50:08.333988 n-d-856757-7 devstack@placement-api.service[114676]: INFO placement.requestlog [req-52a25b7c-1d2b-45b0-a4c6-42d564ac03fe req-0f9eb648-1293-4e96-a714-7caeca018e3c service placement] 10.222.0.43 "GET /placement/allocations/574f5e14-07cd-4c1c-9dbf-8e873dec13f6" status: 200 len: 259 microversion: 1.28
Sep 09 23:50:08.345729 n-d-856757-7 devstack@placement-api.service[114677]: DEBUG placement.requestlog [req-52a25b7c-1d2b-45b0-a4c6-42d564ac03fe req-4590ae62-81e3-4f84-90c0-eecf97c63d8f None None] Starting request: 10.222.0.43 "GET /placement/allocations/c303e767-c7ca-4ca5-b58e-ef59f819a708" {{(pid=114677) __call__ /opt/stack/placement/placement/requestlog.py:55}}
Sep 09 23:50:08.347440 n-d-856757-7 devstack@placement-api.service[114676]: [pid: 114676|app: 0|req: 435/890] 10.222.0.43 () {60 vars in 1377 bytes} [Fri Sep 9 23:50:08 2022] GET /placement/allocations/574f5e14-07cd-4c1c-9dbf-8e873dec13f6 => generated 259 bytes in 45 msecs (HTTP/1.1 200) 8 headers in 296 bytes (1 switches on core 0)
Sep 09 23:50:08.376545 n-d-856757-7 devstack@placement-api.service[114677]: INFO placement.requestlog [req-52a25b7c-1d2b-45b0-a4c6-42d564ac03fe req-4590ae62-81e3-4f84-90c0-eecf97c63d8f service placement] 10.222.0.43 "GET /placement/allocations/c303e767-c7ca-4ca5-b58e-ef59f819a708" status: 200 len: 259 microversion: 1.28
Sep 09 23:50:08.377241 n-d-856757-7 devstack@placement-api.service[114677]: [pid: 114677|app: 0|req: 456/891] 10.222.0.43 () {60 vars in 1377 bytes} [Fri Sep 9 23:50:08 2022] GET /placement/allocations/c303e767-c7ca-4ca5-b58e-ef59f819a708 => generated 259 bytes in 32 msecs (HTTP/1.1 200) 8 headers in 296 bytes (1 switches on core 0)
Sep 09 23:50:08.386341 n-d-856757-7 devstack@placement-api.service[114676]: DEBUG placement.requestlog [req-52a25b7c-1d2b-45b0-a4c6-42d564ac03fe req-517841d3-3d90-4ab7-99e8-4d8d702f1ecc None None] Starting request: 10.222.0.43 "GET /placement/allocations/317e98c4-b996-4f62-9e3c-12a1ffd805cc" {{(pid=114676) __call__ /opt/stack/placement/placement/requestlog.py:55}}
Sep 09 23:50:08.424535 n-d-856757-7 devstack@placement-api.service[114676]: INFO placement.requestlog [req-52a25b7c-1d2b-45b0-a4c6-42d564ac03fe req-517841d3-3d90-4ab7-99e8-4d8d702f1ecc service placement] 10.222.0.43 "GET /placement/allocations/317e98c4-b996-4f62-9e3c-12a1ffd805cc" status: 200 len: 259 microversion: 1.28
Sep 09 23:50:08.425289 n-d-856757-7 devstack@placement-api.service[114676]: [pid: 114676|app: 0|req: 436/892] 10.222.0.43 () {60 vars in 1377 bytes} [Fri Sep 9 23:50:08 2022] GET /placement/allocations/317e98c4-b996-4f62-9e3c-12a1ffd805cc => generated 259 bytes in 39 msecs (HTTP/1.1 200) 8 headers in 296 bytes (1 switches on core 0)
Sep 09 23:50:09.001595 n-d-856757-7 devstack@placement-api.service[114677]: DEBUG placement.requestlog [req-52a25b7c-1d2b-45b0-a4c6-42d564ac03fe req-3cb60704-88b2-4ff5-84fd-990bcec5d4b8 None None] Starting request: 10.222.0.43 "GET /placement/allocations/7b620f6d-2c9e-48a8-b64d-2a8ba4d2a144" {{(pid=114677) __call__ /opt/stack/placement/placement/requestlog.py:55}}
Sep 09 23:50:09.046101 n-d-856757-7 devstack@placement-api.service[114677]: INFO placement.requestlog [req-52a25b7c-1d2b-45b0-a4c6-42d564ac03fe req-3cb60704-88b2-4ff5-84fd-990bcec5d4b8 service placement] 10.222.0.43 "GET /placement/allocations/7b620f6d-2c9e-48a8-b64d-2a8ba4d2a144" status: 200 len: 259 microversion: 1.28
Sep 09 23:50:09.054781 n-d-856757-7 devstack@placement-api.service[114677]: [pid: 114677|app: 0|req: 457/893] 10.222.0.43 () {60 vars in 1377 bytes} [Fri Sep 9 23:50:09 2022] GET /placement/allocations/7b620f6d-2c9e-48a8-b64d-2a8ba4d2a144 => generated 259 bytes in 49 msecs (HTTP/1.1 200) 8 headers in 296 bytes (1 switches on core 0)
Sep 09 23:50:09.059651 n-d-856757-7 devstack@placement-api.service[114676]: DEBUG placement.requestlog [req-52a25b7c-1d2b-45b0-a4c6-42d564ac03fe req-609eb654-6aa3-4224-923d-e77ebeef1fd0 None None] Starting request: 10.222.0.43 "GET /placement/allocations/409615ae-17ab-4a07-8224-e6cdc1168be5" {{(pid=114676) __call__ /opt/stack/placement/placement/requestlog.py:55}}
Sep 09 23:50:09.091770 n-d-856757-7 devstack@placement-api.service[114676]: INFO placement.requestlog [req-52a25b7c-1d2b-45b0-a4c6-42d564ac03fe req-609eb654-6aa3-4224-923d-e77ebeef1fd0 service placement] 10.222.0.43 "GET /placement/allocations/409615ae-17ab-4a07-8224-e6cdc1168be5" status: 200 len: 259 microversion: 1.28
Sep 09 23:50:09.093038 n-d-856757-7 devstack@placement-api.service[114676]: [pid: 114676|app: 0|req: 437/894] 10.222.0.43 () {60 vars in 1377 bytes} [Fri Sep 9 23:50:09 2022] GET /placement/allocations/409615ae-17ab-4a07-8224-e6cdc1168be5 => generated 259 bytes in 35 msecs (HTTP/1.1 200) 8 headers in 296 bytes (1 switches on core 0)
Sep 09 23:50:09.100314 n-d-856757-7 devstack@placement-api.service[114677]: DEBUG placement.requestlog [req-52a25b7c-1d2b-45b0-a4c6-42d564ac03fe req-308ea63b-ac18-4094-837e-453104d167b2 None None] Starting request: 10.222.0.43 "GET /placement/allocations/55bff1a5-c14d-4ae0-8651-5ba970bb5f7e" {{(pid=114677) __call__ /opt/stack/placement/placement/requestlog.py:55}}
Sep 09 23:50:09.150894 n-d-856757-7 devstack@placement-api.service[114677]: INFO placement.requestlog [req-52a25b7c-1d2b-45b0-a4c6-42d564ac03fe req-308ea63b-ac18-4094-837e-453104d167b2 service placement] 10.222.0.43 "GET /placement/allocations/55bff1a5-c14d-4ae0-8651-5ba970bb5f7e" status: 200 len: 259 microversion: 1.28
Sep 09 23:50:09.151295 n-d-856757-7 devstack@placement-api.service[114677]: [pid: 114677|app: 0|req: 458/895] 10.222.0.43 () {60 vars in 1377 bytes} [Fri Sep 9 23:50:09 2022] GET /placement/allocations/55bff1a5-c14d-4ae0-8651-5ba970bb5f7e => generated 259 bytes in 51 msecs (HTTP/1.1 200) 8 headers in 296 bytes (1 switches on core 0)
Sep 09 23:50:09.560710 n-d-856757-7 devstack@placement-api.service[114676]: DEBUG placement.requestlog [req-52a25b7c-1d2b-45b0-a4c6-42d564ac03fe req-343040a6-ebe2-46f6-afaa-e2b0ce17f445 None None] Starting request: 10.222.0.43 "DELETE /placement/allocations/57827149-cf0a-4bf5-8a44-fe96a27eb8c3" {{(pid=114676) __call__ /opt/stack/placement/placement/requestlog.py:55}}
Sep 09 23:50:09.749538 n-d-856757-7 devstack@placement-api.service[114676]: DEBUG placement.handlers.allocation [req-52a25b7c-1d2b-45b0-a4c6-42d564ac03fe req-343040a6-ebe2-46f6-afaa-e2b0ce17f445 service placement] Successfully deleted allocations [, , ] {{(pid=114676) delete_allocations /opt/stack/placement/placement/handlers/allocation.py:627}}
Sep 09 23:50:09.750170 n-d-856757-7 devstack@placement-api.service[114676]: INFO placement.requestlog [req-52a25b7c-1d2b-45b0-a4c6-42d564ac03fe req-343040a6-ebe2-46f6-afaa-e2b0ce17f445 service placement] 10.222.0.43 "DELETE /placement/allocations/57827149-cf0a-4bf5-8a44-fe96a27eb8c3" status: 204 len: 0 microversion: 1.0
Sep 09 23:50:09.751616 n-d-856757-7 devstack@placement-api.service[114676]: [pid: 114676|app: 0|req: 438/896] 10.222.0.43 () {60 vars in 1355 bytes} [Fri Sep 9 23:50:09 2022] DELETE /placement/allocations/57827149-cf0a-4bf5-8a44-fe96a27eb8c3 => generated 0 bytes in 191 msecs (HTTP/1.1 204) 5 headers in 198 bytes (1 switches on core 0)
Sep 09 23:50:13.954921 n-d-856757-7 devstack@placement-api.service[114677]: DEBUG placement.requestlog [req-45a6a05e-8b65-4ba5-ae01-1842e1485f7a req-53ebb677-6165-4012-a07d-f22c1caa6b62 None None] Starting request: 10.222.0.44 "GET /placement/resource_providers/e07fe9b4-7034-4b90-8aa5-87ff693238a0/allocations" {{(pid=114677) __call__ /opt/stack/placement/placement/requestlog.py:55}}
Sep 09 23:50:14.014420 n-d-856757-7 devstack@placement-api.service[114677]: INFO placement.requestlog [req-45a6a05e-8b65-4ba5-ae01-1842e1485f7a req-53ebb677-6165-4012-a07d-f22c1caa6b62 service placement] 10.222.0.44 "GET /placement/resource_providers/e07fe9b4-7034-4b90-8aa5-87ff693238a0/allocations" status: 200 len: 759 microversion: 1.0
Sep 09 23:50:14.028856 n-d-856757-7 devstack@placement-api.service[114677]: [pid: 114677|app: 0|req: 459/897] 10.222.0.44 () {58 vars in 1390 bytes} [Fri Sep 9 23:50:13 2022] GET /placement/resource_providers/e07fe9b4-7034-4b90-8aa5-87ff693238a0/allocations => generated 759 bytes in 73 msecs (HTTP/1.1 200) 6 headers in 224 bytes (1 switches on core 0)
Sep 09 23:50:14.152781 n-d-856757-7 devstack@placement-api.service[114676]: DEBUG placement.requestlog [req-45a6a05e-8b65-4ba5-ae01-1842e1485f7a req-33077ceb-3984-41e2-ac8c-56ebc33942e9 None None] Starting request: 10.222.0.44 "GET /placement/resource_providers/e07fe9b4-7034-4b90-8aa5-87ff693238a0/allocations" {{(pid=114676) __call__ /opt/stack/placement/placement/requestlog.py:55}}
Sep 09 23:50:14.201724 n-d-856757-7 devstack@placement-api.service[114676]: INFO placement.requestlog [req-45a6a05e-8b65-4ba5-ae01-1842e1485f7a req-33077ceb-3984-41e2-ac8c-56ebc33942e9 service placement] 10.222.0.44 "GET /placement/resource_providers/e07fe9b4-7034-4b90-8aa5-87ff693238a0/allocations" status: 200 len: 759 microversion: 1.0
Sep 09 23:50:14.202222 n-d-856757-7 devstack@placement-api.service[114676]: [pid: 114676|app: 0|req: 439/898] 10.222.0.44 () {58 vars in 1390 bytes} [Fri Sep 9 23:50:14 2022] GET /placement/resource_providers/e07fe9b4-7034-4b90-8aa5-87ff693238a0/allocations => generated 759 bytes in 50 msecs (HTTP/1.1 200) 6 headers in 224 bytes (1 switches on core 0)
Sep 09 23:50:14.210888 n-d-856757-7 devstack@placement-api.service[114677]: DEBUG placement.requestlog [req-45a6a05e-8b65-4ba5-ae01-1842e1485f7a req-7e3eab84-41a4-4511-b51b-b44d709a0228 None None] Starting request: 10.222.0.44 "GET /placement/allocations/f85530f0-9b6d-4c92-b027-56daf46c8bef" {{(pid=114677) __call__ /opt/stack/placement/placement/requestlog.py:55}}
Sep 09 23:50:14.237816 n-d-856757-7 devstack@placement-api.service[114677]: INFO placement.requestlog [req-45a6a05e-8b65-4ba5-ae01-1842e1485f7a req-7e3eab84-41a4-4511-b51b-b44d709a0228 service placement] 10.222.0.44 "GET /placement/allocations/f85530f0-9b6d-4c92-b027-56daf46c8bef" status: 200 len: 259 microversion: 1.28
Sep 09 23:50:14.238833 n-d-856757-7 devstack@placement-api.service[114677]: [pid: 114677|app: 0|req: 460/899] 10.222.0.44 () {60 vars in 1377 bytes} [Fri Sep 9 23:50:14 2022] GET /placement/allocations/f85530f0-9b6d-4c92-b027-56daf46c8bef => generated 259 bytes in 28 msecs (HTTP/1.1 200) 8 headers in 296 bytes (1 switches on core 0)
Sep 09 23:50:14.246039 n-d-856757-7 devstack@placement-api.service[114676]: DEBUG placement.requestlog [req-45a6a05e-8b65-4ba5-ae01-1842e1485f7a req-844547dc-f308-4f11-ad46-2e56ffd2a827 None None] Starting request: 10.222.0.44 "GET /placement/allocations/fa101bde-1ec7-43ca-892a-70966d477e8c" {{(pid=114676) __call__ /opt/stack/placement/placement/requestlog.py:55}}
Sep 09 23:50:14.274046 n-d-856757-7 devstack@placement-api.service[114676]: INFO placement.requestlog [req-45a6a05e-8b65-4ba5-ae01-1842e1485f7a req-844547dc-f308-4f11-ad46-2e56ffd2a827 service placement] 10.222.0.44 "GET /placement/allocations/fa101bde-1ec7-43ca-892a-70966d477e8c" status: 200 len: 258 microversion: 1.28
Sep 09 23:50:14.281050 n-d-856757-7 devstack@placement-api.service[114676]: [pid: 114676|app: 0|req: 440/900] 10.222.0.44 () {60 vars in 1377 bytes} [Fri Sep 9 23:50:14 2022] GET /placement/allocations/fa101bde-1ec7-43ca-892a-70966d477e8c => generated 258 bytes in 29 msecs (HTTP/1.1 200) 8 headers in 296 bytes (1 switches on core 0)
Sep 09 23:50:14.285587 n-d-856757-7 devstack@placement-api.service[114677]: DEBUG placement.requestlog [req-45a6a05e-8b65-4ba5-ae01-1842e1485f7a req-6096d3f9-9da3-48fa-bb5c-6926094ce6b0 None None] Starting request: 10.222.0.44 "GET /placement/allocations/d97366e5-9a7c-4e08-b459-518a887667dc" {{(pid=114677) __call__ /opt/stack/placement/placement/requestlog.py:55}}
Sep 09 23:50:14.304168 n-d-856757-7 devstack@placement-api.service[114677]: INFO placement.requestlog [req-45a6a05e-8b65-4ba5-ae01-1842e1485f7a req-6096d3f9-9da3-48fa-bb5c-6926094ce6b0 service placement] 10.222.0.44 "GET /placement/allocations/d97366e5-9a7c-4e08-b459-518a887667dc" status: 200 len: 259 microversion: 1.28
Sep 09 23:50:14.305687 n-d-856757-7 devstack@placement-api.service[114677]: [pid: 114677|app: 0|req: 461/901] 10.222.0.44 () {60 vars in 1377 bytes} [Fri Sep 9 23:50:14 2022] GET /placement/allocations/d97366e5-9a7c-4e08-b459-518a887667dc => generated 259 bytes in 20 msecs (HTTP/1.1 200) 8 headers in 296 bytes (1 switches on core 0)
Sep 09 23:50:14.312254 n-d-856757-7 devstack@placement-api.service[114676]: DEBUG placement.requestlog [req-45a6a05e-8b65-4ba5-ae01-1842e1485f7a req-be2e7382-66c9-4462-8406-6f7ce016f44b None None] Starting request: 10.222.0.44 "GET /placement/allocations/99720900-f444-4cdc-9e78-fa3e5accedb8" {{(pid=114676) __call__ /opt/stack/placement/placement/requestlog.py:55}}
Sep 09 23:50:14.333817 n-d-856757-7 devstack@placement-api.service[114676]: DEBUG dbcounter [-] [114676] Writing DB stats placement:SELECT=98,placement:DELETE=2 {{(pid=114676) stat_writer /usr/local/lib/python3.8/dist-packages/dbcounter.py:114}}
Sep 09 23:50:14.338628 n-d-856757-7 devstack@placement-api.service[114676]: INFO placement.requestlog [req-45a6a05e-8b65-4ba5-ae01-1842e1485f7a req-be2e7382-66c9-4462-8406-6f7ce016f44b service placement] 10.222.0.44 "GET /placement/allocations/99720900-f444-4cdc-9e78-fa3e5accedb8" status: 200 len: 259 microversion: 1.28
Sep 09 23:50:14.340265 n-d-856757-7 devstack@placement-api.service[114676]: [pid: 114676|app: 0|req: 441/902] 10.222.0.44 () {60 vars in 1377 bytes} [Fri Sep 9 23:50:14 2022] GET /placement/allocations/99720900-f444-4cdc-9e78-fa3e5accedb8 => generated 259 bytes in 28 msecs (HTTP/1.1 200) 8 headers in 296 bytes (2 switches on core 0)
Sep 09 23:50:14.348098 n-d-856757-7 devstack@placement-api.service[114677]: DEBUG placement.requestlog [req-45a6a05e-8b65-4ba5-ae01-1842e1485f7a req-3d67b1cb-50b3-4394-9473-2ab3ae4207cc None None] Starting request: 10.222.0.44 "GET /placement/allocations/ca1e9dc3-4b58-44af-87c3-bf7af1c0c19b" {{(pid=114677) __call__ /opt/stack/placement/placement/requestlog.py:55}}
Sep 09 23:50:14.371814 n-d-856757-7 devstack@placement-api.service[114677]: INFO placement.requestlog [req-45a6a05e-8b65-4ba5-ae01-1842e1485f7a req-3d67b1cb-50b3-4394-9473-2ab3ae4207cc service placement] 10.222.0.44 "GET /placement/allocations/ca1e9dc3-4b58-44af-87c3-bf7af1c0c19b" status: 200 len: 259 microversion: 1.28
Sep 09 23:50:14.372222 n-d-856757-7 devstack@placement-api.service[114677]: [pid: 114677|app: 0|req: 462/903] 10.222.0.44 () {60 vars in 1377 bytes} [Fri Sep 9 23:50:14 2022] GET /placement/allocations/ca1e9dc3-4b58-44af-87c3-bf7af1c0c19b => generated 259 bytes in 24 msecs (HTTP/1.1 200) 8 headers in 296 bytes (1 switches on core 0)
Sep 09 23:50:14.400518 n-d-856757-7 devstack@placement-api.service[114676]: DEBUG placement.requestlog [req-45a6a05e-8b65-4ba5-ae01-1842e1485f7a req-770461f5-9e26-4196-9bbe-f6dd72ded27b None None] Starting request: 10.222.0.44 "GET /placement/allocations/67bd9fd5-caf5-47d6-befc-99b39a7bd062" {{(pid=114676) __call__ /opt/stack/placement/placement/requestlog.py:55}}
Sep 09 23:50:14.426587 n-d-856757-7 devstack@placement-api.service[114676]: INFO placement.requestlog [req-45a6a05e-8b65-4ba5-ae01-1842e1485f7a req-770461f5-9e26-4196-9bbe-f6dd72ded27b service placement] 10.222.0.44 "GET /placement/allocations/67bd9fd5-caf5-47d6-befc-99b39a7bd062" status: 200 len: 259 microversion: 1.28
Sep 09 23:50:14.427890 n-d-856757-7 devstack@placement-api.service[114676]: [pid: 114676|app: 0|req: 442/904] 10.222.0.44 () {60 vars in 1377 bytes} [Fri Sep 9 23:50:14 2022] GET /placement/allocations/67bd9fd5-caf5-47d6-befc-99b39a7bd062 => generated 259 bytes in 28 msecs (HTTP/1.1 200) 8 headers in 296 bytes (1 switches on core 0)
Sep 09 23:50:14.435484 n-d-856757-7 devstack@placement-api.service[114677]: DEBUG placement.requestlog [req-45a6a05e-8b65-4ba5-ae01-1842e1485f7a req-8e3c9750-9d9b-44d5-9ad7-fa9438003652 None None] Starting request: 10.222.0.44 "GET /placement/allocations/4f84c0df-d320-4e62-9ab0-f85f2cd412f1" {{(pid=114677) __call__ /opt/stack/placement/placement/requestlog.py:55}}
Sep 09 23:50:14.463683 n-d-856757-7 devstack@placement-api.service[114677]: INFO placement.requestlog [req-45a6a05e-8b65-4ba5-ae01-1842e1485f7a req-8e3c9750-9d9b-44d5-9ad7-fa9438003652 service placement] 10.222.0.44 "GET /placement/allocations/4f84c0df-d320-4e62-9ab0-f85f2cd412f1" status: 200 len: 259 microversion: 1.28
Sep 09 23:50:14.466421 n-d-856757-7 devstack@placement-api.service[114677]: [pid: 114677|app: 0|req: 463/905] 10.222.0.44 () {60 vars in 1377 bytes} [Fri Sep 9 23:50:14 2022] GET /placement/allocations/4f84c0df-d320-4e62-9ab0-f85f2cd412f1 => generated 259 bytes in 31 msecs (HTTP/1.1 200) 8 headers in 296 bytes (1 switches on core 0)
Sep 09 23:50:15.377528 n-d-856757-7 devstack@placement-api.service[114676]: DEBUG placement.requestlog [req-4612302f-cdd1-4da8-a103-f38ddea9d967 req-9e839787-3e1b-44e6-beb6-6195e141a475 None None] Starting request: 10.222.0.52 "GET /placement/allocation_candidates?limit=1000&resources=DISK_GB%3A1%2CMEMORY_MB%3A1024%2CVCPU%3A1&root_required=%21COMPUTE_STATUS_DISABLED" {{(pid=114676) __call__ /opt/stack/placement/placement/requestlog.py:55}}
Sep 09 23:50:15.451530 n-d-856757-7 devstack@placement-api.service[114676]: DEBUG placement.objects.research_context [req-4612302f-cdd1-4da8-a103-f38ddea9d967 req-9e839787-3e1b-44e6-beb6-6195e141a475 service placement] getting providers with 1 DISK_GB {{(pid=114676) __init__ /opt/stack/placement/placement/objects/research_context.py:136}}
Sep 09 23:50:15.456778 n-d-856757-7 devstack@placement-api.service[114676]: DEBUG placement.objects.research_context [req-4612302f-cdd1-4da8-a103-f38ddea9d967 req-9e839787-3e1b-44e6-beb6-6195e141a475 service placement] getting providers with 1024 MEMORY_MB {{(pid=114676) __init__ /opt/stack/placement/placement/objects/research_context.py:136}}
Sep 09 23:50:15.462825 n-d-856757-7 devstack@placement-api.service[114676]: DEBUG placement.objects.research_context [req-4612302f-cdd1-4da8-a103-f38ddea9d967 req-9e839787-3e1b-44e6-beb6-6195e141a475 service placement] getting providers with 1 VCPU {{(pid=114676) __init__ /opt/stack/placement/placement/objects/research_context.py:136}}
Sep 09 23:50:15.469717 n-d-856757-7 devstack@placement-api.service[114676]: DEBUG placement.objects.research_context [req-4612302f-cdd1-4da8-a103-f38ddea9d967 req-9e839787-3e1b-44e6-beb6-6195e141a475 service placement] found 2 providers with available 1 DISK_GB {{(pid=114676) get_provider_ids_matching /opt/stack/placement/placement/objects/research_context.py:563}}
Sep 09 23:50:15.470206 n-d-856757-7 devstack@placement-api.service[114676]: DEBUG placement.objects.research_context [req-4612302f-cdd1-4da8-a103-f38ddea9d967 req-9e839787-3e1b-44e6-beb6-6195e141a475 service placement] found 2 providers with available 1024 MEMORY_MB {{(pid=114676) get_provider_ids_matching /opt/stack/placement/placement/objects/research_context.py:563}}
Sep 09 23:50:15.470645 n-d-856757-7 devstack@placement-api.service[114676]: DEBUG placement.objects.research_context [req-4612302f-cdd1-4da8-a103-f38ddea9d967 req-9e839787-3e1b-44e6-beb6-6195e141a475 service placement] found 2 providers after filtering by previous result {{(pid=114676) get_provider_ids_matching /opt/stack/placement/placement/objects/research_context.py:594}}
Sep 09 23:50:15.471090 n-d-856757-7 devstack@placement-api.service[114676]: DEBUG placement.objects.research_context [req-4612302f-cdd1-4da8-a103-f38ddea9d967 req-9e839787-3e1b-44e6-beb6-6195e141a475 service placement] found 2 providers with available 1 VCPU {{(pid=114676) get_provider_ids_matching /opt/stack/placement/placement/objects/research_context.py:563}}
Sep 09 23:50:15.471517 n-d-856757-7 devstack@placement-api.service[114676]: DEBUG placement.objects.research_context [req-4612302f-cdd1-4da8-a103-f38ddea9d967 req-9e839787-3e1b-44e6-beb6-6195e141a475 service placement] found 2 providers after filtering by previous result {{(pid=114676) get_provider_ids_matching /opt/stack/placement/placement/objects/research_context.py:594}}
Sep 09 23:50:15.485028 n-d-856757-7 devstack@placement-api.service[114676]: DEBUG placement.objects.allocation_candidate [req-4612302f-cdd1-4da8-a103-f38ddea9d967 req-9e839787-3e1b-44e6-beb6-6195e141a475 service placement] RequestGroup(use_same_provider=False, resources={DISK_GB:1, MEMORY_MB:1024, VCPU:1}, traits=(), aggregates=[]) (suffix '') returned 2 matches {{(pid=114676) _get_by_requests /opt/stack/placement/placement/objects/allocation_candidate.py:156}}
Sep 09 23:50:15.485684 n-d-856757-7 devstack@placement-api.service[114676]: DEBUG placement.objects.allocation_candidate [req-4612302f-cdd1-4da8-a103-f38ddea9d967 req-9e839787-3e1b-44e6-beb6-6195e141a475 service placement] Merging candidates yields 2 allocation requests and 2 provider summaries {{(pid=114676) _merge_candidates /opt/stack/placement/placement/objects/allocation_candidate.py:809}}
Sep 09 23:50:15.487832 n-d-856757-7 devstack@placement-api.service[114676]: INFO placement.requestlog [req-4612302f-cdd1-4da8-a103-f38ddea9d967 req-9e839787-3e1b-44e6-beb6-6195e141a475 service placement] 10.222.0.52 "GET /placement/allocation_candidates?limit=1000&resources=DISK_GB%3A1%2CMEMORY_MB%3A1024%2CVCPU%3A1&root_required=%21COMPUTE_STATUS_DISABLED" status: 200 len: 1311 microversion: 1.36
Sep 09 23:50:15.488793 n-d-856757-7 devstack@placement-api.service[114676]: [pid: 114676|app: 0|req: 443/906] 10.222.0.52 () {60 vars in 1506 bytes} [Fri Sep 9 23:50:15 2022] GET /placement/allocation_candidates?limit=1000&resources=DISK_GB%3A1%2CMEMORY_MB%3A1024%2CVCPU%3A1&root_required=%21COMPUTE_STATUS_DISABLED => generated 1311 bytes in 111 msecs (HTTP/1.1 200) 8 headers in 297 bytes (1 switches on core 0)
Sep 09 23:50:15.614134 n-d-856757-7 devstack@placement-api.service[114677]: DEBUG placement.requestlog [req-4612302f-cdd1-4da8-a103-f38ddea9d967 req-c91eb7ae-6146-4cd4-bc9f-2f32978357fc None None] Starting request: 10.222.0.52 "GET /placement/allocations/42fffbf6-b45e-429d-be0f-1785f2b5f2e0" {{(pid=114677) __call__ /opt/stack/placement/placement/requestlog.py:55}}
Sep 09 23:50:15.634517 n-d-856757-7 devstack@placement-api.service[114677]: INFO placement.requestlog [req-4612302f-cdd1-4da8-a103-f38ddea9d967 req-c91eb7ae-6146-4cd4-bc9f-2f32978357fc service placement] 10.222.0.52 "GET /placement/allocations/42fffbf6-b45e-429d-be0f-1785f2b5f2e0" status: 200 len: 19 microversion: 1.28
Sep 09 23:50:15.635275 n-d-856757-7 devstack@placement-api.service[114677]: [pid: 114677|app: 0|req: 464/907] 10.222.0.52 () {60 vars in 1380 bytes} [Fri Sep 9 23:50:15 2022] GET /placement/allocations/42fffbf6-b45e-429d-be0f-1785f2b5f2e0 => generated 19 bytes in 21 msecs (HTTP/1.1 200) 8 headers in 295 bytes (1 switches on core 0)
Sep 09 23:50:15.641324 n-d-856757-7 devstack@placement-api.service[114676]: DEBUG placement.requestlog [req-4612302f-cdd1-4da8-a103-f38ddea9d967 req-6f7bd169-8c30-4368-9b8a-68a9aa22e9ae None None] Starting request: 10.222.0.52 "PUT /placement/allocations/42fffbf6-b45e-429d-be0f-1785f2b5f2e0" {{(pid=114676) __call__ /opt/stack/placement/placement/requestlog.py:55}}
Sep 09 23:50:15.875757 n-d-856757-7 devstack@placement-api.service[114676]: DEBUG placement.handlers.allocation [req-4612302f-cdd1-4da8-a103-f38ddea9d967 req-6f7bd169-8c30-4368-9b8a-68a9aa22e9ae service placement] Successfully wrote allocations [, , ] {{(pid=114676) _update_consumers_and_create_allocations /opt/stack/placement/placement/handlers/allocation.py:462}}
Sep 09 23:50:15.943121 n-d-856757-7 devstack@placement-api.service[114676]: INFO placement.requestlog [req-4612302f-cdd1-4da8-a103-f38ddea9d967 req-6f7bd169-8c30-4368-9b8a-68a9aa22e9ae service placement] 10.222.0.52 "PUT /placement/allocations/42fffbf6-b45e-429d-be0f-1785f2b5f2e0" status: 204 len: 0 microversion: 1.36
Sep 09 23:50:15.944089 n-d-856757-7 devstack@placement-api.service[114676]: [pid: 114676|app: 0|req: 444/908] 10.222.0.52 () {64 vars in 1433 bytes} [Fri Sep 9 23:50:15 2022] PUT /placement/allocations/42fffbf6-b45e-429d-be0f-1785f2b5f2e0 => generated 0 bytes in 303 msecs (HTTP/1.1 204) 5 headers in 199 bytes (1 switches on core 0)
Sep 09 23:50:16.099878 n-d-856757-7 devstack@placement-api.service[114677]: DEBUG placement.requestlog [req-45a6a05e-8b65-4ba5-ae01-1842e1485f7a req-e4a0c3a8-4b1d-4fea-a741-5e309fbfab46 None None] Starting request: 10.222.0.44 "GET /placement/allocations/67bd9fd5-caf5-47d6-befc-99b39a7bd062" {{(pid=114677) __call__ /opt/stack/placement/placement/requestlog.py:55}}
Sep 09 23:50:16.107234 n-d-856757-7 devstack@placement-api.service[114677]: DEBUG dbcounter [-] [114677] Writing DB stats placement:SELECT=96,placement:DELETE=4 {{(pid=114677) stat_writer /usr/local/lib/python3.8/dist-packages/dbcounter.py:114}}
Sep 09 23:50:16.142885 n-d-856757-7 devstack@placement-api.service[114677]: INFO placement.requestlog [req-45a6a05e-8b65-4ba5-ae01-1842e1485f7a req-e4a0c3a8-4b1d-4fea-a741-5e309fbfab46 service placement] 10.222.0.44 "GET /placement/allocations/67bd9fd5-caf5-47d6-befc-99b39a7bd062" status: 200 len: 259 microversion: 1.28
Sep 09 23:50:16.145689 n-d-856757-7 devstack@placement-api.service[114677]: [pid: 114677|app: 0|req: 465/909] 10.222.0.44 () {60 vars in 1377 bytes} [Fri Sep 9 23:50:16 2022] GET /placement/allocations/67bd9fd5-caf5-47d6-befc-99b39a7bd062 => generated 259 bytes in 46 msecs (HTTP/1.1 200) 8 headers in 296 bytes (1 switches on core 0)
Sep 09 23:50:16.154912 n-d-856757-7 devstack@placement-api.service[114676]: DEBUG placement.requestlog [req-45a6a05e-8b65-4ba5-ae01-1842e1485f7a req-279eb123-ca42-42f4-8811-51f429c256c6 None None] Starting request: 10.222.0.44 "PUT /placement/allocations/67bd9fd5-caf5-47d6-befc-99b39a7bd062" {{(pid=114676) __call__ /opt/stack/placement/placement/requestlog.py:55}}
Sep 09 23:50:16.262167 n-d-856757-7 devstack@placement-api.service[114676]: DEBUG placement.handlers.allocation [req-45a6a05e-8b65-4ba5-ae01-1842e1485f7a req-279eb123-ca42-42f4-8811-51f429c256c6 service placement] Successfully wrote allocations [, , ] {{(pid=114676) _update_consumers_and_create_allocations /opt/stack/placement/placement/handlers/allocation.py:462}}
Sep 09 23:50:16.306065 n-d-856757-7 devstack@placement-api.service[114677]: DEBUG placement.requestlog [req-d30e0ef2-cd95-42d2-8a8b-7bab669f23de req-ba7cbfda-603c-4f22-b1d2-f290c079f494 None None] Starting request: 10.222.0.44 "GET /placement/resource_providers/e07fe9b4-7034-4b90-8aa5-87ff693238a0/allocations" {{(pid=114677) __call__ /opt/stack/placement/placement/requestlog.py:55}}
Sep 09 23:50:16.335219 n-d-856757-7 devstack@placement-api.service[114676]: INFO placement.requestlog [req-45a6a05e-8b65-4ba5-ae01-1842e1485f7a req-279eb123-ca42-42f4-8811-51f429c256c6 service placement] 10.222.0.44 "PUT /placement/allocations/67bd9fd5-caf5-47d6-befc-99b39a7bd062" status: 204 len: 0 microversion: 1.28
Sep 09 23:50:16.336073 n-d-856757-7 devstack@placement-api.service[114676]: [pid: 114676|app: 0|req: 445/910] 10.222.0.44 () {64 vars in 1430 bytes} [Fri Sep 9 23:50:16 2022] PUT /placement/allocations/67bd9fd5-caf5-47d6-befc-99b39a7bd062 => generated 0 bytes in 181 msecs (HTTP/1.1 204) 5 headers in 199 bytes (1 switches on core 0)
Sep 09 23:50:16.389245 n-d-856757-7 devstack@placement-api.service[114677]: INFO placement.requestlog [req-d30e0ef2-cd95-42d2-8a8b-7bab669f23de req-ba7cbfda-603c-4f22-b1d2-f290c079f494 service placement] 10.222.0.44 "GET /placement/resource_providers/e07fe9b4-7034-4b90-8aa5-87ff693238a0/allocations" status: 200 len: 759 microversion: 1.0
Sep 09 23:50:16.389668 n-d-856757-7 devstack@placement-api.service[114677]: [pid: 114677|app: 0|req: 466/911] 10.222.0.44 () {58 vars in 1390 bytes} [Fri Sep 9 23:50:16 2022] GET /placement/resource_providers/e07fe9b4-7034-4b90-8aa5-87ff693238a0/allocations => generated 759 bytes in 84 msecs (HTTP/1.1 200) 6 headers in 224 bytes (2 switches on core 0)
Sep 09 23:50:16.651612 n-d-856757-7 devstack@placement-api.service[114676]: DEBUG placement.requestlog [req-d30e0ef2-cd95-42d2-8a8b-7bab669f23de req-03eee8a8-33ce-46a1-a4e8-81f83701f996 None None] Starting request: 10.222.0.44 "GET /placement/resource_providers/e07fe9b4-7034-4b90-8aa5-87ff693238a0/allocations" {{(pid=114676) __call__ /opt/stack/placement/placement/requestlog.py:55}}
Sep 09 23:50:16.706795 n-d-856757-7 devstack@placement-api.service[114676]: INFO placement.requestlog [req-d30e0ef2-cd95-42d2-8a8b-7bab669f23de req-03eee8a8-33ce-46a1-a4e8-81f83701f996 service placement] 10.222.0.44 "GET /placement/resource_providers/e07fe9b4-7034-4b90-8aa5-87ff693238a0/allocations" status: 200 len: 759 microversion: 1.0
Sep 09 23:50:16.707475 n-d-856757-7 devstack@placement-api.service[114676]: [pid: 114676|app: 0|req: 446/912] 10.222.0.44 () {58 vars in 1390 bytes} [Fri Sep 9 23:50:16 2022] GET /placement/resource_providers/e07fe9b4-7034-4b90-8aa5-87ff693238a0/allocations => generated 759 bytes in 56 msecs (HTTP/1.1 200) 6 headers in 224 bytes (1 switches on core 0)
Sep 09 23:50:16.714749 n-d-856757-7 devstack@placement-api.service[114677]: DEBUG placement.requestlog [req-d30e0ef2-cd95-42d2-8a8b-7bab669f23de req-c4409202-afc3-47c4-a04d-9227e46a8e4e None None] Starting request: 10.222.0.44 "GET /placement/allocations/f85530f0-9b6d-4c92-b027-56daf46c8bef" {{(pid=114677) __call__ /opt/stack/placement/placement/requestlog.py:55}}
Sep 09 23:50:16.745585 n-d-856757-7 devstack@placement-api.service[114677]: INFO placement.requestlog [req-d30e0ef2-cd95-42d2-8a8b-7bab669f23de req-c4409202-afc3-47c4-a04d-9227e46a8e4e service placement] 10.222.0.44 "GET /placement/allocations/f85530f0-9b6d-4c92-b027-56daf46c8bef" status: 200 len: 259 microversion: 1.28
Sep 09 23:50:16.746563 n-d-856757-7 devstack@placement-api.service[114677]: [pid: 114677|app: 0|req: 467/913] 10.222.0.44 () {60 vars in 1377 bytes} [Fri Sep 9 23:50:16 2022] GET /placement/allocations/f85530f0-9b6d-4c92-b027-56daf46c8bef => generated 259 bytes in 32 msecs (HTTP/1.1 200) 8 headers in 296 bytes (1 switches on core 0)
Sep 09 23:50:16.760607 n-d-856757-7 devstack@placement-api.service[114676]: DEBUG placement.requestlog [req-d30e0ef2-cd95-42d2-8a8b-7bab669f23de req-67a6ebf0-7174-42e3-bfdc-2d01d9092e92 None None] Starting request: 10.222.0.44 "GET /placement/allocations/fa101bde-1ec7-43ca-892a-70966d477e8c" {{(pid=114676) __call__ /opt/stack/placement/placement/requestlog.py:55}}
Sep 09 23:50:16.791316 n-d-856757-7 devstack@placement-api.service[114676]: INFO placement.requestlog [req-d30e0ef2-cd95-42d2-8a8b-7bab669f23de req-67a6ebf0-7174-42e3-bfdc-2d01d9092e92 service placement] 10.222.0.44 "GET /placement/allocations/fa101bde-1ec7-43ca-892a-70966d477e8c" status: 200 len: 258 microversion: 1.28
Sep 09 23:50:16.791993 n-d-856757-7 devstack@placement-api.service[114676]: [pid: 114676|app: 0|req: 447/914] 10.222.0.44 () {60 vars in 1377 bytes} [Fri Sep 9 23:50:16 2022] GET /placement/allocations/fa101bde-1ec7-43ca-892a-70966d477e8c => generated 258 bytes in 32 msecs (HTTP/1.1 200) 8 headers in 296 bytes (1 switches on core 0)
Sep 09 23:50:16.800095 n-d-856757-7 devstack@placement-api.service[114677]: DEBUG placement.requestlog [req-d30e0ef2-cd95-42d2-8a8b-7bab669f23de req-ad6edbc5-1522-4d12-8224-a300460d1886 None None] Starting request: 10.222.0.44 "GET /placement/allocations/d97366e5-9a7c-4e08-b459-518a887667dc" {{(pid=114677) __call__ /opt/stack/placement/placement/requestlog.py:55}}
Sep 09 23:50:16.825143 n-d-856757-7 devstack@placement-api.service[114677]: INFO placement.requestlog [req-d30e0ef2-cd95-42d2-8a8b-7bab669f23de req-ad6edbc5-1522-4d12-8224-a300460d1886 service placement] 10.222.0.44 "GET /placement/allocations/d97366e5-9a7c-4e08-b459-518a887667dc" status: 200 len: 259 microversion: 1.28
Sep 09 23:50:16.829038 n-d-856757-7 devstack@placement-api.service[114677]: [pid: 114677|app: 0|req: 468/915] 10.222.0.44 () {60 vars in 1377 bytes} [Fri Sep 9 23:50:16 2022] GET /placement/allocations/d97366e5-9a7c-4e08-b459-518a887667dc => generated 259 bytes in 26 msecs (HTTP/1.1 200) 8 headers in 296 bytes (1 switches on core 0)
Sep 09 23:50:16.834593 n-d-856757-7 devstack@placement-api.service[114676]: DEBUG placement.requestlog [req-d30e0ef2-cd95-42d2-8a8b-7bab669f23de req-1edaf623-3b1b-4f4c-bc18-422133785927 None None] Starting request: 10.222.0.44 "GET /placement/allocations/99720900-f444-4cdc-9e78-fa3e5accedb8" {{(pid=114676) __call__ /opt/stack/placement/placement/requestlog.py:55}}
Sep 09 23:50:16.874133 n-d-856757-7 devstack@placement-api.service[114676]: INFO placement.requestlog [req-d30e0ef2-cd95-42d2-8a8b-7bab669f23de req-1edaf623-3b1b-4f4c-bc18-422133785927 service placement] 10.222.0.44 "GET /placement/allocations/99720900-f444-4cdc-9e78-fa3e5accedb8" status: 200 len: 259 microversion: 1.28
Sep 09 23:50:16.875025 n-d-856757-7 devstack@placement-api.service[114676]: [pid: 114676|app: 0|req: 448/916] 10.222.0.44 () {60 vars in 1377 bytes} [Fri Sep 9 23:50:16 2022] GET /placement/allocations/99720900-f444-4cdc-9e78-fa3e5accedb8 => generated 259 bytes in 40 msecs (HTTP/1.1 200) 8 headers in 296 bytes (1 switches on core 0)
Sep 09 23:50:16.882628 n-d-856757-7 devstack@placement-api.service[114677]: DEBUG placement.requestlog [req-d30e0ef2-cd95-42d2-8a8b-7bab669f23de req-1e1ce5cf-a446-4c63-b9ff-78050a135532 None None] Starting request: 10.222.0.44 "GET /placement/allocations/42fffbf6-b45e-429d-be0f-1785f2b5f2e0" {{(pid=114677) __call__ /opt/stack/placement/placement/requestlog.py:55}}
Sep 09 23:50:16.906698 n-d-856757-7 devstack@placement-api.service[114677]: INFO placement.requestlog [req-d30e0ef2-cd95-42d2-8a8b-7bab669f23de req-1e1ce5cf-a446-4c63-b9ff-78050a135532 service placement] 10.222.0.44 "GET /placement/allocations/42fffbf6-b45e-429d-be0f-1785f2b5f2e0" status: 200 len: 259 microversion: 1.28
Sep 09 23:50:16.907610 n-d-856757-7 devstack@placement-api.service[114677]: [pid: 114677|app: 0|req: 469/917] 10.222.0.44 () {60 vars in 1377 bytes} [Fri Sep 9 23:50:16 2022] GET /placement/allocations/42fffbf6-b45e-429d-be0f-1785f2b5f2e0 => generated 259 bytes in 25 msecs (HTTP/1.1 200) 8 headers in 296 bytes (1 switches on core 0)
Sep 09 23:50:16.915172 n-d-856757-7 devstack@placement-api.service[114676]: DEBUG placement.requestlog [req-d30e0ef2-cd95-42d2-8a8b-7bab669f23de req-fdd0252e-c0aa-4ceb-8b3a-94f7efc2fc28 None None] Starting request: 10.222.0.44 "GET /placement/allocations/ca1e9dc3-4b58-44af-87c3-bf7af1c0c19b" {{(pid=114676) __call__ /opt/stack/placement/placement/requestlog.py:55}}
Sep 09 23:50:16.945799 n-d-856757-7 devstack@placement-api.service[114676]: INFO placement.requestlog [req-d30e0ef2-cd95-42d2-8a8b-7bab669f23de req-fdd0252e-c0aa-4ceb-8b3a-94f7efc2fc28 service placement] 10.222.0.44 "GET /placement/allocations/ca1e9dc3-4b58-44af-87c3-bf7af1c0c19b" status: 200 len: 259 microversion: 1.28
Sep 09 23:50:16.946646 n-d-856757-7 devstack@placement-api.service[114676]: [pid: 114676|app: 0|req: 449/918] 10.222.0.44 () {60 vars in 1377 bytes} [Fri Sep 9 23:50:16 2022] GET /placement/allocations/ca1e9dc3-4b58-44af-87c3-bf7af1c0c19b => generated 259 bytes in 32 msecs (HTTP/1.1 200) 8 headers in 296 bytes (1 switches on core 0)
Sep 09 23:50:16.953363 n-d-856757-7 devstack@placement-api.service[114677]: DEBUG placement.requestlog [req-d30e0ef2-cd95-42d2-8a8b-7bab669f23de req-c1d4934c-b213-485b-a89b-2534c169cb16 None None] Starting request: 10.222.0.44 "GET /placement/allocations/4f84c0df-d320-4e62-9ab0-f85f2cd412f1" {{(pid=114677) __call__ /opt/stack/placement/placement/requestlog.py:55}}
Sep 09 23:50:16.986023 n-d-856757-7 devstack@placement-api.service[114677]: INFO placement.requestlog [req-d30e0ef2-cd95-42d2-8a8b-7bab669f23de req-c1d4934c-b213-485b-a89b-2534c169cb16 service placement] 10.222.0.44 "GET /placement/allocations/4f84c0df-d320-4e62-9ab0-f85f2cd412f1" status: 200 len: 259 microversion: 1.28
Sep 09 23:50:16.987127 n-d-856757-7 devstack@placement-api.service[114677]: [pid: 114677|app: 0|req: 470/919] 10.222.0.44 () {60 vars in 1377 bytes} [Fri Sep 9 23:50:16 2022] GET /placement/allocations/4f84c0df-d320-4e62-9ab0-f85f2cd412f1 => generated 259 bytes in 34 msecs (HTTP/1.1 200) 8 headers in 296 bytes (1 switches on core 0)
Sep 09 23:50:17.169450 n-d-856757-7 devstack@placement-api.service[114676]: DEBUG placement.requestlog [req-9b9281c2-0912-4e6b-bc54-2c88a33bec1a req-8a4ebe15-8240-4f7c-ba44-23c3e4bde9a1 None None] Starting request: 10.222.0.43 "GET /placement/resource_providers/e8b1a9e7-946d-4f4d-a33d-36367222508e/allocations" {{(pid=114676) __call__ /opt/stack/placement/placement/requestlog.py:55}}
Sep 09 23:50:17.219856 n-d-856757-7 devstack@placement-api.service[114676]: INFO placement.requestlog [req-9b9281c2-0912-4e6b-bc54-2c88a33bec1a req-8a4ebe15-8240-4f7c-ba44-23c3e4bde9a1 service placement] 10.222.0.43 "GET /placement/resource_providers/e8b1a9e7-946d-4f4d-a33d-36367222508e/allocations" status: 200 len: 1049 microversion: 1.0
Sep 09 23:50:17.219856 n-d-856757-7 devstack@placement-api.service[114676]: [pid: 114676|app: 0|req: 450/920] 10.222.0.43 () {58 vars in 1390 bytes} [Fri Sep 9 23:50:17 2022] GET /placement/resource_providers/e8b1a9e7-946d-4f4d-a33d-36367222508e/allocations => generated 1049 bytes in 51 msecs (HTTP/1.1 200) 6 headers in 225 bytes (2 switches on core 0)
Sep 09 23:50:17.465611 n-d-856757-7 devstack@placement-api.service[114677]: DEBUG placement.requestlog [req-9b9281c2-0912-4e6b-bc54-2c88a33bec1a req-90116355-8107-4f57-838f-44d5d085372f None None] Starting request: 10.222.0.43 "GET /placement/resource_providers/e8b1a9e7-946d-4f4d-a33d-36367222508e/allocations" {{(pid=114677) __call__ /opt/stack/placement/placement/requestlog.py:55}}
Sep 09 23:50:17.480516 n-d-856757-7 devstack@placement-api.service[114676]: DEBUG placement.requestlog [req-4612302f-cdd1-4da8-a103-f38ddea9d967 req-2fd7679c-7f6a-45a7-8709-05c82ad89560 None None] Starting request: 10.222.0.44 "GET /placement/allocations/42fffbf6-b45e-429d-be0f-1785f2b5f2e0" {{(pid=114676) __call__ /opt/stack/placement/placement/requestlog.py:55}}
Sep 09 23:50:17.523732 n-d-856757-7 devstack@placement-api.service[114676]: INFO placement.requestlog [req-4612302f-cdd1-4da8-a103-f38ddea9d967 req-2fd7679c-7f6a-45a7-8709-05c82ad89560 service placement] 10.222.0.44 "GET /placement/allocations/42fffbf6-b45e-429d-be0f-1785f2b5f2e0" status: 200 len: 259 microversion: 1.28
Sep 09 23:50:17.524131 n-d-856757-7 devstack@placement-api.service[114676]: [pid: 114676|app: 0|req: 451/921] 10.222.0.44 () {60 vars in 1377 bytes} [Fri Sep 9 23:50:17 2022] GET /placement/allocations/42fffbf6-b45e-429d-be0f-1785f2b5f2e0 => generated 259 bytes in 44 msecs (HTTP/1.1 200) 8 headers in 296 bytes (2 switches on core 0)
Sep 09 23:50:17.551076 n-d-856757-7 devstack@placement-api.service[114677]: INFO placement.requestlog [req-9b9281c2-0912-4e6b-bc54-2c88a33bec1a req-90116355-8107-4f57-838f-44d5d085372f service placement] 10.222.0.43 "GET /placement/resource_providers/e8b1a9e7-946d-4f4d-a33d-36367222508e/allocations" status: 200 len: 1049 microversion: 1.0
Sep 09 23:50:17.551502 n-d-856757-7 devstack@placement-api.service[114677]: [pid: 114677|app: 0|req: 471/922] 10.222.0.43 () {58 vars in 1390 bytes} [Fri Sep 9 23:50:17 2022] GET /placement/resource_providers/e8b1a9e7-946d-4f4d-a33d-36367222508e/allocations => generated 1049 bytes in 86 msecs (HTTP/1.1 200) 6 headers in 225 bytes (1 switches on core 0)
Sep 09 23:50:17.561774 n-d-856757-7 devstack@placement-api.service[114676]: DEBUG placement.requestlog [req-9b9281c2-0912-4e6b-bc54-2c88a33bec1a req-300175e0-c977-4c11-b790-c450a901d711 None None] Starting request: 10.222.0.43 "GET /placement/allocations/1f978f2e-47c7-4623-a64e-5fbbc1bcc236" {{(pid=114676) __call__ /opt/stack/placement/placement/requestlog.py:55}}
Sep 09 23:50:17.575852 n-d-856757-7 devstack@placement-api.service[114677]: DEBUG placement.requestlog [req-e0db19c0-53c9-4206-88d3-eae253d6ce4a req-dad8c011-1200-4da7-85dc-27d1b8d1c05a None None] Starting request: 10.222.0.44 "GET /placement/resource_providers/e07fe9b4-7034-4b90-8aa5-87ff693238a0/allocations" {{(pid=114677) __call__ /opt/stack/placement/placement/requestlog.py:55}}
Sep 09 23:50:17.594611 n-d-856757-7 devstack@placement-api.service[114676]: INFO placement.requestlog [req-9b9281c2-0912-4e6b-bc54-2c88a33bec1a req-300175e0-c977-4c11-b790-c450a901d711 service placement] 10.222.0.43 "GET /placement/allocations/1f978f2e-47c7-4623-a64e-5fbbc1bcc236" status: 200 len: 245 microversion: 1.28
Sep 09 23:50:17.599098 n-d-856757-7 devstack@placement-api.service[114676]: [pid: 114676|app: 0|req: 452/923] 10.222.0.43 () {60 vars in 1377 bytes} [Fri Sep 9 23:50:17 2022] GET /placement/allocations/1f978f2e-47c7-4623-a64e-5fbbc1bcc236 => generated 245 bytes in 37 msecs (HTTP/1.1 200) 8 headers in 296 bytes (1 switches on core 0)
Sep 09 23:50:17.604732 n-d-856757-7 devstack@placement-api.service[114676]: DEBUG placement.requestlog [req-9b9281c2-0912-4e6b-bc54-2c88a33bec1a req-f064f1ad-8204-4b00-9f80-41a514c3765c None None] Starting request: 10.222.0.43 "GET /placement/allocations/f06736ef-64dc-4d67-b9de-286913024449" {{(pid=114676) __call__ /opt/stack/placement/placement/requestlog.py:55}}
Sep 09 23:50:17.621248 n-d-856757-7 devstack@placement-api.service[114677]: INFO placement.requestlog [req-e0db19c0-53c9-4206-88d3-eae253d6ce4a req-dad8c011-1200-4da7-85dc-27d1b8d1c05a service placement] 10.222.0.44 "GET /placement/resource_providers/e07fe9b4-7034-4b90-8aa5-87ff693238a0/allocations" status: 200 len: 759 microversion: 1.0
Sep 09 23:50:17.621960 n-d-856757-7 devstack@placement-api.service[114677]: [pid: 114677|app: 0|req: 472/924] 10.222.0.44 () {58 vars in 1390 bytes} [Fri Sep 9 23:50:17 2022] GET /placement/resource_providers/e07fe9b4-7034-4b90-8aa5-87ff693238a0/allocations => generated 759 bytes in 46 msecs (HTTP/1.1 200) 6 headers in 224 bytes (2 switches on core 0)
Sep 09 23:50:17.661379 n-d-856757-7 devstack@placement-api.service[114677]: DEBUG placement.requestlog [req-e0db19c0-53c9-4206-88d3-eae253d6ce4a req-cb26fd19-2db4-4796-bbd6-1c0f33d10007 None None] Starting request: 10.222.0.44 "GET /placement/allocations/f85530f0-9b6d-4c92-b027-56daf46c8bef" {{(pid=114677) __call__ /opt/stack/placement/placement/requestlog.py:55}}
Sep 09 23:50:17.678788 n-d-856757-7 devstack@placement-api.service[114676]: INFO placement.requestlog [req-9b9281c2-0912-4e6b-bc54-2c88a33bec1a req-f064f1ad-8204-4b00-9f80-41a514c3765c service placement] 10.222.0.43 "GET /placement/allocations/f06736ef-64dc-4d67-b9de-286913024449" status: 200 len: 259 microversion: 1.28
Sep 09 23:50:17.681386 n-d-856757-7 devstack@placement-api.service[114676]: [pid: 114676|app: 0|req: 453/925] 10.222.0.43 () {60 vars in 1377 bytes} [Fri Sep 9 23:50:17 2022] GET /placement/allocations/f06736ef-64dc-4d67-b9de-286913024449 => generated 259 bytes in 77 msecs (HTTP/1.1 200) 8 headers in 296 bytes (1 switches on core 0)
Sep 09 23:50:17.694193 n-d-856757-7 devstack@placement-api.service[114676]: DEBUG placement.requestlog [req-9b9281c2-0912-4e6b-bc54-2c88a33bec1a req-e8165ee8-3821-437b-a19a-3597975e4dcc None None] Starting request: 10.222.0.43 "GET /placement/allocations/4df3e864-9dac-4a94-b75d-2ede386144b1" {{(pid=114676) __call__ /opt/stack/placement/placement/requestlog.py:55}}
Sep 09 23:50:17.742975 n-d-856757-7 devstack@placement-api.service[114676]: INFO placement.requestlog [req-9b9281c2-0912-4e6b-bc54-2c88a33bec1a req-e8165ee8-3821-437b-a19a-3597975e4dcc service placement] 10.222.0.43 "GET /placement/allocations/4df3e864-9dac-4a94-b75d-2ede386144b1" status: 200 len: 259 microversion: 1.28
Sep 09 23:50:17.744034 n-d-856757-7 devstack@placement-api.service[114677]: INFO placement.requestlog [req-e0db19c0-53c9-4206-88d3-eae253d6ce4a req-cb26fd19-2db4-4796-bbd6-1c0f33d10007 service placement] 10.222.0.44 "GET /placement/allocations/f85530f0-9b6d-4c92-b027-56daf46c8bef" status: 200 len: 259 microversion: 1.28
Sep 09 23:50:17.746206 n-d-856757-7 devstack@placement-api.service[114676]: [pid: 114676|app: 0|req: 454/926] 10.222.0.43 () {60 vars in 1377 bytes} [Fri Sep 9 23:50:17 2022] GET /placement/allocations/4df3e864-9dac-4a94-b75d-2ede386144b1 => generated 259 bytes in 59 msecs (HTTP/1.1 200) 8 headers in 296 bytes (2 switches on core 0)
Sep 09 23:50:17.747288 n-d-856757-7 devstack@placement-api.service[114677]: [pid: 114677|app: 0|req: 473/927] 10.222.0.44 () {60 vars in 1377 bytes} [Fri Sep 9 23:50:17 2022] GET /placement/allocations/f85530f0-9b6d-4c92-b027-56daf46c8bef => generated 259 bytes in 86 msecs (HTTP/1.1 200) 8 headers in 296 bytes (1 switches on core 0)
Sep 09 23:50:17.752440 n-d-856757-7 devstack@placement-api.service[114676]: DEBUG placement.requestlog [req-e0db19c0-53c9-4206-88d3-eae253d6ce4a req-1b5f15ef-63f8-4b6b-8c8a-1fe2d93173ec None None] Starting request: 10.222.0.44 "GET /placement/allocations/fa101bde-1ec7-43ca-892a-70966d477e8c" {{(pid=114676) __call__ /opt/stack/placement/placement/requestlog.py:55}}
Sep 09 23:50:17.754908 n-d-856757-7 devstack@placement-api.service[114677]: DEBUG placement.requestlog [req-9b9281c2-0912-4e6b-bc54-2c88a33bec1a req-08b743ca-5360-4004-b5a9-836278e1616a None None] Starting request: 10.222.0.43 "GET /placement/allocations/71901281-214c-4342-bcd8-9e18c70d1320" {{(pid=114677) __call__ /opt/stack/placement/placement/requestlog.py:55}}
Sep 09 23:50:17.815753 n-d-856757-7 devstack@placement-api.service[114676]: INFO placement.requestlog [req-e0db19c0-53c9-4206-88d3-eae253d6ce4a req-1b5f15ef-63f8-4b6b-8c8a-1fe2d93173ec service placement] 10.222.0.44 "GET /placement/allocations/fa101bde-1ec7-43ca-892a-70966d477e8c" status: 200 len: 258 microversion: 1.28
Sep 09 23:50:17.816147 n-d-856757-7 devstack@placement-api.service[114676]: [pid: 114676|app: 0|req: 455/928] 10.222.0.44 () {60 vars in 1377 bytes} [Fri Sep 9 23:50:17 2022] GET /placement/allocations/fa101bde-1ec7-43ca-892a-70966d477e8c => generated 258 bytes in 64 msecs (HTTP/1.1 200) 8 headers in 296 bytes (2 switches on core 0)
Sep 09 23:50:17.820525 n-d-856757-7 devstack@placement-api.service[114677]: INFO placement.requestlog [req-9b9281c2-0912-4e6b-bc54-2c88a33bec1a req-08b743ca-5360-4004-b5a9-836278e1616a service placement] 10.222.0.43 "GET /placement/allocations/71901281-214c-4342-bcd8-9e18c70d1320" status: 200 len: 259 microversion: 1.28
Sep 09 23:50:17.824170 n-d-856757-7 devstack@placement-api.service[114677]: [pid: 114677|app: 0|req: 474/929] 10.222.0.43 () {60 vars in 1377 bytes} [Fri Sep 9 23:50:17 2022] GET /placement/allocations/71901281-214c-4342-bcd8-9e18c70d1320 => generated 259 bytes in 68 msecs (HTTP/1.1 200) 8 headers in 296 bytes (1 switches on core 0)
Sep 09 23:50:17.825944 n-d-856757-7 devstack@placement-api.service[114676]: DEBUG placement.requestlog [req-e0db19c0-53c9-4206-88d3-eae253d6ce4a req-b0f9ee63-7945-42cc-a267-f8600dcbf8f3 None None] Starting request: 10.222.0.44 "GET /placement/allocations/d97366e5-9a7c-4e08-b459-518a887667dc" {{(pid=114676) __call__ /opt/stack/placement/placement/requestlog.py:55}}
Sep 09 23:50:17.833210 n-d-856757-7 devstack@placement-api.service[114677]: DEBUG placement.requestlog [req-9b9281c2-0912-4e6b-bc54-2c88a33bec1a req-dfe634c8-19f0-4901-948a-14053be1060e None None] Starting request: 10.222.0.43 "GET /placement/allocations/574f5e14-07cd-4c1c-9dbf-8e873dec13f6" {{(pid=114677) __call__ /opt/stack/placement/placement/requestlog.py:55}}
Sep 09 23:50:17.857612 n-d-856757-7 devstack@placement-api.service[114676]: DEBUG dbcounter [-] [114676] Writing DB stats placement:SELECT=88,placement:INSERT=4,placement:DELETE=4,placement:UPDATE=4 {{(pid=114676) stat_writer /usr/local/lib/python3.8/dist-packages/dbcounter.py:114}}
Sep 09 23:50:17.889734 n-d-856757-7 devstack@placement-api.service[114676]: INFO placement.requestlog [req-e0db19c0-53c9-4206-88d3-eae253d6ce4a req-b0f9ee63-7945-42cc-a267-f8600dcbf8f3 service placement] 10.222.0.44 "GET /placement/allocations/d97366e5-9a7c-4e08-b459-518a887667dc" status: 200 len: 259 microversion: 1.28
Sep 09 23:50:17.890131 n-d-856757-7 devstack@placement-api.service[114676]: [pid: 114676|app: 0|req: 456/930] 10.222.0.44 () {60 vars in 1377 bytes} [Fri Sep 9 23:50:17 2022] GET /placement/allocations/d97366e5-9a7c-4e08-b459-518a887667dc => generated 259 bytes in 64 msecs (HTTP/1.1 200) 8 headers in 296 bytes (1 switches on core 0)
Sep 09 23:50:17.891367 n-d-856757-7 devstack@placement-api.service[114677]: INFO placement.requestlog [req-9b9281c2-0912-4e6b-bc54-2c88a33bec1a req-dfe634c8-19f0-4901-948a-14053be1060e service placement] 10.222.0.43 "GET /placement/allocations/574f5e14-07cd-4c1c-9dbf-8e873dec13f6" status: 200 len: 259 microversion: 1.28
Sep 09 23:50:17.891750 n-d-856757-7 devstack@placement-api.service[114677]: [pid: 114677|app: 0|req: 475/931] 10.222.0.43 () {60 vars in 1377 bytes} [Fri Sep 9 23:50:17 2022] GET /placement/allocations/574f5e14-07cd-4c1c-9dbf-8e873dec13f6 => generated 259 bytes in 61 msecs (HTTP/1.1 200) 8 headers in 296 bytes (2 switches on core 0)
Sep 09 23:50:17.901776 n-d-856757-7 devstack@placement-api.service[114676]: DEBUG placement.requestlog [req-9b9281c2-0912-4e6b-bc54-2c88a33bec1a req-30f4911c-5548-451e-9c3d-63d7f9f538b2 None None] Starting request: 10.222.0.43 "GET /placement/allocations/c303e767-c7ca-4ca5-b58e-ef59f819a708" {{(pid=114676) __call__ /opt/stack/placement/placement/requestlog.py:55}}
