Sep 09 14:53:49.914036 n-d-856757-5 devstack@placement-api.service[114272]: DEBUG dbcounter [-] [114272] Writing DB stats placement:SELECT=95,placement:DELETE=5 {{(pid=114272) stat_writer /usr/local/lib/python3.8/dist-packages/dbcounter.py:114}}
Sep 09 14:53:49.930804 n-d-856757-5 devstack@placement-api.service[114271]: INFO placement.requestlog [req-95f6bc15-a2f6-4adc-a26e-24c67219bddc req-a3c9bf5e-f716-4936-bb04-706c23004420 service placement] 10.222.0.27 "GET /placement/resource_providers/8e82eadb-2990-4219-98e4-715aa3c39ea3/allocations" status: 200 len: 659 microversion: 1.0
Sep 09 14:53:49.931724 n-d-856757-5 devstack@placement-api.service[114271]: [pid: 114271|app: 0|req: 534/1063] 10.222.0.27 () {58 vars in 1390 bytes} [Fri Sep 9 14:53:49 2022] GET /placement/resource_providers/8e82eadb-2990-4219-98e4-715aa3c39ea3/allocations => generated 659 bytes in 64 msecs (HTTP/1.1 200) 6 headers in 224 bytes (1 switches on core 0)
Sep 09 14:53:49.943947 n-d-856757-5 devstack@placement-api.service[114271]: DEBUG placement.requestlog [req-95f6bc15-a2f6-4adc-a26e-24c67219bddc req-87558970-3a05-474c-a82c-c1c66c01780f None None] Starting request: 10.222.0.27 "GET /placement/allocations/e25f0bdb-d726-4e66-ada9-2415cd77c249" {{(pid=114271) __call__ /opt/stack/placement/placement/requestlog.py:55}}
Sep 09 14:53:49.961216 n-d-856757-5 devstack@placement-api.service[114272]: DEBUG placement.handlers.allocation [req-3a68b47a-68bd-49c3-9d6f-c8b5b93857e9 req-1ade657d-0978-4842-a8e4-cb068b5bc11f service placement] Successfully deleted allocations [, , ] {{(pid=114272) delete_allocations /opt/stack/placement/placement/handlers/allocation.py:627}}
Sep 09 14:53:49.961216 n-d-856757-5 devstack@placement-api.service[114272]: INFO placement.requestlog [req-3a68b47a-68bd-49c3-9d6f-c8b5b93857e9 req-1ade657d-0978-4842-a8e4-cb068b5bc11f service placement] 10.222.0.48 "DELETE /placement/allocations/c89f7e00-829b-49a2-abe2-db1d1abefbe5" status: 204 len: 0 microversion: 1.0
Sep 09 14:53:49.974079 n-d-856757-5 devstack@placement-api.service[114272]: [pid: 114272|app: 0|req: 530/1064] 10.222.0.48 () {60 vars in 1355 bytes} [Fri Sep 9 14:53:49 2022] DELETE /placement/allocations/c89f7e00-829b-49a2-abe2-db1d1abefbe5 => generated 0 bytes in 99 msecs (HTTP/1.1 204) 5 headers in 198 bytes (2 switches on core 0)
Sep 09 14:53:49.998075 n-d-856757-5 devstack@placement-api.service[114271]: INFO placement.requestlog [req-95f6bc15-a2f6-4adc-a26e-24c67219bddc req-87558970-3a05-474c-a82c-c1c66c01780f service placement] 10.222.0.27 "GET /placement/allocations/e25f0bdb-d726-4e66-ada9-2415cd77c249" status: 200 len: 259 microversion: 1.28
Sep 09 14:53:49.998688 n-d-856757-5 devstack@placement-api.service[114271]: [pid: 114271|app: 0|req: 535/1065] 10.222.0.27 () {60 vars in 1377 bytes} [Fri Sep 9 14:53:49 2022] GET /placement/allocations/e25f0bdb-d726-4e66-ada9-2415cd77c249 => generated 259 bytes in 57 msecs (HTTP/1.1 200) 8 headers in 296 bytes (1 switches on core 0)
Sep 09 14:53:50.009137 n-d-856757-5 devstack@placement-api.service[114272]: DEBUG placement.requestlog [req-95f6bc15-a2f6-4adc-a26e-24c67219bddc req-f2102436-8f38-4a2c-8a0b-1f5cdbf03dfb None None] Starting request: 10.222.0.27 "GET /placement/allocations/ac122dd8-d446-454a-94a5-3640362353ac" {{(pid=114272) __call__ /opt/stack/placement/placement/requestlog.py:55}}
Sep 09 14:53:50.045126 n-d-856757-5 devstack@placement-api.service[114272]: INFO placement.requestlog [req-95f6bc15-a2f6-4adc-a26e-24c67219bddc req-f2102436-8f38-4a2c-8a0b-1f5cdbf03dfb service placement] 10.222.0.27 "GET /placement/allocations/ac122dd8-d446-454a-94a5-3640362353ac" status: 200 len: 259 microversion: 1.28
Sep 09 14:53:50.046152 n-d-856757-5 devstack@placement-api.service[114272]: [pid: 114272|app: 0|req: 531/1066] 10.222.0.27 () {60 vars in 1377 bytes} [Fri Sep 9 14:53:50 2022] GET /placement/allocations/ac122dd8-d446-454a-94a5-3640362353ac => generated 259 bytes in 38 msecs (HTTP/1.1 200) 8 headers in 296 bytes (1 switches on core 0)
Sep 09 14:53:50.054850 n-d-856757-5 devstack@placement-api.service[114271]: DEBUG placement.requestlog [req-95f6bc15-a2f6-4adc-a26e-24c67219bddc req-832b0b65-9b4d-46e0-85e1-82749c0afd78 None None] Starting request: 10.222.0.27 "GET /placement/allocations/88ef91f0-8f5a-498e-9d98-1aa7160a1858" {{(pid=114271) __call__ /opt/stack/placement/placement/requestlog.py:55}}
Sep 09 14:53:50.092050 n-d-856757-5 devstack@placement-api.service[114271]: INFO placement.requestlog [req-95f6bc15-a2f6-4adc-a26e-24c67219bddc req-832b0b65-9b4d-46e0-85e1-82749c0afd78 service placement] 10.222.0.27 "GET /placement/allocations/88ef91f0-8f5a-498e-9d98-1aa7160a1858" status: 200 len: 259 microversion: 1.28
Sep 09 14:53:50.092659 n-d-856757-5 devstack@placement-api.service[114271]: [pid: 114271|app: 0|req: 536/1067] 10.222.0.27 () {60 vars in 1377 bytes} [Fri Sep 9 14:53:50 2022] GET /placement/allocations/88ef91f0-8f5a-498e-9d98-1aa7160a1858 => generated 259 bytes in 39 msecs (HTTP/1.1 200) 8 headers in 296 bytes (1 switches on core 0)
Sep 09 14:53:50.099268 n-d-856757-5 devstack@placement-api.service[114272]: DEBUG placement.requestlog [req-95f6bc15-a2f6-4adc-a26e-24c67219bddc req-fabf5f4b-4537-491f-9406-b0de93cf5845 None None] Starting request: 10.222.0.27 "GET /placement/allocations/d4be5fce-84ec-4610-8c52-84ea726cf175" {{(pid=114272) __call__ /opt/stack/placement/placement/requestlog.py:55}}
Sep 09 14:53:50.133426 n-d-856757-5 devstack@placement-api.service[114272]: INFO placement.requestlog [req-95f6bc15-a2f6-4adc-a26e-24c67219bddc req-fabf5f4b-4537-491f-9406-b0de93cf5845 service placement] 10.222.0.27 "GET /placement/allocations/d4be5fce-84ec-4610-8c52-84ea726cf175" status: 200 len: 259 microversion: 1.28
Sep 09 14:53:50.134132 n-d-856757-5 devstack@placement-api.service[114272]: [pid: 114272|app: 0|req: 532/1068] 10.222.0.27 () {60 vars in 1377 bytes} [Fri Sep 9 14:53:50 2022] GET /placement/allocations/d4be5fce-84ec-4610-8c52-84ea726cf175 => generated 259 bytes in 35 msecs (HTTP/1.1 200) 8 headers in 296 bytes (1 switches on core 0)
Sep 09 14:53:50.142958 n-d-856757-5 devstack@placement-api.service[114271]: DEBUG placement.requestlog [req-95f6bc15-a2f6-4adc-a26e-24c67219bddc req-b7386c26-7318-41cc-b063-c61f3cafac8d None None] Starting request: 10.222.0.27 "GET /placement/allocations/8d90ce44-254a-46d4-a7f6-c1f679f061f8" {{(pid=114271) __call__ /opt/stack/placement/placement/requestlog.py:55}}
Sep 09 14:53:50.197476 n-d-856757-5 devstack@placement-api.service[114271]: INFO placement.requestlog [req-95f6bc15-a2f6-4adc-a26e-24c67219bddc req-b7386c26-7318-41cc-b063-c61f3cafac8d service placement] 10.222.0.27 "GET /placement/allocations/8d90ce44-254a-46d4-a7f6-c1f679f061f8" status: 200 len: 259 microversion: 1.28
Sep 09 14:53:50.202470 n-d-856757-5 devstack@placement-api.service[114271]: [pid: 114271|app: 0|req: 537/1069] 10.222.0.27 () {60 vars in 1377 bytes} [Fri Sep 9 14:53:50 2022] GET /placement/allocations/8d90ce44-254a-46d4-a7f6-c1f679f061f8 => generated 259 bytes in 60 msecs (HTTP/1.1 200) 8 headers in 296 bytes (1 switches on core 0)
Sep 09 14:53:50.208439 n-d-856757-5 devstack@placement-api.service[114272]: DEBUG placement.requestlog [req-95f6bc15-a2f6-4adc-a26e-24c67219bddc req-06534a9e-0b7b-410d-b89f-8b83421a9140 None None] Starting request: 10.222.0.27 "GET /placement/allocations/756c264a-c97e-4b9e-99fb-e60681c12feb" {{(pid=114272) __call__ /opt/stack/placement/placement/requestlog.py:55}}
Sep 09 14:53:50.280417 n-d-856757-5 devstack@placement-api.service[114272]: INFO placement.requestlog [req-95f6bc15-a2f6-4adc-a26e-24c67219bddc req-06534a9e-0b7b-410d-b89f-8b83421a9140 service placement] 10.222.0.27 "GET /placement/allocations/756c264a-c97e-4b9e-99fb-e60681c12feb" status: 200 len: 259 microversion: 1.28
Sep 09 14:53:50.289289 n-d-856757-5 devstack@placement-api.service[114272]: [pid: 114272|app: 0|req: 533/1070] 10.222.0.27 () {60 vars in 1377 bytes} [Fri Sep 9 14:53:50 2022] GET /placement/allocations/756c264a-c97e-4b9e-99fb-e60681c12feb => generated 259 bytes in 74 msecs (HTTP/1.1 200) 8 headers in 296 bytes (1 switches on core 0)
Sep 09 14:53:50.908811 n-d-856757-5 devstack@placement-api.service[114271]: DEBUG placement.requestlog [req-95f6bc15-a2f6-4adc-a26e-24c67219bddc req-1409bdd6-5abd-4cf3-9d73-b775cff3af2e None None] Starting request: 10.222.0.48 "GET /placement/allocations/514fd860-967f-439b-b87b-961c8c13f506" {{(pid=114271) __call__ /opt/stack/placement/placement/requestlog.py:55}}
Sep 09 14:53:50.938310 n-d-856757-5 devstack@placement-api.service[114271]: INFO placement.requestlog [req-95f6bc15-a2f6-4adc-a26e-24c67219bddc req-1409bdd6-5abd-4cf3-9d73-b775cff3af2e service placement] 10.222.0.48 "GET /placement/allocations/514fd860-967f-439b-b87b-961c8c13f506" status: 200 len: 259 microversion: 1.28
Sep 09 14:53:50.943350 n-d-856757-5 devstack@placement-api.service[114271]: [pid: 114271|app: 0|req: 538/1071] 10.222.0.48 () {60 vars in 1377 bytes} [Fri Sep 9 14:53:50 2022] GET /placement/allocations/514fd860-967f-439b-b87b-961c8c13f506 => generated 259 bytes in 35 msecs (HTTP/1.1 200) 8 headers in 296 bytes (1 switches on core 0)
Sep 09 14:53:50.957692 n-d-856757-5 devstack@placement-api.service[114272]: DEBUG placement.requestlog [req-95f6bc15-a2f6-4adc-a26e-24c67219bddc req-4c51f961-e0b8-4b9f-8ced-80fb8c1c06c5 None None] Starting request: 10.222.0.48 "GET /placement/allocations/514fd860-967f-439b-b87b-961c8c13f506" {{(pid=114272) __call__ /opt/stack/placement/placement/requestlog.py:55}}
Sep 09 14:53:50.984841 n-d-856757-5 devstack@placement-api.service[114272]: INFO placement.requestlog [req-95f6bc15-a2f6-4adc-a26e-24c67219bddc req-4c51f961-e0b8-4b9f-8ced-80fb8c1c06c5 service placement] 10.222.0.48 "GET /placement/allocations/514fd860-967f-439b-b87b-961c8c13f506" status: 200 len: 259 microversion: 1.28
Sep 09 14:53:50.985284 n-d-856757-5 devstack@placement-api.service[114272]: [pid: 114272|app: 0|req: 534/1072] 10.222.0.48 () {60 vars in 1377 bytes} [Fri Sep 9 14:53:50 2022] GET /placement/allocations/514fd860-967f-439b-b87b-961c8c13f506 => generated 259 bytes in 28 msecs (HTTP/1.1 200) 8 headers in 296 bytes (1 switches on core 0)
Sep 09 14:53:50.991814 n-d-856757-5 devstack@placement-api.service[114271]: DEBUG placement.requestlog [req-95f6bc15-a2f6-4adc-a26e-24c67219bddc req-75b761d1-fef3-475f-b0de-c3cacd0b3826 None None] Starting request: 10.222.0.48 "GET /placement/allocations/ac122dd8-d446-454a-94a5-3640362353ac" {{(pid=114271) __call__ /opt/stack/placement/placement/requestlog.py:55}}
Sep 09 14:53:51.015302 n-d-856757-5 devstack@placement-api.service[114271]: INFO placement.requestlog [req-95f6bc15-a2f6-4adc-a26e-24c67219bddc req-75b761d1-fef3-475f-b0de-c3cacd0b3826 service placement] 10.222.0.48 "GET /placement/allocations/ac122dd8-d446-454a-94a5-3640362353ac" status: 200 len: 259 microversion: 1.28
Sep 09 14:53:51.026082 n-d-856757-5 devstack@placement-api.service[114271]: [pid: 114271|app: 0|req: 539/1073] 10.222.0.48 () {60 vars in 1377 bytes} [Fri Sep 9 14:53:50 2022] GET /placement/allocations/ac122dd8-d446-454a-94a5-3640362353ac => generated 259 bytes in 29 msecs (HTTP/1.1 200) 8 headers in 296 bytes (1 switches on core 0)
Sep 09 14:53:51.027632 n-d-856757-5 devstack@placement-api.service[114272]: DEBUG placement.requestlog [req-95f6bc15-a2f6-4adc-a26e-24c67219bddc req-a0671ac2-3eab-466b-86fa-88aa45d0cb27 None None] Starting request: 10.222.0.48 "POST /placement/allocations" {{(pid=114272) __call__ /opt/stack/placement/placement/requestlog.py:55}}
Sep 09 14:53:51.288141 n-d-856757-5 devstack@placement-api.service[114272]: DEBUG placement.handlers.allocation [req-95f6bc15-a2f6-4adc-a26e-24c67219bddc req-a0671ac2-3eab-466b-86fa-88aa45d0cb27 service placement] Successfully wrote allocations [, , , , , ] {{(pid=114272) _update_consumers_and_create_allocations /opt/stack/placement/placement/handlers/allocation.py:572}}
Sep 09 14:53:51.296526 n-d-856757-5 devstack@placement-api.service[114272]: INFO placement.requestlog [req-95f6bc15-a2f6-4adc-a26e-24c67219bddc req-a0671ac2-3eab-466b-86fa-88aa45d0cb27 service placement] 10.222.0.48 "POST /placement/allocations" status: 204 len: 0 microversion: 1.28
Sep 09 14:53:51.297311 n-d-856757-5 devstack@placement-api.service[114272]: [pid: 114272|app: 0|req: 535/1074] 10.222.0.48 () {64 vars in 1320 bytes} [Fri Sep 9 14:53:51 2022] POST /placement/allocations => generated 0 bytes in 270 msecs (HTTP/1.1 204) 5 headers in 199 bytes (2 switches on core 0)
Sep 09 14:53:54.036607 n-d-856757-5 devstack@placement-api.service[114271]: DEBUG placement.requestlog [req-37ce7268-795e-4c0d-91f7-a0877dcd5484 req-418b1d36-d927-488e-8704-778341a93d36 None None] Starting request: 10.222.0.48 "GET /placement/resource_providers/ecf7d95b-8e00-47e2-aaf4-525a50f1ce9a/allocations" {{(pid=114271) __call__ /opt/stack/placement/placement/requestlog.py:55}}
Sep 09 14:53:54.126264 n-d-856757-5 devstack@placement-api.service[114271]: INFO placement.requestlog [req-37ce7268-795e-4c0d-91f7-a0877dcd5484 req-418b1d36-d927-488e-8704-778341a93d36 service placement] 10.222.0.48 "GET /placement/resource_providers/ecf7d95b-8e00-47e2-aaf4-525a50f1ce9a/allocations" status: 200 len: 658 microversion: 1.0
Sep 09 14:53:54.127281 n-d-856757-5 devstack@placement-api.service[114271]: [pid: 114271|app: 0|req: 540/1075] 10.222.0.48 () {58 vars in 1390 bytes} [Fri Sep 9 14:53:54 2022] GET /placement/resource_providers/ecf7d95b-8e00-47e2-aaf4-525a50f1ce9a/allocations => generated 658 bytes in 91 msecs (HTTP/1.1 200) 6 headers in 224 bytes (1 switches on core 0)
Sep 09 14:53:54.201739 n-d-856757-5 devstack@placement-api.service[114272]: DEBUG placement.requestlog [req-37ce7268-795e-4c0d-91f7-a0877dcd5484 req-2410a136-c16e-4805-9b3e-9414aa9af966 None None] Starting request: 10.222.0.48 "GET /placement/resource_providers/ecf7d95b-8e00-47e2-aaf4-525a50f1ce9a/allocations" {{(pid=114272) __call__ /opt/stack/placement/placement/requestlog.py:55}}
Sep 09 14:53:54.274636 n-d-856757-5 devstack@placement-api.service[114272]: INFO placement.requestlog [req-37ce7268-795e-4c0d-91f7-a0877dcd5484 req-2410a136-c16e-4805-9b3e-9414aa9af966 service placement] 10.222.0.48 "GET /placement/resource_providers/ecf7d95b-8e00-47e2-aaf4-525a50f1ce9a/allocations" status: 200 len: 658 microversion: 1.0
Sep 09 14:53:54.275316 n-d-856757-5 devstack@placement-api.service[114272]: [pid: 114272|app: 0|req: 536/1076] 10.222.0.48 () {58 vars in 1390 bytes} [Fri Sep 9 14:53:54 2022] GET /placement/resource_providers/ecf7d95b-8e00-47e2-aaf4-525a50f1ce9a/allocations => generated 658 bytes in 74 msecs (HTTP/1.1 200) 6 headers in 224 bytes (1 switches on core 0)
Sep 09 14:53:54.283093 n-d-856757-5 devstack@placement-api.service[114271]: DEBUG placement.requestlog [req-37ce7268-795e-4c0d-91f7-a0877dcd5484 req-b0ba07cd-5c44-44e8-8917-934ca17b25f0 None None] Starting request: 10.222.0.48 "GET /placement/allocations/296ad475-aa14-48ae-a904-44c1b8416bb4" {{(pid=114271) __call__ /opt/stack/placement/placement/requestlog.py:55}}
Sep 09 14:53:54.317064 n-d-856757-5 devstack@placement-api.service[114271]: INFO placement.requestlog [req-37ce7268-795e-4c0d-91f7-a0877dcd5484 req-b0ba07cd-5c44-44e8-8917-934ca17b25f0 service placement] 10.222.0.48 "GET /placement/allocations/296ad475-aa14-48ae-a904-44c1b8416bb4" status: 200 len: 258 microversion: 1.28
Sep 09 14:53:54.319487 n-d-856757-5 devstack@placement-api.service[114271]: [pid: 114271|app: 0|req: 541/1077] 10.222.0.48 () {60 vars in 1377 bytes} [Fri Sep 9 14:53:54 2022] GET /placement/allocations/296ad475-aa14-48ae-a904-44c1b8416bb4 => generated 258 bytes in 37 msecs (HTTP/1.1 200) 8 headers in 296 bytes (1 switches on core 0)
Sep 09 14:53:54.326853 n-d-856757-5 devstack@placement-api.service[114272]: DEBUG placement.requestlog [req-37ce7268-795e-4c0d-91f7-a0877dcd5484 req-71adb65c-53f0-4bd1-9b99-a03d6229952c None None] Starting request: 10.222.0.48 "GET /placement/allocations/42521fe9-05bd-4dce-acc5-aa518eebac33" {{(pid=114272) __call__ /opt/stack/placement/placement/requestlog.py:55}}
Sep 09 14:53:54.358392 n-d-856757-5 devstack@placement-api.service[114272]: INFO placement.requestlog [req-37ce7268-795e-4c0d-91f7-a0877dcd5484 req-71adb65c-53f0-4bd1-9b99-a03d6229952c service placement] 10.222.0.48 "GET /placement/allocations/42521fe9-05bd-4dce-acc5-aa518eebac33" status: 200 len: 259 microversion: 1.28
Sep 09 14:53:54.359370 n-d-856757-5 devstack@placement-api.service[114272]: [pid: 114272|app: 0|req: 537/1078] 10.222.0.48 () {60 vars in 1377 bytes} [Fri Sep 9 14:53:54 2022] GET /placement/allocations/42521fe9-05bd-4dce-acc5-aa518eebac33 => generated 259 bytes in 33 msecs (HTTP/1.1 200) 8 headers in 296 bytes (2 switches on core 0)
Sep 09 14:53:54.366419 n-d-856757-5 devstack@placement-api.service[114271]: DEBUG placement.requestlog [req-37ce7268-795e-4c0d-91f7-a0877dcd5484 req-2ed02f8c-10af-42a4-b39e-0895cc099e84 None None] Starting request: 10.222.0.48 "GET /placement/allocations/302a2f2b-b2f0-4ac9-b885-5f01c4bbd158" {{(pid=114271) __call__ /opt/stack/placement/placement/requestlog.py:55}}
Sep 09 14:53:54.392775 n-d-856757-5 devstack@placement-api.service[114271]: INFO placement.requestlog [req-37ce7268-795e-4c0d-91f7-a0877dcd5484 req-2ed02f8c-10af-42a4-b39e-0895cc099e84 service placement] 10.222.0.48 "GET /placement/allocations/302a2f2b-b2f0-4ac9-b885-5f01c4bbd158" status: 200 len: 259 microversion: 1.28
Sep 09 14:53:54.400555 n-d-856757-5 devstack@placement-api.service[114272]: DEBUG placement.requestlog [req-37ce7268-795e-4c0d-91f7-a0877dcd5484 req-797fcc19-31e8-4c50-95f9-f208051f9da4 None None] Starting request: 10.222.0.48 "GET /placement/allocations/32e945d1-34c6-458c-a67c-56feefa417a6" {{(pid=114272) __call__ /opt/stack/placement/placement/requestlog.py:55}}
Sep 09 14:53:54.413487 n-d-856757-5 devstack@placement-api.service[114271]: [pid: 114271|app: 0|req: 542/1079] 10.222.0.48 () {60 vars in 1377 bytes} [Fri Sep 9 14:53:54 2022] GET /placement/allocations/302a2f2b-b2f0-4ac9-b885-5f01c4bbd158 => generated 259 bytes in 48 msecs (HTTP/1.1 200) 8 headers in 296 bytes (1 switches on core 0)
Sep 09 14:53:54.438026 n-d-856757-5 devstack@placement-api.service[114272]: INFO placement.requestlog [req-37ce7268-795e-4c0d-91f7-a0877dcd5484 req-797fcc19-31e8-4c50-95f9-f208051f9da4 service placement] 10.222.0.48 "GET /placement/allocations/32e945d1-34c6-458c-a67c-56feefa417a6" status: 200 len: 259 microversion: 1.28
Sep 09 14:53:54.441550 n-d-856757-5 devstack@placement-api.service[114272]: [pid: 114272|app: 0|req: 538/1080] 10.222.0.48 () {60 vars in 1377 bytes} [Fri Sep 9 14:53:54 2022] GET /placement/allocations/32e945d1-34c6-458c-a67c-56feefa417a6 => generated 259 bytes in 41 msecs (HTTP/1.1 200) 8 headers in 296 bytes (1 switches on core 0)
Sep 09 14:53:54.445772 n-d-856757-5 devstack@placement-api.service[114271]: DEBUG placement.requestlog [req-37ce7268-795e-4c0d-91f7-a0877dcd5484 req-e733f13b-ba89-4e4f-b972-303a3eccaf8f None None] Starting request: 10.222.0.48 "GET /placement/allocations/ac122dd8-d446-454a-94a5-3640362353ac" {{(pid=114271) __call__ /opt/stack/placement/placement/requestlog.py:55}}
Sep 09 14:53:54.487798 n-d-856757-5 devstack@placement-api.service[114271]: INFO placement.requestlog [req-37ce7268-795e-4c0d-91f7-a0877dcd5484 req-e733f13b-ba89-4e4f-b972-303a3eccaf8f service placement] 10.222.0.48 "GET /placement/allocations/ac122dd8-d446-454a-94a5-3640362353ac" status: 200 len: 259 microversion: 1.28
Sep 09 14:53:54.488186 n-d-856757-5 devstack@placement-api.service[114271]: [pid: 114271|app: 0|req: 543/1081] 10.222.0.48 () {60 vars in 1377 bytes} [Fri Sep 9 14:53:54 2022] GET /placement/allocations/ac122dd8-d446-454a-94a5-3640362353ac => generated 259 bytes in 43 msecs (HTTP/1.1 200) 8 headers in 296 bytes (1 switches on core 0)
Sep 09 14:53:54.494723 n-d-856757-5 devstack@placement-api.service[114272]: DEBUG placement.requestlog [req-37ce7268-795e-4c0d-91f7-a0877dcd5484 req-ddeae97b-1627-4959-898f-1c15c10e5d64 None None] Starting request: 10.222.0.48 "GET /placement/allocations/f49e26f7-d76b-460e-bf3b-80018f6eeb2e" {{(pid=114272) __call__ /opt/stack/placement/placement/requestlog.py:55}}
Sep 09 14:53:54.518417 n-d-856757-5 devstack@placement-api.service[114272]: INFO placement.requestlog [req-37ce7268-795e-4c0d-91f7-a0877dcd5484 req-ddeae97b-1627-4959-898f-1c15c10e5d64 service placement] 10.222.0.48 "GET /placement/allocations/f49e26f7-d76b-460e-bf3b-80018f6eeb2e" status: 200 len: 259 microversion: 1.28
Sep 09 14:53:54.519489 n-d-856757-5 devstack@placement-api.service[114272]: [pid: 114272|app: 0|req: 539/1082] 10.222.0.48 () {60 vars in 1377 bytes} [Fri Sep 9 14:53:54 2022] GET /placement/allocations/f49e26f7-d76b-460e-bf3b-80018f6eeb2e => generated 259 bytes in 25 msecs (HTTP/1.1 200) 8 headers in 296 bytes (1 switches on core 0)
Sep 09 14:53:54.836397 n-d-856757-5 devstack@placement-api.service[114271]: DEBUG placement.requestlog [req-37ce7268-795e-4c0d-91f7-a0877dcd5484 req-7424192b-8c66-40d0-be77-508259fa3e87 None None] Starting request: 10.222.0.48 "GET /placement/allocations/f49e26f7-d76b-460e-bf3b-80018f6eeb2e" {{(pid=114271) __call__ /opt/stack/placement/placement/requestlog.py:55}}
Sep 09 14:53:54.867339 n-d-856757-5 devstack@placement-api.service[114271]: INFO placement.requestlog [req-37ce7268-795e-4c0d-91f7-a0877dcd5484 req-7424192b-8c66-40d0-be77-508259fa3e87 service placement] 10.222.0.48 "GET /placement/allocations/f49e26f7-d76b-460e-bf3b-80018f6eeb2e" status: 200 len: 259 microversion: 1.28
Sep 09 14:53:54.868266 n-d-856757-5 devstack@placement-api.service[114271]: [pid: 114271|app: 0|req: 544/1083] 10.222.0.48 () {60 vars in 1377 bytes} [Fri Sep 9 14:53:54 2022] GET /placement/allocations/f49e26f7-d76b-460e-bf3b-80018f6eeb2e => generated 259 bytes in 32 msecs (HTTP/1.1 200) 8 headers in 296 bytes (1 switches on core 0)
Sep 09 14:53:54.876022 n-d-856757-5 devstack@placement-api.service[114272]: DEBUG placement.requestlog [req-37ce7268-795e-4c0d-91f7-a0877dcd5484 req-ce2059d2-c4b9-4cf0-8309-bdce58b20f7e None None] Starting request: 10.222.0.48 "PUT /placement/allocations/f49e26f7-d76b-460e-bf3b-80018f6eeb2e" {{(pid=114272) __call__ /opt/stack/placement/placement/requestlog.py:55}}
Sep 09 14:53:55.006834 n-d-856757-5 devstack@placement-api.service[114272]: DEBUG placement.handlers.allocation [req-37ce7268-795e-4c0d-91f7-a0877dcd5484 req-ce2059d2-c4b9-4cf0-8309-bdce58b20f7e service placement] Successfully wrote allocations [, , ] {{(pid=114272) _update_consumers_and_create_allocations /opt/stack/placement/placement/handlers/allocation.py:462}}
Sep 09 14:53:55.020516 n-d-856757-5 devstack@placement-api.service[114272]: INFO placement.requestlog [req-37ce7268-795e-4c0d-91f7-a0877dcd5484 req-ce2059d2-c4b9-4cf0-8309-bdce58b20f7e service placement] 10.222.0.48 "PUT /placement/allocations/f49e26f7-d76b-460e-bf3b-80018f6eeb2e" status: 204 len: 0 microversion: 1.28
Sep 09 14:53:55.021612 n-d-856757-5 devstack@placement-api.service[114272]: [pid: 114272|app: 0|req: 540/1084] 10.222.0.48 () {64 vars in 1430 bytes} [Fri Sep 9 14:53:54 2022] PUT /placement/allocations/f49e26f7-d76b-460e-bf3b-80018f6eeb2e => generated 0 bytes in 146 msecs (HTTP/1.1 204) 5 headers in 199 bytes (1 switches on core 0)
Sep 09 14:54:00.390568 n-d-856757-5 devstack@placement-api.service[114271]: DEBUG placement.requestlog [req-628a01c5-d89b-4bca-aa8b-f80ef69c8005 req-0049f499-4a87-4ea1-a642-28a217f0adec None None] Starting request: 10.222.0.48 "GET /placement/resource_providers/ecf7d95b-8e00-47e2-aaf4-525a50f1ce9a/allocations" {{(pid=114271) __call__ /opt/stack/placement/placement/requestlog.py:55}}
Sep 09 14:54:00.433146 n-d-856757-5 devstack@placement-api.service[114271]: INFO placement.requestlog [req-628a01c5-d89b-4bca-aa8b-f80ef69c8005 req-0049f499-4a87-4ea1-a642-28a217f0adec service placement] 10.222.0.48 "GET /placement/resource_providers/ecf7d95b-8e00-47e2-aaf4-525a50f1ce9a/allocations" status: 200 len: 557 microversion: 1.0
Sep 09 14:54:00.433821 n-d-856757-5 devstack@placement-api.service[114271]: [pid: 114271|app: 0|req: 545/1085] 10.222.0.48 () {58 vars in 1390 bytes} [Fri Sep 9 14:54:00 2022] GET /placement/resource_providers/ecf7d95b-8e00-47e2-aaf4-525a50f1ce9a/allocations => generated 557 bytes in 44 msecs (HTTP/1.1 200) 6 headers in 224 bytes (1 switches on core 0)
Sep 09 14:54:00.449827 n-d-856757-5 devstack@placement-api.service[114272]: DEBUG placement.requestlog [req-628a01c5-d89b-4bca-aa8b-f80ef69c8005 req-9316b12e-4478-4725-8fc5-0be79ccfb851 None None] Starting request: 10.222.0.48 "GET /placement/allocations/296ad475-aa14-48ae-a904-44c1b8416bb4" {{(pid=114272) __call__ /opt/stack/placement/placement/requestlog.py:55}}
Sep 09 14:54:00.487056 n-d-856757-5 devstack@placement-api.service[114272]: INFO placement.requestlog [req-628a01c5-d89b-4bca-aa8b-f80ef69c8005 req-9316b12e-4478-4725-8fc5-0be79ccfb851 service placement] 10.222.0.48 "GET /placement/allocations/296ad475-aa14-48ae-a904-44c1b8416bb4" status: 200 len: 258 microversion: 1.28
Sep 09 14:54:00.495191 n-d-856757-5 devstack@placement-api.service[114272]: [pid: 114272|app: 0|req: 541/1086] 10.222.0.48 () {60 vars in 1377 bytes} [Fri Sep 9 14:54:00 2022] GET /placement/allocations/296ad475-aa14-48ae-a904-44c1b8416bb4 => generated 258 bytes in 45 msecs (HTTP/1.1 200) 8 headers in 296 bytes (2 switches on core 0)
Sep 09 14:54:00.502097 n-d-856757-5 devstack@placement-api.service[114271]: DEBUG placement.requestlog [req-628a01c5-d89b-4bca-aa8b-f80ef69c8005 req-64712fcc-a149-472a-9c7f-84c37094cc71 None None] Starting request: 10.222.0.48 "GET /placement/allocations/42521fe9-05bd-4dce-acc5-aa518eebac33" {{(pid=114271) __call__ /opt/stack/placement/placement/requestlog.py:55}}
Sep 09 14:54:00.532041 n-d-856757-5 devstack@placement-api.service[114271]: INFO placement.requestlog [req-628a01c5-d89b-4bca-aa8b-f80ef69c8005 req-64712fcc-a149-472a-9c7f-84c37094cc71 service placement] 10.222.0.48 "GET /placement/allocations/42521fe9-05bd-4dce-acc5-aa518eebac33" status: 200 len: 259 microversion: 1.28
Sep 09 14:54:00.532505 n-d-856757-5 devstack@placement-api.service[114271]: [pid: 114271|app: 0|req: 546/1087] 10.222.0.48 () {60 vars in 1377 bytes} [Fri Sep 9 14:54:00 2022] GET /placement/allocations/42521fe9-05bd-4dce-acc5-aa518eebac33 => generated 259 bytes in 31 msecs (HTTP/1.1 200) 8 headers in 296 bytes (2 switches on core 0)
Sep 09 14:54:00.541390 n-d-856757-5 devstack@placement-api.service[114272]: DEBUG placement.requestlog [req-628a01c5-d89b-4bca-aa8b-f80ef69c8005 req-d391c5b3-0b52-467d-a52e-2785aada713a None None] Starting request: 10.222.0.48 "GET /placement/allocations/302a2f2b-b2f0-4ac9-b885-5f01c4bbd158" {{(pid=114272) __call__ /opt/stack/placement/placement/requestlog.py:55}}
Sep 09 14:54:00.572533 n-d-856757-5 devstack@placement-api.service[114272]: INFO placement.requestlog [req-628a01c5-d89b-4bca-aa8b-f80ef69c8005 req-d391c5b3-0b52-467d-a52e-2785aada713a service placement] 10.222.0.48 "GET /placement/allocations/302a2f2b-b2f0-4ac9-b885-5f01c4bbd158" status: 200 len: 259 microversion: 1.28
Sep 09 14:54:00.573035 n-d-856757-5 devstack@placement-api.service[114272]: [pid: 114272|app: 0|req: 542/1088] 10.222.0.48 () {60 vars in 1377 bytes} [Fri Sep 9 14:54:00 2022] GET /placement/allocations/302a2f2b-b2f0-4ac9-b885-5f01c4bbd158 => generated 259 bytes in 33 msecs (HTTP/1.1 200) 8 headers in 296 bytes (2 switches on core 0)
Sep 09 14:54:00.592317 n-d-856757-5 devstack@placement-api.service[114271]: DEBUG placement.requestlog [req-628a01c5-d89b-4bca-aa8b-f80ef69c8005 req-e92cdbda-d4f8-4efb-83dc-f70c165a4bcf None None] Starting request: 10.222.0.48 "GET /placement/allocations/32e945d1-34c6-458c-a67c-56feefa417a6" {{(pid=114271) __call__ /opt/stack/placement/placement/requestlog.py:55}}
Sep 09 14:54:00.622372 n-d-856757-5 devstack@placement-api.service[114271]: INFO placement.requestlog [req-628a01c5-d89b-4bca-aa8b-f80ef69c8005 req-e92cdbda-d4f8-4efb-83dc-f70c165a4bcf service placement] 10.222.0.48 "GET /placement/allocations/32e945d1-34c6-458c-a67c-56feefa417a6" status: 200 len: 259 microversion: 1.28
Sep 09 14:54:00.623118 n-d-856757-5 devstack@placement-api.service[114271]: [pid: 114271|app: 0|req: 547/1089] 10.222.0.48 () {60 vars in 1377 bytes} [Fri Sep 9 14:54:00 2022] GET /placement/allocations/32e945d1-34c6-458c-a67c-56feefa417a6 => generated 259 bytes in 31 msecs (HTTP/1.1 200) 8 headers in 296 bytes (1 switches on core 0)
Sep 09 14:54:00.632698 n-d-856757-5 devstack@placement-api.service[114272]: DEBUG placement.requestlog [req-628a01c5-d89b-4bca-aa8b-f80ef69c8005 req-69e32dd7-a04d-4070-bf72-6b71bfe21287 None None] Starting request: 10.222.0.48 "GET /placement/allocations/ac122dd8-d446-454a-94a5-3640362353ac" {{(pid=114272) __call__ /opt/stack/placement/placement/requestlog.py:55}}
Sep 09 14:54:00.690023 n-d-856757-5 devstack@placement-api.service[114272]: INFO placement.requestlog [req-628a01c5-d89b-4bca-aa8b-f80ef69c8005 req-69e32dd7-a04d-4070-bf72-6b71bfe21287 service placement] 10.222.0.48 "GET /placement/allocations/ac122dd8-d446-454a-94a5-3640362353ac" status: 200 len: 259 microversion: 1.28
Sep 09 14:54:00.691249 n-d-856757-5 devstack@placement-api.service[114272]: [pid: 114272|app: 0|req: 543/1090] 10.222.0.48 () {60 vars in 1377 bytes} [Fri Sep 9 14:54:00 2022] GET /placement/allocations/ac122dd8-d446-454a-94a5-3640362353ac => generated 259 bytes in 61 msecs (HTTP/1.1 200) 8 headers in 296 bytes (1 switches on core 0)
Sep 09 14:54:00.991277 n-d-856757-5 devstack@placement-api.service[114271]: DEBUG placement.requestlog [req-628a01c5-d89b-4bca-aa8b-f80ef69c8005 req-3f6313b5-6a3a-45a7-86ba-262d12dcdc47 None None] Starting request: 10.222.0.48 "DELETE /placement/allocations/302a2f2b-b2f0-4ac9-b885-5f01c4bbd158" {{(pid=114271) __call__ /opt/stack/placement/placement/requestlog.py:55}}
Sep 09 14:54:01.040174 n-d-856757-5 devstack@placement-api.service[114271]: DEBUG placement.handlers.allocation [req-628a01c5-d89b-4bca-aa8b-f80ef69c8005 req-3f6313b5-6a3a-45a7-86ba-262d12dcdc47 service placement] Successfully deleted allocations [, , ] {{(pid=114271) delete_allocations /opt/stack/placement/placement/handlers/allocation.py:627}}
Sep 09 14:54:01.041478 n-d-856757-5 devstack@placement-api.service[114271]: INFO placement.requestlog [req-628a01c5-d89b-4bca-aa8b-f80ef69c8005 req-3f6313b5-6a3a-45a7-86ba-262d12dcdc47 service placement] 10.222.0.48 "DELETE /placement/allocations/302a2f2b-b2f0-4ac9-b885-5f01c4bbd158" status: 204 len: 0 microversion: 1.0
Sep 09 14:54:01.042445 n-d-856757-5 devstack@placement-api.service[114271]: [pid: 114271|app: 0|req: 548/1091] 10.222.0.48 () {60 vars in 1355 bytes} [Fri Sep 9 14:54:00 2022] DELETE /placement/allocations/302a2f2b-b2f0-4ac9-b885-5f01c4bbd158 => generated 0 bytes in 52 msecs (HTTP/1.1 204) 5 headers in 198 bytes (1 switches on core 0)
Sep 09 14:54:05.864033 n-d-856757-5 devstack@placement-api.service[114272]: DEBUG placement.requestlog [req-69542112-4d20-4cd7-b43c-3ca4dfb3374c req-fa7a39d0-afae-4c9f-9664-1dac85081d56 None None] Starting request: 10.222.0.44 "GET /placement/allocation_candidates?limit=1000&resources=DISK_GB%3A1%2CMEMORY_MB%3A1024%2CVCPU%3A1&root_required=%21COMPUTE_STATUS_DISABLED" {{(pid=114272) __call__ /opt/stack/placement/placement/requestlog.py:55}}
Sep 09 14:54:05.937473 n-d-856757-5 devstack@placement-api.service[114272]: DEBUG dbcounter [-] [114272] Writing DB stats placement:SELECT=86,placement:DELETE=6,placement:INSERT=3,placement:UPDATE=5 {{(pid=114272) stat_writer /usr/local/lib/python3.8/dist-packages/dbcounter.py:114}}
Sep 09 14:54:05.954506 n-d-856757-5 devstack@placement-api.service[114272]: DEBUG placement.objects.research_context [req-69542112-4d20-4cd7-b43c-3ca4dfb3374c req-fa7a39d0-afae-4c9f-9664-1dac85081d56 service placement] getting providers with 1 DISK_GB {{(pid=114272) __init__ /opt/stack/placement/placement/objects/research_context.py:136}}
Sep 09 14:54:05.966538 n-d-856757-5 devstack@placement-api.service[114272]: DEBUG placement.objects.research_context [req-69542112-4d20-4cd7-b43c-3ca4dfb3374c req-fa7a39d0-afae-4c9f-9664-1dac85081d56 service placement] getting providers with 1024 MEMORY_MB {{(pid=114272) __init__ /opt/stack/placement/placement/objects/research_context.py:136}}
Sep 09 14:54:05.987694 n-d-856757-5 devstack@placement-api.service[114272]: DEBUG placement.objects.research_context [req-69542112-4d20-4cd7-b43c-3ca4dfb3374c req-fa7a39d0-afae-4c9f-9664-1dac85081d56 service placement] getting providers with 1 VCPU {{(pid=114272) __init__ /opt/stack/placement/placement/objects/research_context.py:136}}
Sep 09 14:54:06.003130 n-d-856757-5 devstack@placement-api.service[114272]: DEBUG placement.objects.research_context [req-69542112-4d20-4cd7-b43c-3ca4dfb3374c req-fa7a39d0-afae-4c9f-9664-1dac85081d56 service placement] found 2 providers with available 1 DISK_GB {{(pid=114272) get_provider_ids_matching /opt/stack/placement/placement/objects/research_context.py:563}}
Sep 09 14:54:06.005730 n-d-856757-5 devstack@placement-api.service[114272]: DEBUG placement.objects.research_context [req-69542112-4d20-4cd7-b43c-3ca4dfb3374c req-fa7a39d0-afae-4c9f-9664-1dac85081d56 service placement] found 2 providers with available 1024 MEMORY_MB {{(pid=114272) get_provider_ids_matching /opt/stack/placement/placement/objects/research_context.py:563}}
Sep 09 14:54:06.007995 n-d-856757-5 devstack@placement-api.service[114271]: DEBUG placement.requestlog [req-5ae6c6e1-3346-4824-ba15-5ece14728e92 req-0b7aa73d-81fc-4bad-b84e-ecd2032cf6b6 None None] Starting request: 10.222.0.27 "GET /placement/resource_providers/8e82eadb-2990-4219-98e4-715aa3c39ea3/allocations" {{(pid=114271) __call__ /opt/stack/placement/placement/requestlog.py:55}}
Sep 09 14:54:06.019904 n-d-856757-5 devstack@placement-api.service[114272]: DEBUG placement.objects.research_context [req-69542112-4d20-4cd7-b43c-3ca4dfb3374c req-fa7a39d0-afae-4c9f-9664-1dac85081d56 service placement] found 2 providers after filtering by previous result {{(pid=114272) get_provider_ids_matching /opt/stack/placement/placement/objects/research_context.py:594}}
Sep 09 14:54:06.023124 n-d-856757-5 devstack@placement-api.service[114272]: DEBUG placement.objects.research_context [req-69542112-4d20-4cd7-b43c-3ca4dfb3374c req-fa7a39d0-afae-4c9f-9664-1dac85081d56 service placement] found 2 providers with available 1 VCPU {{(pid=114272) get_provider_ids_matching /opt/stack/placement/placement/objects/research_context.py:563}}
Sep 09 14:54:06.023955 n-d-856757-5 devstack@placement-api.service[114272]: DEBUG placement.objects.research_context [req-69542112-4d20-4cd7-b43c-3ca4dfb3374c req-fa7a39d0-afae-4c9f-9664-1dac85081d56 service placement] found 2 providers after filtering by previous result {{(pid=114272) get_provider_ids_matching /opt/stack/placement/placement/objects/research_context.py:594}}
Sep 09 14:54:06.051535 n-d-856757-5 devstack@placement-api.service[114272]: DEBUG placement.objects.allocation_candidate [req-69542112-4d20-4cd7-b43c-3ca4dfb3374c req-fa7a39d0-afae-4c9f-9664-1dac85081d56 service placement] RequestGroup(use_same_provider=False, resources={DISK_GB:1, MEMORY_MB:1024, VCPU:1}, traits=(), aggregates=[]) (suffix '') returned 2 matches {{(pid=114272) _get_by_requests /opt/stack/placement/placement/objects/allocation_candidate.py:156}}
Sep 09 14:54:06.054876 n-d-856757-5 devstack@placement-api.service[114272]: DEBUG placement.objects.allocation_candidate [req-69542112-4d20-4cd7-b43c-3ca4dfb3374c req-fa7a39d0-afae-4c9f-9664-1dac85081d56 service placement] Merging candidates yields 2 allocation requests and 2 provider summaries {{(pid=114272) _merge_candidates /opt/stack/placement/placement/objects/allocation_candidate.py:809}}
Sep 09 14:54:06.064719 n-d-856757-5 devstack@placement-api.service[114272]: INFO placement.requestlog [req-69542112-4d20-4cd7-b43c-3ca4dfb3374c req-fa7a39d0-afae-4c9f-9664-1dac85081d56 service placement] 10.222.0.44 "GET /placement/allocation_candidates?limit=1000&resources=DISK_GB%3A1%2CMEMORY_MB%3A1024%2CVCPU%3A1&root_required=%21COMPUTE_STATUS_DISABLED" status: 200 len: 1309 microversion: 1.36
Sep 09 14:54:06.066514 n-d-856757-5 devstack@placement-api.service[114272]: [pid: 114272|app: 0|req: 544/1092] 10.222.0.44 () {60 vars in 1506 bytes} [Fri Sep 9 14:54:05 2022] GET /placement/allocation_candidates?limit=1000&resources=DISK_GB%3A1%2CMEMORY_MB%3A1024%2CVCPU%3A1&root_required=%21COMPUTE_STATUS_DISABLED => generated 1309 bytes in 203 msecs (HTTP/1.1 200) 8 headers in 297 bytes (1 switches on core 0)
Sep 09 14:54:06.080551 n-d-856757-5 devstack@placement-api.service[114271]: INFO placement.requestlog [req-5ae6c6e1-3346-4824-ba15-5ece14728e92 req-0b7aa73d-81fc-4bad-b84e-ecd2032cf6b6 service placement] 10.222.0.27 "GET /placement/resource_providers/8e82eadb-2990-4219-98e4-715aa3c39ea3/allocations" status: 200 len: 558 microversion: 1.0
Sep 09 14:54:06.081492 n-d-856757-5 devstack@placement-api.service[114271]: [pid: 114271|app: 0|req: 549/1093] 10.222.0.27 () {58 vars in 1390 bytes} [Fri Sep 9 14:54:06 2022] GET /placement/resource_providers/8e82eadb-2990-4219-98e4-715aa3c39ea3/allocations => generated 558 bytes in 74 msecs (HTTP/1.1 200) 6 headers in 224 bytes (1 switches on core 0)
Sep 09 14:54:06.149384 n-d-856757-5 devstack@placement-api.service[114272]: DEBUG placement.requestlog [req-5ae6c6e1-3346-4824-ba15-5ece14728e92 req-d75b9dfd-5463-45ff-8d39-2ea5448bd26c None None] Starting request: 10.222.0.27 "GET /placement/resource_providers/8e82eadb-2990-4219-98e4-715aa3c39ea3/allocations" {{(pid=114272) __call__ /opt/stack/placement/placement/requestlog.py:55}}
Sep 09 14:54:06.194245 n-d-856757-5 devstack@placement-api.service[114271]: DEBUG placement.requestlog [req-69542112-4d20-4cd7-b43c-3ca4dfb3374c req-89ffde8f-bd68-44b9-b7d8-3da3134ed114 None None] Starting request: 10.222.0.44 "GET /placement/allocations/6143809c-8e9d-4e22-b902-6362ae10506a" {{(pid=114271) __call__ /opt/stack/placement/placement/requestlog.py:55}}
Sep 09 14:54:06.200811 n-d-856757-5 devstack@placement-api.service[114272]: INFO placement.requestlog [req-5ae6c6e1-3346-4824-ba15-5ece14728e92 req-d75b9dfd-5463-45ff-8d39-2ea5448bd26c service placement] 10.222.0.27 "GET /placement/resource_providers/8e82eadb-2990-4219-98e4-715aa3c39ea3/allocations" status: 200 len: 558 microversion: 1.0
Sep 09 14:54:06.202123 n-d-856757-5 devstack@placement-api.service[114272]: [pid: 114272|app: 0|req: 545/1094] 10.222.0.27 () {58 vars in 1390 bytes} [Fri Sep 9 14:54:06 2022] GET /placement/resource_providers/8e82eadb-2990-4219-98e4-715aa3c39ea3/allocations => generated 558 bytes in 53 msecs (HTTP/1.1 200) 6 headers in 224 bytes (1 switches on core 0)
Sep 09 14:54:06.208831 n-d-856757-5 devstack@placement-api.service[114272]: DEBUG placement.requestlog [req-5ae6c6e1-3346-4824-ba15-5ece14728e92 req-23bf9a70-99ca-416a-bffa-35769d120a22 None None] Starting request: 10.222.0.27 "GET /placement/allocations/e25f0bdb-d726-4e66-ada9-2415cd77c249" {{(pid=114272) __call__ /opt/stack/placement/placement/requestlog.py:55}}
Sep 09 14:54:06.211834 n-d-856757-5 devstack@placement-api.service[114271]: INFO placement.requestlog [req-69542112-4d20-4cd7-b43c-3ca4dfb3374c req-89ffde8f-bd68-44b9-b7d8-3da3134ed114 service placement] 10.222.0.44 "GET /placement/allocations/6143809c-8e9d-4e22-b902-6362ae10506a" status: 200 len: 19 microversion: 1.28
Sep 09 14:54:06.212545 n-d-856757-5 devstack@placement-api.service[114271]: [pid: 114271|app: 0|req: 550/1095] 10.222.0.44 () {60 vars in 1380 bytes} [Fri Sep 9 14:54:06 2022] GET /placement/allocations/6143809c-8e9d-4e22-b902-6362ae10506a => generated 19 bytes in 19 msecs (HTTP/1.1 200) 8 headers in 295 bytes (1 switches on core 0)
Sep 09 14:54:06.219455 n-d-856757-5 devstack@placement-api.service[114271]: DEBUG placement.requestlog [req-69542112-4d20-4cd7-b43c-3ca4dfb3374c req-6cf8cd68-b1f4-4920-8cb0-6dc33bde014c None None] Starting request: 10.222.0.44 "PUT /placement/allocations/6143809c-8e9d-4e22-b902-6362ae10506a" {{(pid=114271) __call__ /opt/stack/placement/placement/requestlog.py:55}}
Sep 09 14:54:06.251571 n-d-856757-5 devstack@placement-api.service[114272]: INFO placement.requestlog [req-5ae6c6e1-3346-4824-ba15-5ece14728e92 req-23bf9a70-99ca-416a-bffa-35769d120a22 service placement] 10.222.0.27 "GET /placement/allocations/e25f0bdb-d726-4e66-ada9-2415cd77c249" status: 200 len: 259 microversion: 1.28
Sep 09 14:54:06.252589 n-d-856757-5 devstack@placement-api.service[114272]: [pid: 114272|app: 0|req: 546/1096] 10.222.0.27 () {60 vars in 1377 bytes} [Fri Sep 9 14:54:06 2022] GET /placement/allocations/e25f0bdb-d726-4e66-ada9-2415cd77c249 => generated 259 bytes in 44 msecs (HTTP/1.1 200) 8 headers in 296 bytes (1 switches on core 0)
Sep 09 14:54:06.261736 n-d-856757-5 devstack@placement-api.service[114272]: DEBUG placement.requestlog [req-5ae6c6e1-3346-4824-ba15-5ece14728e92 req-c3bc0801-a9f2-44e7-bbd3-0ef4c88a4aa1 None None] Starting request: 10.222.0.27 "GET /placement/allocations/88ef91f0-8f5a-498e-9d98-1aa7160a1858" {{(pid=114272) __call__ /opt/stack/placement/placement/requestlog.py:55}}
Sep 09 14:54:06.306124 n-d-856757-5 devstack@placement-api.service[114271]: DEBUG dbcounter [-] [114271] Writing DB stats placement:SELECT=97,placement:DELETE=2,placement:INSERT=1 {{(pid=114271) stat_writer /usr/local/lib/python3.8/dist-packages/dbcounter.py:114}}
Sep 09 14:54:06.306764 n-d-856757-5 devstack@placement-api.service[114272]: INFO placement.requestlog [req-5ae6c6e1-3346-4824-ba15-5ece14728e92 req-c3bc0801-a9f2-44e7-bbd3-0ef4c88a4aa1 service placement] 10.222.0.27 "GET /placement/allocations/88ef91f0-8f5a-498e-9d98-1aa7160a1858" status: 200 len: 259 microversion: 1.28
Sep 09 14:54:06.308723 n-d-856757-5 devstack@placement-api.service[114272]: [pid: 114272|app: 0|req: 547/1097] 10.222.0.27 () {60 vars in 1377 bytes} [Fri Sep 9 14:54:06 2022] GET /placement/allocations/88ef91f0-8f5a-498e-9d98-1aa7160a1858 => generated 259 bytes in 47 msecs (HTTP/1.1 200) 8 headers in 296 bytes (2 switches on core 0)
Sep 09 14:54:06.316236 n-d-856757-5 devstack@placement-api.service[114272]: DEBUG placement.requestlog [req-5ae6c6e1-3346-4824-ba15-5ece14728e92 req-3f1f85b6-b15b-4be9-80c2-a019c8c2434d None None] Starting request: 10.222.0.27 "GET /placement/allocations/d4be5fce-84ec-4610-8c52-84ea726cf175" {{(pid=114272) __call__ /opt/stack/placement/placement/requestlog.py:55}}
Sep 09 14:54:06.347516 n-d-856757-5 devstack@placement-api.service[114272]: INFO placement.requestlog [req-5ae6c6e1-3346-4824-ba15-5ece14728e92 req-3f1f85b6-b15b-4be9-80c2-a019c8c2434d service placement] 10.222.0.27 "GET /placement/allocations/d4be5fce-84ec-4610-8c52-84ea726cf175" status: 200 len: 259 microversion: 1.28
Sep 09 14:54:06.349501 n-d-856757-5 devstack@placement-api.service[114272]: [pid: 114272|app: 0|req: 548/1098] 10.222.0.27 () {60 vars in 1377 bytes} [Fri Sep 9 14:54:06 2022] GET /placement/allocations/d4be5fce-84ec-4610-8c52-84ea726cf175 => generated 259 bytes in 33 msecs (HTTP/1.1 200) 8 headers in 296 bytes (1 switches on core 0)
Sep 09 14:54:06.356031 n-d-856757-5 devstack@placement-api.service[114272]: DEBUG placement.requestlog [req-5ae6c6e1-3346-4824-ba15-5ece14728e92 req-d5d0dd9d-27cd-4e7e-8e26-c08ce03e77b4 None None] Starting request: 10.222.0.27 "GET /placement/allocations/8d90ce44-254a-46d4-a7f6-c1f679f061f8" {{(pid=114272) __call__ /opt/stack/placement/placement/requestlog.py:55}}
Sep 09 14:54:06.384129 n-d-856757-5 devstack@placement-api.service[114271]: DEBUG placement.handlers.allocation [req-69542112-4d20-4cd7-b43c-3ca4dfb3374c req-6cf8cd68-b1f4-4920-8cb0-6dc33bde014c service placement] Successfully wrote allocations [, , ] {{(pid=114271) _update_consumers_and_create_allocations /opt/stack/placement/placement/handlers/allocation.py:462}}
Sep 09 14:54:06.388667 n-d-856757-5 devstack@placement-api.service[114272]: INFO placement.requestlog [req-5ae6c6e1-3346-4824-ba15-5ece14728e92 req-d5d0dd9d-27cd-4e7e-8e26-c08ce03e77b4 service placement] 10.222.0.27 "GET /placement/allocations/8d90ce44-254a-46d4-a7f6-c1f679f061f8" status: 200 len: 259 microversion: 1.28
Sep 09 14:54:06.389381 n-d-856757-5 devstack@placement-api.service[114272]: [pid: 114272|app: 0|req: 549/1099] 10.222.0.27 () {60 vars in 1377 bytes} [Fri Sep 9 14:54:06 2022] GET /placement/allocations/8d90ce44-254a-46d4-a7f6-c1f679f061f8 => generated 259 bytes in 34 msecs (HTTP/1.1 200) 8 headers in 296 bytes (2 switches on core 0)
Sep 09 14:54:06.393663 n-d-856757-5 devstack@placement-api.service[114271]: INFO placement.requestlog [req-69542112-4d20-4cd7-b43c-3ca4dfb3374c req-6cf8cd68-b1f4-4920-8cb0-6dc33bde014c service placement] 10.222.0.44 "PUT /placement/allocations/6143809c-8e9d-4e22-b902-6362ae10506a" status: 204 len: 0 microversion: 1.36
Sep 09 14:54:06.394386 n-d-856757-5 devstack@placement-api.service[114271]: [pid: 114271|app: 0|req: 551/1100] 10.222.0.44 () {64 vars in 1433 bytes} [Fri Sep 9 14:54:06 2022] PUT /placement/allocations/6143809c-8e9d-4e22-b902-6362ae10506a => generated 0 bytes in 175 msecs (HTTP/1.1 204) 5 headers in 199 bytes (1 switches on core 0)
Sep 09 14:54:06.397497 n-d-856757-5 devstack@placement-api.service[114272]: DEBUG placement.requestlog [req-5ae6c6e1-3346-4824-ba15-5ece14728e92 req-06bb5149-7ee6-4a2f-9560-0f000f7d303a None None] Starting request: 10.222.0.27 "GET /placement/allocations/756c264a-c97e-4b9e-99fb-e60681c12feb" {{(pid=114272) __call__ /opt/stack/placement/placement/requestlog.py:55}}
Sep 09 14:54:06.438736 n-d-856757-5 devstack@placement-api.service[114272]: INFO placement.requestlog [req-5ae6c6e1-3346-4824-ba15-5ece14728e92 req-06bb5149-7ee6-4a2f-9560-0f000f7d303a service placement] 10.222.0.27 "GET /placement/allocations/756c264a-c97e-4b9e-99fb-e60681c12feb" status: 200 len: 259 microversion: 1.28
Sep 09 14:54:06.442846 n-d-856757-5 devstack@placement-api.service[114272]: [pid: 114272|app: 0|req: 550/1101] 10.222.0.27 () {60 vars in 1377 bytes} [Fri Sep 9 14:54:06 2022] GET /placement/allocations/756c264a-c97e-4b9e-99fb-e60681c12feb => generated 259 bytes in 46 msecs (HTTP/1.1 200) 8 headers in 296 bytes (1 switches on core 0)
Sep 09 14:54:06.895715 n-d-856757-5 devstack@placement-api.service[114271]: DEBUG placement.requestlog [req-69542112-4d20-4cd7-b43c-3ca4dfb3374c req-db10f652-f15c-47cf-9d7c-0e7a16b978b0 None None] Starting request: 10.222.0.48 "GET /placement/allocations/6143809c-8e9d-4e22-b902-6362ae10506a" {{(pid=114271) __call__ /opt/stack/placement/placement/requestlog.py:55}}
Sep 09 14:54:06.951054 n-d-856757-5 devstack@placement-api.service[114271]: INFO placement.requestlog [req-69542112-4d20-4cd7-b43c-3ca4dfb3374c req-db10f652-f15c-47cf-9d7c-0e7a16b978b0 service placement] 10.222.0.48 "GET /placement/allocations/6143809c-8e9d-4e22-b902-6362ae10506a" status: 200 len: 259 microversion: 1.28
Sep 09 14:54:06.953525 n-d-856757-5 devstack@placement-api.service[114271]: [pid: 114271|app: 0|req: 552/1102] 10.222.0.48 () {60 vars in 1377 bytes} [Fri Sep 9 14:54:06 2022] GET /placement/allocations/6143809c-8e9d-4e22-b902-6362ae10506a => generated 259 bytes in 58 msecs (HTTP/1.1 200) 8 headers in 296 bytes (1 switches on core 0)
Sep 09 14:54:07.149116 n-d-856757-5 devstack@placement-api.service[114272]: DEBUG placement.requestlog [req-69542112-4d20-4cd7-b43c-3ca4dfb3374c req-c136324c-9d99-4d3b-a371-0e1034a19ed5 None None] Starting request: 10.222.0.48 "GET /placement/resource_providers/ecf7d95b-8e00-47e2-aaf4-525a50f1ce9a/allocations" {{(pid=114272) __call__ /opt/stack/placement/placement/requestlog.py:55}}
Sep 09 14:54:07.180087 n-d-856757-5 devstack@placement-api.service[114272]: INFO placement.requestlog [req-69542112-4d20-4cd7-b43c-3ca4dfb3374c req-c136324c-9d99-4d3b-a371-0e1034a19ed5 service placement] 10.222.0.48 "GET /placement/resource_providers/ecf7d95b-8e00-47e2-aaf4-525a50f1ce9a/allocations" status: 200 len: 557 microversion: 1.0
Sep 09 14:54:07.181173 n-d-856757-5 devstack@placement-api.service[114272]: [pid: 114272|app: 0|req: 551/1103] 10.222.0.48 () {58 vars in 1390 bytes} [Fri Sep 9 14:54:07 2022] GET /placement/resource_providers/ecf7d95b-8e00-47e2-aaf4-525a50f1ce9a/allocations => generated 557 bytes in 32 msecs (HTTP/1.1 200) 6 headers in 224 bytes (2 switches on core 0)
Sep 09 14:54:07.190142 n-d-856757-5 devstack@placement-api.service[114271]: DEBUG placement.requestlog [req-69542112-4d20-4cd7-b43c-3ca4dfb3374c req-259776c0-6127-4483-9b77-f12d7ee3132e None None] Starting request: 10.222.0.48 "GET /placement/allocations/296ad475-aa14-48ae-a904-44c1b8416bb4" {{(pid=114271) __call__ /opt/stack/placement/placement/requestlog.py:55}}
Sep 09 14:54:07.220746 n-d-856757-5 devstack@placement-api.service[114271]: INFO placement.requestlog [req-69542112-4d20-4cd7-b43c-3ca4dfb3374c req-259776c0-6127-4483-9b77-f12d7ee3132e service placement] 10.222.0.48 "GET /placement/allocations/296ad475-aa14-48ae-a904-44c1b8416bb4" status: 200 len: 258 microversion: 1.28
Sep 09 14:54:07.221888 n-d-856757-5 devstack@placement-api.service[114271]: [pid: 114271|app: 0|req: 553/1104] 10.222.0.48 () {60 vars in 1377 bytes} [Fri Sep 9 14:54:07 2022] GET /placement/allocations/296ad475-aa14-48ae-a904-44c1b8416bb4 => generated 258 bytes in 32 msecs (HTTP/1.1 200) 8 headers in 296 bytes (1 switches on core 0)
Sep 09 14:54:07.230577 n-d-856757-5 devstack@placement-api.service[114272]: DEBUG placement.requestlog [req-69542112-4d20-4cd7-b43c-3ca4dfb3374c req-538228f7-cf3e-48d2-a5c0-6dcbf9362982 None None] Starting request: 10.222.0.48 "GET /placement/allocations/42521fe9-05bd-4dce-acc5-aa518eebac33" {{(pid=114272) __call__ /opt/stack/placement/placement/requestlog.py:55}}
Sep 09 14:54:07.256381 n-d-856757-5 devstack@placement-api.service[114272]: INFO placement.requestlog [req-69542112-4d20-4cd7-b43c-3ca4dfb3374c req-538228f7-cf3e-48d2-a5c0-6dcbf9362982 service placement] 10.222.0.48 "GET /placement/allocations/42521fe9-05bd-4dce-acc5-aa518eebac33" status: 200 len: 259 microversion: 1.28
