Sep 05 15:11:08.179837 n-d-855901-1 devstack@n-api.service[122992]: DEBUG oslo_concurrency.lockutils [None req-1f9b1585-7849-4294-9e75-5d802d2e867f tempest-ServersWithSpecificFlavorTestJSON-1749252211 tempest-ServersWithSpecificFlavorTestJSON-1749252211-project] Acquiring lock "b07b25ee-eec5-493b-915f-01ef8797aabe" by "nova.context.set_target_cell..get_or_set_cached_cell_and_set_connections" {{(pid=122992) inner /usr/local/lib/python3.8/dist-packages/oslo_concurrency/lockutils.py:385}}
Sep 05 15:11:08.182995 n-d-855901-1 devstack@n-api.service[122992]: DEBUG oslo_concurrency.lockutils [None req-1f9b1585-7849-4294-9e75-5d802d2e867f tempest-ServersWithSpecificFlavorTestJSON-1749252211 tempest-ServersWithSpecificFlavorTestJSON-1749252211-project] Lock "b07b25ee-eec5-493b-915f-01ef8797aabe" acquired by "nova.context.set_target_cell..get_or_set_cached_cell_and_set_connections" :: waited 0.004s {{(pid=122992) inner /usr/local/lib/python3.8/dist-packages/oslo_concurrency/lockutils.py:390}}
Sep 05 15:11:08.184322 n-d-855901-1 devstack@n-api.service[122992]: DEBUG oslo_concurrency.lockutils [None req-1f9b1585-7849-4294-9e75-5d802d2e867f tempest-ServersWithSpecificFlavorTestJSON-1749252211 tempest-ServersWithSpecificFlavorTestJSON-1749252211-project] Lock "b07b25ee-eec5-493b-915f-01ef8797aabe" "released" by "nova.context.set_target_cell..get_or_set_cached_cell_and_set_connections" :: held 0.002s {{(pid=122992) inner /usr/local/lib/python3.8/dist-packages/oslo_concurrency/lockutils.py:404}}
Sep 05 15:11:08.443093 n-d-855901-1 devstack@n-api.service[122992]: DEBUG nova.policy [None req-1f9b1585-7849-4294-9e75-5d802d2e867f tempest-ServersWithSpecificFlavorTestJSON-1749252211 tempest-ServersWithSpecificFlavorTestJSON-1749252211-project] Policy check for os_compute_api:os-extended-server-attributes failed with credentials {'is_admin': False, 'user_id': '6d3cf9c1c9b34ecca6e3a3643484f4d4', 'user_domain_id': 'default', 'system_scope': None, 'domain_id': None, 'project_id': 'cffb62f2f63f4826a6949af2b3e6a74b', 'project_domain_id': 'default', 'roles': ['reader', 'member'], 'is_admin_project': True, 'service_user_id': None, 'service_user_domain_id': None, 'service_project_id': None, 'service_project_domain_id': None, 'service_roles': []} {{(pid=122992) authorize /opt/stack/nova/nova/policy.py:199}}
Sep 05 15:11:08.454852 n-d-855901-1 devstack@n-api.service[122992]: INFO nova.api.openstack.requestlog [None req-1f9b1585-7849-4294-9e75-5d802d2e867f tempest-ServersWithSpecificFlavorTestJSON-1749252211 tempest-ServersWithSpecificFlavorTestJSON-1749252211-project] 10.222.0.26 "GET /compute/v2.1/servers/8340f931-84b9-4af2-9118-98d1ac1aa41b" status: 200 len: 1388 microversion: 2.1 time: 0.312142
Sep 05 15:11:08.456420 n-d-855901-1 devstack@n-api.service[122992]: [pid: 122992|app: 0|req: 92/171] 10.222.0.26 () {58 vars in 1236 bytes} [Mon Sep 5 15:11:08 2022] GET /compute/v2.1/servers/8340f931-84b9-4af2-9118-98d1ac1aa41b => generated 1388 bytes in 314 msecs (HTTP/1.1 200) 9 headers in 358 bytes (1 switches on core 0)
Sep 05 15:11:08.461554 n-d-855901-1 devstack@n-api.service[122992]: DEBUG nova.api.openstack.wsgi [None req-b8b4e482-7aaf-45ef-b6b2-38e287e0c360 tempest-DeleteServersAdminTestJSON-1127019412 tempest-DeleteServersAdminTestJSON-1127019412-project] Calling method '>' {{(pid=122992) _process_stack /opt/stack/nova/nova/api/openstack/wsgi.py:513}}
Sep 05 15:11:08.462417 n-d-855901-1 devstack@n-api.service[122992]: DEBUG nova.compute.api [None req-b8b4e482-7aaf-45ef-b6b2-38e287e0c360 tempest-DeleteServersAdminTestJSON-1127019412 tempest-DeleteServersAdminTestJSON-1127019412-project] [instance: 5049fbec-21c0-4b7f-ad37-d783097aa86b] Fetching instance by UUID {{(pid=122992) get /opt/stack/nova/nova/compute/api.py:2975}}
Sep 05 15:11:08.482707 n-d-855901-1 devstack@n-api.service[122992]: DEBUG oslo_concurrency.lockutils [None req-b8b4e482-7aaf-45ef-b6b2-38e287e0c360 tempest-DeleteServersAdminTestJSON-1127019412 tempest-DeleteServersAdminTestJSON-1127019412-project] Acquiring lock "b07b25ee-eec5-493b-915f-01ef8797aabe" by "nova.context.set_target_cell..get_or_set_cached_cell_and_set_connections" {{(pid=122992) inner /usr/local/lib/python3.8/dist-packages/oslo_concurrency/lockutils.py:385}}
Sep 05 15:11:08.485249 n-d-855901-1 devstack@n-api.service[122992]: DEBUG oslo_concurrency.lockutils [None req-b8b4e482-7aaf-45ef-b6b2-38e287e0c360 tempest-DeleteServersAdminTestJSON-1127019412 tempest-DeleteServersAdminTestJSON-1127019412-project] Lock "b07b25ee-eec5-493b-915f-01ef8797aabe" acquired by "nova.context.set_target_cell..get_or_set_cached_cell_and_set_connections" :: waited 0.003s {{(pid=122992) inner /usr/local/lib/python3.8/dist-packages/oslo_concurrency/lockutils.py:390}}
Sep 05 15:11:08.487274 n-d-855901-1 devstack@n-api.service[122992]: DEBUG oslo_concurrency.lockutils [None req-b8b4e482-7aaf-45ef-b6b2-38e287e0c360 tempest-DeleteServersAdminTestJSON-1127019412 tempest-DeleteServersAdminTestJSON-1127019412-project] Lock "b07b25ee-eec5-493b-915f-01ef8797aabe" "released" by "nova.context.set_target_cell..get_or_set_cached_cell_and_set_connections" :: held 0.001s {{(pid=122992) inner /usr/local/lib/python3.8/dist-packages/oslo_concurrency/lockutils.py:404}}
Sep 05 15:11:08.490803 n-d-855901-1 devstack@n-api.service[122992]: DEBUG oslo_concurrency.lockutils [None req-b8b4e482-7aaf-45ef-b6b2-38e287e0c360 tempest-DeleteServersAdminTestJSON-1127019412 tempest-DeleteServersAdminTestJSON-1127019412-project] Acquiring lock "b07b25ee-eec5-493b-915f-01ef8797aabe" by "nova.context.set_target_cell..get_or_set_cached_cell_and_set_connections" {{(pid=122992) inner /usr/local/lib/python3.8/dist-packages/oslo_concurrency/lockutils.py:385}}
Sep 05 15:11:08.491585 n-d-855901-1 devstack@n-api.service[122992]: DEBUG oslo_concurrency.lockutils [None req-b8b4e482-7aaf-45ef-b6b2-38e287e0c360 tempest-DeleteServersAdminTestJSON-1127019412 tempest-DeleteServersAdminTestJSON-1127019412-project] Lock "b07b25ee-eec5-493b-915f-01ef8797aabe" acquired by "nova.context.set_target_cell..get_or_set_cached_cell_and_set_connections" :: waited 0.001s {{(pid=122992) inner /usr/local/lib/python3.8/dist-packages/oslo_concurrency/lockutils.py:390}}
Sep 05 15:11:08.493019 n-d-855901-1 devstack@n-api.service[122992]: DEBUG oslo_concurrency.lockutils [None req-b8b4e482-7aaf-45ef-b6b2-38e287e0c360 tempest-DeleteServersAdminTestJSON-1127019412 tempest-DeleteServersAdminTestJSON-1127019412-project] Lock "b07b25ee-eec5-493b-915f-01ef8797aabe" "released" by "nova.context.set_target_cell..get_or_set_cached_cell_and_set_connections" :: held 0.001s {{(pid=122992) inner /usr/local/lib/python3.8/dist-packages/oslo_concurrency/lockutils.py:404}}
Sep 05 15:11:08.787262 n-d-855901-1 devstack@n-api.service[122992]: DEBUG nova.policy [None req-b8b4e482-7aaf-45ef-b6b2-38e287e0c360 tempest-DeleteServersAdminTestJSON-1127019412 tempest-DeleteServersAdminTestJSON-1127019412-project] Policy check for os_compute_api:os-extended-server-attributes failed with credentials {'is_admin': False, 'user_id': '9db9cfaa093b490db655c2c5037d19e1', 'user_domain_id': 'default', 'system_scope': None, 'domain_id': None, 'project_id': '1603567bd1494e3592a779be4a4befdb', 'project_domain_id': 'default', 'roles': ['reader', 'member'], 'is_admin_project': True, 'service_user_id': None, 'service_user_domain_id': None, 'service_project_id': None, 'service_project_domain_id': None, 'service_roles': []} {{(pid=122992) authorize /opt/stack/nova/nova/policy.py:199}}
Sep 05 15:11:08.797851 n-d-855901-1 devstack@n-api.service[122992]: INFO nova.api.openstack.requestlog [None req-b8b4e482-7aaf-45ef-b6b2-38e287e0c360 tempest-DeleteServersAdminTestJSON-1127019412 tempest-DeleteServersAdminTestJSON-1127019412-project] 10.222.0.26 "GET /compute/v2.1/servers/5049fbec-21c0-4b7f-ad37-d783097aa86b" status: 200 len: 1317 microversion: 2.1 time: 0.339799
Sep 05 15:11:08.799473 n-d-855901-1 devstack@n-api.service[122992]: [pid: 122992|app: 0|req: 93/172] 10.222.0.26 () {58 vars in 1236 bytes} [Mon Sep 5 15:11:08 2022] GET /compute/v2.1/servers/5049fbec-21c0-4b7f-ad37-d783097aa86b => generated 1317 bytes in 342 msecs (HTTP/1.1 200) 9 headers in 358 bytes (1 switches on core 0)
Sep 05 15:11:08.916872 n-d-855901-1 devstack@n-api.service[122991]: INFO nova.api.openstack.requestlog [None req-12631522-4429-4ec8-b711-034e5cb7a65a tempest-AggregatesAdminTestJSON-914302411 tempest-AggregatesAdminTestJSON-914302411-project-admin] 10.222.0.26 "POST /compute/v2.1/os-aggregates/2/action" status: 200 len: 242 microversion: 2.1 time: 1.254507
Sep 05 15:11:08.919237 n-d-855901-1 devstack@n-api.service[122991]: [pid: 122991|app: 0|req: 80/173] 10.222.0.26 () {60 vars in 1191 bytes} [Mon Sep 5 15:11:07 2022] POST /compute/v2.1/os-aggregates/2/action => generated 242 bytes in 1262 msecs (HTTP/1.1 200) 9 headers in 357 bytes (1 switches on core 0)
Sep 05 15:11:08.937922 n-d-855901-1 devstack@n-api.service[122992]: DEBUG nova.api.openstack.wsgi [None req-94927c43-f84f-4ee7-b7d9-4b463c8cdf9a tempest-AggregatesAdminTestJSON-914302411 tempest-AggregatesAdminTestJSON-914302411-project-admin] Calling method '>' {{(pid=122992) _process_stack /opt/stack/nova/nova/api/openstack/wsgi.py:513}}
Sep 05 15:11:08.955489 n-d-855901-1 devstack@n-api.service[122992]: INFO nova.api.openstack.requestlog [None req-94927c43-f84f-4ee7-b7d9-4b463c8cdf9a tempest-AggregatesAdminTestJSON-914302411 tempest-AggregatesAdminTestJSON-914302411-project-admin] 10.222.0.26 "GET /compute/v2.1/os-aggregates/2" status: 200 len: 242 microversion: 2.1 time: 0.024259
Sep 05 15:11:08.957498 n-d-855901-1 devstack@n-api.service[122992]: [pid: 122992|app: 0|req: 94/174] 10.222.0.26 () {58 vars in 1149 bytes} [Mon Sep 5 15:11:08 2022] GET /compute/v2.1/os-aggregates/2 => generated 242 bytes in 30 msecs (HTTP/1.1 200) 9 headers in 357 bytes (1 switches on core 0)
Sep 05 15:11:08.973089 n-d-855901-1 devstack@n-api.service[122991]: DEBUG nova.api.openstack.wsgi [None req-c0b739c3-da76-4be0-9f57-445b3dcde2aa tempest-AggregatesAdminTestJSON-914302411 tempest-AggregatesAdminTestJSON-914302411-project-admin] Action: 'action', calling method: >, body: {"remove_host": {"host": "n-h1-855901-1"}} {{(pid=122991) _process_stack /opt/stack/nova/nova/api/openstack/wsgi.py:511}}
Sep 05 15:11:08.998346 n-d-855901-1 devstack@n-api.service[122991]: DEBUG oslo_concurrency.lockutils [None req-c0b739c3-da76-4be0-9f57-445b3dcde2aa tempest-AggregatesAdminTestJSON-914302411 tempest-AggregatesAdminTestJSON-914302411-project-admin] Acquiring lock "b07b25ee-eec5-493b-915f-01ef8797aabe" by "nova.context.set_target_cell..get_or_set_cached_cell_and_set_connections" {{(pid=122991) inner /usr/local/lib/python3.8/dist-packages/oslo_concurrency/lockutils.py:385}}
Sep 05 15:11:08.999761 n-d-855901-1 devstack@n-api.service[122991]: DEBUG oslo_concurrency.lockutils [None req-c0b739c3-da76-4be0-9f57-445b3dcde2aa tempest-AggregatesAdminTestJSON-914302411 tempest-AggregatesAdminTestJSON-914302411-project-admin] Lock "b07b25ee-eec5-493b-915f-01ef8797aabe" acquired by "nova.context.set_target_cell..get_or_set_cached_cell_and_set_connections" :: waited 0.005s {{(pid=122991) inner /usr/local/lib/python3.8/dist-packages/oslo_concurrency/lockutils.py:390}}
Sep 05 15:11:09.001476 n-d-855901-1 devstack@n-api.service[122991]: DEBUG oslo_concurrency.lockutils [None req-c0b739c3-da76-4be0-9f57-445b3dcde2aa tempest-AggregatesAdminTestJSON-914302411 tempest-AggregatesAdminTestJSON-914302411-project-admin] Lock "b07b25ee-eec5-493b-915f-01ef8797aabe" "released" by "nova.context.set_target_cell..get_or_set_cached_cell_and_set_connections" :: held 0.002s {{(pid=122991) inner /usr/local/lib/python3.8/dist-packages/oslo_concurrency/lockutils.py:404}}
Sep 05 15:11:09.171175 n-d-855901-1 devstack@n-api.service[122992]: DEBUG nova.api.openstack.wsgi [None req-2dbf1fda-b9f3-4873-9ab5-bc813292d4d2 tempest-LiveMigrationNegativeTest-1919991393 tempest-LiveMigrationNegativeTest-1919991393-project] Calling method '>' {{(pid=122992) _process_stack /opt/stack/nova/nova/api/openstack/wsgi.py:513}}
Sep 05 15:11:09.172896 n-d-855901-1 devstack@n-api.service[122992]: DEBUG nova.compute.api [None req-2dbf1fda-b9f3-4873-9ab5-bc813292d4d2 tempest-LiveMigrationNegativeTest-1919991393 tempest-LiveMigrationNegativeTest-1919991393-project] [instance: bf389a40-6aba-4768-ace5-167bbe05628f] Fetching instance by UUID {{(pid=122992) get /opt/stack/nova/nova/compute/api.py:2975}}
Sep 05 15:11:09.190328 n-d-855901-1 devstack@n-api.service[122992]: DEBUG oslo_concurrency.lockutils [None req-2dbf1fda-b9f3-4873-9ab5-bc813292d4d2 tempest-LiveMigrationNegativeTest-1919991393 tempest-LiveMigrationNegativeTest-1919991393-project] Acquiring lock "b07b25ee-eec5-493b-915f-01ef8797aabe" by "nova.context.set_target_cell..get_or_set_cached_cell_and_set_connections" {{(pid=122992) inner /usr/local/lib/python3.8/dist-packages/oslo_concurrency/lockutils.py:385}}
Sep 05 15:11:09.192910 n-d-855901-1 devstack@n-api.service[122992]: DEBUG oslo_concurrency.lockutils [None req-2dbf1fda-b9f3-4873-9ab5-bc813292d4d2 tempest-LiveMigrationNegativeTest-1919991393 tempest-LiveMigrationNegativeTest-1919991393-project] Lock "b07b25ee-eec5-493b-915f-01ef8797aabe" acquired by "nova.context.set_target_cell..get_or_set_cached_cell_and_set_connections" :: waited 0.003s {{(pid=122992) inner /usr/local/lib/python3.8/dist-packages/oslo_concurrency/lockutils.py:390}}
Sep 05 15:11:09.194818 n-d-855901-1 devstack@n-api.service[122992]: DEBUG oslo_concurrency.lockutils [None req-2dbf1fda-b9f3-4873-9ab5-bc813292d4d2 tempest-LiveMigrationNegativeTest-1919991393 tempest-LiveMigrationNegativeTest-1919991393-project] Lock "b07b25ee-eec5-493b-915f-01ef8797aabe" "released" by "nova.context.set_target_cell..get_or_set_cached_cell_and_set_connections" :: held 0.001s {{(pid=122992) inner /usr/local/lib/python3.8/dist-packages/oslo_concurrency/lockutils.py:404}}
Sep 05 15:11:09.196278 n-d-855901-1 devstack@n-api.service[122992]: DEBUG oslo_concurrency.lockutils [None req-2dbf1fda-b9f3-4873-9ab5-bc813292d4d2 tempest-LiveMigrationNegativeTest-1919991393 tempest-LiveMigrationNegativeTest-1919991393-project] Acquiring lock "b07b25ee-eec5-493b-915f-01ef8797aabe" by "nova.context.set_target_cell..get_or_set_cached_cell_and_set_connections" {{(pid=122992) inner /usr/local/lib/python3.8/dist-packages/oslo_concurrency/lockutils.py:385}}
Sep 05 15:11:09.200193 n-d-855901-1 devstack@n-api.service[122992]: DEBUG oslo_concurrency.lockutils [None req-2dbf1fda-b9f3-4873-9ab5-bc813292d4d2 tempest-LiveMigrationNegativeTest-1919991393 tempest-LiveMigrationNegativeTest-1919991393-project] Lock "b07b25ee-eec5-493b-915f-01ef8797aabe" acquired by "nova.context.set_target_cell..get_or_set_cached_cell_and_set_connections" :: waited 0.001s {{(pid=122992) inner /usr/local/lib/python3.8/dist-packages/oslo_concurrency/lockutils.py:390}}
Sep 05 15:11:09.202465 n-d-855901-1 devstack@n-api.service[122992]: DEBUG oslo_concurrency.lockutils [None req-2dbf1fda-b9f3-4873-9ab5-bc813292d4d2 tempest-LiveMigrationNegativeTest-1919991393 tempest-LiveMigrationNegativeTest-1919991393-project] Lock "b07b25ee-eec5-493b-915f-01ef8797aabe" "released" by "nova.context.set_target_cell..get_or_set_cached_cell_and_set_connections" :: held 0.003s {{(pid=122992) inner /usr/local/lib/python3.8/dist-packages/oslo_concurrency/lockutils.py:404}}
Sep 05 15:11:09.455695 n-d-855901-1 devstack@n-api.service[122992]: DEBUG dbcounter [-] [122992] Writing DB stats nova_cell0:SELECT=8 {{(pid=122992) stat_writer /usr/local/lib/python3.8/dist-packages/dbcounter.py:114}}
Sep 05 15:11:09.468809 n-d-855901-1 devstack@n-api.service[122991]: INFO nova.api.openstack.requestlog [None req-c0b739c3-da76-4be0-9f57-445b3dcde2aa tempest-AggregatesAdminTestJSON-914302411 tempest-AggregatesAdminTestJSON-914302411-project-admin] 10.222.0.26 "POST /compute/v2.1/os-aggregates/2/action" status: 200 len: 227 microversion: 2.1 time: 0.503360
Sep 05 15:11:09.469604 n-d-855901-1 devstack@n-api.service[122991]: [pid: 122991|app: 0|req: 81/175] 10.222.0.26 () {60 vars in 1191 bytes} [Mon Sep 5 15:11:08 2022] POST /compute/v2.1/os-aggregates/2/action => generated 227 bytes in 505 msecs (HTTP/1.1 200) 9 headers in 357 bytes (1 switches on core 0)
Sep 05 15:11:09.482990 n-d-855901-1 devstack@n-api.service[122991]: DEBUG nova.api.openstack.wsgi [None req-7fd9ff11-7bba-4d45-9abc-8fe5bc6d4842 tempest-ServersWithSpecificFlavorTestJSON-1749252211 tempest-ServersWithSpecificFlavorTestJSON-1749252211-project] Calling method '>' {{(pid=122991) _process_stack /opt/stack/nova/nova/api/openstack/wsgi.py:513}}
Sep 05 15:11:09.487662 n-d-855901-1 devstack@n-api.service[122991]: DEBUG nova.compute.api [None req-7fd9ff11-7bba-4d45-9abc-8fe5bc6d4842 tempest-ServersWithSpecificFlavorTestJSON-1749252211 tempest-ServersWithSpecificFlavorTestJSON-1749252211-project] [instance: 8340f931-84b9-4af2-9118-98d1ac1aa41b] Fetching instance by UUID {{(pid=122991) get /opt/stack/nova/nova/compute/api.py:2975}}
Sep 05 15:11:09.507098 n-d-855901-1 devstack@n-api.service[122991]: DEBUG oslo_concurrency.lockutils [None req-7fd9ff11-7bba-4d45-9abc-8fe5bc6d4842 tempest-ServersWithSpecificFlavorTestJSON-1749252211 tempest-ServersWithSpecificFlavorTestJSON-1749252211-project] Acquiring lock "b07b25ee-eec5-493b-915f-01ef8797aabe" by "nova.context.set_target_cell..get_or_set_cached_cell_and_set_connections" {{(pid=122991) inner /usr/local/lib/python3.8/dist-packages/oslo_concurrency/lockutils.py:385}}
Sep 05 15:11:09.509557 n-d-855901-1 devstack@n-api.service[122991]: DEBUG oslo_concurrency.lockutils [None req-7fd9ff11-7bba-4d45-9abc-8fe5bc6d4842 tempest-ServersWithSpecificFlavorTestJSON-1749252211 tempest-ServersWithSpecificFlavorTestJSON-1749252211-project] Lock "b07b25ee-eec5-493b-915f-01ef8797aabe" acquired by "nova.context.set_target_cell..get_or_set_cached_cell_and_set_connections" :: waited 0.003s {{(pid=122991) inner /usr/local/lib/python3.8/dist-packages/oslo_concurrency/lockutils.py:390}}
Sep 05 15:11:09.511155 n-d-855901-1 devstack@n-api.service[122991]: DEBUG oslo_concurrency.lockutils [None req-7fd9ff11-7bba-4d45-9abc-8fe5bc6d4842 tempest-ServersWithSpecificFlavorTestJSON-1749252211 tempest-ServersWithSpecificFlavorTestJSON-1749252211-project] Lock "b07b25ee-eec5-493b-915f-01ef8797aabe" "released" by "nova.context.set_target_cell..get_or_set_cached_cell_and_set_connections" :: held 0.002s {{(pid=122991) inner /usr/local/lib/python3.8/dist-packages/oslo_concurrency/lockutils.py:404}}
Sep 05 15:11:09.520875 n-d-855901-1 devstack@n-api.service[122992]: DEBUG nova.policy [None req-2dbf1fda-b9f3-4873-9ab5-bc813292d4d2 tempest-LiveMigrationNegativeTest-1919991393 tempest-LiveMigrationNegativeTest-1919991393-project] Policy check for os_compute_api:os-extended-server-attributes failed with credentials {'is_admin': False, 'user_id': '05f5948ed1dc4cd09d9b1e560853e17b', 'user_domain_id': 'default', 'system_scope': None, 'domain_id': None, 'project_id': '6165531325694bacab8df32e6b57cab1', 'project_domain_id': 'default', 'roles': ['reader', 'member'], 'is_admin_project': True, 'service_user_id': None, 'service_user_domain_id': None, 'service_project_id': None, 'service_project_domain_id': None, 'service_roles': []} {{(pid=122992) authorize /opt/stack/nova/nova/policy.py:199}}
Sep 05 15:11:09.521146 n-d-855901-1 devstack@n-api.service[122991]: DEBUG oslo_concurrency.lockutils [None req-7fd9ff11-7bba-4d45-9abc-8fe5bc6d4842 tempest-ServersWithSpecificFlavorTestJSON-1749252211 tempest-ServersWithSpecificFlavorTestJSON-1749252211-project] Acquiring lock "b07b25ee-eec5-493b-915f-01ef8797aabe" by "nova.context.set_target_cell..get_or_set_cached_cell_and_set_connections" {{(pid=122991) inner /usr/local/lib/python3.8/dist-packages/oslo_concurrency/lockutils.py:385}}
Sep 05 15:11:09.521146 n-d-855901-1 devstack@n-api.service[122991]: DEBUG oslo_concurrency.lockutils [None req-7fd9ff11-7bba-4d45-9abc-8fe5bc6d4842 tempest-ServersWithSpecificFlavorTestJSON-1749252211 tempest-ServersWithSpecificFlavorTestJSON-1749252211-project] Lock "b07b25ee-eec5-493b-915f-01ef8797aabe" acquired by "nova.context.set_target_cell..get_or_set_cached_cell_and_set_connections" :: waited 0.002s {{(pid=122991) inner /usr/local/lib/python3.8/dist-packages/oslo_concurrency/lockutils.py:390}}
Sep 05 15:11:09.521146 n-d-855901-1 devstack@n-api.service[122991]: DEBUG oslo_concurrency.lockutils [None req-7fd9ff11-7bba-4d45-9abc-8fe5bc6d4842 tempest-ServersWithSpecificFlavorTestJSON-1749252211 tempest-ServersWithSpecificFlavorTestJSON-1749252211-project] Lock "b07b25ee-eec5-493b-915f-01ef8797aabe" "released" by "nova.context.set_target_cell..get_or_set_cached_cell_and_set_connections" :: held 0.000s {{(pid=122991) inner /usr/local/lib/python3.8/dist-packages/oslo_concurrency/lockutils.py:404}}
Sep 05 15:11:09.527786 n-d-855901-1 devstack@n-api.service[122992]: INFO nova.api.openstack.requestlog [None req-2dbf1fda-b9f3-4873-9ab5-bc813292d4d2 tempest-LiveMigrationNegativeTest-1919991393 tempest-LiveMigrationNegativeTest-1919991393-project] 10.222.0.26 "GET /compute/v2.1/servers/bf389a40-6aba-4768-ace5-167bbe05628f" status: 200 len: 1318 microversion: 2.1 time: 0.366580
Sep 05 15:11:09.530166 n-d-855901-1 devstack@n-api.service[122992]: [pid: 122992|app: 0|req: 95/176] 10.222.0.26 () {58 vars in 1236 bytes} [Mon Sep 5 15:11:09 2022] GET /compute/v2.1/servers/bf389a40-6aba-4768-ace5-167bbe05628f => generated 1318 bytes in 372 msecs (HTTP/1.1 200) 9 headers in 358 bytes (2 switches on core 0)
Sep 05 15:11:09.539458 n-d-855901-1 devstack@n-api.service[122992]: DEBUG nova.api.openstack.wsgi [None req-68178bad-0054-4f7f-8042-8a8178247c5a tempest-AggregatesAdminTestJSON-914302411 tempest-AggregatesAdminTestJSON-914302411-project-admin] Calling method '>' {{(pid=122992) _process_stack /opt/stack/nova/nova/api/openstack/wsgi.py:513}}
Sep 05 15:11:09.693442 n-d-855901-1 devstack@n-api.service[122992]: INFO nova.api.openstack.requestlog [None req-68178bad-0054-4f7f-8042-8a8178247c5a tempest-AggregatesAdminTestJSON-914302411 tempest-AggregatesAdminTestJSON-914302411-project-admin] 10.222.0.26 "DELETE /compute/v2.1/os-aggregates/2" status: 200 len: 0 microversion: 2.1 time: 0.161871
Sep 05 15:11:09.694333 n-d-855901-1 devstack@n-api.service[122992]: [pid: 122992|app: 0|req: 96/177] 10.222.0.26 () {58 vars in 1152 bytes} [Mon Sep 5 15:11:09 2022] DELETE /compute/v2.1/os-aggregates/2 => generated 0 bytes in 163 msecs (HTTP/1.1 200) 9 headers in 355 bytes (1 switches on core 0)
Sep 05 15:11:09.705904 n-d-855901-1 devstack@n-api.service[122992]: DEBUG nova.api.openstack.wsgi [None req-2f0e5538-abfb-4123-a8ac-432c1693065d tempest-AggregatesAdminTestJSON-914302411 tempest-AggregatesAdminTestJSON-914302411-project-admin] Action: 'create', calling method: >, body: {"aggregate": {"name": "tempest-test_aggregate-1067576886"}} {{(pid=122992) _process_stack /opt/stack/nova/nova/api/openstack/wsgi.py:511}}
Sep 05 15:11:09.714489 n-d-855901-1 devstack@n-api.service[122992]: DEBUG nova.objects.aggregate [None req-2f0e5538-abfb-4123-a8ac-432c1693065d tempest-AggregatesAdminTestJSON-914302411 tempest-AggregatesAdminTestJSON-914302411-project-admin] Generated uuid 43dba4c7-582e-42e1-9f8f-61e6985f8700 for aggregate {{(pid=122992) create /opt/stack/nova/nova/objects/aggregate.py:298}}
Sep 05 15:11:09.843453 n-d-855901-1 devstack@n-api.service[122991]: DEBUG nova.policy [None req-7fd9ff11-7bba-4d45-9abc-8fe5bc6d4842 tempest-ServersWithSpecificFlavorTestJSON-1749252211 tempest-ServersWithSpecificFlavorTestJSON-1749252211-project] Policy check for os_compute_api:os-extended-server-attributes failed with credentials {'is_admin': False, 'user_id': '6d3cf9c1c9b34ecca6e3a3643484f4d4', 'user_domain_id': 'default', 'system_scope': None, 'domain_id': None, 'project_id': 'cffb62f2f63f4826a6949af2b3e6a74b', 'project_domain_id': 'default', 'roles': ['reader', 'member'], 'is_admin_project': True, 'service_user_id': None, 'service_user_domain_id': None, 'service_project_id': None, 'service_project_domain_id': None, 'service_roles': []} {{(pid=122991) authorize /opt/stack/nova/nova/policy.py:199}}
Sep 05 15:11:09.848242 n-d-855901-1 devstack@n-api.service[122992]: INFO nova.api.openstack.requestlog [None req-2f0e5538-abfb-4123-a8ac-432c1693065d tempest-AggregatesAdminTestJSON-914302411 tempest-AggregatesAdminTestJSON-914302411-project-admin] 10.222.0.26 "POST /compute/v2.1/os-aggregates" status: 200 len: 198 microversion: 2.1 time: 0.147271
Sep 05 15:11:09.849325 n-d-855901-1 devstack@n-api.service[122992]: [pid: 122992|app: 0|req: 97/178] 10.222.0.26 () {60 vars in 1164 bytes} [Mon Sep 5 15:11:09 2022] POST /compute/v2.1/os-aggregates => generated 198 bytes in 149 msecs (HTTP/1.1 200) 9 headers in 357 bytes (2 switches on core 0)
Sep 05 15:11:09.858790 n-d-855901-1 devstack@n-api.service[122991]: INFO nova.api.openstack.requestlog [None req-7fd9ff11-7bba-4d45-9abc-8fe5bc6d4842 tempest-ServersWithSpecificFlavorTestJSON-1749252211 tempest-ServersWithSpecificFlavorTestJSON-1749252211-project] 10.222.0.26 "GET /compute/v2.1/servers/8340f931-84b9-4af2-9118-98d1ac1aa41b" status: 200 len: 1388 microversion: 2.1 time: 0.382941
Sep 05 15:11:09.860209 n-d-855901-1 devstack@n-api.service[122992]: DEBUG nova.api.openstack.wsgi [None req-40b408eb-5ccf-4dd4-8f32-2454a1cb4582 tempest-DeleteServersAdminTestJSON-1127019412 tempest-DeleteServersAdminTestJSON-1127019412-project] Calling method '>' {{(pid=122992) _process_stack /opt/stack/nova/nova/api/openstack/wsgi.py:513}}
Sep 05 15:11:09.861332 n-d-855901-1 devstack@n-api.service[122992]: DEBUG nova.compute.api [None req-40b408eb-5ccf-4dd4-8f32-2454a1cb4582 tempest-DeleteServersAdminTestJSON-1127019412 tempest-DeleteServersAdminTestJSON-1127019412-project] [instance: 5049fbec-21c0-4b7f-ad37-d783097aa86b] Fetching instance by UUID {{(pid=122992) get /opt/stack/nova/nova/compute/api.py:2975}}
Sep 05 15:11:09.864302 n-d-855901-1 devstack@n-api.service[122991]: [pid: 122991|app: 0|req: 82/179] 10.222.0.26 () {58 vars in 1236 bytes} [Mon Sep 5 15:11:09 2022] GET /compute/v2.1/servers/8340f931-84b9-4af2-9118-98d1ac1aa41b => generated 1388 bytes in 389 msecs (HTTP/1.1 200) 9 headers in 358 bytes (1 switches on core 0)
Sep 05 15:11:09.875168 n-d-855901-1 devstack@n-api.service[122991]: DEBUG nova.api.openstack.wsgi [None req-df9270ac-1edb-497c-91e1-1ab38de3aaa0 tempest-AggregatesAdminTestJSON-914302411 tempest-AggregatesAdminTestJSON-914302411-project-admin] Action: 'action', calling method: >, body: {"add_host": {"host": "n-h1-855901-1"}} {{(pid=122991) _process_stack /opt/stack/nova/nova/api/openstack/wsgi.py:511}}
Sep 05 15:11:09.888533 n-d-855901-1 devstack@n-api.service[122992]: DEBUG oslo_concurrency.lockutils [None req-40b408eb-5ccf-4dd4-8f32-2454a1cb4582 tempest-DeleteServersAdminTestJSON-1127019412 tempest-DeleteServersAdminTestJSON-1127019412-project] Acquiring lock "b07b25ee-eec5-493b-915f-01ef8797aabe" by "nova.context.set_target_cell..get_or_set_cached_cell_and_set_connections" {{(pid=122992) inner /usr/local/lib/python3.8/dist-packages/oslo_concurrency/lockutils.py:385}}
Sep 05 15:11:09.889331 n-d-855901-1 devstack@n-api.service[122992]: DEBUG oslo_concurrency.lockutils [None req-40b408eb-5ccf-4dd4-8f32-2454a1cb4582 tempest-DeleteServersAdminTestJSON-1127019412 tempest-DeleteServersAdminTestJSON-1127019412-project] Lock "b07b25ee-eec5-493b-915f-01ef8797aabe" acquired by "nova.context.set_target_cell..get_or_set_cached_cell_and_set_connections" :: waited 0.001s {{(pid=122992) inner /usr/local/lib/python3.8/dist-packages/oslo_concurrency/lockutils.py:390}}
Sep 05 15:11:09.889945 n-d-855901-1 devstack@n-api.service[122992]: DEBUG oslo_concurrency.lockutils [None req-40b408eb-5ccf-4dd4-8f32-2454a1cb4582 tempest-DeleteServersAdminTestJSON-1127019412 tempest-DeleteServersAdminTestJSON-1127019412-project] Lock "b07b25ee-eec5-493b-915f-01ef8797aabe" "released" by "nova.context.set_target_cell..get_or_set_cached_cell_and_set_connections" :: held 0.001s {{(pid=122992) inner /usr/local/lib/python3.8/dist-packages/oslo_concurrency/lockutils.py:404}}
Sep 05 15:11:09.891971 n-d-855901-1 devstack@n-api.service[122992]: DEBUG oslo_concurrency.lockutils [None req-40b408eb-5ccf-4dd4-8f32-2454a1cb4582 tempest-DeleteServersAdminTestJSON-1127019412 tempest-DeleteServersAdminTestJSON-1127019412-project] Acquiring lock "b07b25ee-eec5-493b-915f-01ef8797aabe" by "nova.context.set_target_cell..get_or_set_cached_cell_and_set_connections" {{(pid=122992) inner /usr/local/lib/python3.8/dist-packages/oslo_concurrency/lockutils.py:385}}
Sep 05 15:11:09.892652 n-d-855901-1 devstack@n-api.service[122992]: DEBUG oslo_concurrency.lockutils [None req-40b408eb-5ccf-4dd4-8f32-2454a1cb4582 tempest-DeleteServersAdminTestJSON-1127019412 tempest-DeleteServersAdminTestJSON-1127019412-project] Lock "b07b25ee-eec5-493b-915f-01ef8797aabe" acquired by "nova.context.set_target_cell..get_or_set_cached_cell_and_set_connections" :: waited 0.001s {{(pid=122992) inner /usr/local/lib/python3.8/dist-packages/oslo_concurrency/lockutils.py:390}}
Sep 05 15:11:09.893523 n-d-855901-1 devstack@n-api.service[122992]: DEBUG oslo_concurrency.lockutils [None req-40b408eb-5ccf-4dd4-8f32-2454a1cb4582 tempest-DeleteServersAdminTestJSON-1127019412 tempest-DeleteServersAdminTestJSON-1127019412-project] Lock "b07b25ee-eec5-493b-915f-01ef8797aabe" "released" by "nova.context.set_target_cell..get_or_set_cached_cell_and_set_connections" :: held 0.001s {{(pid=122992) inner /usr/local/lib/python3.8/dist-packages/oslo_concurrency/lockutils.py:404}}
Sep 05 15:11:09.904531 n-d-855901-1 devstack@n-api.service[122991]: DEBUG oslo_concurrency.lockutils [None req-df9270ac-1edb-497c-91e1-1ab38de3aaa0 tempest-AggregatesAdminTestJSON-914302411 tempest-AggregatesAdminTestJSON-914302411-project-admin] Acquiring lock "b07b25ee-eec5-493b-915f-01ef8797aabe" by "nova.context.set_target_cell..get_or_set_cached_cell_and_set_connections" {{(pid=122991) inner /usr/local/lib/python3.8/dist-packages/oslo_concurrency/lockutils.py:385}}
Sep 05 15:11:09.911043 n-d-855901-1 devstack@n-api.service[122991]: DEBUG oslo_concurrency.lockutils [None req-df9270ac-1edb-497c-91e1-1ab38de3aaa0 tempest-AggregatesAdminTestJSON-914302411 tempest-AggregatesAdminTestJSON-914302411-project-admin] Lock "b07b25ee-eec5-493b-915f-01ef8797aabe" acquired by "nova.context.set_target_cell..get_or_set_cached_cell_and_set_connections" :: waited 0.001s {{(pid=122991) inner /usr/local/lib/python3.8/dist-packages/oslo_concurrency/lockutils.py:390}}
Sep 05 15:11:09.913919 n-d-855901-1 devstack@n-api.service[122991]: DEBUG oslo_concurrency.lockutils [None req-df9270ac-1edb-497c-91e1-1ab38de3aaa0 tempest-AggregatesAdminTestJSON-914302411 tempest-AggregatesAdminTestJSON-914302411-project-admin] Lock "b07b25ee-eec5-493b-915f-01ef8797aabe" "released" by "nova.context.set_target_cell..get_or_set_cached_cell_and_set_connections" :: held 0.007s {{(pid=122991) inner /usr/local/lib/python3.8/dist-packages/oslo_concurrency/lockutils.py:404}}
Sep 05 15:11:10.207277 n-d-855901-1 devstack@n-api.service[122992]: DEBUG nova.policy [None req-40b408eb-5ccf-4dd4-8f32-2454a1cb4582 tempest-DeleteServersAdminTestJSON-1127019412 tempest-DeleteServersAdminTestJSON-1127019412-project] Policy check for os_compute_api:os-extended-server-attributes failed with credentials {'is_admin': False, 'user_id': '9db9cfaa093b490db655c2c5037d19e1', 'user_domain_id': 'default', 'system_scope': None, 'domain_id': None, 'project_id': '1603567bd1494e3592a779be4a4befdb', 'project_domain_id': 'default', 'roles': ['reader', 'member'], 'is_admin_project': True, 'service_user_id': None, 'service_user_domain_id': None, 'service_project_id': None, 'service_project_domain_id': None, 'service_roles': []} {{(pid=122992) authorize /opt/stack/nova/nova/policy.py:199}}
Sep 05 15:11:10.218023 n-d-855901-1 devstack@n-api.service[122992]: INFO nova.api.openstack.requestlog [None req-40b408eb-5ccf-4dd4-8f32-2454a1cb4582 tempest-DeleteServersAdminTestJSON-1127019412 tempest-DeleteServersAdminTestJSON-1127019412-project] 10.222.0.26 "GET /compute/v2.1/servers/5049fbec-21c0-4b7f-ad37-d783097aa86b" status: 200 len: 1317 microversion: 2.1 time: 0.367424
Sep 05 15:11:10.219969 n-d-855901-1 devstack@n-api.service[122992]: [pid: 122992|app: 0|req: 98/180] 10.222.0.26 () {58 vars in 1236 bytes} [Mon Sep 5 15:11:09 2022] GET /compute/v2.1/servers/5049fbec-21c0-4b7f-ad37-d783097aa86b => generated 1317 bytes in 370 msecs (HTTP/1.1 200) 9 headers in 358 bytes (1 switches on core 0)
Sep 05 15:11:10.396190 n-d-855901-1 devstack@n-api.service[122991]: INFO nova.api.openstack.requestlog [None req-df9270ac-1edb-497c-91e1-1ab38de3aaa0 tempest-AggregatesAdminTestJSON-914302411 tempest-AggregatesAdminTestJSON-914302411-project-admin] 10.222.0.26 "POST /compute/v2.1/os-aggregates/3/action" status: 200 len: 242 microversion: 2.1 time: 0.528197
Sep 05 15:11:10.398672 n-d-855901-1 devstack@n-api.service[122991]: [pid: 122991|app: 0|req: 83/181] 10.222.0.26 () {60 vars in 1191 bytes} [Mon Sep 5 15:11:09 2022] POST /compute/v2.1/os-aggregates/3/action => generated 242 bytes in 534 msecs (HTTP/1.1 200) 9 headers in 357 bytes (1 switches on core 0)
Sep 05 15:11:10.412030 n-d-855901-1 devstack@n-api.service[122991]: DEBUG nova.api.openstack.wsgi [None req-cef35b95-a443-487f-9cb4-be11467f49d3 tempest-AggregatesAdminTestJSON-914302411 tempest-AggregatesAdminTestJSON-914302411-project-admin] Calling method '>' {{(pid=122991) _process_stack /opt/stack/nova/nova/api/openstack/wsgi.py:513}}
Sep 05 15:11:10.434003 n-d-855901-1 devstack@n-api.service[122991]: INFO nova.api.openstack.requestlog [None req-cef35b95-a443-487f-9cb4-be11467f49d3 tempest-AggregatesAdminTestJSON-914302411 tempest-AggregatesAdminTestJSON-914302411-project-admin] 10.222.0.26 "GET /compute/v2.1/os-aggregates" status: 200 len: 245 microversion: 2.1 time: 0.022648
Sep 05 15:11:10.437365 n-d-855901-1 devstack@n-api.service[122991]: [pid: 122991|app: 0|req: 84/182] 10.222.0.26 () {58 vars in 1143 bytes} [Mon Sep 5 15:11:10 2022] GET /compute/v2.1/os-aggregates => generated 245 bytes in 31 msecs (HTTP/1.1 200) 9 headers in 357 bytes (1 switches on core 0)
Sep 05 15:11:10.450898 n-d-855901-1 devstack@n-api.service[122991]: DEBUG nova.api.openstack.wsgi [None req-aaa3b7b7-f8b0-4216-ba42-ff30ffa47eb6 tempest-AggregatesAdminTestJSON-914302411 tempest-AggregatesAdminTestJSON-914302411-project-admin] Action: 'action', calling method: >, body: {"remove_host": {"host": "n-h1-855901-1"}} {{(pid=122991) _process_stack /opt/stack/nova/nova/api/openstack/wsgi.py:511}}
Sep 05 15:11:10.465269 n-d-855901-1 devstack@n-api.service[122991]: DEBUG oslo_concurrency.lockutils [None req-aaa3b7b7-f8b0-4216-ba42-ff30ffa47eb6 tempest-AggregatesAdminTestJSON-914302411 tempest-AggregatesAdminTestJSON-914302411-project-admin] Acquiring lock "b07b25ee-eec5-493b-915f-01ef8797aabe" by "nova.context.set_target_cell..get_or_set_cached_cell_and_set_connections" {{(pid=122991) inner /usr/local/lib/python3.8/dist-packages/oslo_concurrency/lockutils.py:385}}
Sep 05 15:11:10.466320 n-d-855901-1 devstack@n-api.service[122991]: DEBUG oslo_concurrency.lockutils [None req-aaa3b7b7-f8b0-4216-ba42-ff30ffa47eb6 tempest-AggregatesAdminTestJSON-914302411 tempest-AggregatesAdminTestJSON-914302411-project-admin] Lock "b07b25ee-eec5-493b-915f-01ef8797aabe" acquired by "nova.context.set_target_cell..get_or_set_cached_cell_and_set_connections" :: waited 0.002s {{(pid=122991) inner /usr/local/lib/python3.8/dist-packages/oslo_concurrency/lockutils.py:390}}
Sep 05 15:11:10.467244 n-d-855901-1 devstack@n-api.service[122991]: DEBUG oslo_concurrency.lockutils [None req-aaa3b7b7-f8b0-4216-ba42-ff30ffa47eb6 tempest-AggregatesAdminTestJSON-914302411 tempest-AggregatesAdminTestJSON-914302411-project-admin] Lock "b07b25ee-eec5-493b-915f-01ef8797aabe" "released" by "nova.context.set_target_cell..get_or_set_cached_cell_and_set_connections" :: held 0.001s {{(pid=122991) inner /usr/local/lib/python3.8/dist-packages/oslo_concurrency/lockutils.py:404}}
Sep 05 15:11:10.638011 n-d-855901-1 devstack@n-api.service[122992]: DEBUG nova.api.openstack.wsgi [None req-dcaf261e-f4ff-4c27-96e8-9dffa888e258 tempest-MigrationsAdminTest-1990636628 tempest-MigrationsAdminTest-1990636628-project] Action: 'create', calling method: >, body: {"server": {"name": "tempest-MigrationsAdminTest-server-1429683652", "imageRef": "c63baf31-7b30-4f1e-a7f7-2d7c9bfb8175", "flavorRef": "452"}} {{(pid=122992) _process_stack /opt/stack/nova/nova/api/openstack/wsgi.py:511}}
Sep 05 15:11:10.750263 n-d-855901-1 devstack@n-api.service[122992]: DEBUG nova.network.neutron [None req-dcaf261e-f4ff-4c27-96e8-9dffa888e258 tempest-MigrationsAdminTest-1990636628 tempest-MigrationsAdminTest-1990636628-project] validate_networks() for None {{(pid=122992) validate_networks /opt/stack/nova/nova/network/neutron.py:2623}}
Sep 05 15:11:10.899453 n-d-855901-1 devstack@n-api.service[122991]: INFO nova.api.openstack.requestlog [None req-aaa3b7b7-f8b0-4216-ba42-ff30ffa47eb6 tempest-AggregatesAdminTestJSON-914302411 tempest-AggregatesAdminTestJSON-914302411-project-admin] 10.222.0.26 "POST /compute/v2.1/os-aggregates/3/action" status: 200 len: 227 microversion: 2.1 time: 0.452914
Sep 05 15:11:10.900116 n-d-855901-1 devstack@n-api.service[122991]: [pid: 122991|app: 0|req: 85/183] 10.222.0.26 () {60 vars in 1191 bytes} [Mon Sep 5 15:11:10 2022] POST /compute/v2.1/os-aggregates/3/action => generated 227 bytes in 455 msecs (HTTP/1.1 200) 9 headers in 357 bytes (1 switches on core 0)
Sep 05 15:11:10.919878 n-d-855901-1 devstack@n-api.service[122991]: DEBUG nova.api.openstack.wsgi [None req-f07c3c50-5134-4468-9cc0-4ca09cd2ba00 tempest-LiveMigrationNegativeTest-1919991393 tempest-LiveMigrationNegativeTest-1919991393-project] Calling method '>' {{(pid=122991) _process_stack /opt/stack/nova/nova/api/openstack/wsgi.py:513}}
Sep 05 15:11:10.921669 n-d-855901-1 devstack@n-api.service[122991]: DEBUG nova.compute.api [None req-f07c3c50-5134-4468-9cc0-4ca09cd2ba00 tempest-LiveMigrationNegativeTest-1919991393 tempest-LiveMigrationNegativeTest-1919991393-project] [instance: bf389a40-6aba-4768-ace5-167bbe05628f] Fetching instance by UUID {{(pid=122991) get /opt/stack/nova/nova/compute/api.py:2975}}
Sep 05 15:11:10.943219 n-d-855901-1 devstack@n-api.service[122991]: DEBUG oslo_concurrency.lockutils [None req-f07c3c50-5134-4468-9cc0-4ca09cd2ba00 tempest-LiveMigrationNegativeTest-1919991393 tempest-LiveMigrationNegativeTest-1919991393-project] Acquiring lock "b07b25ee-eec5-493b-915f-01ef8797aabe" by "nova.context.set_target_cell..get_or_set_cached_cell_and_set_connections" {{(pid=122991) inner /usr/local/lib/python3.8/dist-packages/oslo_concurrency/lockutils.py:385}}
Sep 05 15:11:10.944161 n-d-855901-1 devstack@n-api.service[122991]: DEBUG oslo_concurrency.lockutils [None req-f07c3c50-5134-4468-9cc0-4ca09cd2ba00 tempest-LiveMigrationNegativeTest-1919991393 tempest-LiveMigrationNegativeTest-1919991393-project] Lock "b07b25ee-eec5-493b-915f-01ef8797aabe" acquired by "nova.context.set_target_cell..get_or_set_cached_cell_and_set_connections" :: waited 0.007s {{(pid=122991) inner /usr/local/lib/python3.8/dist-packages/oslo_concurrency/lockutils.py:390}}
Sep 05 15:11:10.946536 n-d-855901-1 devstack@n-api.service[122991]: DEBUG oslo_concurrency.lockutils [None req-f07c3c50-5134-4468-9cc0-4ca09cd2ba00 tempest-LiveMigrationNegativeTest-1919991393 tempest-LiveMigrationNegativeTest-1919991393-project] Lock "b07b25ee-eec5-493b-915f-01ef8797aabe" "released" by "nova.context.set_target_cell..get_or_set_cached_cell_and_set_connections" :: held 0.001s {{(pid=122991) inner /usr/local/lib/python3.8/dist-packages/oslo_concurrency/lockutils.py:404}}
Sep 05 15:11:10.947439 n-d-855901-1 devstack@n-api.service[122991]: DEBUG oslo_concurrency.lockutils [None req-f07c3c50-5134-4468-9cc0-4ca09cd2ba00 tempest-LiveMigrationNegativeTest-1919991393 tempest-LiveMigrationNegativeTest-1919991393-project] Acquiring lock "b07b25ee-eec5-493b-915f-01ef8797aabe" by "nova.context.set_target_cell..get_or_set_cached_cell_and_set_connections" {{(pid=122991) inner /usr/local/lib/python3.8/dist-packages/oslo_concurrency/lockutils.py:385}}
Sep 05 15:11:10.947930 n-d-855901-1 devstack@n-api.service[122991]: DEBUG oslo_concurrency.lockutils [None req-f07c3c50-5134-4468-9cc0-4ca09cd2ba00 tempest-LiveMigrationNegativeTest-1919991393 tempest-LiveMigrationNegativeTest-1919991393-project] Lock "b07b25ee-eec5-493b-915f-01ef8797aabe" acquired by "nova.context.set_target_cell..get_or_set_cached_cell_and_set_connections" :: waited 0.001s {{(pid=122991) inner /usr/local/lib/python3.8/dist-packages/oslo_concurrency/lockutils.py:390}}
Sep 05 15:11:10.948371 n-d-855901-1 devstack@n-api.service[122991]: DEBUG oslo_concurrency.lockutils [None req-f07c3c50-5134-4468-9cc0-4ca09cd2ba00 tempest-LiveMigrationNegativeTest-1919991393 tempest-LiveMigrationNegativeTest-1919991393-project] Lock "b07b25ee-eec5-493b-915f-01ef8797aabe" "released" by "nova.context.set_target_cell..get_or_set_cached_cell_and_set_connections" :: held 0.000s {{(pid=122991) inner /usr/local/lib/python3.8/dist-packages/oslo_concurrency/lockutils.py:404}}
Sep 05 15:11:11.051179 n-d-855901-1 devstack@n-api.service[122992]: DEBUG nova.virt.hardware [None req-dcaf261e-f4ff-4c27-96e8-9dffa888e258 tempest-MigrationsAdminTest-1990636628 tempest-MigrationsAdminTest-1990636628-project] Flavor limits 0:0:0 {{(pid=122992) get_cpu_topology_constraints /opt/stack/nova/nova/virt/hardware.py:343}}
Sep 05 15:11:11.052152 n-d-855901-1 devstack@n-api.service[122992]: DEBUG nova.virt.hardware [None req-dcaf261e-f4ff-4c27-96e8-9dffa888e258 tempest-MigrationsAdminTest-1990636628 tempest-MigrationsAdminTest-1990636628-project] Image limits 0:0:0 {{(pid=122992) get_cpu_topology_constraints /opt/stack/nova/nova/virt/hardware.py:347}}
Sep 05 15:11:11.053238 n-d-855901-1 devstack@n-api.service[122992]: DEBUG nova.virt.hardware [None req-dcaf261e-f4ff-4c27-96e8-9dffa888e258 tempest-MigrationsAdminTest-1990636628 tempest-MigrationsAdminTest-1990636628-project] Flavor pref 0:0:0 {{(pid=122992) get_cpu_topology_constraints /opt/stack/nova/nova/virt/hardware.py:383}}
Sep 05 15:11:11.053868 n-d-855901-1 devstack@n-api.service[122992]: DEBUG nova.virt.hardware [None req-dcaf261e-f4ff-4c27-96e8-9dffa888e258 tempest-MigrationsAdminTest-1990636628 tempest-MigrationsAdminTest-1990636628-project] Image pref 0:0:0 {{(pid=122992) get_cpu_topology_constraints /opt/stack/nova/nova/virt/hardware.py:387}}
Sep 05 15:11:11.054690 n-d-855901-1 devstack@n-api.service[122992]: DEBUG nova.virt.hardware [None req-dcaf261e-f4ff-4c27-96e8-9dffa888e258 tempest-MigrationsAdminTest-1990636628 tempest-MigrationsAdminTest-1990636628-project] Chose sockets=0, cores=0, threads=0; limits were sockets=65536, cores=65536, threads=65536 {{(pid=122992) get_cpu_topology_constraints /opt/stack/nova/nova/virt/hardware.py:425}}
Sep 05 15:11:11.068084 n-d-855901-1 devstack@n-api.service[122992]: DEBUG oslo_concurrency.lockutils [None req-dcaf261e-f4ff-4c27-96e8-9dffa888e258 tempest-MigrationsAdminTest-1990636628 tempest-MigrationsAdminTest-1990636628-project] Acquiring lock "00000000-0000-0000-0000-000000000000" by "nova.context.set_target_cell..get_or_set_cached_cell_and_set_connections" {{(pid=122992) inner /usr/local/lib/python3.8/dist-packages/oslo_concurrency/lockutils.py:385}}
Sep 05 15:11:11.072752 n-d-855901-1 devstack@n-api.service[122992]: DEBUG oslo_concurrency.lockutils [None req-dcaf261e-f4ff-4c27-96e8-9dffa888e258 tempest-MigrationsAdminTest-1990636628 tempest-MigrationsAdminTest-1990636628-project] Lock "00000000-0000-0000-0000-000000000000" acquired by "nova.context.set_target_cell..get_or_set_cached_cell_and_set_connections" :: waited 0.001s {{(pid=122992) inner /usr/local/lib/python3.8/dist-packages/oslo_concurrency/lockutils.py:390}}
Sep 05 15:11:11.073487 n-d-855901-1 devstack@n-api.service[122992]: DEBUG oslo_concurrency.lockutils [None req-dcaf261e-f4ff-4c27-96e8-9dffa888e258 tempest-MigrationsAdminTest-1990636628 tempest-MigrationsAdminTest-1990636628-project] Lock "00000000-0000-0000-0000-000000000000" "released" by "nova.context.set_target_cell..get_or_set_cached_cell_and_set_connections" :: held 0.004s {{(pid=122992) inner /usr/local/lib/python3.8/dist-packages/oslo_concurrency/lockutils.py:404}}
Sep 05 15:11:11.074507 n-d-855901-1 devstack@n-api.service[122992]: DEBUG oslo_concurrency.lockutils [None req-dcaf261e-f4ff-4c27-96e8-9dffa888e258 tempest-MigrationsAdminTest-1990636628 tempest-MigrationsAdminTest-1990636628-project] Acquiring lock "b07b25ee-eec5-493b-915f-01ef8797aabe" by "nova.context.set_target_cell..get_or_set_cached_cell_and_set_connections" {{(pid=122992) inner /usr/local/lib/python3.8/dist-packages/oslo_concurrency/lockutils.py:385}}
Sep 05 15:11:11.075018 n-d-855901-1 devstack@n-api.service[122992]: DEBUG oslo_concurrency.lockutils [None req-dcaf261e-f4ff-4c27-96e8-9dffa888e258 tempest-MigrationsAdminTest-1990636628 tempest-MigrationsAdminTest-1990636628-project] Lock "b07b25ee-eec5-493b-915f-01ef8797aabe" acquired by "nova.context.set_target_cell..get_or_set_cached_cell_and_set_connections" :: waited 0.001s {{(pid=122992) inner /usr/local/lib/python3.8/dist-packages/oslo_concurrency/lockutils.py:390}}
Sep 05 15:11:11.077865 n-d-855901-1 devstack@n-api.service[122992]: DEBUG oslo_concurrency.lockutils [None req-dcaf261e-f4ff-4c27-96e8-9dffa888e258 tempest-MigrationsAdminTest-1990636628 tempest-MigrationsAdminTest-1990636628-project] Lock "b07b25ee-eec5-493b-915f-01ef8797aabe" "released" by "nova.context.set_target_cell..get_or_set_cached_cell_and_set_connections" :: held 0.000s {{(pid=122992) inner /usr/local/lib/python3.8/dist-packages/oslo_concurrency/lockutils.py:404}}
Sep 05 15:11:11.094612 n-d-855901-1 devstack@n-api.service[122992]: DEBUG nova.quota [None req-dcaf261e-f4ff-4c27-96e8-9dffa888e258 tempest-MigrationsAdminTest-1990636628 tempest-MigrationsAdminTest-1990636628-project] Getting quotas for project 0b05a2ce88cd4ef39ba658a597112ff9. Resources: {'cores', 'instances', 'ram'} {{(pid=122992) _get_quotas /opt/stack/nova/nova/quota.py:393}}
Sep 05 15:11:11.101159 n-d-855901-1 devstack@n-api.service[122992]: DEBUG nova.quota [None req-dcaf261e-f4ff-4c27-96e8-9dffa888e258 tempest-MigrationsAdminTest-1990636628 tempest-MigrationsAdminTest-1990636628-project] Getting quotas for user 198961f7f8304bf88dc3ed74f477e5de and project 0b05a2ce88cd4ef39ba658a597112ff9. Resources: {'cores', 'instances', 'ram'} {{(pid=122992) _get_quotas /opt/stack/nova/nova/quota.py:383}}
Sep 05 15:11:11.115992 n-d-855901-1 devstack@n-api.service[122992]: DEBUG nova.compute.api [None req-dcaf261e-f4ff-4c27-96e8-9dffa888e258 tempest-MigrationsAdminTest-1990636628 tempest-MigrationsAdminTest-1990636628-project] Going to run 1 instances... {{(pid=122992) _provision_instances /opt/stack/nova/nova/compute/api.py:1403}}
Sep 05 15:11:11.119044 n-d-855901-1 devstack@n-api.service[122992]: DEBUG nova.compute.api [None req-dcaf261e-f4ff-4c27-96e8-9dffa888e258 tempest-MigrationsAdminTest-1990636628 tempest-MigrationsAdminTest-1990636628-project] [instance: 8fc72286-96e7-4c2f-b7f0-4fac62bac37f] block_device_mapping [BlockDeviceMapping(attachment_id=,boot_index=0,connection_info=None,created_at=,delete_on_termination=True,deleted=,deleted_at=,destination_type='local',device_name=None,device_type='disk',disk_bus=None,encrypted=False,encryption_format=None,encryption_options=None,encryption_secret_uuid=None,guest_format=None,id=,image_id='c63baf31-7b30-4f1e-a7f7-2d7c9bfb8175',instance=,instance_uuid=,no_device=False,snapshot_id=None,source_type='image',tag=None,updated_at=,uuid=,volume_id=None,volume_size=None,volume_type=None)] {{(pid=122992) _bdm_validate_set_size_and_instance /opt/stack/nova/nova/compute/api.py:1864}}
Sep 05 15:11:11.280305 n-d-855901-1 devstack@n-api.service[122991]: DEBUG nova.policy [None req-f07c3c50-5134-4468-9cc0-4ca09cd2ba00 tempest-LiveMigrationNegativeTest-1919991393 tempest-LiveMigrationNegativeTest-1919991393-project] Policy check for os_compute_api:os-extended-server-attributes failed with credentials {'is_admin': False, 'user_id': '05f5948ed1dc4cd09d9b1e560853e17b', 'user_domain_id': 'default', 'system_scope': None, 'domain_id': None, 'project_id': '6165531325694bacab8df32e6b57cab1', 'project_domain_id': 'default', 'roles': ['reader', 'member'], 'is_admin_project': True, 'service_user_id': None, 'service_user_domain_id': None, 'service_project_id': None, 'service_project_domain_id': None, 'service_roles': []} {{(pid=122991) authorize /opt/stack/nova/nova/policy.py:199}}
Sep 05 15:11:11.291190 n-d-855901-1 devstack@n-api.service[122991]: INFO nova.api.openstack.requestlog [None req-f07c3c50-5134-4468-9cc0-4ca09cd2ba00 tempest-LiveMigrationNegativeTest-1919991393 tempest-LiveMigrationNegativeTest-1919991393-project] 10.222.0.26 "GET /compute/v2.1/servers/bf389a40-6aba-4768-ace5-167bbe05628f" status: 200 len: 1318 microversion: 2.1 time: 0.389655
Sep 05 15:11:11.297130 n-d-855901-1 devstack@n-api.service[122991]: [pid: 122991|app: 0|req: 86/184] 10.222.0.26 () {58 vars in 1236 bytes} [Mon Sep 5 15:11:10 2022] GET /compute/v2.1/servers/bf389a40-6aba-4768-ace5-167bbe05628f => generated 1318 bytes in 396 msecs (HTTP/1.1 200) 9 headers in 358 bytes (1 switches on core 0)
Sep 05 15:11:11.317377 n-d-855901-1 devstack@n-api.service[122991]: DEBUG nova.api.openstack.wsgi [None req-34049cd8-897d-4a89-9d81-f019f3945851 tempest-ServersWithSpecificFlavorTestJSON-1749252211 tempest-ServersWithSpecificFlavorTestJSON-1749252211-project] Calling method '>' {{(pid=122991) _process_stack /opt/stack/nova/nova/api/openstack/wsgi.py:513}}
