Sep 05 15:28:19.672839 n-d-855900-1 cinder-volume[116212]: DEBUG oslo_concurrency.processutils [None req-bcd43642-da20-4ba6-8e14-a54fdbb11e5b tempest-VolumesDeleteCascade-1600484555 None] Running cmd (subprocess): sudo cinder-rootwrap /etc/cinder/rootwrap.conf lvchange -a y --yes -K stack-volumes-lvmdriver-1/_snapshot-918e0b69-7fc2-407e-a0c4-456ca5ec0e19 {{(pid=116212) execute /usr/local/lib/python3.8/dist-packages/oslo_concurrency/processutils.py:384}}
Sep 05 15:28:19.738712 n-d-855900-1 sudo[144718]: ubuntu : TTY=unknown ; PWD=/ ; USER=root ; COMMAND=/usr/local/bin/cinder-rootwrap /etc/cinder/rootwrap.conf lvchange -a y --yes -K stack-volumes-lvmdriver-1/_snapshot-918e0b69-7fc2-407e-a0c4-456ca5ec0e19
Sep 05 15:28:19.739556 n-d-855900-1 sudo[144718]: pam_unix(sudo:session): session opened for user root by (uid=0)
Sep 05 15:28:21.154570 n-d-855900-1 sudo[144718]: pam_unix(sudo:session): session closed for user root
Sep 05 15:28:21.157431 n-d-855900-1 cinder-volume[116212]: DEBUG oslo_concurrency.processutils [None req-bcd43642-da20-4ba6-8e14-a54fdbb11e5b tempest-VolumesDeleteCascade-1600484555 None] CMD "sudo cinder-rootwrap /etc/cinder/rootwrap.conf lvchange -a y --yes -K stack-volumes-lvmdriver-1/_snapshot-918e0b69-7fc2-407e-a0c4-456ca5ec0e19" returned: 0 in 1.484s {{(pid=116212) execute /usr/local/lib/python3.8/dist-packages/oslo_concurrency/processutils.py:422}}
Sep 05 15:28:21.161859 n-d-855900-1 cinder-volume[116212]: DEBUG oslo_concurrency.processutils [None req-bcd43642-da20-4ba6-8e14-a54fdbb11e5b tempest-VolumesDeleteCascade-1600484555 None] Running cmd (subprocess): sudo cinder-rootwrap /etc/cinder/rootwrap.conf dd count=0 if=/dev/mapper/stack--volumes--lvmdriver--1-_snapshot--918e0b69--7fc2--407e--a0c4--456ca5ec0e19 of=/dev/mapper/stack--volumes--lvmdriver--1-volume--72c0bfe8--9f64--41da--bbef--83601721d4f3 iflag=direct {{(pid=116212) execute /usr/local/lib/python3.8/dist-packages/oslo_concurrency/processutils.py:384}}
Sep 05 15:28:21.188824 n-d-855900-1 sudo[144782]: ubuntu : TTY=unknown ; PWD=/ ; USER=root ; COMMAND=/usr/local/bin/cinder-rootwrap /etc/cinder/rootwrap.conf dd count=0 if=/dev/mapper/stack--volumes--lvmdriver--1-_snapshot--918e0b69--7fc2--407e--a0c4--456ca5ec0e19 of=/dev/mapper/stack--volumes--lvmdriver--1-volume--72c0bfe8--9f64--41da--bbef--83601721d4f3 iflag=direct
Sep 05 15:28:21.189802 n-d-855900-1 sudo[144782]: pam_unix(sudo:session): session opened for user root by (uid=0)
Sep 05 15:28:22.305242 n-d-855900-1 sudo[144782]: pam_unix(sudo:session): session closed for user root
Sep 05 15:28:22.307879 n-d-855900-1 cinder-volume[116212]: DEBUG oslo_concurrency.processutils [None req-bcd43642-da20-4ba6-8e14-a54fdbb11e5b tempest-VolumesDeleteCascade-1600484555 None] CMD "sudo cinder-rootwrap /etc/cinder/rootwrap.conf dd count=0 if=/dev/mapper/stack--volumes--lvmdriver--1-_snapshot--918e0b69--7fc2--407e--a0c4--456ca5ec0e19 of=/dev/mapper/stack--volumes--lvmdriver--1-volume--72c0bfe8--9f64--41da--bbef--83601721d4f3 iflag=direct" returned: 0 in 1.146s {{(pid=116212) execute /usr/local/lib/python3.8/dist-packages/oslo_concurrency/processutils.py:422}}
Sep 05 15:28:22.309594 n-d-855900-1 cinder-volume[116212]: DEBUG oslo_concurrency.processutils [None req-bcd43642-da20-4ba6-8e14-a54fdbb11e5b tempest-VolumesDeleteCascade-1600484555 None] Running cmd (subprocess): sudo cinder-rootwrap /etc/cinder/rootwrap.conf dd count=0 if=/dev/mapper/stack--volumes--lvmdriver--1-_snapshot--918e0b69--7fc2--407e--a0c4--456ca5ec0e19 of=/dev/mapper/stack--volumes--lvmdriver--1-volume--72c0bfe8--9f64--41da--bbef--83601721d4f3 oflag=direct {{(pid=116212) execute /usr/local/lib/python3.8/dist-packages/oslo_concurrency/processutils.py:384}}
Sep 05 15:28:22.399864 n-d-855900-1 sudo[144824]: ubuntu : TTY=unknown ; PWD=/ ; USER=root ; COMMAND=/usr/local/bin/cinder-rootwrap /etc/cinder/rootwrap.conf dd count=0 if=/dev/mapper/stack--volumes--lvmdriver--1-_snapshot--918e0b69--7fc2--407e--a0c4--456ca5ec0e19 of=/dev/mapper/stack--volumes--lvmdriver--1-volume--72c0bfe8--9f64--41da--bbef--83601721d4f3 oflag=direct
Sep 05 15:28:22.400750 n-d-855900-1 sudo[144824]: pam_unix(sudo:session): session opened for user root by (uid=0)
Sep 05 15:28:23.696614 n-d-855900-1 sudo[144824]: pam_unix(sudo:session): session closed for user root
Sep 05 15:28:23.698934 n-d-855900-1 cinder-volume[116212]: DEBUG oslo_concurrency.processutils [None req-bcd43642-da20-4ba6-8e14-a54fdbb11e5b tempest-VolumesDeleteCascade-1600484555 None] CMD "sudo cinder-rootwrap /etc/cinder/rootwrap.conf dd count=0 if=/dev/mapper/stack--volumes--lvmdriver--1-_snapshot--918e0b69--7fc2--407e--a0c4--456ca5ec0e19 of=/dev/mapper/stack--volumes--lvmdriver--1-volume--72c0bfe8--9f64--41da--bbef--83601721d4f3 oflag=direct" returned: 0 in 1.389s {{(pid=116212) execute /usr/local/lib/python3.8/dist-packages/oslo_concurrency/processutils.py:422}}
Sep 05 15:28:23.740045 n-d-855900-1 cinder-volume[116212]: DEBUG oslo_concurrency.processutils [None req-bcd43642-da20-4ba6-8e14-a54fdbb11e5b tempest-VolumesDeleteCascade-1600484555 None] Running cmd (subprocess): sudo cinder-rootwrap /etc/cinder/rootwrap.conf dd if=/dev/mapper/stack--volumes--lvmdriver--1-_snapshot--918e0b69--7fc2--407e--a0c4--456ca5ec0e19 of=/dev/mapper/stack--volumes--lvmdriver--1-volume--72c0bfe8--9f64--41da--bbef--83601721d4f3 count=1073741824 bs=1M iflag=count_bytes,direct oflag=direct {{(pid=116212) execute /usr/local/lib/python3.8/dist-packages/oslo_concurrency/processutils.py:384}}
Sep 05 15:28:23.802808 n-d-855900-1 cinder-volume[116212]: DEBUG cinder.volume.flows.manager.create_volume [req-681f3300-1ae9-47d2-8d48-eb9bd096e066 req-8b7e3e20-b58a-480e-9323-b2eeada25c1d tempest-VolumesSnapshotsTestJSON-583859147 None] Volume reschedule parameters: True retry: {'num_attempts': 1, 'backends': ['n-d-855900-1@lvmdriver-1#lvmdriver-1'], 'hosts': ['n-d-855900-1@lvmdriver-1#lvmdriver-1']} {{(pid=116212) get_flow /opt/stack/cinder/cinder/volume/flows/manager/create_volume.py:1366}}
Sep 05 15:28:23.811570 n-d-855900-1 sudo[144900]: ubuntu : TTY=unknown ; PWD=/ ; USER=root ; COMMAND=/usr/local/bin/cinder-rootwrap /etc/cinder/rootwrap.conf dd if=/dev/mapper/stack--volumes--lvmdriver--1-_snapshot--918e0b69--7fc2--407e--a0c4--456ca5ec0e19 of=/dev/mapper/stack--volumes--lvmdriver--1-volume--72c0bfe8--9f64--41da--bbef--83601721d4f3 count=1073741824 bs=1M iflag=count_bytes,direct oflag=direct
Sep 05 15:28:23.825276 n-d-855900-1 sudo[144900]: pam_unix(sudo:session): session opened for user root by (uid=0)
Sep 05 15:28:23.874515 n-d-855900-1 cinder-volume[116212]: DEBUG cinder.volume.manager [req-681f3300-1ae9-47d2-8d48-eb9bd096e066 req-8b7e3e20-b58a-480e-9323-b2eeada25c1d tempest-VolumesSnapshotsTestJSON-583859147 None] Flow 'volume_create_manager' (74853c13-5a9d-445f-b81f-99ae173657f9) transitioned into state 'RUNNING' from state 'PENDING' {{(pid=116212) _flow_receiver /usr/local/lib/python3.8/dist-packages/taskflow/listeners/logging.py:141}}
Sep 05 15:28:23.895541 n-d-855900-1 cinder-volume[116212]: DEBUG cinder.volume.manager [req-681f3300-1ae9-47d2-8d48-eb9bd096e066 req-8b7e3e20-b58a-480e-9323-b2eeada25c1d tempest-VolumesSnapshotsTestJSON-583859147 None] Task 'cinder.volume.flows.manager.create_volume.ExtractVolumeRefTask;volume:create' (2defe721-d945-44d9-9f03-488457dda9a8) transitioned into state 'RUNNING' from state 'PENDING' {{(pid=116212) _task_receiver /usr/local/lib/python3.8/dist-packages/taskflow/listeners/logging.py:190}}
Sep 05 15:28:23.961550 n-d-855900-1 cinder-volume[116212]: DEBUG cinder.volume.manager [req-681f3300-1ae9-47d2-8d48-eb9bd096e066 req-8b7e3e20-b58a-480e-9323-b2eeada25c1d tempest-VolumesSnapshotsTestJSON-583859147 None] Task 'cinder.volume.flows.manager.create_volume.ExtractVolumeRefTask;volume:create' (2defe721-d945-44d9-9f03-488457dda9a8) transitioned into state 'SUCCESS' from state 'RUNNING' with result 'Volume(_name_id=None,admin_metadata=,attach_status='detached',availability_zone='nova',bootable=False,cluster=,cluster_name=None,consistencygroup=,consistencygroup_id=None,created_at=2022-09-05T15:28:23Z,deleted=False,deleted_at=None,display_description=None,display_name='tempest-VolumesSnapshotsTestJSON-volume-1574817147',ec2_id=None,encryption_key_id=None,glance_metadata=,group=,group_id=None,host='n-d-855900-1@lvmdriver-1#lvmdriver-1',id=f5da34a6-f498-4689-815e-7b75c1c2dce3,launched_at=None,metadata={},migration_status=None,multiattach=False,previous_status=None,project_id='a5f856a763b8495c920003ba37921103',provider_auth=None,provider_geometry=None,provider_id=None,provider_location=None,replication_driver_data=None,replication_extended_status=None,replication_status=None,scheduled_at=2022-09-05T15:28:24Z,service_uuid=None,shared_targets=True,size=1,snapshot_id=None,snapshots=,source_volid=None,status='creating',terminated_at=None,updated_at=2022-09-05T15:28:24Z,use_quota=True,user_id='a376a939e14d4597b74fb3f18ad2a796',volume_attachment=VolumeAttachmentList,volume_type=VolumeType(dbf51a0e-10bd-4f63-af1d-4730940dc1ac),volume_type_id=dbf51a0e-10bd-4f63-af1d-4730940dc1ac)' {{(pid=116212) _task_receiver /usr/local/lib/python3.8/dist-packages/taskflow/listeners/logging.py:178}}
Sep 05 15:28:23.967635 n-d-855900-1 cinder-volume[116212]: DEBUG cinder.volume.manager [req-681f3300-1ae9-47d2-8d48-eb9bd096e066 req-8b7e3e20-b58a-480e-9323-b2eeada25c1d tempest-VolumesSnapshotsTestJSON-583859147 None] Task 'cinder.volume.flows.manager.create_volume.OnFailureRescheduleTask;volume:create' (9035d464-72bf-481c-8ffe-8a31b03d1a70) transitioned into state 'RUNNING' from state 'PENDING' {{(pid=116212) _task_receiver /usr/local/lib/python3.8/dist-packages/taskflow/listeners/logging.py:190}}
Sep 05 15:28:23.973161 n-d-855900-1 cinder-volume[116212]: DEBUG cinder.volume.manager [req-681f3300-1ae9-47d2-8d48-eb9bd096e066 req-8b7e3e20-b58a-480e-9323-b2eeada25c1d tempest-VolumesSnapshotsTestJSON-583859147 None] Task 'cinder.volume.flows.manager.create_volume.OnFailureRescheduleTask;volume:create' (9035d464-72bf-481c-8ffe-8a31b03d1a70) transitioned into state 'SUCCESS' from state 'RUNNING' with result 'None' {{(pid=116212) _task_receiver /usr/local/lib/python3.8/dist-packages/taskflow/listeners/logging.py:178}}
Sep 05 15:28:23.980629 n-d-855900-1 cinder-volume[116212]: DEBUG cinder.volume.manager [req-681f3300-1ae9-47d2-8d48-eb9bd096e066 req-8b7e3e20-b58a-480e-9323-b2eeada25c1d tempest-VolumesSnapshotsTestJSON-583859147 None] Task 'cinder.volume.flows.manager.create_volume.ExtractVolumeSpecTask;volume:create' (13c71c45-e396-4370-9140-b98a0561d835) transitioned into state 'RUNNING' from state 'PENDING' {{(pid=116212) _task_receiver /usr/local/lib/python3.8/dist-packages/taskflow/listeners/logging.py:190}}
Sep 05 15:28:23.986015 n-d-855900-1 cinder-volume[116212]: DEBUG cinder.volume.manager [req-681f3300-1ae9-47d2-8d48-eb9bd096e066 req-8b7e3e20-b58a-480e-9323-b2eeada25c1d tempest-VolumesSnapshotsTestJSON-583859147 None] Task 'cinder.volume.flows.manager.create_volume.ExtractVolumeSpecTask;volume:create' (13c71c45-e396-4370-9140-b98a0561d835) transitioned into state 'SUCCESS' from state 'RUNNING' with result '{'status': 'creating', 'type': 'raw', 'volume_id': 'f5da34a6-f498-4689-815e-7b75c1c2dce3', 'volume_name': 'volume-f5da34a6-f498-4689-815e-7b75c1c2dce3', 'volume_size': 1}' {{(pid=116212) _task_receiver /usr/local/lib/python3.8/dist-packages/taskflow/listeners/logging.py:178}}
Sep 05 15:28:23.992320 n-d-855900-1 cinder-volume[116212]: DEBUG cinder.volume.manager [req-681f3300-1ae9-47d2-8d48-eb9bd096e066 req-8b7e3e20-b58a-480e-9323-b2eeada25c1d tempest-VolumesSnapshotsTestJSON-583859147 None] Task 'cinder.volume.flows.manager.create_volume.NotifyVolumeActionTask;volume:create, create.start' (3cf711a6-ffb2-484a-bb94-3f70190f15d7) transitioned into state 'RUNNING' from state 'PENDING' {{(pid=116212) _task_receiver /usr/local/lib/python3.8/dist-packages/taskflow/listeners/logging.py:190}}
Sep 05 15:28:23.997286 n-d-855900-1 cinder-volume[116212]: DEBUG cinder.volume.manager [req-681f3300-1ae9-47d2-8d48-eb9bd096e066 req-8b7e3e20-b58a-480e-9323-b2eeada25c1d tempest-VolumesSnapshotsTestJSON-583859147 None] Task 'cinder.volume.flows.manager.create_volume.NotifyVolumeActionTask;volume:create, create.start' (3cf711a6-ffb2-484a-bb94-3f70190f15d7) transitioned into state 'SUCCESS' from state 'RUNNING' with result 'None' {{(pid=116212) _task_receiver /usr/local/lib/python3.8/dist-packages/taskflow/listeners/logging.py:178}}
Sep 05 15:28:24.003625 n-d-855900-1 cinder-volume[116212]: DEBUG cinder.volume.manager [req-681f3300-1ae9-47d2-8d48-eb9bd096e066 req-8b7e3e20-b58a-480e-9323-b2eeada25c1d tempest-VolumesSnapshotsTestJSON-583859147 None] Task 'cinder.volume.flows.manager.create_volume.CreateVolumeFromSpecTask;volume:create' (60cecb1c-6800-467d-8abd-f39603dd621a) transitioned into state 'RUNNING' from state 'PENDING' {{(pid=116212) _task_receiver /usr/local/lib/python3.8/dist-packages/taskflow/listeners/logging.py:190}}
Sep 05 15:28:24.009430 n-d-855900-1 cinder-volume[116212]: INFO cinder.volume.flows.manager.create_volume [req-681f3300-1ae9-47d2-8d48-eb9bd096e066 req-8b7e3e20-b58a-480e-9323-b2eeada25c1d tempest-VolumesSnapshotsTestJSON-583859147 None] Volume f5da34a6-f498-4689-815e-7b75c1c2dce3: being created as raw with specification: {'status': 'creating', 'volume_name': 'volume-f5da34a6-f498-4689-815e-7b75c1c2dce3', 'volume_size': 1}
Sep 05 15:28:24.009430 n-d-855900-1 cinder-volume[116212]: DEBUG oslo_concurrency.processutils [req-681f3300-1ae9-47d2-8d48-eb9bd096e066 req-8b7e3e20-b58a-480e-9323-b2eeada25c1d tempest-VolumesSnapshotsTestJSON-583859147 None] Running cmd (subprocess): sudo cinder-rootwrap /etc/cinder/rootwrap.conf env LC_ALL=C lvcreate -n volume-f5da34a6-f498-4689-815e-7b75c1c2dce3 stack-volumes-lvmdriver-1 -L 1g {{(pid=116212) execute /usr/local/lib/python3.8/dist-packages/oslo_concurrency/processutils.py:384}}
Sep 05 15:28:24.075893 n-d-855900-1 sudo[144909]: ubuntu : TTY=unknown ; PWD=/ ; USER=root ; COMMAND=/usr/local/bin/cinder-rootwrap /etc/cinder/rootwrap.conf env LC_ALL=C lvcreate -n volume-f5da34a6-f498-4689-815e-7b75c1c2dce3 stack-volumes-lvmdriver-1 -L 1g
Sep 05 15:28:24.079289 n-d-855900-1 sudo[144909]: pam_unix(sudo:session): session opened for user root by (uid=0)
Sep 05 15:28:26.548092 n-d-855900-1 cinder-volume[116212]: DEBUG oslo_concurrency.processutils [req-681f3300-1ae9-47d2-8d48-eb9bd096e066 req-8b7e3e20-b58a-480e-9323-b2eeada25c1d tempest-VolumesSnapshotsTestJSON-583859147 None] CMD "sudo cinder-rootwrap /etc/cinder/rootwrap.conf env LC_ALL=C lvcreate -n volume-f5da34a6-f498-4689-815e-7b75c1c2dce3 stack-volumes-lvmdriver-1 -L 1g" returned: 0 in 2.538s {{(pid=116212) execute /usr/local/lib/python3.8/dist-packages/oslo_concurrency/processutils.py:422}}
Sep 05 15:28:26.542936 n-d-855900-1 sudo[144909]: pam_unix(sudo:session): session closed for user root
Sep 05 15:28:26.550657 n-d-855900-1 cinder-volume[116212]: DEBUG cinder.volume.manager [req-681f3300-1ae9-47d2-8d48-eb9bd096e066 req-8b7e3e20-b58a-480e-9323-b2eeada25c1d tempest-VolumesSnapshotsTestJSON-583859147 None] Task 'cinder.volume.flows.manager.create_volume.CreateVolumeFromSpecTask;volume:create' (60cecb1c-6800-467d-8abd-f39603dd621a) transitioned into state 'SUCCESS' from state 'RUNNING' with result '{'status': 'creating', 'volume_name': 'volume-f5da34a6-f498-4689-815e-7b75c1c2dce3', 'volume_size': 1}' {{(pid=116212) _task_receiver /usr/local/lib/python3.8/dist-packages/taskflow/listeners/logging.py:178}}
Sep 05 15:28:26.555792 n-d-855900-1 cinder-volume[116212]: DEBUG cinder.volume.manager [req-681f3300-1ae9-47d2-8d48-eb9bd096e066 req-8b7e3e20-b58a-480e-9323-b2eeada25c1d tempest-VolumesSnapshotsTestJSON-583859147 None] Task 'cinder.volume.flows.manager.create_volume.CreateVolumeOnFinishTask;volume:create, create.end' (5a2f3f34-485c-4064-8d98-47c61d08271a) transitioned into state 'RUNNING' from state 'PENDING' {{(pid=116212) _task_receiver /usr/local/lib/python3.8/dist-packages/taskflow/listeners/logging.py:190}}
Sep 05 15:28:26.681549 n-d-855900-1 cinder-volume[116212]: INFO cinder.volume.flows.manager.create_volume [req-681f3300-1ae9-47d2-8d48-eb9bd096e066 req-8b7e3e20-b58a-480e-9323-b2eeada25c1d tempest-VolumesSnapshotsTestJSON-583859147 None] Volume volume-f5da34a6-f498-4689-815e-7b75c1c2dce3 (f5da34a6-f498-4689-815e-7b75c1c2dce3): created successfully
Sep 05 15:28:26.685356 n-d-855900-1 cinder-volume[116212]: DEBUG cinder.volume.manager [req-681f3300-1ae9-47d2-8d48-eb9bd096e066 req-8b7e3e20-b58a-480e-9323-b2eeada25c1d tempest-VolumesSnapshotsTestJSON-583859147 None] Task 'cinder.volume.flows.manager.create_volume.CreateVolumeOnFinishTask;volume:create, create.end' (5a2f3f34-485c-4064-8d98-47c61d08271a) transitioned into state 'SUCCESS' from state 'RUNNING' with result 'None' {{(pid=116212) _task_receiver /usr/local/lib/python3.8/dist-packages/taskflow/listeners/logging.py:178}}
Sep 05 15:28:26.695010 n-d-855900-1 cinder-volume[116212]: DEBUG cinder.volume.manager [req-681f3300-1ae9-47d2-8d48-eb9bd096e066 req-8b7e3e20-b58a-480e-9323-b2eeada25c1d tempest-VolumesSnapshotsTestJSON-583859147 None] Flow 'volume_create_manager' (74853c13-5a9d-445f-b81f-99ae173657f9) transitioned into state 'SUCCESS' from state 'RUNNING' {{(pid=116212) _flow_receiver /usr/local/lib/python3.8/dist-packages/taskflow/listeners/logging.py:141}}
Sep 05 15:28:26.807637 n-d-855900-1 cinder-volume[116212]: INFO cinder.volume.manager [req-681f3300-1ae9-47d2-8d48-eb9bd096e066 req-8b7e3e20-b58a-480e-9323-b2eeada25c1d tempest-VolumesSnapshotsTestJSON-583859147 None] Created volume successfully.
Sep 05 15:28:28.373050 n-d-855900-1 cinder-volume[116212]: DEBUG oslo_concurrency.processutils [req-f60cc9bb-53c7-496d-a404-11461b60063f req-1d6ae4fc-8667-427f-8eab-bc15d088e98f tempest-VolumesSnapshotsTestJSON-583859147 None] Running cmd (subprocess): sudo cinder-rootwrap /etc/cinder/rootwrap.conf env LC_ALL=C lvs --noheadings --unit=g -o vg_name,name,size --nosuffix --readonly stack-volumes-lvmdriver-1/volume-f5da34a6-f498-4689-815e-7b75c1c2dce3 {{(pid=116212) execute /usr/local/lib/python3.8/dist-packages/oslo_concurrency/processutils.py:384}}
Sep 05 15:28:28.422714 n-d-855900-1 sudo[145062]: ubuntu : TTY=unknown ; PWD=/ ; USER=root ; COMMAND=/usr/local/bin/cinder-rootwrap /etc/cinder/rootwrap.conf env LC_ALL=C lvs --noheadings --unit=g -o vg_name,name,size --nosuffix --readonly stack-volumes-lvmdriver-1/volume-f5da34a6-f498-4689-815e-7b75c1c2dce3
Sep 05 15:28:28.423574 n-d-855900-1 sudo[145062]: pam_unix(sudo:session): session opened for user root by (uid=0)
Sep 05 15:28:29.821269 n-d-855900-1 sudo[145062]: pam_unix(sudo:session): session closed for user root
Sep 05 15:28:29.824364 n-d-855900-1 cinder-volume[116212]: DEBUG oslo_concurrency.processutils [req-f60cc9bb-53c7-496d-a404-11461b60063f req-1d6ae4fc-8667-427f-8eab-bc15d088e98f tempest-VolumesSnapshotsTestJSON-583859147 None] CMD "sudo cinder-rootwrap /etc/cinder/rootwrap.conf env LC_ALL=C lvs --noheadings --unit=g -o vg_name,name,size --nosuffix --readonly stack-volumes-lvmdriver-1/volume-f5da34a6-f498-4689-815e-7b75c1c2dce3" returned: 0 in 1.451s {{(pid=116212) execute /usr/local/lib/python3.8/dist-packages/oslo_concurrency/processutils.py:422}}
Sep 05 15:28:29.831751 n-d-855900-1 cinder-volume[116212]: DEBUG oslo_concurrency.processutils [req-f60cc9bb-53c7-496d-a404-11461b60063f req-1d6ae4fc-8667-427f-8eab-bc15d088e98f tempest-VolumesSnapshotsTestJSON-583859147 None] Running cmd (subprocess): sudo cinder-rootwrap /etc/cinder/rootwrap.conf env LC_ALL=C lvcreate --name _snapshot-7895e39e-2595-4f52-807b-9796ace574ee --snapshot stack-volumes-lvmdriver-1/volume-f5da34a6-f498-4689-815e-7b75c1c2dce3 -L 1.00g {{(pid=116212) execute /usr/local/lib/python3.8/dist-packages/oslo_concurrency/processutils.py:384}}
Sep 05 15:28:29.889752 n-d-855900-1 sudo[145091]: ubuntu : TTY=unknown ; PWD=/ ; USER=root ; COMMAND=/usr/local/bin/cinder-rootwrap /etc/cinder/rootwrap.conf env LC_ALL=C lvcreate --name _snapshot-7895e39e-2595-4f52-807b-9796ace574ee --snapshot stack-volumes-lvmdriver-1/volume-f5da34a6-f498-4689-815e-7b75c1c2dce3 -L 1.00g
Sep 05 15:28:29.890591 n-d-855900-1 sudo[145091]: pam_unix(sudo:session): session opened for user root by (uid=0)
Sep 05 15:28:31.188502 n-d-855900-1 sudo[145091]: pam_unix(sudo:session): session closed for user root
Sep 05 15:28:31.191520 n-d-855900-1 cinder-volume[116212]: DEBUG oslo_concurrency.processutils [req-f60cc9bb-53c7-496d-a404-11461b60063f req-1d6ae4fc-8667-427f-8eab-bc15d088e98f tempest-VolumesSnapshotsTestJSON-583859147 None] CMD "sudo cinder-rootwrap /etc/cinder/rootwrap.conf env LC_ALL=C lvcreate --name _snapshot-7895e39e-2595-4f52-807b-9796ace574ee --snapshot stack-volumes-lvmdriver-1/volume-f5da34a6-f498-4689-815e-7b75c1c2dce3 -L 1.00g" returned: 0 in 1.364s {{(pid=116212) execute /usr/local/lib/python3.8/dist-packages/oslo_concurrency/processutils.py:422}}
Sep 05 15:28:31.356136 n-d-855900-1 cinder-volume[116212]: INFO cinder.volume.manager [req-f60cc9bb-53c7-496d-a404-11461b60063f req-1d6ae4fc-8667-427f-8eab-bc15d088e98f tempest-VolumesSnapshotsTestJSON-583859147 None] Create snapshot completed successfully
Sep 05 15:28:31.819416 n-d-855900-1 cinder-volume[116212]: DEBUG cinder.coordination [req-952af708-f9a3-488e-9eac-278bc3dce990 req-fb6b64ab-b2b1-45bc-87a3-52419c5537a6 tempest-VolumesSnapshotsTestJSON-583859147 None] Acquiring lock "cinder-7895e39e-2595-4f52-807b-9796ace574ee-delete_snapshot" by "delete_snapshot" {{(pid=116212) _synchronized /opt/stack/cinder/cinder/coordination.py:192}}
Sep 05 15:28:31.835456 n-d-855900-1 cinder-volume[116212]: DEBUG cinder.coordination [req-952af708-f9a3-488e-9eac-278bc3dce990 req-fb6b64ab-b2b1-45bc-87a3-52419c5537a6 tempest-VolumesSnapshotsTestJSON-583859147 None] Lock "cinder-7895e39e-2595-4f52-807b-9796ace574ee-delete_snapshot" acquired by "delete_snapshot" :: waited 0.016s {{(pid=116212) _synchronized /opt/stack/cinder/cinder/coordination.py:196}}
Sep 05 15:28:31.837287 n-d-855900-1 cinder-volume[116212]: DEBUG oslo_concurrency.processutils [req-952af708-f9a3-488e-9eac-278bc3dce990 req-fb6b64ab-b2b1-45bc-87a3-52419c5537a6 tempest-VolumesSnapshotsTestJSON-583859147 None] Running cmd (subprocess): sudo cinder-rootwrap /etc/cinder/rootwrap.conf env LC_ALL=C lvs --noheadings --unit=g -o vg_name,name,size --nosuffix --readonly stack-volumes-lvmdriver-1/_snapshot-7895e39e-2595-4f52-807b-9796ace574ee {{(pid=116212) execute /usr/local/lib/python3.8/dist-packages/oslo_concurrency/processutils.py:384}}
Sep 05 15:28:31.879653 n-d-855900-1 sudo[145210]: ubuntu : TTY=unknown ; PWD=/ ; USER=root ; COMMAND=/usr/local/bin/cinder-rootwrap /etc/cinder/rootwrap.conf env LC_ALL=C lvs --noheadings --unit=g -o vg_name,name,size --nosuffix --readonly stack-volumes-lvmdriver-1/_snapshot-7895e39e-2595-4f52-807b-9796ace574ee
Sep 05 15:28:31.885488 n-d-855900-1 sudo[145210]: pam_unix(sudo:session): session opened for user root by (uid=0)
Sep 05 15:28:32.769075 n-d-855900-1 sudo[145210]: pam_unix(sudo:session): session closed for user root
Sep 05 15:28:32.771369 n-d-855900-1 cinder-volume[116212]: DEBUG oslo_concurrency.processutils [req-952af708-f9a3-488e-9eac-278bc3dce990 req-fb6b64ab-b2b1-45bc-87a3-52419c5537a6 tempest-VolumesSnapshotsTestJSON-583859147 None] CMD "sudo cinder-rootwrap /etc/cinder/rootwrap.conf env LC_ALL=C lvs --noheadings --unit=g -o vg_name,name,size --nosuffix --readonly stack-volumes-lvmdriver-1/_snapshot-7895e39e-2595-4f52-807b-9796ace574ee" returned: 0 in 0.934s {{(pid=116212) execute /usr/local/lib/python3.8/dist-packages/oslo_concurrency/processutils.py:422}}
Sep 05 15:28:32.773938 n-d-855900-1 cinder-volume[116212]: DEBUG oslo_concurrency.processutils [req-952af708-f9a3-488e-9eac-278bc3dce990 req-fb6b64ab-b2b1-45bc-87a3-52419c5537a6 tempest-VolumesSnapshotsTestJSON-583859147 None] Running cmd (subprocess): sudo cinder-rootwrap /etc/cinder/rootwrap.conf lvremove --config activation { retry_deactivation = 1} -f stack-volumes-lvmdriver-1/_snapshot-7895e39e-2595-4f52-807b-9796ace574ee {{(pid=116212) execute /usr/local/lib/python3.8/dist-packages/oslo_concurrency/processutils.py:384}}
Sep 05 15:28:32.825549 n-d-855900-1 sudo[145213]: ubuntu : TTY=unknown ; PWD=/ ; USER=root ; COMMAND=/usr/local/bin/cinder-rootwrap /etc/cinder/rootwrap.conf lvremove --config activation { retry_deactivation = 1} -f stack-volumes-lvmdriver-1/_snapshot-7895e39e-2595-4f52-807b-9796ace574ee
Sep 05 15:28:32.829232 n-d-855900-1 sudo[145213]: pam_unix(sudo:session): session opened for user root by (uid=0)
Sep 05 15:28:33.910984 n-d-855900-1 sudo[145213]: pam_unix(sudo:session): session closed for user root
Sep 05 15:28:33.916552 n-d-855900-1 cinder-volume[116212]: DEBUG oslo_concurrency.processutils [req-952af708-f9a3-488e-9eac-278bc3dce990 req-fb6b64ab-b2b1-45bc-87a3-52419c5537a6 tempest-VolumesSnapshotsTestJSON-583859147 None] CMD "sudo cinder-rootwrap /etc/cinder/rootwrap.conf lvremove --config activation { retry_deactivation = 1} -f stack-volumes-lvmdriver-1/_snapshot-7895e39e-2595-4f52-807b-9796ace574ee" returned: 0 in 1.142s {{(pid=116212) execute /usr/local/lib/python3.8/dist-packages/oslo_concurrency/processutils.py:422}}
Sep 05 15:28:34.242688 n-d-855900-1 cinder-volume[116212]: DEBUG cinder.quota [req-952af708-f9a3-488e-9eac-278bc3dce990 req-fb6b64ab-b2b1-45bc-87a3-52419c5537a6 tempest-VolumesSnapshotsTestJSON-583859147 None] Created reservations ['3ced901e-d383-421e-8b7e-45bf9329f9d1', '9e118bc1-1755-432a-b466-ec08d12cd003', '031fb62d-8c63-4d5f-b418-2163f4ba5c0a', '0c4749d5-1f3e-4527-88eb-242e327be1b9'] {{(pid=116212) reserve /opt/stack/cinder/cinder/quota.py:755}}
Sep 05 15:28:34.493168 n-d-855900-1 cinder-volume[116212]: INFO cinder.volume.manager [req-952af708-f9a3-488e-9eac-278bc3dce990 req-fb6b64ab-b2b1-45bc-87a3-52419c5537a6 tempest-VolumesSnapshotsTestJSON-583859147 None] Delete snapshot completed successfully.
Sep 05 15:28:34.502029 n-d-855900-1 cinder-volume[116212]: DEBUG cinder.coordination [req-952af708-f9a3-488e-9eac-278bc3dce990 req-fb6b64ab-b2b1-45bc-87a3-52419c5537a6 tempest-VolumesSnapshotsTestJSON-583859147 None] Lock "cinder-7895e39e-2595-4f52-807b-9796ace574ee-delete_snapshot" released by "delete_snapshot" :: held 2.663s {{(pid=116212) _synchronized /opt/stack/cinder/cinder/coordination.py:207}}
Sep 05 15:28:35.903964 n-d-855900-1 cinder-volume[116212]: DEBUG cinder.coordination [req-0be563d6-2457-45f4-9537-282b443093b5 req-498923b0-5bcd-43a0-b88e-09351d8b8726 tempest-VolumesSnapshotsTestJSON-583859147 None] Acquiring lock "cinder-f5da34a6-f498-4689-815e-7b75c1c2dce3-delete_volume" by "delete_volume" {{(pid=116212) _synchronized /opt/stack/cinder/cinder/coordination.py:192}}
Sep 05 15:28:35.927780 n-d-855900-1 cinder-volume[116212]: DEBUG cinder.coordination [req-0be563d6-2457-45f4-9537-282b443093b5 req-498923b0-5bcd-43a0-b88e-09351d8b8726 tempest-VolumesSnapshotsTestJSON-583859147 None] Lock "cinder-f5da34a6-f498-4689-815e-7b75c1c2dce3-delete_volume" acquired by "delete_volume" :: waited 0.031s {{(pid=116212) _synchronized /opt/stack/cinder/cinder/coordination.py:196}}
Sep 05 15:28:35.955546 n-d-855900-1 cinder-volume[116212]: DEBUG dbcounter [-] [116212] Writing DB stats cinder:SELECT=51,cinder:UPDATE=20,cinder:INSERT=2,cinder:DELETE=3 {{(pid=116212) stat_writer /usr/local/lib/python3.8/dist-packages/dbcounter.py:114}}
Sep 05 15:28:36.075766 n-d-855900-1 cinder-volume[116212]: INFO cinder.volume.targets.iscsi [req-0be563d6-2457-45f4-9537-282b443093b5 req-498923b0-5bcd-43a0-b88e-09351d8b8726 tempest-VolumesSnapshotsTestJSON-583859147 None] Skipping remove_export. No iscsi_target is presently exported for volume: f5da34a6-f498-4689-815e-7b75c1c2dce3
Sep 05 15:28:36.077018 n-d-855900-1 cinder-volume[116212]: DEBUG oslo_concurrency.processutils [req-0be563d6-2457-45f4-9537-282b443093b5 req-498923b0-5bcd-43a0-b88e-09351d8b8726 tempest-VolumesSnapshotsTestJSON-583859147 None] Running cmd (subprocess): sudo cinder-rootwrap /etc/cinder/rootwrap.conf env LC_ALL=C lvs --noheadings --unit=g -o vg_name,name,size --nosuffix --readonly stack-volumes-lvmdriver-1/volume-f5da34a6-f498-4689-815e-7b75c1c2dce3 {{(pid=116212) execute /usr/local/lib/python3.8/dist-packages/oslo_concurrency/processutils.py:384}}
Sep 05 15:28:36.148632 n-d-855900-1 sudo[145265]: ubuntu : TTY=unknown ; PWD=/ ; USER=root ; COMMAND=/usr/local/bin/cinder-rootwrap /etc/cinder/rootwrap.conf env LC_ALL=C lvs --noheadings --unit=g -o vg_name,name,size --nosuffix --readonly stack-volumes-lvmdriver-1/volume-f5da34a6-f498-4689-815e-7b75c1c2dce3
Sep 05 15:28:36.151195 n-d-855900-1 sudo[145265]: pam_unix(sudo:session): session opened for user root by (uid=0)
Sep 05 15:28:36.887595 n-d-855900-1 sudo[145265]: pam_unix(sudo:session): session closed for user root
Sep 05 15:28:36.891548 n-d-855900-1 cinder-volume[116212]: DEBUG oslo_concurrency.processutils [req-0be563d6-2457-45f4-9537-282b443093b5 req-498923b0-5bcd-43a0-b88e-09351d8b8726 tempest-VolumesSnapshotsTestJSON-583859147 None] CMD "sudo cinder-rootwrap /etc/cinder/rootwrap.conf env LC_ALL=C lvs --noheadings --unit=g -o vg_name,name,size --nosuffix --readonly stack-volumes-lvmdriver-1/volume-f5da34a6-f498-4689-815e-7b75c1c2dce3" returned: 0 in 0.814s {{(pid=116212) execute /usr/local/lib/python3.8/dist-packages/oslo_concurrency/processutils.py:422}}
Sep 05 15:28:36.893948 n-d-855900-1 cinder-volume[116212]: DEBUG oslo_concurrency.processutils [req-0be563d6-2457-45f4-9537-282b443093b5 req-498923b0-5bcd-43a0-b88e-09351d8b8726 tempest-VolumesSnapshotsTestJSON-583859147 None] Running cmd (subprocess): sudo cinder-rootwrap /etc/cinder/rootwrap.conf env LC_ALL=C lvdisplay --noheading -C -o Attr --readonly stack-volumes-lvmdriver-1/volume-f5da34a6-f498-4689-815e-7b75c1c2dce3 {{(pid=116212) execute /usr/local/lib/python3.8/dist-packages/oslo_concurrency/processutils.py:384}}
Sep 05 15:28:36.935599 n-d-855900-1 sudo[145268]: ubuntu : TTY=unknown ; PWD=/ ; USER=root ; COMMAND=/usr/local/bin/cinder-rootwrap /etc/cinder/rootwrap.conf env LC_ALL=C lvdisplay --noheading -C -o Attr --readonly stack-volumes-lvmdriver-1/volume-f5da34a6-f498-4689-815e-7b75c1c2dce3
Sep 05 15:28:36.937197 n-d-855900-1 sudo[145268]: pam_unix(sudo:session): session opened for user root by (uid=0)
Sep 05 15:28:37.611238 n-d-855900-1 sudo[145268]: pam_unix(sudo:session): session closed for user root
Sep 05 15:28:37.614047 n-d-855900-1 cinder-volume[116212]: DEBUG oslo_concurrency.processutils [req-0be563d6-2457-45f4-9537-282b443093b5 req-498923b0-5bcd-43a0-b88e-09351d8b8726 tempest-VolumesSnapshotsTestJSON-583859147 None] CMD "sudo cinder-rootwrap /etc/cinder/rootwrap.conf env LC_ALL=C lvdisplay --noheading -C -o Attr --readonly stack-volumes-lvmdriver-1/volume-f5da34a6-f498-4689-815e-7b75c1c2dce3" returned: 0 in 0.720s {{(pid=116212) execute /usr/local/lib/python3.8/dist-packages/oslo_concurrency/processutils.py:422}}
Sep 05 15:28:37.616807 n-d-855900-1 cinder-volume[116212]: DEBUG oslo_concurrency.processutils [req-0be563d6-2457-45f4-9537-282b443093b5 req-498923b0-5bcd-43a0-b88e-09351d8b8726 tempest-VolumesSnapshotsTestJSON-583859147 None] Running cmd (subprocess): sudo cinder-rootwrap /etc/cinder/rootwrap.conf lvremove --config activation { retry_deactivation = 1} -f stack-volumes-lvmdriver-1/volume-f5da34a6-f498-4689-815e-7b75c1c2dce3 {{(pid=116212) execute /usr/local/lib/python3.8/dist-packages/oslo_concurrency/processutils.py:384}}
Sep 05 15:28:37.636215 n-d-855900-1 sudo[145271]: ubuntu : TTY=unknown ; PWD=/ ; USER=root ; COMMAND=/usr/local/bin/cinder-rootwrap /etc/cinder/rootwrap.conf lvremove --config activation { retry_deactivation = 1} -f stack-volumes-lvmdriver-1/volume-f5da34a6-f498-4689-815e-7b75c1c2dce3
Sep 05 15:28:37.637000 n-d-855900-1 sudo[145271]: pam_unix(sudo:session): session opened for user root by (uid=0)
Sep 05 15:28:38.635547 n-d-855900-1 sudo[145271]: pam_unix(sudo:session): session closed for user root
Sep 05 15:28:38.638090 n-d-855900-1 cinder-volume[116212]: DEBUG oslo_concurrency.processutils [req-0be563d6-2457-45f4-9537-282b443093b5 req-498923b0-5bcd-43a0-b88e-09351d8b8726 tempest-VolumesSnapshotsTestJSON-583859147 None] CMD "sudo cinder-rootwrap /etc/cinder/rootwrap.conf lvremove --config activation { retry_deactivation = 1} -f stack-volumes-lvmdriver-1/volume-f5da34a6-f498-4689-815e-7b75c1c2dce3" returned: 0 in 1.021s {{(pid=116212) execute /usr/local/lib/python3.8/dist-packages/oslo_concurrency/processutils.py:422}}
Sep 05 15:28:38.643171 n-d-855900-1 cinder-volume[116212]: INFO cinder.volume.drivers.lvm [req-0be563d6-2457-45f4-9537-282b443093b5 req-498923b0-5bcd-43a0-b88e-09351d8b8726 tempest-VolumesSnapshotsTestJSON-583859147 None] Successfully deleted volume: f5da34a6-f498-4689-815e-7b75c1c2dce3
Sep 05 15:28:38.844962 n-d-855900-1 cinder-volume[116212]: DEBUG cinder.quota [req-0be563d6-2457-45f4-9537-282b443093b5 req-498923b0-5bcd-43a0-b88e-09351d8b8726 tempest-VolumesSnapshotsTestJSON-583859147 None] Created reservations ['67ebc2b1-455c-4a97-8f1a-a16baae22fb0', 'd24ea214-0fe9-4318-bae2-f05d4ff395db', 'dd7daefe-44bc-4d64-a6a2-b521949e2430', '3dca8eef-5954-42a0-bf3d-e193b626b4b7'] {{(pid=116212) reserve /opt/stack/cinder/cinder/quota.py:755}}
Sep 05 15:28:39.207884 n-d-855900-1 cinder-volume[116212]: DEBUG cinder.volume.drivers.lvm [req-0be563d6-2457-45f4-9537-282b443093b5 req-498923b0-5bcd-43a0-b88e-09351d8b8726 tempest-VolumesSnapshotsTestJSON-583859147 None] Updating volume stats {{(pid=116212) _update_volume_stats /opt/stack/cinder/cinder/volume/drivers/lvm.py:213}}
Sep 05 15:28:39.208758 n-d-855900-1 cinder-volume[116212]: DEBUG oslo_concurrency.processutils [req-0be563d6-2457-45f4-9537-282b443093b5 req-498923b0-5bcd-43a0-b88e-09351d8b8726 tempest-VolumesSnapshotsTestJSON-583859147 None] Running cmd (subprocess): sudo cinder-rootwrap /etc/cinder/rootwrap.conf env LC_ALL=C vgs --noheadings --unit=g -o name,size,free,lv_count,uuid --separator : --nosuffix stack-volumes-lvmdriver-1 {{(pid=116212) execute /usr/local/lib/python3.8/dist-packages/oslo_concurrency/processutils.py:384}}
Sep 05 15:28:39.272261 n-d-855900-1 sudo[145279]: ubuntu : TTY=unknown ; PWD=/ ; USER=root ; COMMAND=/usr/local/bin/cinder-rootwrap /etc/cinder/rootwrap.conf env LC_ALL=C vgs --noheadings --unit=g -o name,size,free,lv_count,uuid --separator : --nosuffix stack-volumes-lvmdriver-1
Sep 05 15:28:39.274360 n-d-855900-1 sudo[145279]: pam_unix(sudo:session): session opened for user root by (uid=0)
Sep 05 15:28:40.227631 n-d-855900-1 sudo[145279]: pam_unix(sudo:session): session closed for user root
Sep 05 15:28:40.230788 n-d-855900-1 cinder-volume[116212]: DEBUG oslo_concurrency.processutils [req-0be563d6-2457-45f4-9537-282b443093b5 req-498923b0-5bcd-43a0-b88e-09351d8b8726 tempest-VolumesSnapshotsTestJSON-583859147 None] CMD "sudo cinder-rootwrap /etc/cinder/rootwrap.conf env LC_ALL=C vgs --noheadings --unit=g -o name,size,free,lv_count,uuid --separator : --nosuffix stack-volumes-lvmdriver-1" returned: 0 in 1.020s {{(pid=116212) execute /usr/local/lib/python3.8/dist-packages/oslo_concurrency/processutils.py:422}}
Sep 05 15:28:40.231809 n-d-855900-1 cinder-volume[116212]: DEBUG oslo_concurrency.processutils [req-0be563d6-2457-45f4-9537-282b443093b5 req-498923b0-5bcd-43a0-b88e-09351d8b8726 tempest-VolumesSnapshotsTestJSON-583859147 None] Running cmd (subprocess): sudo cinder-rootwrap /etc/cinder/rootwrap.conf env LC_ALL=C lvs --noheadings --unit=g -o vg_name,name,size --nosuffix --readonly stack-volumes-lvmdriver-1 {{(pid=116212) execute /usr/local/lib/python3.8/dist-packages/oslo_concurrency/processutils.py:384}}
Sep 05 15:28:40.254070 n-d-855900-1 sudo[145282]: ubuntu : TTY=unknown ; PWD=/ ; USER=root ; COMMAND=/usr/local/bin/cinder-rootwrap /etc/cinder/rootwrap.conf env LC_ALL=C lvs --noheadings --unit=g -o vg_name,name,size --nosuffix --readonly stack-volumes-lvmdriver-1
Sep 05 15:28:40.254886 n-d-855900-1 sudo[145282]: pam_unix(sudo:session): session opened for user root by (uid=0)
Sep 05 15:28:41.727591 n-d-855900-1 sudo[145282]: pam_unix(sudo:session): session closed for user root
Sep 05 15:28:41.732858 n-d-855900-1 cinder-volume[116212]: DEBUG oslo_concurrency.processutils [req-0be563d6-2457-45f4-9537-282b443093b5 req-498923b0-5bcd-43a0-b88e-09351d8b8726 tempest-VolumesSnapshotsTestJSON-583859147 None] CMD "sudo cinder-rootwrap /etc/cinder/rootwrap.conf env LC_ALL=C lvs --noheadings --unit=g -o vg_name,name,size --nosuffix --readonly stack-volumes-lvmdriver-1" returned: 0 in 1.499s {{(pid=116212) execute /usr/local/lib/python3.8/dist-packages/oslo_concurrency/processutils.py:422}}
Sep 05 15:28:41.740598 n-d-855900-1 cinder-volume[116212]: DEBUG cinder.manager [req-0be563d6-2457-45f4-9537-282b443093b5 req-498923b0-5bcd-43a0-b88e-09351d8b8726 tempest-VolumesSnapshotsTestJSON-583859147 None] Notifying Schedulers of capabilities ... {{(pid=116212) _publish_service_capabilities /opt/stack/cinder/cinder/manager.py:202}}
Sep 05 15:28:41.753500 n-d-855900-1 cinder-volume[116212]: INFO cinder.volume.manager [req-0be563d6-2457-45f4-9537-282b443093b5 req-498923b0-5bcd-43a0-b88e-09351d8b8726 tempest-VolumesSnapshotsTestJSON-583859147 None] Deleted volume successfully.
Sep 05 15:28:41.916437 n-d-855900-1 cinder-volume[116212]: DEBUG cinder.coordination [req-0be563d6-2457-45f4-9537-282b443093b5 req-498923b0-5bcd-43a0-b88e-09351d8b8726 tempest-VolumesSnapshotsTestJSON-583859147 None] Lock "cinder-f5da34a6-f498-4689-815e-7b75c1c2dce3-delete_volume" released by "delete_volume" :: held 5.988s {{(pid=116212) _synchronized /opt/stack/cinder/cinder/coordination.py:207}}
Sep 05 15:28:43.206831 n-d-855900-1 sudo[144900]: pam_unix(sudo:session): session closed for user root
Sep 05 15:28:43.212007 n-d-855900-1 cinder-volume[116212]: DEBUG oslo_concurrency.processutils [None req-bcd43642-da20-4ba6-8e14-a54fdbb11e5b tempest-VolumesDeleteCascade-1600484555 None] CMD "sudo cinder-rootwrap /etc/cinder/rootwrap.conf dd if=/dev/mapper/stack--volumes--lvmdriver--1-_snapshot--918e0b69--7fc2--407e--a0c4--456ca5ec0e19 of=/dev/mapper/stack--volumes--lvmdriver--1-volume--72c0bfe8--9f64--41da--bbef--83601721d4f3 count=1073741824 bs=1M iflag=count_bytes,direct oflag=direct" returned: 0 in 19.477s {{(pid=116212) execute /usr/local/lib/python3.8/dist-packages/oslo_concurrency/processutils.py:422}}
Sep 05 15:28:43.214085 n-d-855900-1 cinder-volume[116212]: DEBUG cinder.volume.volume_utils [None req-bcd43642-da20-4ba6-8e14-a54fdbb11e5b tempest-VolumesDeleteCascade-1600484555 None] Volume copy details: src /dev/mapper/stack--volumes--lvmdriver--1-_snapshot--918e0b69--7fc2--407e--a0c4--456ca5ec0e19, dest /dev/mapper/stack--volumes--lvmdriver--1-volume--72c0bfe8--9f64--41da--bbef--83601721d4f3, size 1024.00 MB, duration 19.48 sec {{(pid=116212) _copy_volume_with_path /opt/stack/cinder/cinder/volume/volume_utils.py:513}}
Sep 05 15:28:43.221495 n-d-855900-1 cinder-volume[116212]: INFO cinder.volume.volume_utils [None req-bcd43642-da20-4ba6-8e14-a54fdbb11e5b tempest-VolumesDeleteCascade-1600484555 None] Volume copy 1024.00 MB at 52.57 MB/s
Sep 05 15:28:43.277666 n-d-855900-1 cinder-volume[116212]: DEBUG cinder.volume.manager [None req-bcd43642-da20-4ba6-8e14-a54fdbb11e5b tempest-VolumesDeleteCascade-1600484555 None] Task 'cinder.volume.flows.manager.create_volume.CreateVolumeFromSpecTask;volume:create' (a221b26b-0d24-4ad8-b608-7fcc84e92f01) transitioned into state 'SUCCESS' from state 'RUNNING' with result '{'status': 'creating', 'volume_name': 'volume-72c0bfe8-9f64-41da-bbef-83601721d4f3', 'volume_size': 1, 'snapshot_id': '918e0b69-7fc2-407e-a0c4-456ca5ec0e19'}' {{(pid=116212) _task_receiver /usr/local/lib/python3.8/dist-packages/taskflow/listeners/logging.py:178}}
Sep 05 15:28:43.289745 n-d-855900-1 cinder-volume[116212]: DEBUG cinder.volume.manager [None req-bcd43642-da20-4ba6-8e14-a54fdbb11e5b tempest-VolumesDeleteCascade-1600484555 None] Task 'cinder.volume.flows.manager.create_volume.CreateVolumeOnFinishTask;volume:create, create.end' (66c5b40c-9e4a-4909-91be-728d5f3def26) transitioned into state 'RUNNING' from state 'PENDING' {{(pid=116212) _task_receiver /usr/local/lib/python3.8/dist-packages/taskflow/listeners/logging.py:190}}
Sep 05 15:28:43.374768 n-d-855900-1 cinder-volume[116212]: INFO cinder.volume.flows.manager.create_volume [None req-bcd43642-da20-4ba6-8e14-a54fdbb11e5b tempest-VolumesDeleteCascade-1600484555 None] Volume volume-72c0bfe8-9f64-41da-bbef-83601721d4f3 (72c0bfe8-9f64-41da-bbef-83601721d4f3): created successfully
Sep 05 15:28:43.409095 n-d-855900-1 cinder-volume[116212]: DEBUG cinder.volume.manager [None req-bcd43642-da20-4ba6-8e14-a54fdbb11e5b tempest-VolumesDeleteCascade-1600484555 None] Task 'cinder.volume.flows.manager.create_volume.CreateVolumeOnFinishTask;volume:create, create.end' (66c5b40c-9e4a-4909-91be-728d5f3def26) transitioned into state 'SUCCESS' from state 'RUNNING' with result 'None' {{(pid=116212) _task_receiver /usr/local/lib/python3.8/dist-packages/taskflow/listeners/logging.py:178}}
Sep 05 15:28:43.409095 n-d-855900-1 cinder-volume[116212]: DEBUG cinder.volume.manager [None req-bcd43642-da20-4ba6-8e14-a54fdbb11e5b tempest-VolumesDeleteCascade-1600484555 None] Flow 'volume_create_manager' (9ebabdee-4cb0-4900-99c0-50259c7d66be) transitioned into state 'SUCCESS' from state 'RUNNING' {{(pid=116212) _flow_receiver /usr/local/lib/python3.8/dist-packages/taskflow/listeners/logging.py:141}}
Sep 05 15:28:43.555798 n-d-855900-1 cinder-volume[116212]: INFO cinder.volume.manager [None req-bcd43642-da20-4ba6-8e14-a54fdbb11e5b tempest-VolumesDeleteCascade-1600484555 None] Created volume successfully.
Sep 05 15:28:44.818692 n-d-855900-1 cinder-volume[116212]: DEBUG cinder.coordination [None req-9b8fe7d3-edbf-4b93-87bc-0b752aa54aa6 tempest-VolumesDeleteCascade-1600484555 None] Acquiring lock "cinder-e8be8e21-1883-4911-8a98-f577bc1990b5-delete_volume" by "delete_volume" {{(pid=116212) _synchronized /opt/stack/cinder/cinder/coordination.py:192}}
Sep 05 15:28:44.837061 n-d-855900-1 cinder-volume[116212]: DEBUG cinder.coordination [None req-9b8fe7d3-edbf-4b93-87bc-0b752aa54aa6 tempest-VolumesDeleteCascade-1600484555 None] Lock "cinder-e8be8e21-1883-4911-8a98-f577bc1990b5-delete_volume" acquired by "delete_volume" :: waited 0.019s {{(pid=116212) _synchronized /opt/stack/cinder/cinder/coordination.py:196}}
Sep 05 15:28:44.986093 n-d-855900-1 cinder-volume[116212]: INFO cinder.volume.targets.iscsi [None req-9b8fe7d3-edbf-4b93-87bc-0b752aa54aa6 tempest-VolumesDeleteCascade-1600484555 None] Skipping remove_export. No iscsi_target is presently exported for volume: e8be8e21-1883-4911-8a98-f577bc1990b5
Sep 05 15:28:44.989849 n-d-855900-1 cinder-volume[116212]: DEBUG cinder.volume.manager [None req-9b8fe7d3-edbf-4b93-87bc-0b752aa54aa6 tempest-VolumesDeleteCascade-1600484555 None] Performing cascade delete. {{(pid=116212) delete_volume /opt/stack/cinder/cinder/volume/manager.py:1008}}
Sep 05 15:28:45.019521 n-d-855900-1 cinder-volume[116212]: DEBUG cinder.coordination [None req-9b8fe7d3-edbf-4b93-87bc-0b752aa54aa6 tempest-VolumesDeleteCascade-1600484555 None] Acquiring lock "cinder-918e0b69-7fc2-407e-a0c4-456ca5ec0e19-delete_snapshot" by "delete_snapshot" {{(pid=116212) _synchronized /opt/stack/cinder/cinder/coordination.py:192}}
Sep 05 15:28:45.030700 n-d-855900-1 cinder-volume[116212]: DEBUG cinder.coordination [None req-9b8fe7d3-edbf-4b93-87bc-0b752aa54aa6 tempest-VolumesDeleteCascade-1600484555 None] Lock "cinder-918e0b69-7fc2-407e-a0c4-456ca5ec0e19-delete_snapshot" acquired by "delete_snapshot" :: waited 0.012s {{(pid=116212) _synchronized /opt/stack/cinder/cinder/coordination.py:196}}
Sep 05 15:28:45.032913 n-d-855900-1 cinder-volume[116212]: DEBUG oslo_concurrency.processutils [None req-9b8fe7d3-edbf-4b93-87bc-0b752aa54aa6 tempest-VolumesDeleteCascade-1600484555 None] Running cmd (subprocess): sudo cinder-rootwrap /etc/cinder/rootwrap.conf env LC_ALL=C lvs --noheadings --unit=g -o vg_name,name,size --nosuffix --readonly stack-volumes-lvmdriver-1/_snapshot-918e0b69-7fc2-407e-a0c4-456ca5ec0e19 {{(pid=116212) execute /usr/local/lib/python3.8/dist-packages/oslo_concurrency/processutils.py:384}}
Sep 05 15:28:45.060088 n-d-855900-1 sudo[145357]: ubuntu : TTY=unknown ; PWD=/ ; USER=root ; COMMAND=/usr/local/bin/cinder-rootwrap /etc/cinder/rootwrap.conf env LC_ALL=C lvs --noheadings --unit=g -o vg_name,name,size --nosuffix --readonly stack-volumes-lvmdriver-1/_snapshot-918e0b69-7fc2-407e-a0c4-456ca5ec0e19
Sep 05 15:28:45.061496 n-d-855900-1 sudo[145357]: pam_unix(sudo:session): session opened for user root by (uid=0)
Sep 05 15:28:45.925078 n-d-855900-1 sudo[145357]: pam_unix(sudo:session): session closed for user root
Sep 05 15:28:45.930138 n-d-855900-1 cinder-volume[116212]: DEBUG oslo_concurrency.processutils [None req-9b8fe7d3-edbf-4b93-87bc-0b752aa54aa6 tempest-VolumesDeleteCascade-1600484555 None] CMD "sudo cinder-rootwrap /etc/cinder/rootwrap.conf env LC_ALL=C lvs --noheadings --unit=g -o vg_name,name,size --nosuffix --readonly stack-volumes-lvmdriver-1/_snapshot-918e0b69-7fc2-407e-a0c4-456ca5ec0e19" returned: 0 in 0.895s {{(pid=116212) execute /usr/local/lib/python3.8/dist-packages/oslo_concurrency/processutils.py:422}}
Sep 05 15:28:45.956421 n-d-855900-1 cinder-volume[116212]: DEBUG oslo_concurrency.processutils [None req-9b8fe7d3-edbf-4b93-87bc-0b752aa54aa6 tempest-VolumesDeleteCascade-1600484555 None] Running cmd (subprocess): sudo cinder-rootwrap /etc/cinder/rootwrap.conf lvremove --config activation { retry_deactivation = 1} -f stack-volumes-lvmdriver-1/_snapshot-918e0b69-7fc2-407e-a0c4-456ca5ec0e19 {{(pid=116212) execute /usr/local/lib/python3.8/dist-packages/oslo_concurrency/processutils.py:384}}
Sep 05 15:28:46.012273 n-d-855900-1 sudo[145360]: ubuntu : TTY=unknown ; PWD=/ ; USER=root ; COMMAND=/usr/local/bin/cinder-rootwrap /etc/cinder/rootwrap.conf lvremove --config activation { retry_deactivation = 1} -f stack-volumes-lvmdriver-1/_snapshot-918e0b69-7fc2-407e-a0c4-456ca5ec0e19
Sep 05 15:28:46.013074 n-d-855900-1 sudo[145360]: pam_unix(sudo:session): session opened for user root by (uid=0)
Sep 05 15:28:47.600829 n-d-855900-1 sudo[145360]: pam_unix(sudo:session): session closed for user root
Sep 05 15:28:47.603029 n-d-855900-1 cinder-volume[116212]: DEBUG oslo_concurrency.processutils [None req-9b8fe7d3-edbf-4b93-87bc-0b752aa54aa6 tempest-VolumesDeleteCascade-1600484555 None] CMD "sudo cinder-rootwrap /etc/cinder/rootwrap.conf lvremove --config activation { retry_deactivation = 1} -f stack-volumes-lvmdriver-1/_snapshot-918e0b69-7fc2-407e-a0c4-456ca5ec0e19" returned: 0 in 1.646s {{(pid=116212) execute /usr/local/lib/python3.8/dist-packages/oslo_concurrency/processutils.py:422}}
Sep 05 15:28:47.699880 n-d-855900-1 cinder-volume[116212]: DEBUG dbcounter [-] [116212] Writing DB stats cinder:SELECT=61,cinder:UPDATE=30,cinder:INSERT=8,cinder:DELETE=1 {{(pid=116212) stat_writer /usr/local/lib/python3.8/dist-packages/dbcounter.py:114}}
Sep 05 15:28:47.795565 n-d-855900-1 cinder-volume[116212]: DEBUG cinder.quota [None req-9b8fe7d3-edbf-4b93-87bc-0b752aa54aa6 tempest-VolumesDeleteCascade-1600484555 None] Created reservations ['88a45ede-f170-4dbe-a2ca-cc450b9002f1', '43f01479-6102-4b9d-8e82-052b1da495ac', '0d342bc7-2de6-44c3-8e91-fa86d1c47b0c', 'b993eae4-9d89-444c-b1c5-28fb60679c5d'] {{(pid=116212) reserve /opt/stack/cinder/cinder/quota.py:755}}
Sep 05 15:28:47.814153 n-d-855900-1 cinder-volume[116212]: DEBUG oslo_concurrency.processutils [req-025b5812-c5a9-4f55-8d43-65827334354e req-e3bc4c5d-a260-4ed7-914f-48cc8ccee8f7 tempest-TaggedBootDevicesTest_v242-1753593421 None] Running cmd (subprocess): sudo cinder-rootwrap /etc/cinder/rootwrap.conf lvchange -a y --yes -K stack-volumes-lvmdriver-1/volume-d28a4afa-cad2-44c2-85cb-d182b0a84e08 {{(pid=116212) execute /usr/local/lib/python3.8/dist-packages/oslo_concurrency/processutils.py:384}}
Sep 05 15:28:47.880527 n-d-855900-1 sudo[145416]: ubuntu : TTY=unknown ; PWD=/ ; USER=root ; COMMAND=/usr/local/bin/cinder-rootwrap /etc/cinder/rootwrap.conf lvchange -a y --yes -K stack-volumes-lvmdriver-1/volume-d28a4afa-cad2-44c2-85cb-d182b0a84e08
Sep 05 15:28:47.885644 n-d-855900-1 sudo[145416]: pam_unix(sudo:session): session opened for user root by (uid=0)
Sep 05 15:28:48.247786 n-d-855900-1 cinder-volume[116212]: INFO cinder.volume.manager [None req-9b8fe7d3-edbf-4b93-87bc-0b752aa54aa6 tempest-VolumesDeleteCascade-1600484555 None] Delete snapshot completed successfully.
Sep 05 15:28:48.255020 n-d-855900-1 cinder-volume[116212]: DEBUG cinder.coordination [None req-9b8fe7d3-edbf-4b93-87bc-0b752aa54aa6 tempest-VolumesDeleteCascade-1600484555 None] Lock "cinder-918e0b69-7fc2-407e-a0c4-456ca5ec0e19-delete_snapshot" released by "delete_snapshot" :: held 3.223s {{(pid=116212) _synchronized /opt/stack/cinder/cinder/coordination.py:207}}
Sep 05 15:28:48.255020 n-d-855900-1 cinder-volume[116212]: DEBUG cinder.volume.manager [None req-9b8fe7d3-edbf-4b93-87bc-0b752aa54aa6 tempest-VolumesDeleteCascade-1600484555 None] Snapshots deleted, issuing volume delete {{(pid=116212) delete_volume /opt/stack/cinder/cinder/volume/manager.py:1023}}
Sep 05 15:28:48.256341 n-d-855900-1 cinder-volume[116212]: DEBUG oslo_concurrency.processutils [None req-9b8fe7d3-edbf-4b93-87bc-0b752aa54aa6 tempest-VolumesDeleteCascade-1600484555 None] Running cmd (subprocess): sudo cinder-rootwrap /etc/cinder/rootwrap.conf env LC_ALL=C lvs --noheadings --unit=g -o vg_name,name,size --nosuffix --readonly stack-volumes-lvmdriver-1/volume-e8be8e21-1883-4911-8a98-f577bc1990b5 {{(pid=116212) execute /usr/local/lib/python3.8/dist-packages/oslo_concurrency/processutils.py:384}}
Sep 05 15:28:48.303231 n-d-855900-1 sudo[145418]: ubuntu : TTY=unknown ; PWD=/ ; USER=root ; COMMAND=/usr/local/bin/cinder-rootwrap /etc/cinder/rootwrap.conf env LC_ALL=C lvs --noheadings --unit=g -o vg_name,name,size --nosuffix --readonly stack-volumes-lvmdriver-1/volume-e8be8e21-1883-4911-8a98-f577bc1990b5
Sep 05 15:28:48.304055 n-d-855900-1 sudo[145418]: pam_unix(sudo:session): session opened for user root by (uid=0)
