Oct 17 18:02:53.020662 n-d-855885-2 devstack@c-api.service[112583]: DEBUG cinder.volume.api [None req-31023882-5914-4828-a83a-6c1db3ffd688 tempest-LiveAutoBlockMigrationV225Test-1601284941 tempest-LiveAutoBlockMigrationV225Test-1601284941-project] Task 'cinder.volume.flows.api.create_volume.QuotaReserveTask;volume:create' (05e8d5af-eaa0-4dc0-85f4-2c6e6f18ad1d) transitioned into state 'SUCCESS' from state 'RUNNING' with result '{'reservations': ['ef3e6bd8-2c11-4340-a39d-dbea7785029e', '9dbedb6a-d998-49f9-8d4a-5e0c15c0774a', 'dbe8c7ea-51cb-4d2d-87f3-79136444a50f', '680b997f-b0a2-48c7-b503-eaa977a81134']}' {{(pid=112583) _task_receiver /usr/local/lib/python3.8/dist-packages/taskflow/listeners/logging.py:178}}
Oct 17 18:02:53.022753 n-d-855885-2 devstack@c-api.service[112583]: DEBUG cinder.volume.api [None req-31023882-5914-4828-a83a-6c1db3ffd688 tempest-LiveAutoBlockMigrationV225Test-1601284941 tempest-LiveAutoBlockMigrationV225Test-1601284941-project] Task 'cinder.volume.flows.api.create_volume.EntryCreateTask;volume:create' (9a61743a-6a3c-4e07-afdd-3bae5c4e65a7) transitioned into state 'RUNNING' from state 'PENDING' {{(pid=112583) _task_receiver /usr/local/lib/python3.8/dist-packages/taskflow/listeners/logging.py:190}}
Oct 17 18:02:53.111005 n-d-855885-2 devstack@c-api.service[112583]: DEBUG cinder.volume.api [None req-31023882-5914-4828-a83a-6c1db3ffd688 tempest-LiveAutoBlockMigrationV225Test-1601284941 tempest-LiveAutoBlockMigrationV225Test-1601284941-project] Task 'cinder.volume.flows.api.create_volume.EntryCreateTask;volume:create' (9a61743a-6a3c-4e07-afdd-3bae5c4e65a7) transitioned into state 'SUCCESS' from state 'RUNNING' with result '{'volume_id': '77f54c35-ce31-4498-8e6e-821189ff0db2', 'volume_properties': VolumeProperties(attach_status='detached',availability_zone='nova',cgsnapshot_id=None,consistencygroup_id=None,display_description=None,display_name='tempest-LiveAutoBlockMigrationV225Test-volume-583560129',encryption_key_id=None,group_id=None,group_type_id=,metadata={},multiattach=False,project_id='7de1254bed4843f0a0b9155f766cb06a',qos_specs=None,replication_status=,reservations=['ef3e6bd8-2c11-4340-a39d-dbea7785029e','9dbedb6a-d998-49f9-8d4a-5e0c15c0774a','dbe8c7ea-51cb-4d2d-87f3-79136444a50f','680b997f-b0a2-48c7-b503-eaa977a81134'],size=1,snapshot_id=None,source_replicaid=,source_volid=None,status='creating',user_id='ce8476a1c0e74414a9868f606bc9d927',volume_type_id=b2a3ba12-2934-43b7-9e9d-f398b3637ffb), 'volume': Volume(_name_id=None,admin_metadata=,attach_status='detached',availability_zone='nova',bootable=False,cluster=,cluster_name=None,consistencygroup=,consistencygroup_id=None,created_at=2022-10-17T18:02:53Z,deleted=False,deleted_at=None,display_description=None,display_name='tempest-LiveAutoBlockMigrationV225Test-volume-583560129',ec2_id=None,encryption_key_id=None,glance_metadata=,group=,group_id=None,host=None,id=77f54c35-ce31-4498-8e6e-821189ff0db2,launched_at=None,metadata={},migration_status=None,multiattach=False,previous_status=None,project_id='7de1254bed4843f0a0b9155f766cb06a',provider_auth=None,provider_geometry=None,provider_id=None,provider_location=None,replication_driver_data=None,replication_extended_status=None,replication_status=None,scheduled_at=None,service_uuid=None,shared_targets=True,size=1,snapshot_id=None,snapshots=,source_volid=None,status='creating',terminated_at=None,updated_at=None,use_quota=True,user_id='ce8476a1c0e74414a9868f606bc9d927',volume_attachment=VolumeAttachmentList,volume_type=VolumeType(b2a3ba12-2934-43b7-9e9d-f398b3637ffb),volume_type_id=b2a3ba12-2934-43b7-9e9d-f398b3637ffb)}' {{(pid=112583) _task_receiver /usr/local/lib/python3.8/dist-packages/taskflow/listeners/logging.py:178}}
Oct 17 18:02:53.113937 n-d-855885-2 devstack@c-api.service[112583]: DEBUG cinder.volume.api [None req-31023882-5914-4828-a83a-6c1db3ffd688 tempest-LiveAutoBlockMigrationV225Test-1601284941 tempest-LiveAutoBlockMigrationV225Test-1601284941-project] Task 'cinder.volume.flows.api.create_volume.QuotaCommitTask;volume:create' (bbb79f64-433e-45e7-bb79-53fb34a91f71) transitioned into state 'RUNNING' from state 'PENDING' {{(pid=112583) _task_receiver /usr/local/lib/python3.8/dist-packages/taskflow/listeners/logging.py:190}}
Oct 17 18:02:53.165420 n-d-855885-2 devstack@c-api.service[112583]: DEBUG cinder.volume.api [None req-31023882-5914-4828-a83a-6c1db3ffd688 tempest-LiveAutoBlockMigrationV225Test-1601284941 tempest-LiveAutoBlockMigrationV225Test-1601284941-project] Task 'cinder.volume.flows.api.create_volume.QuotaCommitTask;volume:create' (bbb79f64-433e-45e7-bb79-53fb34a91f71) transitioned into state 'SUCCESS' from state 'RUNNING' with result '{'volume_properties': VolumeProperties(attach_status='detached',availability_zone='nova',cgsnapshot_id=None,consistencygroup_id=None,display_description=None,display_name='tempest-LiveAutoBlockMigrationV225Test-volume-583560129',encryption_key_id=None,group_id=None,group_type_id=,metadata={},multiattach=False,project_id='7de1254bed4843f0a0b9155f766cb06a',qos_specs=None,replication_status=,reservations=['ef3e6bd8-2c11-4340-a39d-dbea7785029e','9dbedb6a-d998-49f9-8d4a-5e0c15c0774a','dbe8c7ea-51cb-4d2d-87f3-79136444a50f','680b997f-b0a2-48c7-b503-eaa977a81134'],size=1,snapshot_id=None,source_replicaid=,source_volid=None,status='creating',user_id='ce8476a1c0e74414a9868f606bc9d927',volume_type_id=b2a3ba12-2934-43b7-9e9d-f398b3637ffb)}' {{(pid=112583) _task_receiver /usr/local/lib/python3.8/dist-packages/taskflow/listeners/logging.py:178}}
Oct 17 18:02:53.167499 n-d-855885-2 devstack@c-api.service[112583]: DEBUG cinder.volume.api [None req-31023882-5914-4828-a83a-6c1db3ffd688 tempest-LiveAutoBlockMigrationV225Test-1601284941 tempest-LiveAutoBlockMigrationV225Test-1601284941-project] Task 'cinder.volume.flows.api.create_volume.VolumeCastTask;volume:create' (39bcde9f-63ad-4100-95d4-17040b85649f) transitioned into state 'RUNNING' from state 'PENDING' {{(pid=112583) _task_receiver /usr/local/lib/python3.8/dist-packages/taskflow/listeners/logging.py:190}}
Oct 17 18:02:53.214312 n-d-855885-2 devstack@c-api.service[112583]: DEBUG cinder.volume.api [None req-31023882-5914-4828-a83a-6c1db3ffd688 tempest-LiveAutoBlockMigrationV225Test-1601284941 tempest-LiveAutoBlockMigrationV225Test-1601284941-project] Task 'cinder.volume.flows.api.create_volume.VolumeCastTask;volume:create' (39bcde9f-63ad-4100-95d4-17040b85649f) transitioned into state 'SUCCESS' from state 'RUNNING' with result 'None' {{(pid=112583) _task_receiver /usr/local/lib/python3.8/dist-packages/taskflow/listeners/logging.py:178}}
Oct 17 18:02:53.217118 n-d-855885-2 devstack@c-api.service[112583]: DEBUG cinder.volume.api [None req-31023882-5914-4828-a83a-6c1db3ffd688 tempest-LiveAutoBlockMigrationV225Test-1601284941 tempest-LiveAutoBlockMigrationV225Test-1601284941-project] Flow 'volume_create_api' (7891be7a-a092-4a6e-8172-122e4108ad93) transitioned into state 'SUCCESS' from state 'RUNNING' {{(pid=112583) _flow_receiver /usr/local/lib/python3.8/dist-packages/taskflow/listeners/logging.py:141}}
Oct 17 18:02:53.217890 n-d-855885-2 devstack@c-api.service[112583]: INFO cinder.volume.api [None req-31023882-5914-4828-a83a-6c1db3ffd688 tempest-LiveAutoBlockMigrationV225Test-1601284941 tempest-LiveAutoBlockMigrationV225Test-1601284941-project] Create volume request issued successfully.
Oct 17 18:02:53.220427 n-d-855885-2 devstack@c-api.service[112583]: INFO cinder.api.openstack.wsgi [None req-31023882-5914-4828-a83a-6c1db3ffd688 tempest-LiveAutoBlockMigrationV225Test-1601284941 tempest-LiveAutoBlockMigrationV225Test-1601284941-project] http://10.222.0.82/volume/v3/7de1254bed4843f0a0b9155f766cb06a/volumes returned with HTTP 202
Oct 17 18:02:53.221762 n-d-855885-2 devstack@c-api.service[112583]: [pid: 112583|app: 0|req: 3/6] 10.222.0.82 () {60 vars in 1235 bytes} [Mon Oct 17 18:02:52 2022] POST /volume/v3/7de1254bed4843f0a0b9155f766cb06a/volumes => generated 829 bytes in 487 msecs (HTTP/1.1 202) 7 headers in 291 bytes (1 switches on core 0)
Oct 17 18:02:53.238967 n-d-855885-2 devstack@c-api.service[112582]: DEBUG cinder.api.middleware.request_id [None req-4571f476-d5bd-462f-8810-f0bede052c3b None None] RequestId filter calling following filter/app {{(pid=112582) _context_setter /opt/stack/cinder/cinder/api/middleware/request_id.py:62}}
Oct 17 18:02:53.243253 n-d-855885-2 devstack@c-api.service[112582]: INFO cinder.api.openstack.wsgi [None req-4571f476-d5bd-462f-8810-f0bede052c3b tempest-LiveAutoBlockMigrationV225Test-1601284941 tempest-LiveAutoBlockMigrationV225Test-1601284941-project] GET http://10.222.0.82/volume/v3/7de1254bed4843f0a0b9155f766cb06a/volumes/77f54c35-ce31-4498-8e6e-821189ff0db2
Oct 17 18:02:53.243951 n-d-855885-2 devstack@c-api.service[112582]: DEBUG cinder.api.openstack.wsgi [None req-4571f476-d5bd-462f-8810-f0bede052c3b tempest-LiveAutoBlockMigrationV225Test-1601284941 tempest-LiveAutoBlockMigrationV225Test-1601284941-project] Empty body provided in request {{(pid=112582) get_body /opt/stack/cinder/cinder/api/openstack/wsgi.py:715}}
Oct 17 18:02:53.244605 n-d-855885-2 devstack@c-api.service[112582]: DEBUG cinder.api.openstack.wsgi [None req-4571f476-d5bd-462f-8810-f0bede052c3b tempest-LiveAutoBlockMigrationV225Test-1601284941 tempest-LiveAutoBlockMigrationV225Test-1601284941-project] Calling method 'show' {{(pid=112582) _process_stack /opt/stack/cinder/cinder/api/openstack/wsgi.py:868}}
Oct 17 18:02:53.296711 n-d-855885-2 devstack@c-api.service[112582]: /usr/local/lib/python3.8/dist-packages/oslo_context/context.py:100: DeprecationWarning: Policy enforcement is depending on the value of is_admin. This key is deprecated. Please update your policy file to use the standard policy values.
Oct 17 18:02:53.296711 n-d-855885-2 devstack@c-api.service[112582]: warnings.warn('Policy enforcement is depending on the value of '
Oct 17 18:02:53.322523 n-d-855885-2 devstack@c-api.service[112582]: INFO cinder.volume.api [None req-4571f476-d5bd-462f-8810-f0bede052c3b tempest-LiveAutoBlockMigrationV225Test-1601284941 tempest-LiveAutoBlockMigrationV225Test-1601284941-project] Volume info retrieved successfully.
Oct 17 18:02:53.341247 n-d-855885-2 devstack@c-api.service[112582]: INFO cinder.api.openstack.wsgi [None req-4571f476-d5bd-462f-8810-f0bede052c3b tempest-LiveAutoBlockMigrationV225Test-1601284941 tempest-LiveAutoBlockMigrationV225Test-1601284941-project] http://10.222.0.82/volume/v3/7de1254bed4843f0a0b9155f766cb06a/volumes/77f54c35-ce31-4498-8e6e-821189ff0db2 returned with HTTP 200
Oct 17 18:02:53.356037 n-d-855885-2 devstack@c-api.service[112582]: [pid: 112582|app: 0|req: 4/7] 10.222.0.82 () {58 vars in 1325 bytes} [Mon Oct 17 18:02:53 2022] GET /volume/v3/7de1254bed4843f0a0b9155f766cb06a/volumes/77f54c35-ce31-4498-8e6e-821189ff0db2 => generated 897 bytes in 119 msecs (HTTP/1.1 200) 7 headers in 285 bytes (1 switches on core 0)
Oct 17 18:02:54.363097 n-d-855885-2 devstack@c-api.service[112583]: DEBUG cinder.api.middleware.request_id [None req-b6e5bf36-97a1-4b6b-9b6d-55b670c7cfaa None None] RequestId filter calling following filter/app {{(pid=112583) _context_setter /opt/stack/cinder/cinder/api/middleware/request_id.py:62}}
Oct 17 18:02:54.369043 n-d-855885-2 devstack@c-api.service[112583]: INFO cinder.api.openstack.wsgi [None req-b6e5bf36-97a1-4b6b-9b6d-55b670c7cfaa tempest-LiveAutoBlockMigrationV225Test-1601284941 tempest-LiveAutoBlockMigrationV225Test-1601284941-project] GET http://10.222.0.82/volume/v3/7de1254bed4843f0a0b9155f766cb06a/volumes/77f54c35-ce31-4498-8e6e-821189ff0db2
Oct 17 18:02:54.370022 n-d-855885-2 devstack@c-api.service[112583]: DEBUG cinder.api.openstack.wsgi [None req-b6e5bf36-97a1-4b6b-9b6d-55b670c7cfaa tempest-LiveAutoBlockMigrationV225Test-1601284941 tempest-LiveAutoBlockMigrationV225Test-1601284941-project] Empty body provided in request {{(pid=112583) get_body /opt/stack/cinder/cinder/api/openstack/wsgi.py:715}}
Oct 17 18:02:54.370650 n-d-855885-2 devstack@c-api.service[112583]: DEBUG cinder.api.openstack.wsgi [None req-b6e5bf36-97a1-4b6b-9b6d-55b670c7cfaa tempest-LiveAutoBlockMigrationV225Test-1601284941 tempest-LiveAutoBlockMigrationV225Test-1601284941-project] Calling method 'show' {{(pid=112583) _process_stack /opt/stack/cinder/cinder/api/openstack/wsgi.py:868}}
Oct 17 18:02:54.388350 n-d-855885-2 devstack@c-api.service[112583]: /usr/local/lib/python3.8/dist-packages/oslo_context/context.py:100: DeprecationWarning: Policy enforcement is depending on the value of is_admin. This key is deprecated. Please update your policy file to use the standard policy values.
Oct 17 18:02:54.388350 n-d-855885-2 devstack@c-api.service[112583]: warnings.warn('Policy enforcement is depending on the value of '
Oct 17 18:02:54.400821 n-d-855885-2 devstack@c-api.service[112583]: INFO cinder.volume.api [None req-b6e5bf36-97a1-4b6b-9b6d-55b670c7cfaa tempest-LiveAutoBlockMigrationV225Test-1601284941 tempest-LiveAutoBlockMigrationV225Test-1601284941-project] Volume info retrieved successfully.
Oct 17 18:02:54.416780 n-d-855885-2 devstack@c-api.service[112583]: INFO cinder.api.openstack.wsgi [None req-b6e5bf36-97a1-4b6b-9b6d-55b670c7cfaa tempest-LiveAutoBlockMigrationV225Test-1601284941 tempest-LiveAutoBlockMigrationV225Test-1601284941-project] http://10.222.0.82/volume/v3/7de1254bed4843f0a0b9155f766cb06a/volumes/77f54c35-ce31-4498-8e6e-821189ff0db2 returned with HTTP 200
Oct 17 18:02:54.417998 n-d-855885-2 devstack@c-api.service[112583]: [pid: 112583|app: 0|req: 4/8] 10.222.0.82 () {58 vars in 1325 bytes} [Mon Oct 17 18:02:54 2022] GET /volume/v3/7de1254bed4843f0a0b9155f766cb06a/volumes/77f54c35-ce31-4498-8e6e-821189ff0db2 => generated 921 bytes in 56 msecs (HTTP/1.1 200) 7 headers in 285 bytes (1 switches on core 0)
Oct 17 18:02:55.435968 n-d-855885-2 devstack@c-api.service[112582]: DEBUG cinder.api.middleware.request_id [None req-a78bb791-f66e-48c4-a6b2-92146f5d196b None None] RequestId filter calling following filter/app {{(pid=112582) _context_setter /opt/stack/cinder/cinder/api/middleware/request_id.py:62}}
Oct 17 18:02:55.439904 n-d-855885-2 devstack@c-api.service[112582]: INFO cinder.api.openstack.wsgi [None req-a78bb791-f66e-48c4-a6b2-92146f5d196b tempest-LiveAutoBlockMigrationV225Test-1601284941 tempest-LiveAutoBlockMigrationV225Test-1601284941-project] GET http://10.222.0.82/volume/v3/7de1254bed4843f0a0b9155f766cb06a/volumes/77f54c35-ce31-4498-8e6e-821189ff0db2
Oct 17 18:02:55.440366 n-d-855885-2 devstack@c-api.service[112582]: DEBUG cinder.api.openstack.wsgi [None req-a78bb791-f66e-48c4-a6b2-92146f5d196b tempest-LiveAutoBlockMigrationV225Test-1601284941 tempest-LiveAutoBlockMigrationV225Test-1601284941-project] Empty body provided in request {{(pid=112582) get_body /opt/stack/cinder/cinder/api/openstack/wsgi.py:715}}
Oct 17 18:02:55.440906 n-d-855885-2 devstack@c-api.service[112582]: DEBUG cinder.api.openstack.wsgi [None req-a78bb791-f66e-48c4-a6b2-92146f5d196b tempest-LiveAutoBlockMigrationV225Test-1601284941 tempest-LiveAutoBlockMigrationV225Test-1601284941-project] Calling method 'show' {{(pid=112582) _process_stack /opt/stack/cinder/cinder/api/openstack/wsgi.py:868}}
Oct 17 18:02:55.457825 n-d-855885-2 devstack@c-api.service[112582]: /usr/local/lib/python3.8/dist-packages/oslo_context/context.py:100: DeprecationWarning: Policy enforcement is depending on the value of is_admin. This key is deprecated. Please update your policy file to use the standard policy values.
Oct 17 18:02:55.457825 n-d-855885-2 devstack@c-api.service[112582]: warnings.warn('Policy enforcement is depending on the value of '
Oct 17 18:02:55.464808 n-d-855885-2 devstack@c-api.service[112582]: INFO cinder.volume.api [None req-a78bb791-f66e-48c4-a6b2-92146f5d196b tempest-LiveAutoBlockMigrationV225Test-1601284941 tempest-LiveAutoBlockMigrationV225Test-1601284941-project] Volume info retrieved successfully.
Oct 17 18:02:55.475253 n-d-855885-2 devstack@c-api.service[112582]: INFO cinder.api.openstack.wsgi [None req-a78bb791-f66e-48c4-a6b2-92146f5d196b tempest-LiveAutoBlockMigrationV225Test-1601284941 tempest-LiveAutoBlockMigrationV225Test-1601284941-project] http://10.222.0.82/volume/v3/7de1254bed4843f0a0b9155f766cb06a/volumes/77f54c35-ce31-4498-8e6e-821189ff0db2 returned with HTTP 200
Oct 17 18:02:55.475996 n-d-855885-2 devstack@c-api.service[112582]: [pid: 112582|app: 0|req: 5/9] 10.222.0.82 () {58 vars in 1325 bytes} [Mon Oct 17 18:02:55 2022] GET /volume/v3/7de1254bed4843f0a0b9155f766cb06a/volumes/77f54c35-ce31-4498-8e6e-821189ff0db2 => generated 922 bytes in 41 msecs (HTTP/1.1 200) 7 headers in 285 bytes (1 switches on core 0)
Oct 17 18:02:55.728735 n-d-855885-2 devstack@c-api.service[112583]: DEBUG cinder.api.middleware.request_id [req-1f5cabf0-188b-4b80-a7a6-ba6b2a3594d7 req-c95d9e93-3496-42e8-85ab-1ffadb1698ec None None] RequestId filter calling following filter/app {{(pid=112583) _context_setter /opt/stack/cinder/cinder/api/middleware/request_id.py:62}}
Oct 17 18:02:55.730489 n-d-855885-2 devstack@c-api.service[112583]: WARNING keystonemiddleware.auth_token [req-1f5cabf0-188b-4b80-a7a6-ba6b2a3594d7 req-c95d9e93-3496-42e8-85ab-1ffadb1698ec None None] A valid token was submitted as a service token, but it was not a valid service token. This is incorrect but backwards compatible behaviour. This will be removed in future releases.
Oct 17 18:02:55.733522 n-d-855885-2 devstack@c-api.service[112583]: INFO cinder.api.openstack.wsgi [req-1f5cabf0-188b-4b80-a7a6-ba6b2a3594d7 req-c95d9e93-3496-42e8-85ab-1ffadb1698ec tempest-LiveAutoBlockMigrationV225Test-1601284941 tempest-LiveAutoBlockMigrationV225Test-1601284941-project] GET http://10.222.0.82/volume/v3/7de1254bed4843f0a0b9155f766cb06a/volumes/77f54c35-ce31-4498-8e6e-821189ff0db2
Oct 17 18:02:55.734069 n-d-855885-2 devstack@c-api.service[112583]: DEBUG cinder.api.openstack.wsgi [req-1f5cabf0-188b-4b80-a7a6-ba6b2a3594d7 req-c95d9e93-3496-42e8-85ab-1ffadb1698ec tempest-LiveAutoBlockMigrationV225Test-1601284941 tempest-LiveAutoBlockMigrationV225Test-1601284941-project] Empty body provided in request {{(pid=112583) get_body /opt/stack/cinder/cinder/api/openstack/wsgi.py:715}}
Oct 17 18:02:55.734682 n-d-855885-2 devstack@c-api.service[112583]: DEBUG cinder.api.openstack.wsgi [req-1f5cabf0-188b-4b80-a7a6-ba6b2a3594d7 req-c95d9e93-3496-42e8-85ab-1ffadb1698ec tempest-LiveAutoBlockMigrationV225Test-1601284941 tempest-LiveAutoBlockMigrationV225Test-1601284941-project] Calling method 'show' {{(pid=112583) _process_stack /opt/stack/cinder/cinder/api/openstack/wsgi.py:868}}
Oct 17 18:02:55.750388 n-d-855885-2 devstack@c-api.service[112583]: /usr/local/lib/python3.8/dist-packages/oslo_context/context.py:100: DeprecationWarning: Policy enforcement is depending on the value of is_admin. This key is deprecated. Please update your policy file to use the standard policy values.
Oct 17 18:02:55.750388 n-d-855885-2 devstack@c-api.service[112583]: warnings.warn('Policy enforcement is depending on the value of '
Oct 17 18:02:55.756924 n-d-855885-2 devstack@c-api.service[112583]: INFO cinder.volume.api [req-1f5cabf0-188b-4b80-a7a6-ba6b2a3594d7 req-c95d9e93-3496-42e8-85ab-1ffadb1698ec tempest-LiveAutoBlockMigrationV225Test-1601284941 tempest-LiveAutoBlockMigrationV225Test-1601284941-project] Volume info retrieved successfully.
Oct 17 18:02:55.766440 n-d-855885-2 devstack@c-api.service[112583]: INFO cinder.api.openstack.wsgi [req-1f5cabf0-188b-4b80-a7a6-ba6b2a3594d7 req-c95d9e93-3496-42e8-85ab-1ffadb1698ec tempest-LiveAutoBlockMigrationV225Test-1601284941 tempest-LiveAutoBlockMigrationV225Test-1601284941-project] http://10.222.0.82/volume/v3/7de1254bed4843f0a0b9155f766cb06a/volumes/77f54c35-ce31-4498-8e6e-821189ff0db2 returned with HTTP 200
Oct 17 18:02:55.767370 n-d-855885-2 devstack@c-api.service[112583]: [pid: 112583|app: 0|req: 5/10] 10.222.0.82 () {60 vars in 1578 bytes} [Mon Oct 17 18:02:55 2022] GET /volume/v3/7de1254bed4843f0a0b9155f766cb06a/volumes/77f54c35-ce31-4498-8e6e-821189ff0db2 => generated 922 bytes in 40 msecs (HTTP/1.1 200) 7 headers in 285 bytes (1 switches on core 0)
Oct 17 18:02:55.879132 n-d-855885-2 devstack@c-api.service[112582]: DEBUG cinder.api.middleware.request_id [None req-051f4f39-a224-4c29-8893-2e7446e14c3d None None] RequestId filter calling following filter/app {{(pid=112582) _context_setter /opt/stack/cinder/cinder/api/middleware/request_id.py:62}}
Oct 17 18:02:55.880450 n-d-855885-2 devstack@c-api.service[112582]: INFO cinder.api.openstack.wsgi [None req-051f4f39-a224-4c29-8893-2e7446e14c3d None None] GET http://10.222.0.82/volume//
Oct 17 18:02:55.880872 n-d-855885-2 devstack@c-api.service[112582]: DEBUG cinder.api.openstack.wsgi [None req-051f4f39-a224-4c29-8893-2e7446e14c3d None None] Empty body provided in request {{(pid=112582) get_body /opt/stack/cinder/cinder/api/openstack/wsgi.py:715}}
Oct 17 18:02:55.881328 n-d-855885-2 devstack@c-api.service[112582]: DEBUG cinder.api.openstack.wsgi [None req-051f4f39-a224-4c29-8893-2e7446e14c3d None None] Calling method 'all' {{(pid=112582) _process_stack /opt/stack/cinder/cinder/api/openstack/wsgi.py:868}}
Oct 17 18:02:55.882419 n-d-855885-2 devstack@c-api.service[112582]: INFO cinder.api.openstack.wsgi [None req-051f4f39-a224-4c29-8893-2e7446e14c3d None None] http://10.222.0.82/volume// returned with HTTP 300
Oct 17 18:02:55.882993 n-d-855885-2 devstack@c-api.service[112582]: [pid: 112582|app: 0|req: 6/11] 10.222.0.82 () {58 vars in 1299 bytes} [Mon Oct 17 18:02:55 2022] GET /volume/ => generated 386 bytes in 5 msecs (HTTP/1.1 300) 7 headers in 299 bytes (1 switches on core 0)
Oct 17 18:02:55.890527 n-d-855885-2 devstack@c-api.service[112583]: DEBUG cinder.api.middleware.request_id [req-1f5cabf0-188b-4b80-a7a6-ba6b2a3594d7 req-a79777ec-0d81-4b03-8e2c-c5ac5faa1513 None None] RequestId filter calling following filter/app {{(pid=112583) _context_setter /opt/stack/cinder/cinder/api/middleware/request_id.py:62}}
Oct 17 18:02:55.895601 n-d-855885-2 devstack@c-api.service[112583]: INFO cinder.api.openstack.wsgi [req-1f5cabf0-188b-4b80-a7a6-ba6b2a3594d7 req-a79777ec-0d81-4b03-8e2c-c5ac5faa1513 tempest-LiveAutoBlockMigrationV225Test-1601284941 tempest-LiveAutoBlockMigrationV225Test-1601284941-project] POST http://10.222.0.82/volume/v3/7de1254bed4843f0a0b9155f766cb06a/attachments
Oct 17 18:02:55.896414 n-d-855885-2 devstack@c-api.service[112583]: DEBUG cinder.api.openstack.wsgi [req-1f5cabf0-188b-4b80-a7a6-ba6b2a3594d7 req-a79777ec-0d81-4b03-8e2c-c5ac5faa1513 tempest-LiveAutoBlockMigrationV225Test-1601284941 tempest-LiveAutoBlockMigrationV225Test-1601284941-project] Action: 'create', calling method: version_select, body: {"attachment": {"volume_uuid": "77f54c35-ce31-4498-8e6e-821189ff0db2", "connector": null, "instance_uuid": "9824654d-cbc1-49d8-88f5-d5d34e1d876e"}} {{(pid=112583) _process_stack /opt/stack/cinder/cinder/api/openstack/wsgi.py:866}}
Oct 17 18:02:55.913646 n-d-855885-2 devstack@c-api.service[112583]: /usr/local/lib/python3.8/dist-packages/oslo_context/context.py:100: DeprecationWarning: Policy enforcement is depending on the value of is_admin. This key is deprecated. Please update your policy file to use the standard policy values.
Oct 17 18:02:55.913646 n-d-855885-2 devstack@c-api.service[112583]: warnings.warn('Policy enforcement is depending on the value of '
Oct 17 18:02:55.984679 n-d-855885-2 devstack@c-api.service[112583]: DEBUG dbcounter [-] [112583] Writing DB stats cinder:SELECT=75,cinder:INSERT=11,cinder:UPDATE=14 {{(pid=112583) stat_writer /usr/local/lib/python3.8/dist-packages/dbcounter.py:114}}
Oct 17 18:02:55.989537 n-d-855885-2 devstack@c-api.service[112583]: INFO cinder.api.openstack.wsgi [req-1f5cabf0-188b-4b80-a7a6-ba6b2a3594d7 req-a79777ec-0d81-4b03-8e2c-c5ac5faa1513 tempest-LiveAutoBlockMigrationV225Test-1601284941 tempest-LiveAutoBlockMigrationV225Test-1601284941-project] http://10.222.0.82/volume/v3/7de1254bed4843f0a0b9155f766cb06a/attachments returned with HTTP 200
Oct 17 18:02:55.991685 n-d-855885-2 devstack@c-api.service[112583]: [pid: 112583|app: 0|req: 6/12] 10.222.0.82 () {66 vars in 1574 bytes} [Mon Oct 17 18:02:55 2022] POST /volume/v3/7de1254bed4843f0a0b9155f766cb06a/attachments => generated 273 bytes in 102 msecs (HTTP/1.1 200) 7 headers in 286 bytes (1 switches on core 0)
Oct 17 18:02:56.030230 n-d-855885-2 devstack@c-api.service[112582]: DEBUG cinder.api.middleware.request_id [None req-cd55f59f-5712-442e-895f-997f33bff3c6 None None] RequestId filter calling following filter/app {{(pid=112582) _context_setter /opt/stack/cinder/cinder/api/middleware/request_id.py:62}}
Oct 17 18:02:56.036013 n-d-855885-2 devstack@c-api.service[112582]: INFO cinder.api.openstack.wsgi [None req-cd55f59f-5712-442e-895f-997f33bff3c6 tempest-LiveAutoBlockMigrationV225Test-1601284941 tempest-LiveAutoBlockMigrationV225Test-1601284941-project] GET http://10.222.0.82/volume/v3/7de1254bed4843f0a0b9155f766cb06a/volumes/77f54c35-ce31-4498-8e6e-821189ff0db2
Oct 17 18:02:56.036753 n-d-855885-2 devstack@c-api.service[112582]: DEBUG cinder.api.openstack.wsgi [None req-cd55f59f-5712-442e-895f-997f33bff3c6 tempest-LiveAutoBlockMigrationV225Test-1601284941 tempest-LiveAutoBlockMigrationV225Test-1601284941-project] Empty body provided in request {{(pid=112582) get_body /opt/stack/cinder/cinder/api/openstack/wsgi.py:715}}
Oct 17 18:02:56.037217 n-d-855885-2 devstack@c-api.service[112582]: DEBUG cinder.api.openstack.wsgi [None req-cd55f59f-5712-442e-895f-997f33bff3c6 tempest-LiveAutoBlockMigrationV225Test-1601284941 tempest-LiveAutoBlockMigrationV225Test-1601284941-project] Calling method 'show' {{(pid=112582) _process_stack /opt/stack/cinder/cinder/api/openstack/wsgi.py:868}}
Oct 17 18:02:56.063518 n-d-855885-2 devstack@c-api.service[112583]: DEBUG cinder.api.middleware.request_id [None req-1fe87d2a-8606-4175-80d2-90be309c9d26 None None] RequestId filter calling following filter/app {{(pid=112583) _context_setter /opt/stack/cinder/cinder/api/middleware/request_id.py:62}}
Oct 17 18:02:56.067581 n-d-855885-2 devstack@c-api.service[112583]: INFO cinder.api.openstack.wsgi [None req-1fe87d2a-8606-4175-80d2-90be309c9d26 tempest-VolumesAdminNegativeTest-675356857 tempest-VolumesAdminNegativeTest-675356857-project] POST http://10.222.0.82/volume/v3/35128ebb6a9f4aff9aa77196ac34d8bd/volumes
Oct 17 18:02:56.068409 n-d-855885-2 devstack@c-api.service[112583]: DEBUG cinder.api.openstack.wsgi [None req-1fe87d2a-8606-4175-80d2-90be309c9d26 tempest-VolumesAdminNegativeTest-675356857 tempest-VolumesAdminNegativeTest-675356857-project] Action: 'create', calling method: create, body: {"volume": {"size": 1, "display_name": "tempest-VolumesAdminNegativeTest-volume-1601259051"}} {{(pid=112583) _process_stack /opt/stack/cinder/cinder/api/openstack/wsgi.py:866}}
Oct 17 18:02:56.072855 n-d-855885-2 devstack@c-api.service[112583]: DEBUG cinder.api.v3.volumes [None req-1fe87d2a-8606-4175-80d2-90be309c9d26 tempest-VolumesAdminNegativeTest-675356857 tempest-VolumesAdminNegativeTest-675356857-project] Create volume request body: {'volume': {'size': 1, 'display_name': 'tempest-VolumesAdminNegativeTest-volume-1601259051'}} {{(pid=112583) create /opt/stack/cinder/cinder/api/v3/volumes.py:298}}
Oct 17 18:02:56.074800 n-d-855885-2 devstack@c-api.service[112583]: INFO cinder.api.v3.volumes [None req-1fe87d2a-8606-4175-80d2-90be309c9d26 tempest-VolumesAdminNegativeTest-675356857 tempest-VolumesAdminNegativeTest-675356857-project] Create volume of 1 GB
Oct 17 18:02:56.075654 n-d-855885-2 devstack@c-api.service[112583]: /usr/local/lib/python3.8/dist-packages/oslo_context/context.py:100: DeprecationWarning: Policy enforcement is depending on the value of is_admin. This key is deprecated. Please update your policy file to use the standard policy values.
Oct 17 18:02:56.075654 n-d-855885-2 devstack@c-api.service[112583]: warnings.warn('Policy enforcement is depending on the value of '
Oct 17 18:02:56.082221 n-d-855885-2 devstack@c-api.service[112582]: /usr/local/lib/python3.8/dist-packages/oslo_context/context.py:100: DeprecationWarning: Policy enforcement is depending on the value of is_admin. This key is deprecated. Please update your policy file to use the standard policy values.
Oct 17 18:02:56.082221 n-d-855885-2 devstack@c-api.service[112582]: warnings.warn('Policy enforcement is depending on the value of '
Oct 17 18:02:56.086416 n-d-855885-2 devstack@c-api.service[112583]: INFO cinder.volume.api [None req-1fe87d2a-8606-4175-80d2-90be309c9d26 tempest-VolumesAdminNegativeTest-675356857 tempest-VolumesAdminNegativeTest-675356857-project] Availability Zones retrieved successfully.
Oct 17 18:02:56.092722 n-d-855885-2 devstack@c-api.service[112582]: INFO cinder.volume.api [None req-cd55f59f-5712-442e-895f-997f33bff3c6 tempest-LiveAutoBlockMigrationV225Test-1601284941 tempest-LiveAutoBlockMigrationV225Test-1601284941-project] Volume info retrieved successfully.
Oct 17 18:02:56.103255 n-d-855885-2 devstack@c-api.service[112582]: INFO cinder.api.openstack.wsgi [None req-cd55f59f-5712-442e-895f-997f33bff3c6 tempest-LiveAutoBlockMigrationV225Test-1601284941 tempest-LiveAutoBlockMigrationV225Test-1601284941-project] http://10.222.0.82/volume/v3/7de1254bed4843f0a0b9155f766cb06a/volumes/77f54c35-ce31-4498-8e6e-821189ff0db2 returned with HTTP 200
Oct 17 18:02:56.104444 n-d-855885-2 devstack@c-api.service[112583]: DEBUG cinder.volume.api [None req-1fe87d2a-8606-4175-80d2-90be309c9d26 tempest-VolumesAdminNegativeTest-675356857 tempest-VolumesAdminNegativeTest-675356857-project] Flow 'volume_create_api' (3c5746c1-1b5e-4fc9-80de-9d01ec5179bc) transitioned into state 'RUNNING' from state 'PENDING' {{(pid=112583) _flow_receiver /usr/local/lib/python3.8/dist-packages/taskflow/listeners/logging.py:141}}
Oct 17 18:02:56.104590 n-d-855885-2 devstack@c-api.service[112582]: [pid: 112582|app: 0|req: 7/13] 10.222.0.82 () {58 vars in 1325 bytes} [Mon Oct 17 18:02:56 2022] GET /volume/v3/7de1254bed4843f0a0b9155f766cb06a/volumes/77f54c35-ce31-4498-8e6e-821189ff0db2 => generated 921 bytes in 75 msecs (HTTP/1.1 200) 7 headers in 285 bytes (1 switches on core 0)
Oct 17 18:02:56.105806 n-d-855885-2 devstack@c-api.service[112582]: DEBUG cinder.api.middleware.request_id [None req-7b54de4c-a434-4277-84ca-56116aecf826 None None] RequestId filter calling following filter/app {{(pid=112582) _context_setter /opt/stack/cinder/cinder/api/middleware/request_id.py:62}}
Oct 17 18:02:56.106708 n-d-855885-2 devstack@c-api.service[112582]: INFO cinder.api.openstack.wsgi [None req-7b54de4c-a434-4277-84ca-56116aecf826 None None] GET http://10.222.0.82/volume//
Oct 17 18:02:56.107172 n-d-855885-2 devstack@c-api.service[112582]: DEBUG cinder.api.openstack.wsgi [None req-7b54de4c-a434-4277-84ca-56116aecf826 None None] Empty body provided in request {{(pid=112582) get_body /opt/stack/cinder/cinder/api/openstack/wsgi.py:715}}
Oct 17 18:02:56.107636 n-d-855885-2 devstack@c-api.service[112582]: DEBUG cinder.api.openstack.wsgi [None req-7b54de4c-a434-4277-84ca-56116aecf826 None None] Calling method 'all' {{(pid=112582) _process_stack /opt/stack/cinder/cinder/api/openstack/wsgi.py:868}}
Oct 17 18:02:56.108369 n-d-855885-2 devstack@c-api.service[112582]: INFO cinder.api.openstack.wsgi [None req-7b54de4c-a434-4277-84ca-56116aecf826 None None] http://10.222.0.82/volume// returned with HTTP 300
Oct 17 18:02:56.108934 n-d-855885-2 devstack@c-api.service[112583]: DEBUG cinder.volume.api [None req-1fe87d2a-8606-4175-80d2-90be309c9d26 tempest-VolumesAdminNegativeTest-675356857 tempest-VolumesAdminNegativeTest-675356857-project] Task 'cinder.volume.flows.api.create_volume.ExtractVolumeRequestTask;volume:create' (3bbaa255-4b62-4d31-b406-714eafd09092) transitioned into state 'RUNNING' from state 'PENDING' {{(pid=112583) _task_receiver /usr/local/lib/python3.8/dist-packages/taskflow/listeners/logging.py:190}}
Oct 17 18:02:56.109467 n-d-855885-2 devstack@c-api.service[112582]: [pid: 112582|app: 0|req: 8/14] 10.222.0.71 () {56 vars in 1098 bytes} [Mon Oct 17 18:02:56 2022] GET /volume/ => generated 386 bytes in 4 msecs (HTTP/1.1 300) 7 headers in 299 bytes (1 switches on core 0)
Oct 17 18:02:56.112352 n-d-855885-2 devstack@c-api.service[112583]: DEBUG cinder.volume.flows.api.create_volume [None req-1fe87d2a-8606-4175-80d2-90be309c9d26 tempest-VolumesAdminNegativeTest-675356857 tempest-VolumesAdminNegativeTest-675356857-project] Validating volume size '1' using validate_int {{(pid=112583) _extract_size /opt/stack/cinder/cinder/volume/flows/api/create_volume.py:228}}
Oct 17 18:02:56.156633 n-d-855885-2 devstack@c-api.service[112583]: DEBUG cinder.volume.api [None req-1fe87d2a-8606-4175-80d2-90be309c9d26 tempest-VolumesAdminNegativeTest-675356857 tempest-VolumesAdminNegativeTest-675356857-project] Task 'cinder.volume.flows.api.create_volume.ExtractVolumeRequestTask;volume:create' (3bbaa255-4b62-4d31-b406-714eafd09092) transitioned into state 'SUCCESS' from state 'RUNNING' with result '{'size': 1, 'snapshot_id': None, 'source_volid': None, 'volume_type': VolumeType(created_at=2022-10-17T17:50:00Z,deleted=False,deleted_at=None,description=None,extra_specs={volume_backend_name='lvmdriver-1'},id=b2a3ba12-2934-43b7-9e9d-f398b3637ffb,is_public=True,name='lvmdriver-1',projects=[],qos_specs=,qos_specs_id=None,updated_at=None), 'volume_type_id': 'b2a3ba12-2934-43b7-9e9d-f398b3637ffb', 'encryption_key_id': None, 'qos_specs': None, 'consistencygroup_id': None, 'cgsnapshot_id': None, 'group_id': None, 'replication_status': 'disabled', 'refresh_az': False, 'backup_id': None, 'multiattach': False, 'availability_zones': ['nova']}' {{(pid=112583) _task_receiver /usr/local/lib/python3.8/dist-packages/taskflow/listeners/logging.py:178}}
Oct 17 18:02:56.158943 n-d-855885-2 devstack@c-api.service[112583]: DEBUG cinder.volume.api [None req-1fe87d2a-8606-4175-80d2-90be309c9d26 tempest-VolumesAdminNegativeTest-675356857 tempest-VolumesAdminNegativeTest-675356857-project] Task 'cinder.volume.flows.api.create_volume.QuotaReserveTask;volume:create' (36f72bef-eadf-43fc-a1bf-59b1bfe9f0a9) transitioned into state 'RUNNING' from state 'PENDING' {{(pid=112583) _task_receiver /usr/local/lib/python3.8/dist-packages/taskflow/listeners/logging.py:190}}
Oct 17 18:02:56.218384 n-d-855885-2 devstack@c-api.service[112582]: DEBUG cinder.api.middleware.request_id [req-1f5cabf0-188b-4b80-a7a6-ba6b2a3594d7 req-b9fd3c33-5592-4398-924c-30377f21df46 None None] RequestId filter calling following filter/app {{(pid=112582) _context_setter /opt/stack/cinder/cinder/api/middleware/request_id.py:62}}
Oct 17 18:02:56.222368 n-d-855885-2 devstack@c-api.service[112582]: INFO cinder.api.openstack.wsgi [req-1f5cabf0-188b-4b80-a7a6-ba6b2a3594d7 req-b9fd3c33-5592-4398-924c-30377f21df46 tempest-LiveAutoBlockMigrationV225Test-1601284941 tempest-LiveAutoBlockMigrationV225Test-1601284941-project] GET http://10.222.0.82/volume/v3/7de1254bed4843f0a0b9155f766cb06a/volumes/77f54c35-ce31-4498-8e6e-821189ff0db2
Oct 17 18:02:56.222952 n-d-855885-2 devstack@c-api.service[112582]: DEBUG cinder.api.openstack.wsgi [req-1f5cabf0-188b-4b80-a7a6-ba6b2a3594d7 req-b9fd3c33-5592-4398-924c-30377f21df46 tempest-LiveAutoBlockMigrationV225Test-1601284941 tempest-LiveAutoBlockMigrationV225Test-1601284941-project] Empty body provided in request {{(pid=112582) get_body /opt/stack/cinder/cinder/api/openstack/wsgi.py:715}}
Oct 17 18:02:56.223525 n-d-855885-2 devstack@c-api.service[112582]: DEBUG cinder.api.openstack.wsgi [req-1f5cabf0-188b-4b80-a7a6-ba6b2a3594d7 req-b9fd3c33-5592-4398-924c-30377f21df46 tempest-LiveAutoBlockMigrationV225Test-1601284941 tempest-LiveAutoBlockMigrationV225Test-1601284941-project] Calling method 'show' {{(pid=112582) _process_stack /opt/stack/cinder/cinder/api/openstack/wsgi.py:868}}
Oct 17 18:02:56.245099 n-d-855885-2 devstack@c-api.service[112582]: /usr/local/lib/python3.8/dist-packages/oslo_context/context.py:100: DeprecationWarning: Policy enforcement is depending on the value of is_admin. This key is deprecated. Please update your policy file to use the standard policy values.
Oct 17 18:02:56.245099 n-d-855885-2 devstack@c-api.service[112582]: warnings.warn('Policy enforcement is depending on the value of '
Oct 17 18:02:56.252675 n-d-855885-2 devstack@c-api.service[112582]: INFO cinder.volume.api [req-1f5cabf0-188b-4b80-a7a6-ba6b2a3594d7 req-b9fd3c33-5592-4398-924c-30377f21df46 tempest-LiveAutoBlockMigrationV225Test-1601284941 tempest-LiveAutoBlockMigrationV225Test-1601284941-project] Volume info retrieved successfully.
Oct 17 18:02:56.253746 n-d-855885-2 devstack@c-api.service[112583]: DEBUG cinder.quota [None req-1fe87d2a-8606-4175-80d2-90be309c9d26 tempest-VolumesAdminNegativeTest-675356857 tempest-VolumesAdminNegativeTest-675356857-project] Created reservations ['ce9d875d-2ea6-4443-beb8-6ae617284f9a', 'f37ef30c-c4c6-479b-935f-8f6e86515f19', '0166fb1b-349d-4b0c-8dba-d46944a4058f', 'c2e85acd-b5b0-44bc-94cd-4ce53e468311'] {{(pid=112583) reserve /opt/stack/cinder/cinder/quota.py:755}}
Oct 17 18:02:56.255541 n-d-855885-2 devstack@c-api.service[112583]: DEBUG cinder.volume.api [None req-1fe87d2a-8606-4175-80d2-90be309c9d26 tempest-VolumesAdminNegativeTest-675356857 tempest-VolumesAdminNegativeTest-675356857-project] Task 'cinder.volume.flows.api.create_volume.QuotaReserveTask;volume:create' (36f72bef-eadf-43fc-a1bf-59b1bfe9f0a9) transitioned into state 'SUCCESS' from state 'RUNNING' with result '{'reservations': ['ce9d875d-2ea6-4443-beb8-6ae617284f9a', 'f37ef30c-c4c6-479b-935f-8f6e86515f19', '0166fb1b-349d-4b0c-8dba-d46944a4058f', 'c2e85acd-b5b0-44bc-94cd-4ce53e468311']}' {{(pid=112583) _task_receiver /usr/local/lib/python3.8/dist-packages/taskflow/listeners/logging.py:178}}
Oct 17 18:02:56.261901 n-d-855885-2 devstack@c-api.service[112583]: DEBUG cinder.volume.api [None req-1fe87d2a-8606-4175-80d2-90be309c9d26 tempest-VolumesAdminNegativeTest-675356857 tempest-VolumesAdminNegativeTest-675356857-project] Task 'cinder.volume.flows.api.create_volume.EntryCreateTask;volume:create' (e21db358-6b74-4f71-b6f2-3955270e91f2) transitioned into state 'RUNNING' from state 'PENDING' {{(pid=112583) _task_receiver /usr/local/lib/python3.8/dist-packages/taskflow/listeners/logging.py:190}}
Oct 17 18:02:56.270634 n-d-855885-2 devstack@c-api.service[112582]: INFO cinder.api.openstack.wsgi [req-1f5cabf0-188b-4b80-a7a6-ba6b2a3594d7 req-b9fd3c33-5592-4398-924c-30377f21df46 tempest-LiveAutoBlockMigrationV225Test-1601284941 tempest-LiveAutoBlockMigrationV225Test-1601284941-project] http://10.222.0.82/volume/v3/7de1254bed4843f0a0b9155f766cb06a/volumes/77f54c35-ce31-4498-8e6e-821189ff0db2 returned with HTTP 200
Oct 17 18:02:56.271456 n-d-855885-2 devstack@c-api.service[112582]: [pid: 112582|app: 0|req: 9/15] 10.222.0.71 () {60 vars in 1412 bytes} [Mon Oct 17 18:02:56 2022] GET /volume/v3/7de1254bed4843f0a0b9155f766cb06a/volumes/77f54c35-ce31-4498-8e6e-821189ff0db2 => generated 1020 bytes in 54 msecs (HTTP/1.1 200) 7 headers in 287 bytes (1 switches on core 0)
Oct 17 18:02:56.285616 n-d-855885-2 devstack@c-api.service[112583]: DEBUG cinder.volume.api [None req-1fe87d2a-8606-4175-80d2-90be309c9d26 tempest-VolumesAdminNegativeTest-675356857 tempest-VolumesAdminNegativeTest-675356857-project] Task 'cinder.volume.flows.api.create_volume.EntryCreateTask;volume:create' (e21db358-6b74-4f71-b6f2-3955270e91f2) transitioned into state 'SUCCESS' from state 'RUNNING' with result '{'volume_id': '163f472b-ffab-4d67-b32e-6a8e922006c7', 'volume_properties': VolumeProperties(attach_status='detached',availability_zone='nova',cgsnapshot_id=None,consistencygroup_id=None,display_description=None,display_name='tempest-VolumesAdminNegativeTest-volume-1601259051',encryption_key_id=None,group_id=None,group_type_id=,metadata={},multiattach=False,project_id='35128ebb6a9f4aff9aa77196ac34d8bd',qos_specs=None,replication_status=,reservations=['ce9d875d-2ea6-4443-beb8-6ae617284f9a','f37ef30c-c4c6-479b-935f-8f6e86515f19','0166fb1b-349d-4b0c-8dba-d46944a4058f','c2e85acd-b5b0-44bc-94cd-4ce53e468311'],size=1,snapshot_id=None,source_replicaid=,source_volid=None,status='creating',user_id='94843954d8e1495899e730f4a2816692',volume_type_id=b2a3ba12-2934-43b7-9e9d-f398b3637ffb), 'volume': Volume(_name_id=None,admin_metadata=,attach_status='detached',availability_zone='nova',bootable=False,cluster=,cluster_name=None,consistencygroup=,consistencygroup_id=None,created_at=2022-10-17T18:02:56Z,deleted=False,deleted_at=None,display_description=None,display_name='tempest-VolumesAdminNegativeTest-volume-1601259051',ec2_id=None,encryption_key_id=None,glance_metadata=,group=,group_id=None,host=None,id=163f472b-ffab-4d67-b32e-6a8e922006c7,launched_at=None,metadata={},migration_status=None,multiattach=False,previous_status=None,project_id='35128ebb6a9f4aff9aa77196ac34d8bd',provider_auth=None,provider_geometry=None,provider_id=None,provider_location=None,replication_driver_data=None,replication_extended_status=None,replication_status=None,scheduled_at=None,service_uuid=None,shared_targets=True,size=1,snapshot_id=None,snapshots=,source_volid=None,status='creating',terminated_at=None,updated_at=None,use_quota=True,user_id='94843954d8e1495899e730f4a2816692',volume_attachment=VolumeAttachmentList,volume_type=VolumeType(b2a3ba12-2934-43b7-9e9d-f398b3637ffb),volume_type_id=b2a3ba12-2934-43b7-9e9d-f398b3637ffb)}' {{(pid=112583) _task_receiver /usr/local/lib/python3.8/dist-packages/taskflow/listeners/logging.py:178}}
Oct 17 18:02:56.287655 n-d-855885-2 devstack@c-api.service[112583]: DEBUG cinder.volume.api [None req-1fe87d2a-8606-4175-80d2-90be309c9d26 tempest-VolumesAdminNegativeTest-675356857 tempest-VolumesAdminNegativeTest-675356857-project] Task 'cinder.volume.flows.api.create_volume.QuotaCommitTask;volume:create' (e4bd8238-26e5-4935-bd37-159504713fd8) transitioned into state 'RUNNING' from state 'PENDING' {{(pid=112583) _task_receiver /usr/local/lib/python3.8/dist-packages/taskflow/listeners/logging.py:190}}
Oct 17 18:02:56.316766 n-d-855885-2 devstack@c-api.service[112583]: DEBUG cinder.volume.api [None req-1fe87d2a-8606-4175-80d2-90be309c9d26 tempest-VolumesAdminNegativeTest-675356857 tempest-VolumesAdminNegativeTest-675356857-project] Task 'cinder.volume.flows.api.create_volume.QuotaCommitTask;volume:create' (e4bd8238-26e5-4935-bd37-159504713fd8) transitioned into state 'SUCCESS' from state 'RUNNING' with result '{'volume_properties': VolumeProperties(attach_status='detached',availability_zone='nova',cgsnapshot_id=None,consistencygroup_id=None,display_description=None,display_name='tempest-VolumesAdminNegativeTest-volume-1601259051',encryption_key_id=None,group_id=None,group_type_id=,metadata={},multiattach=False,project_id='35128ebb6a9f4aff9aa77196ac34d8bd',qos_specs=None,replication_status=,reservations=['ce9d875d-2ea6-4443-beb8-6ae617284f9a','f37ef30c-c4c6-479b-935f-8f6e86515f19','0166fb1b-349d-4b0c-8dba-d46944a4058f','c2e85acd-b5b0-44bc-94cd-4ce53e468311'],size=1,snapshot_id=None,source_replicaid=,source_volid=None,status='creating',user_id='94843954d8e1495899e730f4a2816692',volume_type_id=b2a3ba12-2934-43b7-9e9d-f398b3637ffb)}' {{(pid=112583) _task_receiver /usr/local/lib/python3.8/dist-packages/taskflow/listeners/logging.py:178}}
Oct 17 18:02:56.318634 n-d-855885-2 devstack@c-api.service[112583]: DEBUG cinder.volume.api [None req-1fe87d2a-8606-4175-80d2-90be309c9d26 tempest-VolumesAdminNegativeTest-675356857 tempest-VolumesAdminNegativeTest-675356857-project] Task 'cinder.volume.flows.api.create_volume.VolumeCastTask;volume:create' (60851a01-8d73-482b-82bc-b3fd80e85695) transitioned into state 'RUNNING' from state 'PENDING' {{(pid=112583) _task_receiver /usr/local/lib/python3.8/dist-packages/taskflow/listeners/logging.py:190}}
Oct 17 18:02:56.334394 n-d-855885-2 devstack@c-api.service[112583]: DEBUG cinder.volume.api [None req-1fe87d2a-8606-4175-80d2-90be309c9d26 tempest-VolumesAdminNegativeTest-675356857 tempest-VolumesAdminNegativeTest-675356857-project] Task 'cinder.volume.flows.api.create_volume.VolumeCastTask;volume:create' (60851a01-8d73-482b-82bc-b3fd80e85695) transitioned into state 'SUCCESS' from state 'RUNNING' with result 'None' {{(pid=112583) _task_receiver /usr/local/lib/python3.8/dist-packages/taskflow/listeners/logging.py:178}}
Oct 17 18:02:56.338249 n-d-855885-2 devstack@c-api.service[112583]: DEBUG cinder.volume.api [None req-1fe87d2a-8606-4175-80d2-90be309c9d26 tempest-VolumesAdminNegativeTest-675356857 tempest-VolumesAdminNegativeTest-675356857-project] Flow 'volume_create_api' (3c5746c1-1b5e-4fc9-80de-9d01ec5179bc) transitioned into state 'SUCCESS' from state 'RUNNING' {{(pid=112583) _flow_receiver /usr/local/lib/python3.8/dist-packages/taskflow/listeners/logging.py:141}}
Oct 17 18:02:56.339480 n-d-855885-2 devstack@c-api.service[112583]: INFO cinder.volume.api [None req-1fe87d2a-8606-4175-80d2-90be309c9d26 tempest-VolumesAdminNegativeTest-675356857 tempest-VolumesAdminNegativeTest-675356857-project] Create volume request issued successfully.
Oct 17 18:02:56.341691 n-d-855885-2 devstack@c-api.service[112583]: INFO cinder.api.openstack.wsgi [None req-1fe87d2a-8606-4175-80d2-90be309c9d26 tempest-VolumesAdminNegativeTest-675356857 tempest-VolumesAdminNegativeTest-675356857-project] http://10.222.0.82/volume/v3/35128ebb6a9f4aff9aa77196ac34d8bd/volumes returned with HTTP 202
Oct 17 18:02:56.345025 n-d-855885-2 devstack@c-api.service[112583]: [pid: 112583|app: 0|req: 7/16] 10.222.0.82 () {60 vars in 1235 bytes} [Mon Oct 17 18:02:56 2022] POST /volume/v3/35128ebb6a9f4aff9aa77196ac34d8bd/volumes => generated 824 bytes in 283 msecs (HTTP/1.1 202) 7 headers in 291 bytes (2 switches on core 0)
Oct 17 18:02:56.362262 n-d-855885-2 devstack@c-api.service[112582]: DEBUG cinder.api.middleware.request_id [None req-d6678af4-bb40-4c9b-84f5-7c92581b2076 None None] RequestId filter calling following filter/app {{(pid=112582) _context_setter /opt/stack/cinder/cinder/api/middleware/request_id.py:62}}
Oct 17 18:02:56.366607 n-d-855885-2 devstack@c-api.service[112582]: INFO cinder.api.openstack.wsgi [None req-d6678af4-bb40-4c9b-84f5-7c92581b2076 tempest-VolumesAdminNegativeTest-675356857 tempest-VolumesAdminNegativeTest-675356857-project] GET http://10.222.0.82/volume/v3/35128ebb6a9f4aff9aa77196ac34d8bd/volumes/163f472b-ffab-4d67-b32e-6a8e922006c7
Oct 17 18:02:56.367159 n-d-855885-2 devstack@c-api.service[112582]: DEBUG cinder.api.openstack.wsgi [None req-d6678af4-bb40-4c9b-84f5-7c92581b2076 tempest-VolumesAdminNegativeTest-675356857 tempest-VolumesAdminNegativeTest-675356857-project] Empty body provided in request {{(pid=112582) get_body /opt/stack/cinder/cinder/api/openstack/wsgi.py:715}}
Oct 17 18:02:56.367760 n-d-855885-2 devstack@c-api.service[112582]: DEBUG cinder.api.openstack.wsgi [None req-d6678af4-bb40-4c9b-84f5-7c92581b2076 tempest-VolumesAdminNegativeTest-675356857 tempest-VolumesAdminNegativeTest-675356857-project] Calling method 'show' {{(pid=112582) _process_stack /opt/stack/cinder/cinder/api/openstack/wsgi.py:868}}
Oct 17 18:02:56.380613 n-d-855885-2 devstack@c-api.service[112583]: DEBUG cinder.api.middleware.request_id [req-1f5cabf0-188b-4b80-a7a6-ba6b2a3594d7 req-60988812-0b1f-4d23-bc04-993085ea1eed None None] RequestId filter calling following filter/app {{(pid=112583) _context_setter /opt/stack/cinder/cinder/api/middleware/request_id.py:62}}
Oct 17 18:02:56.385412 n-d-855885-2 devstack@c-api.service[112583]: INFO cinder.api.openstack.wsgi [req-1f5cabf0-188b-4b80-a7a6-ba6b2a3594d7 req-60988812-0b1f-4d23-bc04-993085ea1eed tempest-LiveAutoBlockMigrationV225Test-1601284941 tempest-LiveAutoBlockMigrationV225Test-1601284941-project] PUT http://10.222.0.82/volume/v3/7de1254bed4843f0a0b9155f766cb06a/attachments/6d715e30-3abb-4899-afa3-9c3baa43296d
Oct 17 18:02:56.386207 n-d-855885-2 devstack@c-api.service[112583]: DEBUG cinder.api.openstack.wsgi [req-1f5cabf0-188b-4b80-a7a6-ba6b2a3594d7 req-60988812-0b1f-4d23-bc04-993085ea1eed tempest-LiveAutoBlockMigrationV225Test-1601284941 tempest-LiveAutoBlockMigrationV225Test-1601284941-project] Action: 'update', calling method: version_select, body: {"attachment": {"connector": {"platform": "AMD64", "os_type": "win32", "ip": "10.222.0.71", "host": "n-h2-855885-2", "multipath": false, "initiator": "iqn.1991-05.com.microsoft:n-h2-855885-2.cbci-855885-2.local", "mountpoint": "/dev/sdb"}}} {{(pid=112583) _process_stack /opt/stack/cinder/cinder/api/openstack/wsgi.py:866}}
Oct 17 18:02:56.398753 n-d-855885-2 devstack@c-api.service[112582]: /usr/local/lib/python3.8/dist-packages/oslo_context/context.py:100: DeprecationWarning: Policy enforcement is depending on the value of is_admin. This key is deprecated. Please update your policy file to use the standard policy values.
Oct 17 18:02:56.398753 n-d-855885-2 devstack@c-api.service[112582]: warnings.warn('Policy enforcement is depending on the value of '
Oct 17 18:02:56.412860 n-d-855885-2 devstack@c-api.service[112583]: DEBUG cinder.coordination [req-1f5cabf0-188b-4b80-a7a6-ba6b2a3594d7 req-60988812-0b1f-4d23-bc04-993085ea1eed tempest-LiveAutoBlockMigrationV225Test-1601284941 tempest-LiveAutoBlockMigrationV225Test-1601284941-project] Acquiring lock "cinder-attachment_update-77f54c35-ce31-4498-8e6e-821189ff0db2-n-h2-855885-2" by "attachment_update" {{(pid=112583) _synchronized /opt/stack/cinder/cinder/coordination.py:192}}
Oct 17 18:02:56.424587 n-d-855885-2 devstack@c-api.service[112583]: DEBUG cinder.coordination [req-1f5cabf0-188b-4b80-a7a6-ba6b2a3594d7 req-60988812-0b1f-4d23-bc04-993085ea1eed tempest-LiveAutoBlockMigrationV225Test-1601284941 tempest-LiveAutoBlockMigrationV225Test-1601284941-project] Lock "cinder-attachment_update-77f54c35-ce31-4498-8e6e-821189ff0db2-n-h2-855885-2" acquired by "attachment_update" :: waited 0.012s {{(pid=112583) _synchronized /opt/stack/cinder/cinder/coordination.py:196}}
Oct 17 18:02:56.426015 n-d-855885-2 devstack@c-api.service[112582]: INFO cinder.volume.api [None req-d6678af4-bb40-4c9b-84f5-7c92581b2076 tempest-VolumesAdminNegativeTest-675356857 tempest-VolumesAdminNegativeTest-675356857-project] Volume info retrieved successfully.
